[INFO] fetching crate vize_atelier_ssr 0.429.2...
[INFO] testing vize_atelier_ssr-0.429.2 against 1.99.0-beta.8 for beta-1.100-2
[INFO] extracting crate vize_atelier_ssr 0.429.2 into /workspace/builds/worker-3-tc1/source
[INFO] started tweaking crates.io crate vize_atelier_ssr 0.429.2
[INFO] removed 0 missing examples
[INFO] removed 0 missing tests
[INFO] finished tweaking crates.io crate vize_atelier_ssr 0.429.2
[INFO] tweaked toml for crates.io crate vize_atelier_ssr 0.429.2 written to /workspace/builds/worker-3-tc1/source/Cargo.toml
[INFO] validating manifest of crates.io crate vize_atelier_ssr 0.429.2 on toolchain 1.99.0-beta.8
[INFO] running `Command { std: CARGO_HOME="/workspace/cargo-home" RUSTUP_HOME="/workspace/rustup-home" "/workspace/cargo-home/bin/cargo" "+1.99.0-beta.8" "metadata" "--manifest-path" "Cargo.toml" "--no-deps", kill_on_drop: false }`
[INFO] crate crates.io crate vize_atelier_ssr 0.429.2 already has a lockfile, it will not be regenerated
[INFO] running `Command { std: CARGO_HOME="/workspace/cargo-home" RUSTUP_HOME="/workspace/rustup-home" "/workspace/cargo-home/bin/cargo" "+1.99.0-beta.8" "fetch" "--manifest-path" "Cargo.toml", kill_on_drop: false }`
[INFO] [stderr]     Updating crates.io index
[INFO] [stderr]  Downloading crates ...
[INFO] [stderr]   Downloaded vize_l0 v0.429.2
[INFO] [stderr]   Downloaded psm v0.1.31
[INFO] [stderr]   Downloaded vize_relief v0.429.2
[INFO] [stderr]   Downloaded stacker v0.1.25
[INFO] [stderr]   Downloaded pklrust-derive v0.9.0
[INFO] [stderr]   Downloaded oxc_compat v0.142.0
[INFO] [stderr]   Downloaded phf_shared v0.13.1
[INFO] [stderr]   Downloaded oxc_ast_macros v0.142.0
[INFO] [stderr]   Downloaded smawk v0.3.2
[INFO] [stderr]   Downloaded nonmax v0.5.5
[INFO] [stderr]   Downloaded cow-utils v0.1.3
[INFO] [stderr]   Downloaded vize_davinci_derive v0.429.2
[INFO] [stderr]   Downloaded seq-macro v0.3.6
[INFO] [stderr]   Downloaded phf_generator v0.13.1
[INFO] [stderr]   Downloaded oxc_str v0.142.0
[INFO] [stderr]   Downloaded oxc-miette-derive v3.0.1
[INFO] [stderr]   Downloaded owo-colors v4.3.0
[INFO] [stderr]   Downloaded phf_codegen v0.13.1
[INFO] [stderr]   Downloaded hmac-sha1-compact v1.1.7
[INFO] [stderr]   Downloaded oxc_index v5.0.0
[INFO] [stderr]   Downloaded oxc_diagnostics v0.142.0
[INFO] [stderr]   Downloaded self_cell v1.2.2
[INFO] [stderr]   Downloaded index_vec v0.1.4
[INFO] [stderr]   Downloaded phf v0.13.1
[INFO] [stderr]   Downloaded pklrust v0.9.0
[INFO] [stderr]   Downloaded oxc_estree v0.142.0
[INFO] [stderr]   Downloaded json-escape-simd v3.0.2
[INFO] [stderr]   Downloaded phf_macros v0.13.1
[INFO] [stderr]   Downloaded str_indices v0.4.4
[INFO] [stderr]   Downloaded vize_l2_to_l3 v0.429.2
[INFO] [stderr]   Downloaded oxc_sourcemap v8.1.2
[INFO] [stderr]   Downloaded thin-vec v0.2.20
[INFO] [stderr]   Downloaded dashmap v6.2.1
[INFO] [stderr]   Downloaded rmpv v1.3.1
[INFO] [stderr]   Downloaded oxc_syntax v0.142.0
[INFO] [stderr]   Downloaded unicode-id-start v1.4.0
[INFO] [stderr]   Downloaded oxc_span v0.142.0
[INFO] [stderr]   Downloaded dragonbox_ecma v0.1.12
[INFO] [stderr]   Downloaded vize_l3 v0.429.2
[INFO] [stderr]   Downloaded oxc_codegen v0.142.0
[INFO] [stderr]   Downloaded oxc_data_structures v0.142.0
[INFO] [stderr]   Downloaded textwrap v0.16.2
[INFO] [stderr]   Downloaded oxc_regular_expression v0.142.0
[INFO] [stderr]   Downloaded oxc_ecmascript v0.142.0
[INFO] [stderr]   Downloaded htmlize v1.1.0
[INFO] [stderr]   Downloaded vize_armature v0.429.2
[INFO] [stderr]   Downloaded cc v1.2.62
[INFO] [stderr]   Downloaded oxc_ast_visit v0.142.0
[INFO] [stderr]   Downloaded vize_l2 v0.429.2
[INFO] [stderr]   Downloaded base64 v0.23.0
[INFO] [stderr]   Downloaded vize_carton v0.429.2
[INFO] [stderr]   Downloaded ar_archive_writer v0.5.3
[INFO] [stderr]   Downloaded vize_l1 v0.429.2
[INFO] [stderr]   Downloaded oxc_traverse v0.142.0
[INFO] [stderr]   Downloaded oxc_semantic v0.142.0
[INFO] [stderr]   Downloaded ropey v1.6.1
[INFO] [stderr]   Downloaded oxc-miette v3.0.1
[INFO] [stderr]   Downloaded oxc-browserslist v3.0.12
[INFO] [stderr]   Downloaded oxc_allocator v0.142.0
[INFO] [stderr]   Downloaded compact_str v0.10.0
[INFO] [stderr]   Downloaded oxc_parser v0.142.0
[INFO] [stderr]   Downloaded oxc_transformer v0.142.0
[INFO] [stderr]   Downloaded oxc_ast v0.142.0
[INFO] [stderr]   Downloaded vize_davinci v0.429.2
[INFO] [stderr]   Downloaded vize_atelier_core v0.429.2
[INFO] [stderr]   Downloaded vize_croquis v0.429.2
[INFO] [stderr]   Downloaded vize_l1_to_l2 v0.429.2
[INFO] running `Command { std: "docker" "create" "-v" "/var/lib/crater-agent-workspace/builds/worker-3-tc1/source:/opt/rustwide/workdir:ro,Z" "-v" "/var/lib/crater-agent-workspace/builds/worker-3-tc1/target:/opt/rustwide/target:rw,Z" "-v" "/var/lib/crater-agent-workspace/cargo-home:/opt/rustwide/cargo-home:ro,Z" "-v" "/var/lib/crater-agent-workspace/rustup-home:/opt/rustwide/rustup-home:ro,Z" "-m" "1610612736" "--network" "none" "ghcr.io/rust-lang/crates-build-env/linux@sha256:3111399a4047eeb3a02b7a90e478d715f38a8c6669b5c4b49d30a17385265909" "sleep" "infinity", kill_on_drop: false }`
[INFO] [stdout] f4723b2e2ab5e310b6c4f21da0df00774f84b9685ab23d154d7333a8627af95f
[INFO] running `Command { std: "docker" "start" "f4723b2e2ab5e310b6c4f21da0df00774f84b9685ab23d154d7333a8627af95f", kill_on_drop: false }`
[INFO] running `Command { std: "docker" "inspect" "f4723b2e2ab5e310b6c4f21da0df00774f84b9685ab23d154d7333a8627af95f", kill_on_drop: false }`
[INFO] running `Command { std: "docker" "exec" "-e" "SOURCE_DIR=/opt/rustwide/workdir" "-e" "CARGO_HOME=/opt/rustwide/cargo-home" "-e" "RUSTUP_HOME=/opt/rustwide/rustup-home" "-e" "CARGO_TARGET_DIR=/opt/rustwide/target" "-w" "/opt/rustwide/workdir" "--user" "0:0" "f4723b2e2ab5e310b6c4f21da0df00774f84b9685ab23d154d7333a8627af95f" "/opt/rustwide/cargo-home/bin/cargo" "+1.99.0-beta.8" "metadata" "--no-deps" "--format-version=1", kill_on_drop: false }`
[INFO] running `Command { std: "docker" "inspect" "f4723b2e2ab5e310b6c4f21da0df00774f84b9685ab23d154d7333a8627af95f", kill_on_drop: false }`
[INFO] running `Command { std: "docker" "exec" "-e" "SOURCE_DIR=/opt/rustwide/workdir" "-e" "CARGO_HOME=/opt/rustwide/cargo-home" "-e" "RUSTUP_HOME=/opt/rustwide/rustup-home" "-e" "CARGO_TARGET_DIR=/opt/rustwide/target" "-e" "CARGO_INCREMENTAL=0" "-e" "RUST_BACKTRACE=full" "-e" "RUSTFLAGS=--cap-lints=warn" "-e" "RUSTDOCFLAGS=--cap-lints=warn" "-w" "/opt/rustwide/workdir" "--user" "0:0" "f4723b2e2ab5e310b6c4f21da0df00774f84b9685ab23d154d7333a8627af95f" "/opt/rustwide/cargo-home/bin/cargo" "+1.99.0-beta.8" "build" "--frozen" "--message-format=json", kill_on_drop: false }`
[INFO] [stderr]    Compiling serde_core v1.0.228
[INFO] [stderr]    Compiling serde v1.0.228
[INFO] [stderr]    Compiling siphasher v1.0.3
[INFO] [stderr]    Compiling fastrand v2.4.1
[INFO] [stderr]    Compiling thiserror v2.0.20
[INFO] [stderr]    Compiling str_indices v0.4.4
[INFO] [stderr]    Compiling owo-colors v4.3.0
[INFO] [stderr]    Compiling allocator-api2 v0.2.21
[INFO] [stderr]    Compiling rustc-hash v2.1.3
[INFO] [stderr]    Compiling unicode-linebreak v0.1.5
[INFO] [stderr]    Compiling smawk v0.3.2
[INFO] [stderr]    Compiling num-traits v0.2.19
[INFO] [stderr]    Compiling unicode-segmentation v1.13.3
[INFO] [stderr]    Compiling syn v3.0.5
[INFO] [stderr]    Compiling serde_derive v1.0.228
[INFO] [stderr]    Compiling oxc-miette-derive v3.0.1
[INFO] [stderr]    Compiling oxc_estree v0.142.0
[INFO] [stderr]    Compiling phf_shared v0.14.0
[INFO] [stderr]    Compiling dragonbox_ecma v0.1.12
[INFO] [stderr]    Compiling cow-utils v0.1.3
[INFO] [stderr]    Compiling nonmax v0.5.5
[INFO] [stderr]    Compiling unicode-id-start v1.4.0
[INFO] [stderr]    Compiling textwrap v0.16.2
[INFO] [stderr]    Compiling serde_json v1.0.149
[INFO] [stderr]    Compiling phf_shared v0.13.1
[INFO] [stderr]    Compiling find-msvc-tools v0.1.9
[INFO] [stderr]    Compiling object v0.39.1
[INFO] [stderr]    Compiling hashbrown v0.17.1
[INFO] [stderr]    Compiling cc v1.2.62
[INFO] [stderr]    Compiling phf_generator v0.13.1
[INFO] [stderr]    Compiling phf v0.14.0
[INFO] [stderr]    Compiling phf_generator v0.14.0
[INFO] [stderr]    Compiling phf_macros v0.13.1
[INFO] [stderr]    Compiling pklrust-derive v0.9.0
[INFO] [stderr]    Compiling byteorder v1.5.0
[INFO] [stderr]    Compiling which v8.0.5
[INFO] [stderr]    Compiling phf_macros v0.14.0
[INFO] [stderr]    Compiling xxhash-rust v0.8.18
[INFO] [stderr]    Compiling simdutf8 v0.1.5
[INFO] [stderr]    Compiling vize_davinci_derive v0.429.2
[INFO] [stderr]    Compiling phf_codegen v0.13.1
[INFO] [stderr]    Compiling phf v0.13.1
[INFO] [stderr]    Compiling either v1.15.0
[INFO] [stderr]    Compiling self_cell v1.2.2
[INFO] [stderr]    Compiling seq-macro v0.3.6
[INFO] [stderr]    Compiling pastey v0.1.1
[INFO] [stderr]    Compiling miniz_oxide v0.9.1
[INFO] [stderr]    Compiling rmp v0.8.15
[INFO] [stderr]    Compiling num-integer v0.1.46
[INFO] [stderr]    Compiling itertools v0.15.0
[INFO] [stderr]    Compiling vsimd v0.8.0
[INFO] [stderr]    Compiling outref v0.5.2
[INFO] [stderr]    Compiling num-bigint v0.5.1
[INFO] [stderr]    Compiling parking_lot_core v0.9.12
[INFO] [stderr]    Compiling oxc_sourcemap v8.1.2
[INFO] [stderr]    Compiling crossbeam-utils v0.8.21
[INFO] [stderr]    Compiling aho-corasick v1.1.4
[INFO] [stderr]    Compiling scopeguard v1.2.0
[INFO] [stderr]    Compiling json-escape-simd v3.0.2
[INFO] [stderr]    Compiling indexmap v2.14.0
[INFO] [stderr]    Compiling lock_api v0.4.14
[INFO] [stderr]    Compiling memoffset v0.9.1
[INFO] [stderr]    Compiling hashbrown v0.14.5
[INFO] [stderr]    Compiling base64-simd v0.8.0
[INFO] [stderr]    Compiling base64 v0.23.0
[INFO] [stderr]    Compiling stacker v0.1.25
[INFO] [stderr]    Compiling hmac-sha1-compact v1.1.7
[INFO] [stderr]    Compiling thin-vec v0.2.20
[INFO] [stderr]    Compiling index_vec v0.1.4
[INFO] [stderr]    Compiling regex-automata v0.4.18
[INFO] [stderr]    Compiling bitflags v2.13.1
[INFO] [stderr]    Compiling serde_bytes v0.11.19
[INFO] [stderr]    Compiling smallvec v1.15.2
[INFO] [stderr]    Compiling compact_str v0.10.0
[INFO] [stderr]    Compiling oxc_index v5.0.0
[INFO] [stderr]    Compiling rmp-serde v1.3.1
[INFO] [stderr]    Compiling rmpv v1.3.1
[INFO] [stderr]    Compiling ropey v1.6.1
[INFO] [stderr]    Compiling dashmap v6.2.1
[INFO] [stderr]    Compiling thiserror-impl v2.0.20
[INFO] [stderr]    Compiling oxc_ast_macros v0.142.0
[INFO] [stderr]    Compiling oxc_data_structures v0.142.0
[INFO] [stderr]    Compiling oxc_allocator v0.142.0
[INFO] [stderr]    Compiling htmlize v1.1.0
[INFO] [stderr]    Compiling oxc_str v0.142.0
[INFO] [stderr]    Compiling oxc-miette v3.0.1
[INFO] [stderr]    Compiling pklrust v0.9.0
[INFO] [stderr]    Compiling cobs v0.3.0
[INFO] [stderr]    Compiling postcard v1.1.3
[INFO] [stderr]    Compiling oxc-browserslist v3.0.12
[INFO] [stderr]    Compiling regex v1.13.1
[INFO] [stderr]    Compiling oxc_span v0.142.0
[INFO] [stderr]    Compiling oxc_diagnostics v0.142.0
[INFO] [stderr]    Compiling oxc_syntax v0.142.0
[INFO] [stderr]    Compiling ar_archive_writer v0.5.3
[INFO] [stderr]    Compiling oxc_regular_expression v0.142.0
[INFO] [stderr]    Compiling oxc_compat v0.142.0
[INFO] [stderr]    Compiling psm v0.1.31
[INFO] [stderr]    Compiling vize_carton v0.429.2
[INFO] [stderr]    Compiling oxc_ast v0.142.0
[INFO] [stderr]    Compiling vize_l0 v0.429.2
[INFO] [stderr]    Compiling vize_davinci v0.429.2
[INFO] [stderr]    Compiling vize_l3 v0.429.2
[INFO] [stderr]    Compiling oxc_ecmascript v0.142.0
[INFO] [stderr]    Compiling oxc_ast_visit v0.142.0
[INFO] [stderr]    Compiling oxc_parser v0.142.0
[INFO] [stderr]    Compiling oxc_semantic v0.142.0
[INFO] [stderr]    Compiling vize_relief v0.429.2
[INFO] [stderr]    Compiling vize_l1 v0.429.2
[INFO] [stderr]    Compiling oxc_traverse v0.142.0
[INFO] [stderr]    Compiling oxc_codegen v0.142.0
[INFO] [stderr]    Compiling vize_armature v0.429.2
[INFO] [stderr]    Compiling vize_l2 v0.429.2
[INFO] [stderr]    Compiling vize_croquis v0.429.2
[INFO] [stderr]    Compiling vize_l2_to_l3 v0.429.2
[INFO] [stderr]    Compiling oxc_transformer v0.142.0
[INFO] [stderr]    Compiling vize_l1_to_l2 v0.429.2
[INFO] [stderr]    Compiling vize_atelier_core v0.429.2
[INFO] [stderr]    Compiling vize_atelier_ssr v0.429.2 (/opt/rustwide/workdir)
[INFO] [stderr]     Finished `dev` profile [unoptimized + debuginfo] target(s) in 1m 18s
[INFO] running `Command { std: "docker" "inspect" "f4723b2e2ab5e310b6c4f21da0df00774f84b9685ab23d154d7333a8627af95f", kill_on_drop: false }`
[INFO] running `Command { std: "docker" "exec" "-e" "SOURCE_DIR=/opt/rustwide/workdir" "-e" "CARGO_HOME=/opt/rustwide/cargo-home" "-e" "RUSTUP_HOME=/opt/rustwide/rustup-home" "-e" "CARGO_TARGET_DIR=/opt/rustwide/target" "-e" "CARGO_INCREMENTAL=0" "-e" "RUST_BACKTRACE=full" "-e" "RUSTFLAGS=--cap-lints=warn" "-e" "RUSTDOCFLAGS=--cap-lints=warn" "-w" "/opt/rustwide/workdir" "--user" "0:0" "f4723b2e2ab5e310b6c4f21da0df00774f84b9685ab23d154d7333a8627af95f" "/opt/rustwide/cargo-home/bin/cargo" "+1.99.0-beta.8" "test" "--frozen" "--no-run" "--message-format=json", kill_on_drop: false }`
[INFO] [stderr]    Compiling vize_atelier_ssr v0.429.2 (/opt/rustwide/workdir)
[INFO] [stdout] error[E0432]: unresolved import `serde_json`
[INFO] [stdout]  --> examples/ssr_fixture_observer.rs:3:5
[INFO] [stdout]   |
[INFO] [stdout] 3 | use serde_json::json;
[INFO] [stdout]   |     ^^^^^^^^^^ use of unresolved module or unlinked crate `serde_json`
[INFO] [stdout]   |
[INFO] [stdout]   = help: if you wanted to use a crate named `serde_json`, use `cargo add serde_json` to add it to your `Cargo.toml`
[INFO] [stdout] 
[INFO] [stdout] 
[INFO] [stdout] error[E0432]: unresolved import `serde_json`
[INFO] [stdout]  --> examples/../tests/support/fix_history.rs:3:5
[INFO] [stdout]   |
[INFO] [stdout] 3 | use serde_json::{Value, json};
[INFO] [stdout]   |     ^^^^^^^^^^ use of unresolved module or unlinked crate `serde_json`
[INFO] [stdout]   |
[INFO] [stdout]   = help: if you wanted to use a crate named `serde_json`, use `cargo add serde_json` to add it to your `Cargo.toml`
[INFO] [stdout] 
[INFO] [stdout] 
[INFO] [stdout] error[E0432]: unresolved import `serde_json`
[INFO] [stdout]  --> tests/compiler_fix_history.rs:6:5
[INFO] [stdout]   |
[INFO] [stdout] 6 | use serde_json::Value;
[INFO] [stdout]   |     ^^^^^^^^^^ use of unresolved module or unlinked crate `serde_json`
[INFO] [stdout]   |
[INFO] [stdout]   = help: if you wanted to use a crate named `serde_json`, use `cargo add serde_json` to add it to your `Cargo.toml`
[INFO] [stdout] 
[INFO] [stdout] 
[INFO] [stdout] error[E0432]: unresolved import `serde_json`
[INFO] [stdout]  --> tests/support/fix_history.rs:3:5
[INFO] [stdout]   |
[INFO] [stdout] 3 | use serde_json::{Value, json};
[INFO] [stdout]   |     ^^^^^^^^^^ use of unresolved module or unlinked crate `serde_json`
[INFO] [stdout]   |
[INFO] [stdout]   = help: if you wanted to use a crate named `serde_json`, use `cargo add serde_json` to add it to your `Cargo.toml`
[INFO] [stdout] 
[INFO] [stdout] 
[INFO] [stdout] error[E0433]: cannot find module or crate `davinci_harness` in this scope
[INFO] [stdout]   --> tests/davinci_walk_baseline.rs:24:5
[INFO] [stdout]    |
[INFO] [stdout] 24 | use davinci_harness::fixtures::{LADDER, template_block};
[INFO] [stdout]    |     ^^^^^^^^^^^^^^^ use of unresolved module or unlinked crate `davinci_harness`
[INFO] [stdout]    |
[INFO] [stdout]    = help: if you wanted to use a crate named `davinci_harness`, use `cargo add davinci_harness` to add it to your `Cargo.toml`
[INFO] [stdout] 
[INFO] [stdout] 
[INFO] [stdout] error[E0433]: cannot find module or crate `davinci_harness` in this scope
[INFO] [stdout]   --> tests/davinci_expr_reparse_floor.rs:17:5
[INFO] [stdout]    |
[INFO] [stdout] 17 | use davinci_harness::fixtures::{LADDER, template_block};
[INFO] [stdout]    |     ^^^^^^^^^^^^^^^ use of unresolved module or unlinked crate `davinci_harness`
[INFO] [stdout]    |
[INFO] [stdout]    = help: if you wanted to use a crate named `davinci_harness`, use `cargo add davinci_harness` to add it to your `Cargo.toml`
[INFO] [stdout] 
[INFO] [stdout] 
[INFO] [stdout] error[E0433]: cannot find module or crate `insta` in this scope
[INFO] [stdout]   --> tests/ssr_snapshot.rs:46:9
[INFO] [stdout]    |
[INFO] [stdout] 46 |         insta::assert_snapshot!(get_compiled_string("foo"));
[INFO] [stdout]    |         ^^^^^ use of unresolved module or unlinked crate `insta`
[INFO] [stdout] 
[INFO] [stdout] 
[INFO] [stdout] error[E0433]: cannot find module or crate `insta` in this scope
[INFO] [stdout]   --> tests/ssr_snapshot.rs:51:9
[INFO] [stdout]    |
[INFO] [stdout] 51 |         insta::assert_snapshot!(get_compiled_string("`${foo}`"));
[INFO] [stdout]    |         ^^^^^ use of unresolved module or unlinked crate `insta`
[INFO] [stdout] 
[INFO] [stdout] 
[INFO] [stdout] error[E0433]: cannot find module or crate `insta` in this scope
[INFO] [stdout]   --> tests/ssr_snapshot.rs:56:9
[INFO] [stdout]    |
[INFO] [stdout] 56 |         insta::assert_snapshot!(get_compiled_string("<!--bar-->"));
[INFO] [stdout]    |         ^^^^^ use of unresolved module or unlinked crate `insta`
[INFO] [stdout] 
[INFO] [stdout] 
[INFO] [stdout] error[E0433]: cannot find module or crate `insta` in this scope
[INFO] [stdout]   --> tests/ssr_snapshot.rs:61:9
[INFO] [stdout]    |
[INFO] [stdout] 61 |         insta::assert_snapshot!(get_compiled_string("&lt;foo&gt;"));
[INFO] [stdout]    |         ^^^^^ use of unresolved module or unlinked crate `insta`
[INFO] [stdout] 
[INFO] [stdout] 
[INFO] [stdout] error[E0433]: cannot find module or crate `insta` in this scope
[INFO] [stdout]   --> tests/ssr_snapshot.rs:66:9
[INFO] [stdout]    |
[INFO] [stdout] 66 |         insta::assert_snapshot!(get_compiled_string("<span>hello</span><span>bye</span>"));
[INFO] [stdout]    |         ^^^^^ use of unresolved module or unlinked crate `insta`
[INFO] [stdout] 
[INFO] [stdout] 
[INFO] [stdout] error[E0433]: cannot find module or crate `insta` in this scope
[INFO] [stdout]   --> tests/ssr_snapshot.rs:71:9
[INFO] [stdout]    |
[INFO] [stdout] 71 |         insta::assert_snapshot!(compile_full("foo {{ bar }} baz"));
[INFO] [stdout]    |         ^^^^^ use of unresolved module or unlinked crate `insta`
[INFO] [stdout] 
[INFO] [stdout] 
[INFO] [stdout] error[E0433]: cannot find module or crate `insta` in this scope
[INFO] [stdout]   --> tests/ssr_snapshot.rs:76:9
[INFO] [stdout]    |
[INFO] [stdout] 76 |         insta::assert_snapshot!(compile_full(
[INFO] [stdout]    |         ^^^^^ use of unresolved module or unlinked crate `insta`
[INFO] [stdout] 
[INFO] [stdout] 
[INFO] [stdout] error[E0433]: cannot find module or crate `insta` in this scope
[INFO] [stdout]   --> tests/ssr_snapshot.rs:91:9
[INFO] [stdout]    |
[INFO] [stdout] 91 |         insta::assert_snapshot!(get_compiled_string("<div></div>"));
[INFO] [stdout]    |         ^^^^^ use of unresolved module or unlinked crate `insta`
[INFO] [stdout] 
[INFO] [stdout] 
[INFO] [stdout] error[E0433]: cannot find module or crate `insta` in this scope
[INFO] [stdout]   --> tests/ssr_snapshot.rs:96:9
[INFO] [stdout]    |
[INFO] [stdout] 96 |         insta::assert_snapshot!(get_compiled_string("<div></div>"));
[INFO] [stdout]    |         ^^^^^ use of unresolved module or unlinked crate `insta`
[INFO] [stdout] 
[INFO] [stdout] 
[INFO] [stdout] error[E0433]: cannot find module or crate `insta` in this scope
[INFO] [stdout]    --> tests/ssr_snapshot.rs:101:9
[INFO] [stdout]     |
[INFO] [stdout] 101 |         insta::assert_snapshot!(get_compiled_string("<span></span><span></span>"));
[INFO] [stdout]     |         ^^^^^ use of unresolved module or unlinked crate `insta`
[INFO] [stdout] 
[INFO] [stdout] 
[INFO] [stdout] error[E0433]: cannot find module or crate `insta` in this scope
[INFO] [stdout]    --> tests/ssr_snapshot.rs:106:9
[INFO] [stdout]     |
[INFO] [stdout] 106 |         insta::assert_snapshot!(get_compiled_string("<input>"));
[INFO] [stdout]     |         ^^^^^ use of unresolved module or unlinked crate `insta`
[INFO] [stdout] 
[INFO] [stdout] 
[INFO] [stdout] error[E0433]: cannot find module or crate `insta` in this scope
[INFO] [stdout]    --> tests/ssr_snapshot.rs:111:9
[INFO] [stdout]     |
[INFO] [stdout] 111 |         insta::assert_snapshot!(get_compiled_string(r#"<div id="foo" class="bar"></div>"#));
[INFO] [stdout]     |         ^^^^^ use of unresolved module or unlinked crate `insta`
[INFO] [stdout] 
[INFO] [stdout] 
[INFO] [stdout] error[E0433]: cannot find module or crate `insta` in this scope
[INFO] [stdout]    --> tests/ssr_snapshot.rs:116:9
[INFO] [stdout]     |
[INFO] [stdout] 116 |         insta::assert_snapshot!(get_compiled_string(r#"<div id="foo" :class="bar"></div>"#));
[INFO] [stdout]     |         ^^^^^ use of unresolved module or unlinked crate `insta`
[INFO] [stdout] 
[INFO] [stdout] 
[INFO] [stdout] error[E0433]: cannot find module or crate `insta` in this scope
[INFO] [stdout]    --> tests/ssr_snapshot.rs:121:9
[INFO] [stdout]     |
[INFO] [stdout] 121 |         insta::assert_snapshot!(get_compiled_string(
[INFO] [stdout]     |         ^^^^^ use of unresolved module or unlinked crate `insta`
[INFO] [stdout] 
[INFO] [stdout] 
[INFO] [stdout] error[E0433]: cannot find module or crate `insta` in this scope
[INFO] [stdout]    --> tests/ssr_snapshot.rs:128:9
[INFO] [stdout]     |
[INFO] [stdout] 128 |         insta::assert_snapshot!(get_compiled_string(r#"<div id="foo" :style="bar"></div>"#));
[INFO] [stdout]     |         ^^^^^ use of unresolved module or unlinked crate `insta`
[INFO] [stdout] 
[INFO] [stdout] 
[INFO] [stdout] error[E0433]: cannot find module or crate `insta` in this scope
[INFO] [stdout]    --> tests/ssr_snapshot.rs:133:9
[INFO] [stdout]     |
[INFO] [stdout] 133 |         insta::assert_snapshot!(get_compiled_string(
[INFO] [stdout]     |         ^^^^^ use of unresolved module or unlinked crate `insta`
[INFO] [stdout] 
[INFO] [stdout] 
[INFO] [stdout] error[E0433]: cannot find module or crate `insta` in this scope
[INFO] [stdout]    --> tests/ssr_snapshot.rs:140:9
[INFO] [stdout]     |
[INFO] [stdout] 140 |         insta::assert_snapshot!(get_compiled_string(r#"<div :id="id" class="bar"></div>"#));
[INFO] [stdout]     |         ^^^^^ use of unresolved module or unlinked crate `insta`
[INFO] [stdout] 
[INFO] [stdout] 
[INFO] [stdout] For more information about this error, try `rustc --explain E0433`.
[INFO] [stdout] 
[INFO] [stdout] error[E0433]: cannot find module or crate `insta` in this scope
[INFO] [stdout]    --> tests/ssr_snapshot.rs:145:9
[INFO] [stdout]     |
[INFO] [stdout] 145 |         insta::assert_snapshot!(get_compiled_string(r#"<div v-bind="obj"></div>"#));
[INFO] [stdout]     |         ^^^^^ use of unresolved module or unlinked crate `insta`
[INFO] [stdout] 
[INFO] [stdout] 
[INFO] [stdout] error[E0433]: cannot find module or crate `insta` in this scope
[INFO] [stdout]    --> tests/ssr_snapshot.rs:150:9
[INFO] [stdout]     |
[INFO] [stdout] 150 |         insta::assert_snapshot!(get_compiled_string(r#"<div id="foo" @click="bar"></div>"#));
[INFO] [stdout]     |         ^^^^^ use of unresolved module or unlinked crate `insta`
[INFO] [stdout] 
[INFO] [stdout] 
[INFO] [stdout] error[E0433]: cannot find module or crate `insta` in this scope
[INFO] [stdout]    --> tests/ssr_snapshot.rs:163:9
[INFO] [stdout]     |
[INFO] [stdout] 163 |         insta::assert_snapshot!(compile_full(r#"<div v-if="foo">hello</div>"#));
[INFO] [stdout]     |         ^^^^^ use of unresolved module or unlinked crate `insta`
[INFO] [stdout] 
[INFO] [stdout] 
[INFO] [stdout] error[E0433]: cannot find module or crate `insta` in this scope
[INFO] [stdout]    --> tests/ssr_snapshot.rs:168:9
[INFO] [stdout]     |
[INFO] [stdout] 168 |         insta::assert_snapshot!(compile_full(
[INFO] [stdout]     |         ^^^^^ use of unresolved module or unlinked crate `insta`
[INFO] [stdout] 
[INFO] [stdout] 
[INFO] [stdout] error[E0433]: cannot find module or crate `insta` in this scope
[INFO] [stdout]    --> tests/ssr_snapshot.rs:175:9
[INFO] [stdout]     |
[INFO] [stdout] 175 |         insta::assert_snapshot!(compile_full(
[INFO] [stdout]     |         ^^^^^ use of unresolved module or unlinked crate `insta`
[INFO] [stdout] 
[INFO] [stdout] 
[INFO] [stdout] error[E0433]: cannot find module or crate `insta` in this scope
[INFO] [stdout]    --> tests/ssr_snapshot.rs:182:9
[INFO] [stdout]     |
[INFO] [stdout] 182 |         insta::assert_snapshot!(compile_full(
[INFO] [stdout]     |         ^^^^^ use of unresolved module or unlinked crate `insta`
[INFO] [stdout] 
[INFO] [stdout] 
[INFO] [stdout] error[E0433]: cannot find module or crate `insta` in this scope
[INFO] [stdout]    --> tests/ssr_snapshot.rs:189:9
[INFO] [stdout]     |
[INFO] [stdout] 189 |         insta::assert_snapshot!(compile_full(r#"<div v-if="foo">{{ msg }}</div>"#));
[INFO] [stdout]     |         ^^^^^ use of unresolved module or unlinked crate `insta`
[INFO] [stdout] 
[INFO] [stdout] 
[INFO] [stdout] error[E0433]: cannot find module or crate `insta` in this scope
[INFO] [stdout]    --> tests/ssr_snapshot.rs:202:9
[INFO] [stdout]     |
[INFO] [stdout] 202 |         insta::assert_snapshot!(compile_full(
[INFO] [stdout]     |         ^^^^^ use of unresolved module or unlinked crate `insta`
[INFO] [stdout] 
[INFO] [stdout] 
[INFO] [stdout] error[E0433]: cannot find module or crate `insta` in this scope
[INFO] [stdout]    --> tests/ssr_snapshot.rs:209:9
[INFO] [stdout]     |
[INFO] [stdout] 209 |         insta::assert_snapshot!(compile_full(
[INFO] [stdout]     |         ^^^^^ use of unresolved module or unlinked crate `insta`
[INFO] [stdout] 
[INFO] [stdout] 
[INFO] [stdout] error[E0433]: cannot find module or crate `insta` in this scope
[INFO] [stdout]    --> tests/ssr_snapshot.rs:216:9
[INFO] [stdout]     |
[INFO] [stdout] 216 |         insta::assert_snapshot!(compile_full(
[INFO] [stdout]     |         ^^^^^ use of unresolved module or unlinked crate `insta`
[INFO] [stdout] 
[INFO] [stdout] 
[INFO] [stdout] error[E0433]: cannot find module or crate `insta` in this scope
[INFO] [stdout]    --> tests/ssr_snapshot.rs:223:9
[INFO] [stdout]     |
[INFO] [stdout] 223 |         insta::assert_snapshot!(compile_full(
[INFO] [stdout]     |         ^^^^^ use of unresolved module or unlinked crate `insta`
[INFO] [stdout] 
[INFO] [stdout] 
[INFO] [stdout] error[E0433]: cannot find module or crate `insta` in this scope
[INFO] [stdout]    --> tests/ssr_snapshot.rs:230:9
[INFO] [stdout]     |
[INFO] [stdout] 230 |         insta::assert_snapshot!(compile_full(
[INFO] [stdout]     |         ^^^^^ use of unresolved module or unlinked crate `insta`
[INFO] [stdout] 
[INFO] [stdout] 
[INFO] [stdout] error[E0433]: cannot find module or crate `insta` in this scope
[INFO] [stdout]    --> tests/ssr_snapshot.rs:245:9
[INFO] [stdout]     |
[INFO] [stdout] 245 |         insta::assert_snapshot!(get_compiled_string(r#"<input v-model="msg">"#));
[INFO] [stdout]     |         ^^^^^ use of unresolved module or unlinked crate `insta`
[INFO] [stdout] 
[INFO] [stdout] 
[INFO] [stdout] error[E0433]: cannot find module or crate `insta` in this scope
[INFO] [stdout]    --> tests/ssr_snapshot.rs:250:9
[INFO] [stdout]     |
[INFO] [stdout] 250 |         insta::assert_snapshot!(get_compiled_string(
[INFO] [stdout]     |         ^^^^^ use of unresolved module or unlinked crate `insta`
[INFO] [stdout] 
[INFO] [stdout] 
[INFO] [stdout] error[E0433]: cannot find module or crate `insta` in this scope
[INFO] [stdout]    --> tests/ssr_snapshot.rs:257:9
[INFO] [stdout]     |
[INFO] [stdout] 257 |         insta::assert_snapshot!(get_compiled_string(
[INFO] [stdout]     |         ^^^^^ use of unresolved module or unlinked crate `insta`
[INFO] [stdout] 
[INFO] [stdout] 
[INFO] [stdout] error[E0433]: cannot find module or crate `insta` in this scope
[INFO] [stdout]    --> tests/ssr_snapshot.rs:264:9
[INFO] [stdout]     |
[INFO] [stdout] 264 |         insta::assert_snapshot!(compile_full(r#"<input :type="t" v-model="val">"#));
[INFO] [stdout]     |         ^^^^^ use of unresolved module or unlinked crate `insta`
[INFO] [stdout] 
[INFO] [stdout] 
[INFO] [stdout] error[E0433]: cannot find module or crate `insta` in this scope
[INFO] [stdout]    --> tests/ssr_snapshot.rs:269:9
[INFO] [stdout]     |
[INFO] [stdout] 269 |         insta::assert_snapshot!(get_compiled_string(
[INFO] [stdout]     |         ^^^^^ use of unresolved module or unlinked crate `insta`
[INFO] [stdout] 
[INFO] [stdout] 
[INFO] [stderr] error: could not compile `vize_atelier_ssr` (test "davinci_expr_reparse_floor") due to 1 previous error
[INFO] [stdout] error[E0433]: cannot find module or crate `insta` in this scope
[INFO] [stdout]    --> tests/ssr_snapshot.rs:284:9
[INFO] [stdout]     |
[INFO] [stdout] 284 |         insta::assert_snapshot!(get_compiled_string(r#"<div v-show="foo">hello</div>"#));
[INFO] [stdout]     |         ^^^^^ use of unresolved module or unlinked crate `insta`
[INFO] [stdout] 
[INFO] [stdout] 
[INFO] [stderr] warning: build failed, waiting for other jobs to finish...
[INFO] [stdout] error[E0433]: cannot find module or crate `insta` in this scope
[INFO] [stdout]    --> tests/ssr_snapshot.rs:289:9
[INFO] [stdout]     |
[INFO] [stdout] 289 |         insta::assert_snapshot!(get_compiled_string(
[INFO] [stdout]     |         ^^^^^ use of unresolved module or unlinked crate `insta`
[INFO] [stdout] 
[INFO] [stdout] 
[INFO] [stderr] error: could not compile `vize_atelier_ssr` (test "davinci_walk_baseline") due to 1 previous error
[INFO] [stdout] error[E0433]: cannot find module or crate `insta` in this scope
[INFO] [stdout]    --> tests/ssr_snapshot.rs:296:9
[INFO] [stdout]     |
[INFO] [stdout] 296 |         insta::assert_snapshot!(get_compiled_string(
[INFO] [stdout]     |         ^^^^^ use of unresolved module or unlinked crate `insta`
[INFO] [stdout] 
[INFO] [stdout] 
[INFO] [stdout] error[E0433]: cannot find module or crate `insta` in this scope
[INFO] [stdout]    --> tests/ssr_snapshot.rs:303:9
[INFO] [stdout]     |
[INFO] [stdout] 303 |         insta::assert_snapshot!(get_compiled_string(
[INFO] [stdout]     |         ^^^^^ use of unresolved module or unlinked crate `insta`
[INFO] [stdout] 
[INFO] [stdout] 
[INFO] [stdout] error[E0433]: cannot find module or crate `insta` in this scope
[INFO] [stdout]    --> tests/ssr_snapshot.rs:320:9
[INFO] [stdout]     |
[INFO] [stdout] 320 |         insta::assert_snapshot!(compile_full(r#"<Foo></Foo>"#));
[INFO] [stdout]     |         ^^^^^ use of unresolved module or unlinked crate `insta`
[INFO] [stdout] 
[INFO] [stdout] 
[INFO] [stdout] error[E0433]: cannot find module or crate `insta` in this scope
[INFO] [stdout]    --> tests/ssr_snapshot.rs:347:9
[INFO] [stdout]     |
[INFO] [stdout] 347 |         insta::assert_snapshot!(compile_full(r#"<Foo>hello</Foo>"#));
[INFO] [stdout]     |         ^^^^^ use of unresolved module or unlinked crate `insta`
[INFO] [stdout] 
[INFO] [stdout] 
[INFO] [stdout] error[E0433]: cannot find module or crate `insta` in this scope
[INFO] [stdout]    --> tests/ssr_snapshot.rs:355:9
[INFO] [stdout]     |
[INFO] [stdout] 355 |         insta::assert_snapshot!(compile_full(
[INFO] [stdout]     |         ^^^^^ use of unresolved module or unlinked crate `insta`
[INFO] [stdout] 
[INFO] [stdout] 
[INFO] [stdout] error[E0433]: cannot find module or crate `insta` in this scope
[INFO] [stdout]    --> tests/ssr_snapshot.rs:362:9
[INFO] [stdout]     |
[INFO] [stdout] 362 |         insta::assert_snapshot!(compile_full(r#"<Foo v-model="value" />"#));
[INFO] [stdout]     |         ^^^^^ use of unresolved module or unlinked crate `insta`
[INFO] [stdout] 
[INFO] [stdout] 
[INFO] [stdout] error[E0433]: cannot find module or crate `insta` in this scope
[INFO] [stdout]    --> tests/ssr_snapshot.rs:367:9
[INFO] [stdout]     |
[INFO] [stdout] 367 |         insta::assert_snapshot!(compile_full(r#"<Foo v-model:sort-option="sort" />"#));
[INFO] [stdout]     |         ^^^^^ use of unresolved module or unlinked crate `insta`
[INFO] [stdout] 
[INFO] [stdout] 
[INFO] [stdout] For more information about this error, try `rustc --explain E0433`.
[INFO] [stdout] 
[INFO] [stdout] error[E0433]: cannot find module or crate `insta` in this scope
[INFO] [stdout]    --> tests/ssr_snapshot.rs:372:9
[INFO] [stdout]     |
[INFO] [stdout] 372 |         insta::assert_snapshot!(compile_full(r#"<Foo v-on="handlers" :id="id" />"#));
[INFO] [stdout]     |         ^^^^^ use of unresolved module or unlinked crate `insta`
[INFO] [stdout] 
[INFO] [stdout] 
[INFO] [stdout] error[E0433]: cannot find module or crate `insta` in this scope
[INFO] [stdout]    --> tests/ssr_snapshot.rs:377:9
[INFO] [stdout]     |
[INFO] [stdout] 377 |         insta::assert_snapshot!(compile_full(r#"<Foo><div>slot content</div></Foo>"#));
[INFO] [stdout]     |         ^^^^^ use of unresolved module or unlinked crate `insta`
[INFO] [stdout] 
[INFO] [stdout] 
[INFO] [stdout] error[E0433]: cannot find module or crate `insta` in this scope
[INFO] [stdout]    --> tests/ssr_snapshot.rs:382:9
[INFO] [stdout]     |
[INFO] [stdout] 382 |         insta::assert_snapshot!(compile_full(
[INFO] [stdout]     |         ^^^^^ use of unresolved module or unlinked crate `insta`
[INFO] [stdout] 
[INFO] [stdout] 
[INFO] [stdout] error[E0433]: cannot find module or crate `insta` in this scope
[INFO] [stdout]    --> tests/ssr_snapshot.rs:389:9
[INFO] [stdout]     |
[INFO] [stdout] 389 |         insta::assert_snapshot!(compile_full(
[INFO] [stdout]     |         ^^^^^ use of unresolved module or unlinked crate `insta`
[INFO] [stdout] 
[INFO] [stdout] 
[INFO] [stdout] error[E0433]: cannot find module or crate `insta` in this scope
[INFO] [stdout]    --> tests/ssr_snapshot.rs:396:9
[INFO] [stdout]     |
[INFO] [stdout] 396 |         insta::assert_snapshot!(compile_full(
[INFO] [stdout]     |         ^^^^^ use of unresolved module or unlinked crate `insta`
[INFO] [stdout] 
[INFO] [stdout] 
[INFO] [stdout] error[E0433]: cannot find module or crate `insta` in this scope
[INFO] [stdout]    --> tests/ssr_snapshot.rs:403:9
[INFO] [stdout]     |
[INFO] [stdout] 403 |         insta::assert_snapshot!(compile_full(
[INFO] [stdout]     |         ^^^^^ use of unresolved module or unlinked crate `insta`
[INFO] [stdout] 
[INFO] [stdout] 
[INFO] [stdout] error[E0433]: cannot find module or crate `insta` in this scope
[INFO] [stdout]    --> tests/ssr_snapshot.rs:410:9
[INFO] [stdout]     |
[INFO] [stdout] 410 |         insta::assert_snapshot!(compile_full(
[INFO] [stdout]     |         ^^^^^ use of unresolved module or unlinked crate `insta`
[INFO] [stdout] 
[INFO] [stdout] 
[INFO] [stdout] error[E0433]: cannot find module or crate `insta` in this scope
[INFO] [stdout]    --> tests/ssr_snapshot.rs:417:9
[INFO] [stdout]     |
[INFO] [stdout] 417 |         insta::assert_snapshot!(compile_full(
[INFO] [stdout]     |         ^^^^^ use of unresolved module or unlinked crate `insta`
[INFO] [stdout] 
[INFO] [stdout] 
[INFO] [stdout] error[E0433]: cannot find module or crate `insta` in this scope
[INFO] [stdout]    --> tests/ssr_snapshot.rs:424:9
[INFO] [stdout]     |
[INFO] [stdout] 424 |         insta::assert_snapshot!(compile_full(r#"<Foo v-bind="attrs" :[name]="value" />"#));
[INFO] [stdout]     |         ^^^^^ use of unresolved module or unlinked crate `insta`
[INFO] [stdout] 
[INFO] [stdout] 
[INFO] [stdout] error[E0433]: cannot find module or crate `insta` in this scope
[INFO] [stdout]    --> tests/ssr_snapshot.rs:429:9
[INFO] [stdout]     |
[INFO] [stdout] 429 |         insta::assert_snapshot!(compile_full(
[INFO] [stdout]     |         ^^^^^ use of unresolved module or unlinked crate `insta`
[INFO] [stdout] 
[INFO] [stdout] 
[INFO] [stdout] error[E0433]: cannot find module or crate `insta` in this scope
[INFO] [stdout]    --> tests/ssr_snapshot.rs:436:9
[INFO] [stdout]     |
[INFO] [stdout] 436 |         insta::assert_snapshot!(compile_full(r#"<MyComp v-show="ok" />"#));
[INFO] [stdout]     |         ^^^^^ use of unresolved module or unlinked crate `insta`
[INFO] [stdout] 
[INFO] [stdout] 
[INFO] [stdout] error[E0433]: cannot find module or crate `insta` in this scope
[INFO] [stdout]    --> tests/ssr_snapshot.rs:441:9
[INFO] [stdout]     |
[INFO] [stdout] 441 |         insta::assert_snapshot!(compile_full(
[INFO] [stdout]     |         ^^^^^ use of unresolved module or unlinked crate `insta`
[INFO] [stdout] 
[INFO] [stdout] 
[INFO] [stdout] error[E0433]: cannot find module or crate `insta` in this scope
[INFO] [stdout]    --> tests/ssr_snapshot.rs:448:9
[INFO] [stdout]     |
[INFO] [stdout] 448 |         insta::assert_snapshot!(compile_full(
[INFO] [stdout]     |         ^^^^^ use of unresolved module or unlinked crate `insta`
[INFO] [stdout] 
[INFO] [stdout] 
[INFO] [stdout] error[E0433]: cannot find module or crate `insta` in this scope
[INFO] [stdout]    --> tests/ssr_snapshot.rs:455:9
[INFO] [stdout]     |
[INFO] [stdout] 455 |         insta::assert_snapshot!(compile_full(
[INFO] [stdout]     |         ^^^^^ use of unresolved module or unlinked crate `insta`
[INFO] [stdout] 
[INFO] [stdout] 
[INFO] [stdout] error[E0433]: cannot find module or crate `insta` in this scope
[INFO] [stdout]    --> tests/ssr_snapshot.rs:462:9
[INFO] [stdout]     |
[INFO] [stdout] 462 |         insta::assert_snapshot!(compile_full(
[INFO] [stdout]     |         ^^^^^ use of unresolved module or unlinked crate `insta`
[INFO] [stdout] 
[INFO] [stdout] 
[INFO] [stdout] error[E0433]: cannot find module or crate `insta` in this scope
[INFO] [stdout]    --> tests/ssr_snapshot.rs:469:9
[INFO] [stdout]     |
[INFO] [stdout] 469 |         insta::assert_snapshot!(compile_full(
[INFO] [stdout]     |         ^^^^^ use of unresolved module or unlinked crate `insta`
[INFO] [stdout] 
[INFO] [stdout] 
[INFO] [stdout] error[E0433]: cannot find module or crate `insta` in this scope
[INFO] [stdout]    --> tests/ssr_snapshot.rs:484:9
[INFO] [stdout]     |
[INFO] [stdout] 484 |         insta::assert_snapshot!(get_compiled_string(r#"<slot></slot>"#));
[INFO] [stdout]     |         ^^^^^ use of unresolved module or unlinked crate `insta`
[INFO] [stdout] 
[INFO] [stdout] 
[INFO] [stdout] error[E0433]: cannot find module or crate `insta` in this scope
[INFO] [stdout]    --> tests/ssr_snapshot.rs:489:9
[INFO] [stdout]     |
[INFO] [stdout] 489 |         insta::assert_snapshot!(get_compiled_string(r#"<slot name="header"></slot>"#));
[INFO] [stdout]     |         ^^^^^ use of unresolved module or unlinked crate `insta`
[INFO] [stdout] 
[INFO] [stdout] 
[INFO] [stdout] error[E0433]: cannot find module or crate `insta` in this scope
[INFO] [stdout]    --> tests/ssr_snapshot.rs:494:9
[INFO] [stdout]     |
[INFO] [stdout] 494 |         insta::assert_snapshot!(get_compiled_string(r#"<slot>fallback content</slot>"#));
[INFO] [stdout]     |         ^^^^^ use of unresolved module or unlinked crate `insta`
[INFO] [stdout] 
[INFO] [stdout] 
[INFO] [stdout] error[E0433]: cannot find module or crate `insta` in this scope
[INFO] [stdout]    --> tests/ssr_snapshot.rs:499:9
[INFO] [stdout]     |
[INFO] [stdout] 499 |         insta::assert_snapshot!(get_compiled_string(
[INFO] [stdout]     |         ^^^^^ use of unresolved module or unlinked crate `insta`
[INFO] [stdout] 
[INFO] [stdout] 
[INFO] [stdout] error[E0433]: cannot find module or crate `insta` in this scope
[INFO] [stdout]    --> tests/ssr_snapshot.rs:506:9
[INFO] [stdout]     |
[INFO] [stdout] 506 |         insta::assert_snapshot!(get_compiled_string(
[INFO] [stdout]     |         ^^^^^ use of unresolved module or unlinked crate `insta`
[INFO] [stdout] 
[INFO] [stdout] 
[INFO] [stdout] error[E0433]: cannot find module or crate `insta` in this scope
[INFO] [stdout]    --> tests/ssr_snapshot.rs:521:9
[INFO] [stdout]     |
[INFO] [stdout] 521 |         insta::assert_snapshot!(get_compiled_string(r#"<div v-html="content"></div>"#));
[INFO] [stdout]     |         ^^^^^ use of unresolved module or unlinked crate `insta`
[INFO] [stdout] 
[INFO] [stdout] 
[INFO] [stdout] error[E0433]: cannot find module or crate `insta` in this scope
[INFO] [stdout]    --> tests/ssr_snapshot.rs:526:9
[INFO] [stdout]     |
[INFO] [stdout] 526 |         insta::assert_snapshot!(get_compiled_string(
[INFO] [stdout]     |         ^^^^^ use of unresolved module or unlinked crate `insta`
[INFO] [stdout] 
[INFO] [stdout] 
[INFO] [stdout] error[E0433]: cannot find module or crate `insta` in this scope
[INFO] [stdout]    --> tests/ssr_snapshot.rs:541:9
[INFO] [stdout]     |
[INFO] [stdout] 541 |         insta::assert_snapshot!(get_compiled_string(r#"<div v-text="msg"></div>"#));
[INFO] [stdout]     |         ^^^^^ use of unresolved module or unlinked crate `insta`
[INFO] [stdout] 
[INFO] [stdout] 
[INFO] [stdout] error[E0433]: cannot find module or crate `insta` in this scope
[INFO] [stdout]    --> tests/ssr_snapshot.rs:546:9
[INFO] [stdout]     |
[INFO] [stdout] 546 |         insta::assert_snapshot!(get_compiled_string(r#"<div id="foo" v-text="msg"></div>"#));
[INFO] [stdout]     |         ^^^^^ use of unresolved module or unlinked crate `insta`
[INFO] [stdout] 
[INFO] [stdout] 
[INFO] [stdout] error[E0433]: cannot find module or crate `insta` in this scope
[INFO] [stdout]    --> tests/ssr_snapshot.rs:575:9
[INFO] [stdout]     |
[INFO] [stdout] 575 |         insta::assert_snapshot!(compile_with_scope_id("<div>hello</div>"));
[INFO] [stdout]     |         ^^^^^ use of unresolved module or unlinked crate `insta`
[INFO] [stdout] 
[INFO] [stdout] 
[INFO] [stdout] error[E0433]: cannot find module or crate `insta` in this scope
[INFO] [stdout]    --> tests/ssr_snapshot.rs:580:9
[INFO] [stdout]     |
[INFO] [stdout] 580 |         insta::assert_snapshot!(compile_with_scope_id("<div><span>nested</span></div>"));
[INFO] [stdout]     |         ^^^^^ use of unresolved module or unlinked crate `insta`
[INFO] [stdout] 
[INFO] [stdout] 
[INFO] [stdout] error[E0433]: cannot find module or crate `insta` in this scope
[INFO] [stdout]    --> tests/ssr_snapshot.rs:609:9
[INFO] [stdout]     |
[INFO] [stdout] 609 |         insta::assert_snapshot!(compile_with_css_vars("<div>hello</div>"));
[INFO] [stdout]     |         ^^^^^ use of unresolved module or unlinked crate `insta`
[INFO] [stdout] 
[INFO] [stdout] 
[INFO] [stdout] error[E0433]: cannot find module or crate `insta` in this scope
[INFO] [stdout]    --> tests/ssr_snapshot.rs:622:9
[INFO] [stdout]     |
[INFO] [stdout] 622 |         insta::assert_snapshot!(compile_full("<div>a</div><div>b</div>"));
[INFO] [stdout]     |         ^^^^^ use of unresolved module or unlinked crate `insta`
[INFO] [stdout] 
[INFO] [stdout] 
[INFO] [stdout] error[E0433]: cannot find module or crate `insta` in this scope
[INFO] [stdout]    --> tests/ssr_snapshot.rs:627:9
[INFO] [stdout]     |
[INFO] [stdout] 627 |         insta::assert_snapshot!(compile_full("<div>{{ a }}</div><div>{{ b }}</div>"));
[INFO] [stdout]     |         ^^^^^ use of unresolved module or unlinked crate `insta`
[INFO] [stdout] 
[INFO] [stdout] 
[INFO] [stdout] error[E0433]: cannot find module or crate `insta` in this scope
[INFO] [stdout]    --> tests/ssr_snapshot.rs:640:9
[INFO] [stdout]     |
[INFO] [stdout] 640 |         insta::assert_snapshot!(compile_full(
[INFO] [stdout]     |         ^^^^^ use of unresolved module or unlinked crate `insta`
[INFO] [stdout] 
[INFO] [stdout] 
[INFO] [stdout] error[E0433]: cannot find module or crate `insta` in this scope
[INFO] [stdout]    --> tests/ssr_snapshot.rs:647:9
[INFO] [stdout]     |
[INFO] [stdout] 647 |         insta::assert_snapshot!(compile_full(
[INFO] [stdout]     |         ^^^^^ use of unresolved module or unlinked crate `insta`
[INFO] [stdout] 
[INFO] [stdout] 
[INFO] [stdout] error[E0433]: cannot find module or crate `insta` in this scope
[INFO] [stdout]    --> tests/vue_ssr_render.rs:139:9
[INFO] [stdout]     |
[INFO] [stdout] 139 |         insta::assert_snapshot!(format!("scoped_layout_{name}"), code);
[INFO] [stdout]     |         ^^^^^ use of unresolved module or unlinked crate `insta`
[INFO] [stdout] 
[INFO] [stdout] 
[INFO] [stdout] warning: unused imports: `compile_full` and `get_compiled_string`
[INFO] [stdout]   --> tests/ssr_snapshot.rs:42:17
[INFO] [stdout]    |
[INFO] [stdout] 42 |     use super::{compile_full, get_compiled_string};
[INFO] [stdout]    |                 ^^^^^^^^^^^^  ^^^^^^^^^^^^^^^^^^^
[INFO] [stdout]    |
[INFO] [stdout]    = note: `#[warn(unused_imports)]` (part of `#[warn(unused)]`) on by default
[INFO] [stdout] 
[INFO] [stdout] 
[INFO] [stdout] warning: unused import: `super::get_compiled_string`
[INFO] [stdout]   --> tests/ssr_snapshot.rs:87:9
[INFO] [stdout]    |
[INFO] [stdout] 87 |     use super::get_compiled_string;
[INFO] [stdout]    |         ^^^^^^^^^^^^^^^^^^^^^^^^^^
[INFO] [stdout] 
[INFO] [stdout] 
[INFO] [stdout] warning: unused import: `super::compile_full`
[INFO] [stdout]    --> tests/ssr_snapshot.rs:159:9
[INFO] [stdout]     |
[INFO] [stdout] 159 |     use super::compile_full;
[INFO] [stdout]     |         ^^^^^^^^^^^^^^^^^^^
[INFO] [stdout] 
[INFO] [stdout] 
[INFO] [stdout] warning: unused import: `super::compile_full`
[INFO] [stdout]    --> tests/ssr_snapshot.rs:198:9
[INFO] [stdout]     |
[INFO] [stdout] 198 |     use super::compile_full;
[INFO] [stdout]     |         ^^^^^^^^^^^^^^^^^^^
[INFO] [stdout] 
[INFO] [stdout] 
[INFO] [stdout] warning: unused imports: `compile_full` and `get_compiled_string`
[INFO] [stdout]    --> tests/ssr_snapshot.rs:241:17
[INFO] [stdout]     |
[INFO] [stdout] 241 |     use super::{compile_full, get_compiled_string};
[INFO] [stdout]     |                 ^^^^^^^^^^^^  ^^^^^^^^^^^^^^^^^^^
[INFO] [stdout] 
[INFO] [stdout] 
[INFO] [stdout] warning: unused import: `super::get_compiled_string`
[INFO] [stdout]    --> tests/ssr_snapshot.rs:280:9
[INFO] [stdout]     |
[INFO] [stdout] 280 |     use super::get_compiled_string;
[INFO] [stdout]     |         ^^^^^^^^^^^^^^^^^^^^^^^^^^
[INFO] [stdout] 
[INFO] [stdout] 
[INFO] [stdout] warning: unused import: `super::compile_full`
[INFO] [stdout]    --> tests/ssr_snapshot.rs:314:9
[INFO] [stdout]     |
[INFO] [stdout] 314 |     use super::compile_full;
[INFO] [stdout]     |         ^^^^^^^^^^^^^^^^^^^
[INFO] [stdout] 
[INFO] [stdout] 
[INFO] [stdout] warning: unused import: `super::get_compiled_string`
[INFO] [stdout]    --> tests/ssr_snapshot.rs:480:9
[INFO] [stdout]     |
[INFO] [stdout] 480 |     use super::get_compiled_string;
[INFO] [stdout]     |         ^^^^^^^^^^^^^^^^^^^^^^^^^^
[INFO] [stdout] 
[INFO] [stdout] 
[INFO] [stdout] warning: unused import: `super::get_compiled_string`
[INFO] [stdout]    --> tests/ssr_snapshot.rs:517:9
[INFO] [stdout]     |
[INFO] [stdout] 517 |     use super::get_compiled_string;
[INFO] [stdout]     |         ^^^^^^^^^^^^^^^^^^^^^^^^^^
[INFO] [stdout] 
[INFO] [stdout] 
[INFO] [stdout] warning: unused import: `super::get_compiled_string`
[INFO] [stdout]    --> tests/ssr_snapshot.rs:537:9
[INFO] [stdout]     |
[INFO] [stdout] 537 |     use super::get_compiled_string;
[INFO] [stdout]     |         ^^^^^^^^^^^^^^^^^^^^^^^^^^
[INFO] [stdout] 
[INFO] [stdout] 
[INFO] [stdout] warning: unused import: `super::compile_full`
[INFO] [stdout]    --> tests/ssr_snapshot.rs:618:9
[INFO] [stdout]     |
[INFO] [stdout] 618 |     use super::compile_full;
[INFO] [stdout]     |         ^^^^^^^^^^^^^^^^^^^
[INFO] [stdout] 
[INFO] [stdout] 
[INFO] [stdout] warning: unused import: `super::compile_full`
[INFO] [stdout]    --> tests/ssr_snapshot.rs:636:9
[INFO] [stdout]     |
[INFO] [stdout] 636 |     use super::compile_full;
[INFO] [stdout]     |         ^^^^^^^^^^^^^^^^^^^
[INFO] [stdout] 
[INFO] [stdout] 
[INFO] [stdout] error[E0433]: cannot find module or crate `insta` in this scope
[INFO] [stdout]   --> src/lib.rs:55:9
[INFO] [stdout]    |
[INFO] [stdout] 55 |         insta::assert_snapshot!(result.code.as_str());
[INFO] [stdout]    |         ^^^^^ use of unresolved module or unlinked crate `insta`
[INFO] [stdout] 
[INFO] [stdout] 
[INFO] [stdout] error[E0433]: cannot find module or crate `insta` in this scope
[INFO] [stdout]   --> src/lib.rs:64:9
[INFO] [stdout]    |
[INFO] [stdout] 64 |         insta::assert_snapshot!(result.code.as_str());
[INFO] [stdout]    |         ^^^^^ use of unresolved module or unlinked crate `insta`
[INFO] [stdout] 
[INFO] [stdout] 
[INFO] [stdout] error[E0433]: cannot find module or crate `insta` in this scope
[INFO] [stdout]    --> src/lib.rs:238:9
[INFO] [stdout]     |
[INFO] [stdout] 238 |         insta::assert_snapshot!(result.code.as_str());
[INFO] [stdout]     |         ^^^^^ use of unresolved module or unlinked crate `insta`
[INFO] [stdout] 
[INFO] [stdout] 
[INFO] [stdout] error[E0433]: cannot find module or crate `insta` in this scope
[INFO] [stdout]    --> src/lib.rs:249:9
[INFO] [stdout]     |
[INFO] [stdout] 249 |         insta::assert_snapshot!(result.code.as_str());
[INFO] [stdout]     |         ^^^^^ use of unresolved module or unlinked crate `insta`
[INFO] [stdout] 
[INFO] [stdout] 
[INFO] [stdout] error[E0433]: cannot find module or crate `insta` in this scope
[INFO] [stdout]    --> src/lib.rs:389:9
[INFO] [stdout]     |
[INFO] [stdout] 389 |         insta::assert_snapshot!(result.code.as_str());
[INFO] [stdout]     |         ^^^^^ use of unresolved module or unlinked crate `insta`
[INFO] [stdout] 
[INFO] [stdout] 
[INFO] [stdout] error[E0433]: cannot find module or crate `insta` in this scope
[INFO] [stdout]    --> src/lib.rs:397:9
[INFO] [stdout]     |
[INFO] [stdout] 397 |         insta::assert_snapshot!(result.code.as_str());
[INFO] [stdout]     |         ^^^^^ use of unresolved module or unlinked crate `insta`
[INFO] [stdout] 
[INFO] [stdout] 
[INFO] [stdout] error[E0433]: cannot find module or crate `insta` in this scope
[INFO] [stdout]    --> src/lib.rs:405:9
[INFO] [stdout]     |
[INFO] [stdout] 405 |         insta::assert_snapshot!(result.code.as_str());
[INFO] [stdout]     |         ^^^^^ use of unresolved module or unlinked crate `insta`
[INFO] [stdout] 
[INFO] [stdout] 
[INFO] [stdout] error[E0433]: cannot find module or crate `insta` in this scope
[INFO] [stdout]    --> src/lib.rs:416:9
[INFO] [stdout]     |
[INFO] [stdout] 416 |         insta::assert_snapshot!(result.code.as_str());
[INFO] [stdout]     |         ^^^^^ use of unresolved module or unlinked crate `insta`
[INFO] [stdout] 
[INFO] [stdout] 
[INFO] [stdout] error[E0433]: cannot find module or crate `insta` in this scope
[INFO] [stdout]    --> src/lib.rs:425:9
[INFO] [stdout]     |
[INFO] [stdout] 425 |         insta::assert_snapshot!(result.code.as_str());
[INFO] [stdout]     |         ^^^^^ use of unresolved module or unlinked crate `insta`
[INFO] [stdout] 
[INFO] [stdout] 
[INFO] [stdout] error[E0433]: cannot find module or crate `insta` in this scope
[INFO] [stdout]    --> src/lib.rs:434:9
[INFO] [stdout]     |
[INFO] [stdout] 434 |         insta::assert_snapshot!(result.code.as_str());
[INFO] [stdout]     |         ^^^^^ use of unresolved module or unlinked crate `insta`
[INFO] [stdout] 
[INFO] [stdout] 
[INFO] [stdout] error[E0433]: cannot find module or crate `insta` in this scope
[INFO] [stdout]    --> src/lib.rs:445:9
[INFO] [stdout]     |
[INFO] [stdout] 445 |         insta::assert_snapshot!(result.code.as_str());
[INFO] [stdout]     |         ^^^^^ use of unresolved module or unlinked crate `insta`
[INFO] [stdout] 
[INFO] [stdout] 
[INFO] [stdout] error[E0433]: cannot find module or crate `insta` in this scope
[INFO] [stdout]    --> src/lib.rs:453:9
[INFO] [stdout]     |
[INFO] [stdout] 453 |         insta::assert_snapshot!(result.code.as_str());
[INFO] [stdout]     |         ^^^^^ use of unresolved module or unlinked crate `insta`
[INFO] [stdout] 
[INFO] [stdout] 
[INFO] [stdout] error[E0433]: cannot find module or crate `insta` in this scope
[INFO] [stdout]    --> src/lib.rs:495:9
[INFO] [stdout]     |
[INFO] [stdout] 495 |         insta::assert_snapshot!(result.code.as_str());
[INFO] [stdout]     |         ^^^^^ use of unresolved module or unlinked crate `insta`
[INFO] [stdout] 
[INFO] [stdout] 
[INFO] [stdout] error[E0433]: cannot find module or crate `insta` in this scope
[INFO] [stdout]    --> src/lib.rs:524:9
[INFO] [stdout]     |
[INFO] [stdout] 524 |         insta::assert_snapshot!(result.code.as_str());
[INFO] [stdout]     |         ^^^^^ use of unresolved module or unlinked crate `insta`
[INFO] [stdout] 
[INFO] [stdout] 
[INFO] [stdout] error[E0433]: cannot find module or crate `insta` in this scope
[INFO] [stdout]    --> src/lib.rs:546:9
[INFO] [stdout]     |
[INFO] [stdout] 546 |         insta::assert_snapshot!(result.code.as_str());
[INFO] [stdout]     |         ^^^^^ use of unresolved module or unlinked crate `insta`
[INFO] [stdout] 
[INFO] [stdout] 
[INFO] [stdout] error[E0433]: cannot find module or crate `insta` in this scope
[INFO] [stdout]    --> src/lib.rs:573:9
[INFO] [stdout]     |
[INFO] [stdout] 573 |         insta::assert_snapshot!(result.code.as_str());
[INFO] [stdout]     |         ^^^^^ use of unresolved module or unlinked crate `insta`
[INFO] [stdout] 
[INFO] [stdout] 
[INFO] [stdout] error[E0433]: cannot find module or crate `insta` in this scope
[INFO] [stdout]    --> src/lib.rs:685:9
[INFO] [stdout]     |
[INFO] [stdout] 685 |         insta::assert_snapshot!(result.code.as_str());
[INFO] [stdout]     |         ^^^^^ use of unresolved module or unlinked crate `insta`
[INFO] [stdout] 
[INFO] [stdout] 
[INFO] [stdout] error[E0433]: cannot find module or crate `insta` in this scope
[INFO] [stdout]    --> src/lib.rs:721:9
[INFO] [stdout]     |
[INFO] [stdout] 721 |         insta::assert_snapshot!(result.code.as_str());
[INFO] [stdout]     |         ^^^^^ use of unresolved module or unlinked crate `insta`
[INFO] [stdout] 
[INFO] [stdout] 
[INFO] [stdout] error[E0433]: cannot find module or crate `serde_json` in this scope
[INFO] [stdout]    --> tests/vue_ssr_render.rs:154:41
[INFO] [stdout]     |
[INFO] [stdout] 154 |         let result: serde_json::Value = serde_json::from_str(line).expect("render result JSON");
[INFO] [stdout]     |                                         ^^^^^^^^^^ use of unresolved module or unlinked crate `serde_json`
[INFO] [stdout]     |
[INFO] [stdout]     = help: if you wanted to use a crate named `serde_json`, use `cargo add serde_json` to add it to your `Cargo.toml`
[INFO] [stdout] 
[INFO] [stdout] 
[INFO] [stdout] For more information about this error, try `rustc --explain E0433`.
[INFO] [stdout] 
[INFO] [stderr] error: could not compile `vize_atelier_ssr` (test "ssr_snapshot") due to 75 previous errors; 12 warnings emitted
[INFO] [stdout] error[E0433]: cannot find module or crate `serde_json` in this scope
[INFO] [stdout]   --> examples/ssr_fixture_observer.rs:15:9
[INFO] [stdout]    |
[INFO] [stdout] 15 |         serde_json::to_string(&json!({
[INFO] [stdout]    |         ^^^^^^^^^^ use of unresolved module or unlinked crate `serde_json`
[INFO] [stdout]    |
[INFO] [stdout]    = help: if you wanted to use a crate named `serde_json`, use `cargo add serde_json` to add it to your `Cargo.toml`
[INFO] [stdout] 
[INFO] [stdout] 
[INFO] [stdout] error[E0433]: cannot find module or crate `serde_json` in this scope
[INFO] [stdout]   --> examples/../tests/support/fix_history.rs:81:47
[INFO] [stdout]    |
[INFO] [stdout] 81 | pub fn observe(source: &str) -> Result<Value, serde_json::Error> {
[INFO] [stdout]    |                                               ^^^^^^^^^^ use of unresolved module or unlinked crate `serde_json`
[INFO] [stdout]    |
[INFO] [stdout]    = help: if you wanted to use a crate named `serde_json`, use `cargo add serde_json` to add it to your `Cargo.toml`
[INFO] [stdout] 
[INFO] [stdout] 
[INFO] [stdout] error[E0433]: cannot find module or crate `serde_json` in this scope
[INFO] [stdout]   --> examples/ssr_fixture_observer.rs:12:35
[INFO] [stdout]    |
[INFO] [stdout] 12 |         .collect::<Result<Vec<_>, serde_json::Error>>()?;
[INFO] [stdout]    |                                   ^^^^^^^^^^ use of unresolved module or unlinked crate `serde_json`
[INFO] [stdout]    |
[INFO] [stdout]    = help: if you wanted to use a crate named `serde_json`, use `cargo add serde_json` to add it to your `Cargo.toml`
[INFO] [stdout] 
[INFO] [stdout] 
[INFO] [stdout] Some errors have detailed explanations: E0432, E0433.
[INFO] [stdout] 
[INFO] [stdout] For more information about an error, try `rustc --explain E0432`.
[INFO] [stdout] 
[INFO] [stdout] error[E0433]: cannot find module or crate `serde_json` in this scope
[INFO] [stdout]   --> tests/compiler_fix_history.rs:15:20
[INFO] [stdout]    |
[INFO] [stdout] 15 |     let expected = serde_json::from_str::<Value>(EXPECTED).expect("valid immutable capture");
[INFO] [stdout]    |                    ^^^^^^^^^^ use of unresolved module or unlinked crate `serde_json`
[INFO] [stdout]    |
[INFO] [stdout]    = help: if you wanted to use a crate named `serde_json`, use `cargo add serde_json` to add it to your `Cargo.toml`
[INFO] [stdout] 
[INFO] [stdout] 
[INFO] [stderr] error: could not compile `vize_atelier_ssr` (example "ssr_fixture_observer") due to 5 previous errors
[INFO] [stdout] error[E0433]: cannot find module or crate `serde_json` in this scope
[INFO] [stdout]    --> tests/vue_ssr_render.rs:154:21
[INFO] [stdout]     |
[INFO] [stdout] 154 |         let result: serde_json::Value = serde_json::from_str(line).expect("render result JSON");
[INFO] [stdout]     |                     ^^^^^^^^^^ use of unresolved module or unlinked crate `serde_json`
[INFO] [stdout]     |
[INFO] [stdout]     = help: if you wanted to use a crate named `serde_json`, use `cargo add serde_json` to add it to your `Cargo.toml`
[INFO] [stdout] 
[INFO] [stdout] 
[INFO] [stdout] For more information about this error, try `rustc --explain E0433`.
[INFO] [stdout] 
[INFO] [stderr] error: could not compile `vize_atelier_ssr` (test "vue_ssr_render") due to 3 previous errors
[INFO] [stdout] error[E0433]: cannot find module or crate `serde_json` in this scope
[INFO] [stdout]   --> tests/support/fix_history.rs:81:47
[INFO] [stdout]    |
[INFO] [stdout] 81 | pub fn observe(source: &str) -> Result<Value, serde_json::Error> {
[INFO] [stdout]    |                                               ^^^^^^^^^^ use of unresolved module or unlinked crate `serde_json`
[INFO] [stdout]    |
[INFO] [stdout]    = help: if you wanted to use a crate named `serde_json`, use `cargo add serde_json` to add it to your `Cargo.toml`
[INFO] [stdout] 
[INFO] [stdout] 
[INFO] [stdout] Some errors have detailed explanations: E0432, E0433.
[INFO] [stdout] 
[INFO] [stdout] For more information about an error, try `rustc --explain E0432`.
[INFO] [stdout] 
[INFO] [stderr] error: could not compile `vize_atelier_ssr` (test "compiler_fix_history") due to 4 previous errors
[INFO] [stdout] error[E0433]: cannot find module or crate `serde_json` in this scope
[INFO] [stdout]   --> src/source_map_tests.rs:83:34
[INFO] [stdout]    |
[INFO] [stdout] 83 |     let map: serde_json::Value = serde_json::from_str(map).unwrap();
[INFO] [stdout]    |                                  ^^^^^^^^^^ use of unresolved module or unlinked crate `serde_json`
[INFO] [stdout]    |
[INFO] [stdout]    = help: if you wanted to use a crate named `serde_json`, use `cargo add serde_json` to add it to your `Cargo.toml`
[INFO] [stdout] 
[INFO] [stdout] 
[INFO] [stdout] error[E0433]: cannot find module or crate `serde_json` in this scope
[INFO] [stdout]   --> src/source_map_tests.rs:83:14
[INFO] [stdout]    |
[INFO] [stdout] 83 |     let map: serde_json::Value = serde_json::from_str(map).unwrap();
[INFO] [stdout]    |              ^^^^^^^^^^ use of unresolved module or unlinked crate `serde_json`
[INFO] [stdout]    |
[INFO] [stdout]    = help: if you wanted to use a crate named `serde_json`, use `cargo add serde_json` to add it to your `Cargo.toml`
[INFO] [stdout] 
[INFO] [stdout] 
[INFO] [stdout] For more information about this error, try `rustc --explain E0433`.
[INFO] [stdout] 
[INFO] [stderr] error: could not compile `vize_atelier_ssr` (lib test) due to 20 previous errors
[INFO] running `Command { std: "docker" "inspect" "f4723b2e2ab5e310b6c4f21da0df00774f84b9685ab23d154d7333a8627af95f", kill_on_drop: false }`
[INFO] running `Command { std: "docker" "rm" "-f" "f4723b2e2ab5e310b6c4f21da0df00774f84b9685ab23d154d7333a8627af95f", kill_on_drop: false }`
[INFO] [stdout] f4723b2e2ab5e310b6c4f21da0df00774f84b9685ab23d154d7333a8627af95f
