[INFO] fetching crate vize_atelier_jsx 0.429.2...
[INFO] testing vize_atelier_jsx-0.429.2 against 1.99.0-beta.8 for beta-1.100-2
[INFO] extracting crate vize_atelier_jsx 0.429.2 into /workspace/builds/worker-6-tc1/source
[INFO] started tweaking crates.io crate vize_atelier_jsx 0.429.2
[INFO] removed 0 missing tests
[INFO] finished tweaking crates.io crate vize_atelier_jsx 0.429.2
[INFO] tweaked toml for crates.io crate vize_atelier_jsx 0.429.2 written to /workspace/builds/worker-6-tc1/source/Cargo.toml
[INFO] validating manifest of crates.io crate vize_atelier_jsx 0.429.2 on toolchain 1.99.0-beta.8
[INFO] running `Command { std: CARGO_HOME="/workspace/cargo-home" RUSTUP_HOME="/workspace/rustup-home" "/workspace/cargo-home/bin/cargo" "+1.99.0-beta.8" "metadata" "--manifest-path" "Cargo.toml" "--no-deps", kill_on_drop: false }`
[INFO] crate crates.io crate vize_atelier_jsx 0.429.2 already has a lockfile, it will not be regenerated
[INFO] running `Command { std: CARGO_HOME="/workspace/cargo-home" RUSTUP_HOME="/workspace/rustup-home" "/workspace/cargo-home/bin/cargo" "+1.99.0-beta.8" "fetch" "--manifest-path" "Cargo.toml", kill_on_drop: false }`
[INFO] [stderr]     Blocking waiting for file lock on package cache
[INFO] [stderr]     Updating crates.io index
[INFO] [stderr]  Downloading crates ...
[INFO] [stderr]   Downloaded vize_l0 v0.429.2
[INFO] [stderr]   Downloaded pklrust v0.9.0
[INFO] [stderr]   Downloaded rmpv v1.3.1
[INFO] [stderr]   Downloaded vize_relief v0.429.2
[INFO] [stderr]   Downloaded oxc_compat v0.142.0
[INFO] [stderr]   Downloaded hmac-sha1-compact v1.1.7
[INFO] [stderr]   Downloaded cow-utils v0.1.3
[INFO] [stderr]   Downloaded vize_davinci_derive v0.429.2
[INFO] [stderr]   Downloaded oxc_sourcemap v8.1.2
[INFO] [stderr]   Downloaded oxc_syntax v0.142.0
[INFO] [stderr]   Downloaded oxc_ast_macros v0.142.0
[INFO] [stderr]   Downloaded smawk v0.3.2
[INFO] [stderr]   Downloaded nonmax v0.5.5
[INFO] [stderr]   Downloaded pklrust-derive v0.9.0
[INFO] [stderr]   Downloaded oxc_index v5.0.0
[INFO] [stderr]   Downloaded oxc_diagnostics v0.142.0
[INFO] [stderr]   Downloaded json-escape-simd v3.0.2
[INFO] [stderr]   Downloaded phf_macros v0.13.1
[INFO] [stderr]   Downloaded phf_macros v0.14.0
[INFO] [stderr]   Downloaded oxc_estree v0.142.0
[INFO] [stderr]   Downloaded oxc_str v0.142.0
[INFO] [stderr]   Downloaded oxc_span v0.142.0
[INFO] [stderr]   Downloaded dragonbox_ecma v0.1.12
[INFO] [stderr]   Downloaded index_vec v0.1.4
[INFO] [stderr]   Downloaded vize_l2_to_l3 v0.429.2
[INFO] [stderr]   Downloaded phf v0.14.0
[INFO] [stderr]   Downloaded phf_shared v0.14.0
[INFO] [stderr]   Downloaded phf_generator v0.14.0
[INFO] [stderr]   Downloaded oxc-miette-derive v3.0.1
[INFO] [stderr]   Downloaded oxc_ast_visit v0.142.0
[INFO] [stderr]   Downloaded oxc_regular_expression v0.142.0
[INFO] [stderr]   Downloaded oxc_codegen v0.142.0
[INFO] [stderr]   Downloaded thin-vec v0.2.20
[INFO] [stderr]   Downloaded oxc_data_structures v0.142.0
[INFO] [stderr]   Downloaded str_indices v0.4.4
[INFO] [stderr]   Downloaded vize_armature v0.429.2
[INFO] [stderr]   Downloaded unicode-id-start v1.4.0
[INFO] [stderr]   Downloaded textwrap v0.16.2
[INFO] [stderr]   Downloaded oxc_ecmascript v0.142.0
[INFO] [stderr]   Downloaded htmlize v1.1.0
[INFO] [stderr]   Downloaded oxc_traverse v0.142.0
[INFO] [stderr]   Downloaded oxc_semantic v0.142.0
[INFO] [stderr]   Downloaded oxc-miette v3.0.1
[INFO] [stderr]   Downloaded vize_l2 v0.429.2
[INFO] [stderr]   Downloaded vize_l3 v0.429.2
[INFO] [stderr]   Downloaded vize_l1 v0.429.2
[INFO] [stderr]   Downloaded base64 v0.23.0
[INFO] [stderr]   Downloaded compact_str v0.10.0
[INFO] [stderr]   Downloaded vize_atelier_ssr v0.429.2
[INFO] [stderr]   Downloaded vize_carton v0.429.2
[INFO] [stderr]   Downloaded ropey v1.6.1
[INFO] [stderr]   Downloaded oxc-browserslist v3.0.12
[INFO] [stderr]   Downloaded vize_atelier_dom v0.429.2
[INFO] [stderr]   Downloaded oxc_allocator v0.142.0
[INFO] [stderr]   Downloaded oxc_parser v0.142.0
[INFO] [stderr]   Downloaded oxc_transformer v0.142.0
[INFO] [stderr]   Downloaded vize_atelier_vapor v0.429.2
[INFO] [stderr]   Downloaded oxc_ast v0.142.0
[INFO] [stderr]   Downloaded vize_davinci v0.429.2
[INFO] [stderr]   Downloaded vize_atelier_core v0.429.2
[INFO] [stderr]   Downloaded vize_croquis v0.429.2
[INFO] [stderr]   Downloaded vize_l1_to_l2 v0.429.2
[INFO] [stderr]   Downloaded vize_atelier_sfc v0.429.2
[INFO] running `Command { std: "docker" "create" "-v" "/var/lib/crater-agent-workspace/builds/worker-6-tc1/source:/opt/rustwide/workdir:ro,Z" "-v" "/var/lib/crater-agent-workspace/builds/worker-6-tc1/target:/opt/rustwide/target:rw,Z" "-v" "/var/lib/crater-agent-workspace/cargo-home:/opt/rustwide/cargo-home:ro,Z" "-v" "/var/lib/crater-agent-workspace/rustup-home:/opt/rustwide/rustup-home:ro,Z" "-m" "1610612736" "--network" "none" "ghcr.io/rust-lang/crates-build-env/linux@sha256:3111399a4047eeb3a02b7a90e478d715f38a8c6669b5c4b49d30a17385265909" "sleep" "infinity", kill_on_drop: false }`
[INFO] [stdout] 21163bd35b2f2d97d1a04c23a3191df91c05a3f02c41bd2458d7867365b6f585
[INFO] running `Command { std: "docker" "start" "21163bd35b2f2d97d1a04c23a3191df91c05a3f02c41bd2458d7867365b6f585", kill_on_drop: false }`
[INFO] running `Command { std: "docker" "inspect" "21163bd35b2f2d97d1a04c23a3191df91c05a3f02c41bd2458d7867365b6f585", kill_on_drop: false }`
[INFO] running `Command { std: "docker" "exec" "-e" "SOURCE_DIR=/opt/rustwide/workdir" "-e" "CARGO_HOME=/opt/rustwide/cargo-home" "-e" "RUSTUP_HOME=/opt/rustwide/rustup-home" "-e" "CARGO_TARGET_DIR=/opt/rustwide/target" "-w" "/opt/rustwide/workdir" "--user" "0:0" "21163bd35b2f2d97d1a04c23a3191df91c05a3f02c41bd2458d7867365b6f585" "/opt/rustwide/cargo-home/bin/cargo" "+1.99.0-beta.8" "metadata" "--no-deps" "--format-version=1", kill_on_drop: false }`
[INFO] running `Command { std: "docker" "inspect" "21163bd35b2f2d97d1a04c23a3191df91c05a3f02c41bd2458d7867365b6f585", kill_on_drop: false }`
[INFO] running `Command { std: "docker" "exec" "-e" "SOURCE_DIR=/opt/rustwide/workdir" "-e" "CARGO_HOME=/opt/rustwide/cargo-home" "-e" "RUSTUP_HOME=/opt/rustwide/rustup-home" "-e" "CARGO_TARGET_DIR=/opt/rustwide/target" "-e" "CARGO_INCREMENTAL=0" "-e" "RUST_BACKTRACE=full" "-e" "RUSTFLAGS=--cap-lints=warn" "-e" "RUSTDOCFLAGS=--cap-lints=warn" "-w" "/opt/rustwide/workdir" "--user" "0:0" "21163bd35b2f2d97d1a04c23a3191df91c05a3f02c41bd2458d7867365b6f585" "/opt/rustwide/cargo-home/bin/cargo" "+1.99.0-beta.8" "build" "--frozen" "--message-format=json", kill_on_drop: false }`
[INFO] [stderr]    Compiling siphasher v1.0.3
[INFO] [stderr]    Compiling fastrand v2.4.1
[INFO] [stderr]    Compiling rustversion v1.0.22
[INFO] [stderr]    Compiling allocator-api2 v0.2.21
[INFO] [stderr]    Compiling owo-colors v4.3.0
[INFO] [stderr]    Compiling str_indices v0.4.4
[INFO] [stderr]    Compiling unicode-linebreak v0.1.5
[INFO] [stderr]    Compiling smawk v0.3.2
[INFO] [stderr]    Compiling num-traits v0.2.19
[INFO] [stderr]    Compiling unicode-segmentation v1.13.3
[INFO] [stderr]    Compiling static_assertions v1.1.0
[INFO] [stderr]    Compiling oxc_estree v0.142.0
[INFO] [stderr]    Compiling cow-utils v0.1.3
[INFO] [stderr]    Compiling syn v2.0.117
[INFO] [stderr]    Compiling syn v3.0.5
[INFO] [stderr]    Compiling dragonbox_ecma v0.1.12
[INFO] [stderr]    Compiling bitflags v2.13.1
[INFO] [stderr]    Compiling unicode-id-start v1.4.0
[INFO] [stderr]    Compiling nonmax v0.5.5
[INFO] [stderr]    Compiling memchr v2.8.3
[INFO] [stderr]    Compiling shlex v1.3.0
[INFO] [stderr]    Compiling phf_shared v0.14.0
[INFO] [stderr]    Compiling textwrap v0.16.2
[INFO] [stderr]    Compiling phf_shared v0.13.1
[INFO] [stderr]    Compiling object v0.39.1
[INFO] [stderr]    Compiling cc v1.2.62
[INFO] [stderr]    Compiling phf_generator v0.14.0
[INFO] [stderr]    Compiling phf v0.14.0
[INFO] [stderr]    Compiling serde_json v1.0.149
[INFO] [stderr]    Compiling serde_bytes v0.11.19
[INFO] [stderr]    Compiling which v8.0.5
[INFO] [stderr]    Compiling phf_generator v0.13.1
[INFO] [stderr]    Compiling simdutf8 v0.1.5
[INFO] [stderr]    Compiling hashbrown v0.17.1
[INFO] [stderr]    Compiling xxhash-rust v0.8.18
[INFO] [stderr]    Compiling serde_core v1.0.228
[INFO] [stderr]    Compiling phf_codegen v0.13.1
[INFO] [stderr]    Compiling castaway v0.2.4
[INFO] [stderr]    Compiling phf v0.13.1
[INFO] [stderr]    Compiling either v1.15.0
[INFO] [stderr]    Compiling self_cell v1.2.2
[INFO] [stderr]    Compiling pastey v0.1.1
[INFO] [stderr]    Compiling miniz_oxide v0.9.1
[INFO] [stderr]    Compiling vsimd v0.8.0
[INFO] [stderr]    Compiling outref v0.5.2
[INFO] [stderr]    Compiling oxc_sourcemap v8.1.2
[INFO] [stderr]    Compiling aho-corasick v1.1.4
[INFO] [stderr]    Compiling json-escape-simd v3.0.2
[INFO] [stderr]    Compiling itertools v0.15.0
[INFO] [stderr]    Compiling memoffset v0.9.1
[INFO] [stderr]    Compiling base64 v0.23.0
[INFO] [stderr]    Compiling rmp v0.8.15
[INFO] [stderr]    Compiling num-integer v0.1.46
[INFO] [stderr]    Compiling hmac-sha1-compact v1.1.7
[INFO] [stderr]    Compiling indexmap v2.14.0
[INFO] [stderr]    Compiling base64-simd v0.8.0
[INFO] [stderr]    Compiling thin-vec v0.2.20
[INFO] [stderr]    Compiling num-bigint v0.5.1
[INFO] [stderr]    Compiling typenum v1.20.0
[INFO] [stderr]    Compiling index_vec v0.1.4
[INFO] [stderr]    Compiling const-oid v0.10.2
[INFO] [stderr]    Compiling stacker v0.1.25
[INFO] [stderr]    Compiling hybrid-array v0.4.10
[INFO] [stderr]    Compiling regex-automata v0.4.18
[INFO] [stderr]    Compiling block-buffer v0.12.0
[INFO] [stderr]    Compiling crypto-common v0.2.1
[INFO] [stderr]    Compiling serde_derive v1.0.228
[INFO] [stderr]    Compiling oxc-miette-derive v3.0.1
[INFO] [stderr]    Compiling phf_macros v0.14.0
[INFO] [stderr]    Compiling phf_macros v0.13.1
[INFO] [stderr]    Compiling pklrust-derive v0.9.0
[INFO] [stderr]    Compiling vize_davinci_derive v0.429.2
[INFO] [stderr]    Compiling digest v0.11.2
[INFO] [stderr]    Compiling htmlize v1.1.0
[INFO] [stderr]    Compiling sha2 v0.11.0
[INFO] [stderr]    Compiling thiserror-impl v2.0.20
[INFO] [stderr]    Compiling oxc_ast_macros v0.142.0
[INFO] [stderr]    Compiling regex v1.13.1
[INFO] [stderr]    Compiling ar_archive_writer v0.5.3
[INFO] [stderr]    Compiling thiserror v2.0.20
[INFO] [stderr]    Compiling oxc-miette v3.0.1
[INFO] [stderr]    Compiling cobs v0.3.0
[INFO] [stderr]    Compiling psm v0.1.31
[INFO] [stderr]    Compiling oxc_diagnostics v0.142.0
[INFO] [stderr]    Compiling serde v1.0.228
[INFO] [stderr]    Compiling smallvec v1.15.2
[INFO] [stderr]    Compiling compact_str v0.10.0
[INFO] [stderr]    Compiling oxc_index v5.0.0
[INFO] [stderr]    Compiling rmp-serde v1.3.1
[INFO] [stderr]    Compiling rmpv v1.3.1
[INFO] [stderr]    Compiling postcard v1.1.3
[INFO] [stderr]    Compiling ropey v1.6.1
[INFO] [stderr]    Compiling parking_lot_core v0.9.12
[INFO] [stderr]    Compiling dashmap v6.2.1
[INFO] [stderr]    Compiling oxc-browserslist v3.0.12
[INFO] [stderr]    Compiling pklrust v0.9.0
[INFO] [stderr]    Compiling oxc_data_structures v0.142.0
[INFO] [stderr]    Compiling oxc_allocator v0.142.0
[INFO] [stderr]    Compiling oxc_str v0.142.0
[INFO] [stderr]    Compiling oxc_span v0.142.0
[INFO] [stderr]    Compiling oxc_syntax v0.142.0
[INFO] [stderr]    Compiling oxc_regular_expression v0.142.0
[INFO] [stderr]    Compiling vize_carton v0.429.2
[INFO] [stderr]    Compiling oxc_compat v0.142.0
[INFO] [stderr]    Compiling oxc_ast v0.142.0
[INFO] [stderr]    Compiling vize_l0 v0.429.2
[INFO] [stderr]    Compiling vize_davinci v0.429.2
[INFO] [stderr]    Compiling vize_l3 v0.429.2
[INFO] [stderr]    Compiling oxc_ecmascript v0.142.0
[INFO] [stderr]    Compiling oxc_ast_visit v0.142.0
[INFO] [stderr]    Compiling oxc_parser v0.142.0
[INFO] [stderr]    Compiling oxc_semantic v0.142.0
[INFO] [stderr]    Compiling vize_relief v0.429.2
[INFO] [stderr]    Compiling vize_l1 v0.429.2
[INFO] [stderr]    Compiling oxc_traverse v0.142.0
[INFO] [stderr]    Compiling oxc_codegen v0.142.0
[INFO] [stderr]    Compiling vize_armature v0.429.2
[INFO] [stderr]    Compiling vize_l2 v0.429.2
[INFO] [stderr]    Compiling vize_croquis v0.429.2
[INFO] [stderr]    Compiling vize_l2_to_l3 v0.429.2
[INFO] [stderr]    Compiling oxc_transformer v0.142.0
[INFO] [stderr]    Compiling vize_l1_to_l2 v0.429.2
[INFO] [stderr]    Compiling vize_atelier_core v0.429.2
[INFO] [stderr]    Compiling vize_atelier_dom v0.429.2
[INFO] [stderr]    Compiling vize_atelier_vapor v0.429.2
[INFO] [stderr]    Compiling vize_atelier_ssr v0.429.2
[INFO] [stderr]    Compiling vize_atelier_sfc v0.429.2
[INFO] [stderr]    Compiling vize_atelier_jsx v0.429.2 (/opt/rustwide/workdir)
[INFO] [stderr]     Finished `dev` profile [unoptimized + debuginfo] target(s) in 2m 21s
[INFO] running `Command { std: "docker" "inspect" "21163bd35b2f2d97d1a04c23a3191df91c05a3f02c41bd2458d7867365b6f585", kill_on_drop: false }`
[INFO] running `Command { std: "docker" "exec" "-e" "SOURCE_DIR=/opt/rustwide/workdir" "-e" "CARGO_HOME=/opt/rustwide/cargo-home" "-e" "RUSTUP_HOME=/opt/rustwide/rustup-home" "-e" "CARGO_TARGET_DIR=/opt/rustwide/target" "-e" "CARGO_INCREMENTAL=0" "-e" "RUST_BACKTRACE=full" "-e" "RUSTFLAGS=--cap-lints=warn" "-e" "RUSTDOCFLAGS=--cap-lints=warn" "-w" "/opt/rustwide/workdir" "--user" "0:0" "21163bd35b2f2d97d1a04c23a3191df91c05a3f02c41bd2458d7867365b6f585" "/opt/rustwide/cargo-home/bin/cargo" "+1.99.0-beta.8" "test" "--frozen" "--no-run" "--message-format=json", kill_on_drop: false }`
[INFO] [stderr]    Compiling vize_atelier_jsx v0.429.2 (/opt/rustwide/workdir)
[INFO] [stdout] error[E0432]: unresolved import `serde`
[INFO] [stdout]   --> tests/babel_compat/mod.rs:19:5
[INFO] [stdout]    |
[INFO] [stdout] 19 | use serde::Deserialize;
[INFO] [stdout]    |     ^^^^^ use of unresolved module or unlinked crate `serde`
[INFO] [stdout]    |
[INFO] [stdout]    = help: if you wanted to use a crate named `serde`, use `cargo add serde` to add it to your `Cargo.toml`
[INFO] [stdout] 
[INFO] [stdout] 
[INFO] [stdout] error[E0433]: cannot find module or crate `insta` in this scope
[INFO] [stdout]    --> tests/babel_compat_oracle.rs:120:9
[INFO] [stdout]     |
[INFO] [stdout] 120 |         insta::assert_snapshot!(format!("babel_compat__{category}"), body);
[INFO] [stdout]     |         ^^^^^ use of unresolved module or unlinked crate `insta`
[INFO] [stdout] 
[INFO] [stdout] 
[INFO] [stdout] error[E0433]: cannot find module or crate `insta` in this scope
[INFO] [stdout]   --> tests/vdom.rs:68:5
[INFO] [stdout]    |
[INFO] [stdout] 68 |     insta::assert_snapshot!(snapshot_lang_cases(&cases, vdom_code));
[INFO] [stdout]    |     ^^^^^ use of unresolved module or unlinked crate `insta`
[INFO] [stdout] 
[INFO] [stdout] 
[INFO] [stdout] error[E0433]: cannot find module or crate `insta` in this scope
[INFO] [stdout]   --> tests/vdom.rs:84:5
[INFO] [stdout]    |
[INFO] [stdout] 84 |     insta::assert_snapshot!(format!(
[INFO] [stdout]    |     ^^^^^ use of unresolved module or unlinked crate `insta`
[INFO] [stdout] 
[INFO] [stdout] 
[INFO] [stdout] error[E0433]: cannot find module or crate `insta` in this scope
[INFO] [stdout]    --> tests/vdom.rs:129:5
[INFO] [stdout]     |
[INFO] [stdout] 129 |     insta::assert_snapshot!(out.components[0].preamble.as_str());
[INFO] [stdout]     |     ^^^^^ use of unresolved module or unlinked crate `insta`
[INFO] [stdout] 
[INFO] [stdout] 
[INFO] [stdout] warning: unused imports: `snapshot_lang_cases` and `vdom_code`
[INFO] [stdout]   --> tests/vdom.rs:11:14
[INFO] [stdout]    |
[INFO] [stdout] 11 | use common::{snapshot_lang_cases, vdom_code};
[INFO] [stdout]    |              ^^^^^^^^^^^^^^^^^^^  ^^^^^^^^^
[INFO] [stdout]    |
[INFO] [stdout]    = note: `#[warn(unused_imports)]` (part of `#[warn(unused)]`) on by default
[INFO] [stdout] 
[INFO] [stdout] 
[INFO] [stdout] error: couldn't read `tests/../../../tests/_fixtures/differential/jsx/spread-child-values.jsx`: No such file or directory (os error 2)
[INFO] [stdout]   --> tests/spread_child.rs:26:9
[INFO] [stdout]    |
[INFO] [stdout] 26 |         include_str!("../../../tests/_fixtures/differential/jsx/spread-child-values.jsx"),
[INFO] [stdout]    |         ^^^^^^^^^^^^^^^^^^^^^^^^^^^^^^^^^^^^^^^^^^^^^^^^^^^^^^^^^^^^^^^^^^^^^^^^^^^^^^^^^
[INFO] [stdout] 
[INFO] [stdout] 
[INFO] [stdout] error: couldn't read `tests/../../../tests/_fixtures/differential/jsx/spread-child-nested.jsx`: No such file or directory (os error 2)
[INFO] [stdout]   --> tests/spread_child.rs:31:9
[INFO] [stdout]    |
[INFO] [stdout] 31 |         include_str!("../../../tests/_fixtures/differential/jsx/spread-child-nested.jsx"),
[INFO] [stdout]    |         ^^^^^^^^^^^^^^^^^^^^^^^^^^^^^^^^^^^^^^^^^^^^^^^^^^^^^^^^^^^^^^^^^^^^^^^^^^^^^^^^^
[INFO] [stdout] 
[INFO] [stdout] 
[INFO] [stdout] error: couldn't read `tests/../../../tests/_fixtures/differential/jsx/spread-child-fragment.jsx`: No such file or directory (os error 2)
[INFO] [stdout]   --> tests/spread_child.rs:36:9
[INFO] [stdout]    |
[INFO] [stdout] 36 |         include_str!("../../../tests/_fixtures/differential/jsx/spread-child-fragment.jsx"),
[INFO] [stdout]    |         ^^^^^^^^^^^^^^^^^^^^^^^^^^^^^^^^^^^^^^^^^^^^^^^^^^^^^^^^^^^^^^^^^^^^^^^^^^^^^^^^^^^
[INFO] [stdout] 
[INFO] [stdout] 
[INFO] [stdout] error: couldn't read `tests/../../../tests/_fixtures/differential/jsx/spread-child-slots.jsx`: No such file or directory (os error 2)
[INFO] [stdout]   --> tests/spread_child.rs:41:9
[INFO] [stdout]    |
[INFO] [stdout] 41 |         include_str!("../../../tests/_fixtures/differential/jsx/spread-child-slots.jsx"),
[INFO] [stdout]    |         ^^^^^^^^^^^^^^^^^^^^^^^^^^^^^^^^^^^^^^^^^^^^^^^^^^^^^^^^^^^^^^^^^^^^^^^^^^^^^^^^
[INFO] [stdout] 
[INFO] [stdout] 
[INFO] [stdout] error: couldn't read `tests/../../../tests/_fixtures/differential/jsx/spread-child-conditional.jsx`: No such file or directory (os error 2)
[INFO] [stdout]   --> tests/spread_child.rs:46:9
[INFO] [stdout]    |
[INFO] [stdout] 46 |         include_str!("../../../tests/_fixtures/differential/jsx/spread-child-conditional.jsx"),
[INFO] [stdout]    |         ^^^^^^^^^^^^^^^^^^^^^^^^^^^^^^^^^^^^^^^^^^^^^^^^^^^^^^^^^^^^^^^^^^^^^^^^^^^^^^^^^^^^^^
[INFO] [stdout] 
[INFO] [stdout] 
[INFO] [stdout] error: couldn't read `tests/../../../tests/_fixtures/differential/jsx/spread-child-loop.jsx`: No such file or directory (os error 2)
[INFO] [stdout]   --> tests/spread_child.rs:51:9
[INFO] [stdout]    |
[INFO] [stdout] 51 |         include_str!("../../../tests/_fixtures/differential/jsx/spread-child-loop.jsx"),
[INFO] [stdout]    |         ^^^^^^^^^^^^^^^^^^^^^^^^^^^^^^^^^^^^^^^^^^^^^^^^^^^^^^^^^^^^^^^^^^^^^^^^^^^^^^^
[INFO] [stdout] 
[INFO] [stdout] 
[INFO] [stdout] error: couldn't read `tests/../../../tests/_fixtures/differential/jsx/spread-child-cast.tsx`: No such file or directory (os error 2)
[INFO] [stdout]   --> tests/spread_child.rs:56:9
[INFO] [stdout]    |
[INFO] [stdout] 56 |         include_str!("../../../tests/_fixtures/differential/jsx/spread-child-cast.tsx"),
[INFO] [stdout]    |         ^^^^^^^^^^^^^^^^^^^^^^^^^^^^^^^^^^^^^^^^^^^^^^^^^^^^^^^^^^^^^^^^^^^^^^^^^^^^^^^
[INFO] [stdout] 
[INFO] [stdout] 
[INFO] [stdout] error[E0432]: unresolved import `serde_json`
[INFO] [stdout]   --> tests/spread_child.rs:10:5
[INFO] [stdout]    |
[INFO] [stdout] 10 | use serde_json::{Value, json};
[INFO] [stdout]    |     ^^^^^^^^^^ use of unresolved module or unlinked crate `serde_json`
[INFO] [stdout]    |
[INFO] [stdout]    = help: if you wanted to use a crate named `serde_json`, use `cargo add serde_json` to add it to your `Cargo.toml`
[INFO] [stdout] 
[INFO] [stdout] 
[INFO] [stdout] error[E0433]: cannot find module or crate `insta` in this scope
[INFO] [stdout]   --> tests/events.rs:29:5
[INFO] [stdout]    |
[INFO] [stdout] 29 |     insta::assert_snapshot!(common::snapshot_cases(&cases, |source| {
[INFO] [stdout]    |     ^^^^^ use of unresolved module or unlinked crate `insta`
[INFO] [stdout] 
[INFO] [stdout] 
[INFO] [stdout] warning: unused import: `vdom_code`
[INFO] [stdout]   --> tests/events.rs:13:69
[INFO] [stdout]    |
[INFO] [stdout] 13 | use common::{as_directive, lower_one, root_element, simple_content, vdom_code};
[INFO] [stdout]    |                                                                     ^^^^^^^^^
[INFO] [stdout]    |
[INFO] [stdout]    = note: `#[warn(unused_imports)]` (part of `#[warn(unused)]`) on by default
[INFO] [stdout] 
[INFO] [stdout] 
[INFO] [stdout] warning: unused import: `vize_atelier_jsx::JsxLang`
[INFO] [stdout]   --> tests/events.rs:14:5
[INFO] [stdout]    |
[INFO] [stdout] 14 | use vize_atelier_jsx::JsxLang;
[INFO] [stdout]    |     ^^^^^^^^^^^^^^^^^^^^^^^^^
[INFO] [stdout] 
[INFO] [stdout] 
[INFO] [stdout] error[E0433]: cannot find module or crate `insta` in this scope
[INFO] [stdout]    --> tests/adversarial_snapshots.rs:310:5
[INFO] [stdout]     |
[INFO] [stdout] 310 |     insta::assert_debug_snapshot!(
[INFO] [stdout]     |     ^^^^^ use of unresolved module or unlinked crate `insta`
[INFO] [stdout] 
[INFO] [stdout] 
[INFO] [stdout] error[E0433]: cannot find module or crate `insta` in this scope
[INFO] [stdout]    --> tests/adversarial_snapshots.rs:314:5
[INFO] [stdout]     |
[INFO] [stdout] 314 |     insta::assert_snapshot!(
[INFO] [stdout]     |     ^^^^^ use of unresolved module or unlinked crate `insta`
[INFO] [stdout] 
[INFO] [stdout] 
[INFO] [stdout] error[E0433]: cannot find module or crate `insta` in this scope
[INFO] [stdout]    --> tests/adversarial_snapshots.rs:350:5
[INFO] [stdout]     |
[INFO] [stdout] 350 |     insta::assert_debug_snapshot!("invalid_and_ambiguous_source_diagnostics", summaries);
[INFO] [stdout]     |     ^^^^^ use of unresolved module or unlinked crate `insta`
[INFO] [stdout] 
[INFO] [stdout] 
[INFO] [stdout] error[E0433]: cannot find module or crate `insta` in this scope
[INFO] [stdout]    --> tests/adversarial_snapshots.rs:366:5
[INFO] [stdout]     |
[INFO] [stdout] 366 |     insta::assert_debug_snapshot!(format!("{name}_lower"), lower_summary(source, &output));
[INFO] [stdout]     |     ^^^^^ use of unresolved module or unlinked crate `insta`
[INFO] [stdout] 
[INFO] [stdout] 
[INFO] [stdout] error[E0433]: cannot find module or crate `insta` in this scope
[INFO] [stdout]    --> tests/adversarial_snapshots.rs:372:5
[INFO] [stdout]     |
[INFO] [stdout] 372 |     insta::assert_debug_snapshot!(format!("{name}_vdom"), vdom_output_summary(source, &output));
[INFO] [stdout]     |     ^^^^^ use of unresolved module or unlinked crate `insta`
[INFO] [stdout] 
[INFO] [stdout] 
[INFO] [stdout] error[E0433]: cannot find module or crate `insta` in this scope
[INFO] [stdout]    --> tests/adversarial_snapshots.rs:378:5
[INFO] [stdout]     |
[INFO] [stdout] 378 |     insta::assert_debug_snapshot!(
[INFO] [stdout]     |     ^^^^^ use of unresolved module or unlinked crate `insta`
[INFO] [stdout] 
[INFO] [stdout] 
[INFO] [stdout] error[E0433]: cannot find module or crate `insta` in this scope
[INFO] [stdout]   --> tests/compile.rs:69:5
[INFO] [stdout]    |
[INFO] [stdout] 69 |     insta::assert_snapshot!(component_matrix(&out));
[INFO] [stdout]    |     ^^^^^ use of unresolved module or unlinked crate `insta`
[INFO] [stdout] 
[INFO] [stdout] 
[INFO] [stdout] error[E0433]: cannot find module or crate `insta` in this scope
[INFO] [stdout]   --> tests/compile.rs:81:5
[INFO] [stdout]    |
[INFO] [stdout] 81 |     insta::assert_snapshot!(component_matrix(&out));
[INFO] [stdout]    |     ^^^^^ use of unresolved module or unlinked crate `insta`
[INFO] [stdout] 
[INFO] [stdout] 
[INFO] [stdout] error[E0433]: cannot find module or crate `insta` in this scope
[INFO] [stdout]    --> tests/compile.rs:100:5
[INFO] [stdout]     |
[INFO] [stdout] 100 |     insta::assert_snapshot!(format!(
[INFO] [stdout]     |     ^^^^^ use of unresolved module or unlinked crate `insta`
[INFO] [stdout] 
[INFO] [stdout] 
[INFO] [stdout] error[E0433]: cannot find module or crate `insta` in this scope
[INFO] [stdout]    --> tests/compile.rs:113:5
[INFO] [stdout]     |
[INFO] [stdout] 113 |     insta::assert_snapshot!(component_matrix(&out));
[INFO] [stdout]     |     ^^^^^ use of unresolved module or unlinked crate `insta`
[INFO] [stdout] 
[INFO] [stdout] 
[INFO] [stdout] error[E0433]: cannot find module or crate `insta` in this scope
[INFO] [stdout]    --> tests/compile.rs:129:5
[INFO] [stdout]     |
[INFO] [stdout] 129 |     insta::assert_snapshot!(component_matrix(&out));
[INFO] [stdout]     |     ^^^^^ use of unresolved module or unlinked crate `insta`
[INFO] [stdout] 
[INFO] [stdout] 
[INFO] [stdout] error[E0433]: cannot find module or crate `insta` in this scope
[INFO] [stdout]    --> tests/compile.rs:151:5
[INFO] [stdout]     |
[INFO] [stdout] 151 |     insta::assert_snapshot!(component_matrix(&out));
[INFO] [stdout]     |     ^^^^^ use of unresolved module or unlinked crate `insta`
[INFO] [stdout] 
[INFO] [stdout] 
[INFO] [stdout] error[E0433]: cannot find module or crate `insta` in this scope
[INFO] [stdout]    --> tests/compile.rs:164:5
[INFO] [stdout]     |
[INFO] [stdout] 164 |     insta::assert_debug_snapshot!(out.diagnostics);
[INFO] [stdout]     |     ^^^^^ use of unresolved module or unlinked crate `insta`
[INFO] [stdout] 
[INFO] [stdout] 
[INFO] [stdout] error[E0433]: cannot find module or crate `insta` in this scope
[INFO] [stdout]   --> tests/style.rs:94:5
[INFO] [stdout]    |
[INFO] [stdout] 94 |     insta::assert_snapshot!(vdom_snapshot(&component));
[INFO] [stdout]    |     ^^^^^ use of unresolved module or unlinked crate `insta`
[INFO] [stdout] 
[INFO] [stdout] 
[INFO] [stdout] error[E0433]: cannot find module or crate `insta` in this scope
[INFO] [stdout]    --> tests/style.rs:101:5
[INFO] [stdout]     |
[INFO] [stdout] 101 |     insta::assert_snapshot!(vapor_snapshot(&component));
[INFO] [stdout]     |     ^^^^^ use of unresolved module or unlinked crate `insta`
[INFO] [stdout] 
[INFO] [stdout] 
[INFO] [stdout] error[E0433]: cannot find module or crate `insta` in this scope
[INFO] [stdout]    --> tests/style.rs:109:5
[INFO] [stdout]     |
[INFO] [stdout] 109 |     insta::assert_snapshot!(vdom_snapshot(&component));
[INFO] [stdout]     |     ^^^^^ use of unresolved module or unlinked crate `insta`
[INFO] [stdout] 
[INFO] [stdout] 
[INFO] [stdout] error[E0433]: cannot find module or crate `insta` in this scope
[INFO] [stdout]    --> tests/style.rs:117:5
[INFO] [stdout]     |
[INFO] [stdout] 117 |     insta::assert_snapshot!(vapor_snapshot(&component));
[INFO] [stdout]     |     ^^^^^ use of unresolved module or unlinked crate `insta`
[INFO] [stdout] 
[INFO] [stdout] 
[INFO] [stdout] error[E0433]: cannot find module or crate `insta` in this scope
[INFO] [stdout]    --> tests/style.rs:162:5
[INFO] [stdout]     |
[INFO] [stdout] 162 |     insta::assert_snapshot!(root.scoped_css.as_deref().expect("scoped css"));
[INFO] [stdout]     |     ^^^^^ use of unresolved module or unlinked crate `insta`
[INFO] [stdout] 
[INFO] [stdout] 
[INFO] [stdout] error[E0433]: cannot find module or crate `insta` in this scope
[INFO] [stdout]    --> tests/style.rs:180:5
[INFO] [stdout]     |
[INFO] [stdout] 180 |     insta::assert_snapshot!(component.code.as_str());
[INFO] [stdout]     |     ^^^^^ use of unresolved module or unlinked crate `insta`
[INFO] [stdout] 
[INFO] [stdout] 
[INFO] [stdout] error[E0433]: cannot find module or crate `insta` in this scope
[INFO] [stdout]    --> tests/style.rs:199:5
[INFO] [stdout]     |
[INFO] [stdout] 199 |     insta::assert_snapshot!(vdom_snapshot(&component));
[INFO] [stdout]     |     ^^^^^ use of unresolved module or unlinked crate `insta`
[INFO] [stdout] 
[INFO] [stdout] 
[INFO] [stdout] error[E0433]: cannot find module or crate `insta` in this scope
[INFO] [stdout]   --> tests/vapor.rs:47:5
[INFO] [stdout]    |
[INFO] [stdout] 47 |     insta::assert_snapshot!(snapshot_lang_cases(&cases, |source, lang| {
[INFO] [stdout]    |     ^^^^^ use of unresolved module or unlinked crate `insta`
[INFO] [stdout] 
[INFO] [stdout] 
[INFO] [stdout] warning: unused imports: `snapshot_lang_cases` and `vapor_code`
[INFO] [stdout]  --> tests/vapor.rs:7:14
[INFO] [stdout]   |
[INFO] [stdout] 7 | use common::{snapshot_lang_cases, vapor_code};
[INFO] [stdout]   |              ^^^^^^^^^^^^^^^^^^^  ^^^^^^^^^^
[INFO] [stdout]   |
[INFO] [stdout]   = note: `#[warn(unused_imports)]` (part of `#[warn(unused)]`) on by default
[INFO] [stdout] 
[INFO] [stdout] 
[INFO] [stdout] error[E0433]: cannot find module or crate `insta` in this scope
[INFO] [stdout]    --> tests/module_code.rs:112:5
[INFO] [stdout]     |
[INFO] [stdout] 112 |     insta::assert_snapshot!(module);
[INFO] [stdout]     |     ^^^^^ use of unresolved module or unlinked crate `insta`
[INFO] [stdout] 
[INFO] [stdout] 
[INFO] [stdout] error[E0433]: cannot find module or crate `insta` in this scope
[INFO] [stdout]   --> tests/modes.rs:79:5
[INFO] [stdout]    |
[INFO] [stdout] 79 |     insta::assert_debug_snapshot!(out.diagnostics);
[INFO] [stdout]    |     ^^^^^ use of unresolved module or unlinked crate `insta`
[INFO] [stdout] 
[INFO] [stdout] 
[INFO] [stdout] error[E0433]: cannot find module or crate `insta` in this scope
[INFO] [stdout]    --> tests/modes.rs:100:5
[INFO] [stdout]     |
[INFO] [stdout] 100 |     insta::assert_debug_snapshot!(out.diagnostics);
[INFO] [stdout]     |     ^^^^^ use of unresolved module or unlinked crate `insta`
[INFO] [stdout] 
[INFO] [stdout] 
[INFO] [stdout] error: cannot find attribute `serde` in this scope
[INFO] [stdout]   --> tests/babel_compat/mod.rs:83:7
[INFO] [stdout]    |
[INFO] [stdout] 83 |     #[serde(rename = "pluginVersion")]
[INFO] [stdout]    |       ^^^^^
[INFO] [stdout]    |
[INFO] [stdout]    = note: `serde` is an attribute that can be used by the derive macros `Deserialize` and `Serialize`, you might be missing a `derive` attribute
[INFO] [stdout] 
[INFO] [stdout] 
[INFO] [stdout] error[E0433]: cannot find module or crate `insta` in this scope
[INFO] [stdout]   --> tests/control_flow.rs:44:5
[INFO] [stdout]    |
[INFO] [stdout] 44 |     insta::assert_snapshot!(snapshot_cases(&cases, |source| {
[INFO] [stdout]    |     ^^^^^ use of unresolved module or unlinked crate `insta`
[INFO] [stdout] 
[INFO] [stdout] 
[INFO] [stdout] error[E0433]: cannot find module or crate `insta` in this scope
[INFO] [stdout]   --> tests/control_flow.rs:66:5
[INFO] [stdout]    |
[INFO] [stdout] 66 |     insta::assert_snapshot!(snapshot_cases(&cases, |source| {
[INFO] [stdout]    |     ^^^^^ use of unresolved module or unlinked crate `insta`
[INFO] [stdout] 
[INFO] [stdout] 
[INFO] [stdout] warning: unused imports: `snapshot_cases`, `vapor_code`, and `vdom_code`
[INFO] [stdout]  --> tests/control_flow.rs:7:14
[INFO] [stdout]   |
[INFO] [stdout] 7 | use common::{snapshot_cases, vapor_code, vdom_code};
[INFO] [stdout]   |              ^^^^^^^^^^^^^^  ^^^^^^^^^^  ^^^^^^^^^
[INFO] [stdout]   |
[INFO] [stdout]   = note: `#[warn(unused_imports)]` (part of `#[warn(unused)]`) on by default
[INFO] [stdout] 
[INFO] [stdout] 
[INFO] [stdout] warning: unused import: `vize_atelier_jsx::JsxLang`
[INFO] [stdout]  --> tests/control_flow.rs:8:5
[INFO] [stdout]   |
[INFO] [stdout] 8 | use vize_atelier_jsx::JsxLang;
[INFO] [stdout]   |     ^^^^^^^^^^^^^^^^^^^^^^^^^
[INFO] [stdout] 
[INFO] [stdout] 
[INFO] [stdout] For more information about this error, try `rustc --explain E0433`.
[INFO] [stdout] 
[INFO] [stdout] For more information about this error, try `rustc --explain E0433`.
[INFO] [stdout] 
[INFO] [stdout] For more information about this error, try `rustc --explain E0433`.
[INFO] [stdout] 
[INFO] [stdout] error[E0433]: cannot find module or crate `insta` in this scope
[INFO] [stdout]   --> src/compile/tests.rs:20:5
[INFO] [stdout]    |
[INFO] [stdout] 20 |     insta::assert_snapshot!(module);
[INFO] [stdout]    |     ^^^^^ use of unresolved module or unlinked crate `insta`
[INFO] [stdout] 
[INFO] [stdout] 
[INFO] [stdout] error[E0433]: cannot find module or crate `insta` in this scope
[INFO] [stdout]   --> src/compile/tests.rs:37:5
[INFO] [stdout]    |
[INFO] [stdout] 37 |     insta::assert_snapshot!(map);
[INFO] [stdout]    |     ^^^^^ use of unresolved module or unlinked crate `insta`
[INFO] [stdout] 
[INFO] [stdout] 
[INFO] [stdout] error: cannot find attribute `serde` in this scope
[INFO] [stdout]   --> tests/babel_compat/mod.rs:94:7
[INFO] [stdout]    |
[INFO] [stdout] 94 |     #[serde(rename = "babelOptions", default)]
[INFO] [stdout]    |       ^^^^^
[INFO] [stdout]    |
[INFO] [stdout]    = note: `serde` is an attribute that can be used by the derive macros `Deserialize` and `Serialize`, you might be missing a `derive` attribute
[INFO] [stdout] 
[INFO] [stdout] 
[INFO] [stderr] error: could not compile `vize_atelier_jsx` (test "events") due to 1 previous error; 2 warnings emitted
[INFO] [stderr] warning: build failed, waiting for other jobs to finish...
[INFO] [stderr] error: could not compile `vize_atelier_jsx` (test "module_code") due to 1 previous error
[INFO] [stderr] error: could not compile `vize_atelier_jsx` (test "vdom") due to 3 previous errors; 1 warning emitted
[INFO] [stdout] For more information about this error, try `rustc --explain E0433`.
[INFO] [stdout] 
[INFO] [stderr] error: could not compile `vize_atelier_jsx` (test "compile") due to 7 previous errors
[INFO] [stdout] error: cannot find attribute `serde` in this scope
[INFO] [stdout]    --> tests/babel_compat/mod.rs:121:7
[INFO] [stdout]     |
[INFO] [stdout] 121 |     #[serde(rename = "pluginVersion")]
[INFO] [stdout]     |       ^^^^^
[INFO] [stdout]     |
[INFO] [stdout]     = note: `serde` is an attribute that can be used by the derive macros `Deserialize` and `Serialize`, you might be missing a `derive` attribute
[INFO] [stdout] 
[INFO] [stdout] 
[INFO] [stdout] For more information about this error, try `rustc --explain E0433`.
[INFO] [stdout] 
[INFO] [stderr] error: could not compile `vize_atelier_jsx` (test "style") due to 7 previous errors
[INFO] [stdout] For more information about this error, try `rustc --explain E0433`.
[INFO] [stdout] 
[INFO] [stderr] error: could not compile `vize_atelier_jsx` (test "adversarial_snapshots") due to 6 previous errors
[INFO] [stdout] For more information about this error, try `rustc --explain E0433`.
[INFO] [stdout] 
[INFO] [stderr] error: could not compile `vize_atelier_jsx` (test "control_flow") due to 2 previous errors; 2 warnings emitted
[INFO] [stdout] error: cannot find attribute `serde` in this scope
[INFO] [stdout]    --> tests/babel_compat/mod.rs:128:3
[INFO] [stdout]     |
[INFO] [stdout] 128 | #[serde(tag = "status", rename_all = "lowercase")]
[INFO] [stdout]     |   ^^^^^
[INFO] [stdout]     |
[INFO] [stdout] help: `serde` is an attribute that can be used by the derive macros `Deserialize` and `Serialize`, you might be missing a `derive` attribute
[INFO] [stdout]     |
[INFO] [stdout] 129 + #[derive(Deserialize, Serialize)]
[INFO] [stdout] 130 | pub enum RecordedOutput {
[INFO] [stdout]     |
[INFO] [stdout] 
[INFO] [stdout] 
[INFO] [stdout] For more information about this error, try `rustc --explain E0433`.
[INFO] [stdout] 
[INFO] [stdout] For more information about this error, try `rustc --explain E0433`.
[INFO] [stdout] 
[INFO] [stderr] error: could not compile `vize_atelier_jsx` (test "vapor") due to 1 previous error; 1 warning emitted
[INFO] [stderr] error: could not compile `vize_atelier_jsx` (test "modes") due to 2 previous errors
[INFO] [stdout] error[E0433]: cannot find module or crate `serde_json` in this scope
[INFO] [stdout]   --> tests/spread_child.rs:63:24
[INFO] [stdout]    |
[INFO] [stdout] 63 |     let mut fixtures = serde_json::Map::new();
[INFO] [stdout]    |                        ^^^^^^^^^^ use of unresolved module or unlinked crate `serde_json`
[INFO] [stdout]    |
[INFO] [stdout]    = help: if you wanted to use a crate named `serde_json`, use `cargo add serde_json` to add it to your `Cargo.toml`
[INFO] [stdout] help: consider importing this struct
[INFO] [stdout]    |
[INFO] [stdout] 10 + use std::iter::Map;
[INFO] [stdout]    |
[INFO] [stdout] help: if you import `Map`, refer to it directly
[INFO] [stdout]    |
[INFO] [stdout] 63 -     let mut fixtures = serde_json::Map::new();
[INFO] [stdout] 63 +     let mut fixtures = Map::new();
[INFO] [stdout]    |
[INFO] [stdout] 
[INFO] [stdout] 
[INFO] [stdout] error[E0433]: cannot find module or crate `serde_json` in this scope
[INFO] [stdout]   --> tests/spread_child.rs:89:20
[INFO] [stdout]    |
[INFO] [stdout] 89 |         let text = serde_json::to_string_pretty(&actual).expect("json");
[INFO] [stdout]    |                    ^^^^^^^^^^ use of unresolved module or unlinked crate `serde_json`
[INFO] [stdout]    |
[INFO] [stdout]    = help: if you wanted to use a crate named `serde_json`, use `cargo add serde_json` to add it to your `Cargo.toml`
[INFO] [stdout] 
[INFO] [stdout] 
[INFO] [stdout] error[E0433]: cannot find module or crate `serde_json` in this scope
[INFO] [stdout]   --> tests/spread_child.rs:93:9
[INFO] [stdout]    |
[INFO] [stdout] 93 |         serde_json::from_str(&std::fs::read_to_string(&path).expect("frozen corpus"))
[INFO] [stdout]    |         ^^^^^^^^^^ use of unresolved module or unlinked crate `serde_json`
[INFO] [stdout]    |
[INFO] [stdout]    = help: if you wanted to use a crate named `serde_json`, use `cargo add serde_json` to add it to your `Cargo.toml`
[INFO] [stdout] 
[INFO] [stdout] 
[INFO] [stdout] error[E0433]: cannot find module or crate `serde_json` in this scope
[INFO] [stdout]    --> tests/spread_child.rs:112:21
[INFO] [stdout]     |
[INFO] [stdout] 112 |         .write_all(&serde_json::to_vec(&compile_fixtures()).expect("payload"))
[INFO] [stdout]     |                     ^^^^^^^^^^ use of unresolved module or unlinked crate `serde_json`
[INFO] [stdout]     |
[INFO] [stdout]     = help: if you wanted to use a crate named `serde_json`, use `cargo add serde_json` to add it to your `Cargo.toml`
[INFO] [stdout] 
[INFO] [stdout] 
[INFO] [stdout] error[E0433]: cannot find module or crate `serde_json` in this scope
[INFO] [stdout]    --> tests/spread_child.rs:121:26
[INFO] [stdout]     |
[INFO] [stdout] 121 |     let receipt: Value = serde_json::from_slice(&output.stdout).expect("runtime receipt");
[INFO] [stdout]     |                          ^^^^^^^^^^ use of unresolved module or unlinked crate `serde_json`
[INFO] [stdout]     |
[INFO] [stdout]     = help: if you wanted to use a crate named `serde_json`, use `cargo add serde_json` to add it to your `Cargo.toml`
[INFO] [stdout] 
[INFO] [stdout] 
[INFO] [stdout] Some errors have detailed explanations: E0432, E0433.
[INFO] [stdout] 
[INFO] [stdout] For more information about an error, try `rustc --explain E0432`.
[INFO] [stdout] 
[INFO] [stderr] error: could not compile `vize_atelier_jsx` (test "spread_child") due to 13 previous errors
[INFO] [stdout] error[E0433]: cannot find module or crate `serde_json` in this scope
[INFO] [stdout]    --> tests/babel_compat/mod.rs:209:19
[INFO] [stdout]     |
[INFO] [stdout] 209 |         .and_then(serde_json::Value::as_array)
[INFO] [stdout]     |                   ^^^^^^^^^^ use of unresolved module or unlinked crate `serde_json`
[INFO] [stdout]     |
[INFO] [stdout]     = help: if you wanted to use a crate named `serde_json`, use `cargo add serde_json` to add it to your `Cargo.toml`
[INFO] [stdout] 
[INFO] [stdout] 
[INFO] [stdout] error[E0433]: cannot find module or crate `serde_json` in this scope
[INFO] [stdout]    --> tests/babel_compat/mod.rs:212:21
[INFO] [stdout]     |
[INFO] [stdout] 212 |         .filter_map(serde_json::Value::as_str)
[INFO] [stdout]     |                     ^^^^^^^^^^ use of unresolved module or unlinked crate `serde_json`
[INFO] [stdout]     |
[INFO] [stdout]     = help: if you wanted to use a crate named `serde_json`, use `cargo add serde_json` to add it to your `Cargo.toml`
[INFO] [stdout] 
[INFO] [stdout] 
[INFO] [stdout] error[E0433]: cannot find module or crate `serde_json` in this scope
[INFO] [stdout]    --> tests/babel_compat/mod.rs:232:27
[INFO] [stdout]     |
[INFO] [stdout] 232 |                 .and_then(serde_json::Value::as_bool)
[INFO] [stdout]     |                           ^^^^^^^^^^ use of unresolved module or unlinked crate `serde_json`
[INFO] [stdout]     |
[INFO] [stdout]     = help: if you wanted to use a crate named `serde_json`, use `cargo add serde_json` to add it to your `Cargo.toml`
[INFO] [stdout] 
[INFO] [stdout] 
[INFO] [stdout] error[E0433]: cannot find module or crate `serde_json` in this scope
[INFO] [stdout]    --> tests/babel_compat/mod.rs:239:27
[INFO] [stdout]     |
[INFO] [stdout] 239 |                 .and_then(serde_json::Value::as_str),
[INFO] [stdout]     |                           ^^^^^^^^^^ use of unresolved module or unlinked crate `serde_json`
[INFO] [stdout]     |
[INFO] [stdout]     = help: if you wanted to use a crate named `serde_json`, use `cargo add serde_json` to add it to your `Cargo.toml`
[INFO] [stdout] 
[INFO] [stdout] 
[INFO] [stdout] error[E0433]: cannot find module or crate `serde_json` in this scope
[INFO] [stdout]    --> tests/babel_compat/mod.rs:243:27
[INFO] [stdout]     |
[INFO] [stdout] 243 |                 .and_then(serde_json::Value::as_bool)
[INFO] [stdout]     |                           ^^^^^^^^^^ use of unresolved module or unlinked crate `serde_json`
[INFO] [stdout]     |
[INFO] [stdout]     = help: if you wanted to use a crate named `serde_json`, use `cargo add serde_json` to add it to your `Cargo.toml`
[INFO] [stdout] 
[INFO] [stdout] 
[INFO] [stdout] error[E0433]: cannot find module or crate `serde_json` in this scope
[INFO] [stdout]    --> tests/babel_compat/mod.rs:249:27
[INFO] [stdout]     |
[INFO] [stdout] 249 |                 .and_then(serde_json::Value::as_bool)
[INFO] [stdout]     |                           ^^^^^^^^^^ use of unresolved module or unlinked crate `serde_json`
[INFO] [stdout]     |
[INFO] [stdout]     = help: if you wanted to use a crate named `serde_json`, use `cargo add serde_json` to add it to your `Cargo.toml`
[INFO] [stdout] 
[INFO] [stdout] 
[INFO] [stdout] error[E0433]: cannot find module or crate `serde_json` in this scope
[INFO] [stdout]    --> tests/babel_compat/mod.rs:114:9
[INFO] [stdout]     |
[INFO] [stdout] 114 |         serde_json::to_string(&self.babel_options).expect("options serialize")
[INFO] [stdout]     |         ^^^^^^^^^^ use of unresolved module or unlinked crate `serde_json`
[INFO] [stdout]     |
[INFO] [stdout]     = help: if you wanted to use a crate named `serde_json`, use `cargo add serde_json` to add it to your `Cargo.toml`
[INFO] [stdout] 
[INFO] [stdout] 
[INFO] [stdout] error[E0433]: cannot find module or crate `serde_json` in this scope
[INFO] [stdout]    --> tests/babel_compat/mod.rs:182:5
[INFO] [stdout]     |
[INFO] [stdout] 182 |     serde_json::from_str(&text).unwrap_or_else(|error| panic!("parse {}: {error}", path.display()))
[INFO] [stdout]     |     ^^^^^^^^^^ use of unresolved module or unlinked crate `serde_json`
[INFO] [stdout]     |
[INFO] [stdout]     = help: if you wanted to use a crate named `serde_json`, use `cargo add serde_json` to add it to your `Cargo.toml`
[INFO] [stdout] 
[INFO] [stdout] 
[INFO] [stdout] error[E0433]: cannot find module or crate `serde_json` in this scope
[INFO] [stdout]    --> tests/babel_compat/mod.rs:190:5
[INFO] [stdout]     |
[INFO] [stdout] 190 |     serde_json::from_str(&text).unwrap_or_else(|error| panic!("parse {}: {error}", path.display()))
[INFO] [stdout]     |     ^^^^^^^^^^ use of unresolved module or unlinked crate `serde_json`
[INFO] [stdout]     |
[INFO] [stdout]     = help: if you wanted to use a crate named `serde_json`, use `cargo add serde_json` to add it to your `Cargo.toml`
[INFO] [stdout] 
[INFO] [stdout] 
[INFO] [stdout] error[E0433]: cannot find module or crate `serde_json` in this scope
[INFO] [stdout]   --> tests/babel_compat/mod.rs:95:54
[INFO] [stdout]    |
[INFO] [stdout] 95 |     pub babel_options: BTreeMap<std::string::String, serde_json::Value>,
[INFO] [stdout]    |                                                      ^^^^^^^^^^ use of unresolved module or unlinked crate `serde_json`
[INFO] [stdout]    |
[INFO] [stdout]    = help: if you wanted to use a crate named `serde_json`, use `cargo add serde_json` to add it to your `Cargo.toml`
[INFO] [stdout] 
[INFO] [stdout] 
[INFO] [stdout] Some errors have detailed explanations: E0432, E0433.
[INFO] [stdout] 
[INFO] [stdout] For more information about an error, try `rustc --explain E0432`.
[INFO] [stdout] 
[INFO] [stderr] error: could not compile `vize_atelier_jsx` (test "babel_compat_oracle") due to 16 previous errors
[INFO] [stdout] error[E0433]: cannot find module or crate `serde_json` in this scope
[INFO] [stdout]   --> src/vdom/l2_emit/options_tests.rs:21:36
[INFO] [stdout]    |
[INFO] [stdout] 21 |     let value: serde_json::Value = serde_json::from_str(map).expect("valid source-map JSON");
[INFO] [stdout]    |                                    ^^^^^^^^^^ use of unresolved module or unlinked crate `serde_json`
[INFO] [stdout]    |
[INFO] [stdout]    = help: if you wanted to use a crate named `serde_json`, use `cargo add serde_json` to add it to your `Cargo.toml`
[INFO] [stdout] 
[INFO] [stdout] 
[INFO] [stdout] error[E0433]: cannot find module or crate `serde_json` in this scope
[INFO] [stdout]   --> src/vdom/l2_emit/options_tests.rs:21:16
[INFO] [stdout]    |
[INFO] [stdout] 21 |     let value: serde_json::Value = serde_json::from_str(map).expect("valid source-map JSON");
[INFO] [stdout]    |                ^^^^^^^^^^ use of unresolved module or unlinked crate `serde_json`
[INFO] [stdout]    |
[INFO] [stdout]    = help: if you wanted to use a crate named `serde_json`, use `cargo add serde_json` to add it to your `Cargo.toml`
[INFO] [stdout] 
[INFO] [stdout] 
[INFO] [stdout] For more information about this error, try `rustc --explain E0433`.
[INFO] [stdout] 
[INFO] [stderr] error: could not compile `vize_atelier_jsx` (lib test) due to 4 previous errors
[INFO] running `Command { std: "docker" "inspect" "21163bd35b2f2d97d1a04c23a3191df91c05a3f02c41bd2458d7867365b6f585", kill_on_drop: false }`
[INFO] running `Command { std: "docker" "rm" "-f" "21163bd35b2f2d97d1a04c23a3191df91c05a3f02c41bd2458d7867365b6f585", kill_on_drop: false }`
[INFO] [stdout] 21163bd35b2f2d97d1a04c23a3191df91c05a3f02c41bd2458d7867365b6f585
