[INFO] fetching crate vize_atelier_dom 0.429.2...
[INFO] testing vize_atelier_dom-0.429.2 against 1.99.0-beta.8 for beta-1.100-2
[INFO] extracting crate vize_atelier_dom 0.429.2 into /workspace/builds/worker-2-tc1/source
[INFO] started tweaking crates.io crate vize_atelier_dom 0.429.2
[INFO] removed 0 missing tests
[INFO] finished tweaking crates.io crate vize_atelier_dom 0.429.2
[INFO] tweaked toml for crates.io crate vize_atelier_dom 0.429.2 written to /workspace/builds/worker-2-tc1/source/Cargo.toml
[INFO] validating manifest of crates.io crate vize_atelier_dom 0.429.2 on toolchain 1.99.0-beta.8
[INFO] running `Command { std: CARGO_HOME="/workspace/cargo-home" RUSTUP_HOME="/workspace/rustup-home" "/workspace/cargo-home/bin/cargo" "+1.99.0-beta.8" "metadata" "--manifest-path" "Cargo.toml" "--no-deps", kill_on_drop: false }`
[INFO] crate crates.io crate vize_atelier_dom 0.429.2 already has a lockfile, it will not be regenerated
[INFO] running `Command { std: CARGO_HOME="/workspace/cargo-home" RUSTUP_HOME="/workspace/rustup-home" "/workspace/cargo-home/bin/cargo" "+1.99.0-beta.8" "fetch" "--manifest-path" "Cargo.toml", kill_on_drop: false }`
[INFO] [stderr]     Updating crates.io index
[INFO] [stderr]  Downloading crates ...
[INFO] [stderr]   Downloaded vize_l0 v0.429.2
[INFO] [stderr]   Downloaded vize_l3 v0.429.2
[INFO] [stderr]   Downloaded vize_davinci_derive v0.429.2
[INFO] [stderr]   Downloaded phf_codegen v0.13.1
[INFO] [stderr]   Downloaded pklrust-derive v0.9.0
[INFO] [stderr]   Downloaded oxc_compat v0.142.0
[INFO] [stderr]   Downloaded base64-simd v0.8.0
[INFO] [stderr]   Downloaded smawk v0.3.2
[INFO] [stderr]   Downloaded nonmax v0.5.5
[INFO] [stderr]   Downloaded phf_generator v0.13.1
[INFO] [stderr]   Downloaded oxc_diagnostics v0.142.0
[INFO] [stderr]   Downloaded hmac-sha1-compact v1.1.7
[INFO] [stderr]   Downloaded oxc_ast_macros v0.142.0
[INFO] [stderr]   Downloaded cow-utils v0.1.3
[INFO] [stderr]   Downloaded phf_shared v0.13.1
[INFO] [stderr]   Downloaded which v8.0.5
[INFO] [stderr]   Downloaded stacker v0.1.25
[INFO] [stderr]   Downloaded phf v0.13.1
[INFO] [stderr]   Downloaded oxc_span v0.142.0
[INFO] [stderr]   Downloaded json-escape-simd v3.0.2
[INFO] [stderr]   Downloaded index_vec v0.1.4
[INFO] [stderr]   Downloaded rmpv v1.3.1
[INFO] [stderr]   Downloaded oxc_str v0.142.0
[INFO] [stderr]   Downloaded oxc-miette-derive v3.0.1
[INFO] [stderr]   Downloaded phf_macros v0.13.1
[INFO] [stderr]   Downloaded owo-colors v4.3.0
[INFO] [stderr]   Downloaded oxc_index v5.0.0
[INFO] [stderr]   Downloaded oxc_estree v0.142.0
[INFO] [stderr]   Downloaded str_indices v0.4.4
[INFO] [stderr]   Downloaded oxc_sourcemap v8.1.2
[INFO] [stderr]   Downloaded pklrust v0.9.0
[INFO] [stderr]   Downloaded oxc_syntax v0.142.0
[INFO] [stderr]   Downloaded thin-vec v0.2.20
[INFO] [stderr]   Downloaded unicode-id-start v1.4.0
[INFO] [stderr]   Downloaded vize_relief v0.429.2
[INFO] [stderr]   Downloaded dragonbox_ecma v0.1.12
[INFO] [stderr]   Downloaded oxc_data_structures v0.142.0
[INFO] [stderr]   Downloaded oxc_codegen v0.142.0
[INFO] [stderr]   Downloaded textwrap v0.16.2
[INFO] [stderr]   Downloaded oxc_regular_expression v0.142.0
[INFO] [stderr]   Downloaded htmlize v1.1.0
[INFO] [stderr]   Downloaded oxc_ecmascript v0.142.0
[INFO] [stderr]   Downloaded oxc_ast_visit v0.142.0
[INFO] [stderr]   Downloaded cc v1.2.62
[INFO] [stderr]   Downloaded vize_armature v0.429.2
[INFO] [stderr]   Downloaded ar_archive_writer v0.5.3
[INFO] [stderr]   Downloaded oxc-miette v3.0.1
[INFO] [stderr]   Downloaded vize_l2 v0.429.2
[INFO] [stderr]   Downloaded vize_l1 v0.429.2
[INFO] [stderr]   Downloaded oxc_semantic v0.142.0
[INFO] [stderr]   Downloaded num-bigint v0.5.1
[INFO] [stderr]   Downloaded compact_str v0.10.0
[INFO] [stderr]   Downloaded oxc_traverse v0.142.0
[INFO] [stderr]   Downloaded oxc_allocator v0.142.0
[INFO] [stderr]   Downloaded ropey v1.6.1
[INFO] [stderr]   Downloaded vize_carton v0.429.2
[INFO] [stderr]   Downloaded oxc-browserslist v3.0.12
[INFO] [stderr]   Downloaded oxc_parser v0.142.0
[INFO] [stderr]   Downloaded oxc_ast v0.142.0
[INFO] [stderr]   Downloaded oxc_transformer v0.142.0
[INFO] [stderr]   Downloaded vize_davinci v0.429.2
[INFO] [stderr]   Downloaded object v0.39.1
[INFO] [stderr]   Downloaded vize_atelier_core v0.429.2
[INFO] [stderr]   Downloaded vize_croquis v0.429.2
[INFO] [stderr]   Downloaded vize_l1_to_l2 v0.429.2
[INFO] running `Command { std: "docker" "create" "-v" "/var/lib/crater-agent-workspace/builds/worker-2-tc1/source:/opt/rustwide/workdir:ro,Z" "-v" "/var/lib/crater-agent-workspace/builds/worker-2-tc1/target:/opt/rustwide/target:rw,Z" "-v" "/var/lib/crater-agent-workspace/cargo-home:/opt/rustwide/cargo-home:ro,Z" "-v" "/var/lib/crater-agent-workspace/rustup-home:/opt/rustwide/rustup-home:ro,Z" "-m" "1610612736" "--network" "none" "ghcr.io/rust-lang/crates-build-env/linux@sha256:3111399a4047eeb3a02b7a90e478d715f38a8c6669b5c4b49d30a17385265909" "sleep" "infinity", kill_on_drop: false }`
[INFO] [stdout] a71e45ae1bd345ce49db12b760d30df4e8d60199c98e5c4ebd592543ef2daec9
[INFO] running `Command { std: "docker" "start" "a71e45ae1bd345ce49db12b760d30df4e8d60199c98e5c4ebd592543ef2daec9", kill_on_drop: false }`
[INFO] running `Command { std: "docker" "inspect" "a71e45ae1bd345ce49db12b760d30df4e8d60199c98e5c4ebd592543ef2daec9", kill_on_drop: false }`
[INFO] running `Command { std: "docker" "exec" "-e" "SOURCE_DIR=/opt/rustwide/workdir" "-e" "CARGO_HOME=/opt/rustwide/cargo-home" "-e" "RUSTUP_HOME=/opt/rustwide/rustup-home" "-e" "CARGO_TARGET_DIR=/opt/rustwide/target" "-w" "/opt/rustwide/workdir" "--user" "0:0" "a71e45ae1bd345ce49db12b760d30df4e8d60199c98e5c4ebd592543ef2daec9" "/opt/rustwide/cargo-home/bin/cargo" "+1.99.0-beta.8" "metadata" "--no-deps" "--format-version=1", kill_on_drop: false }`
[INFO] running `Command { std: "docker" "inspect" "a71e45ae1bd345ce49db12b760d30df4e8d60199c98e5c4ebd592543ef2daec9", kill_on_drop: false }`
[INFO] running `Command { std: "docker" "exec" "-e" "SOURCE_DIR=/opt/rustwide/workdir" "-e" "CARGO_HOME=/opt/rustwide/cargo-home" "-e" "RUSTUP_HOME=/opt/rustwide/rustup-home" "-e" "CARGO_TARGET_DIR=/opt/rustwide/target" "-e" "CARGO_INCREMENTAL=0" "-e" "RUST_BACKTRACE=full" "-e" "RUSTFLAGS=--cap-lints=warn" "-e" "RUSTDOCFLAGS=--cap-lints=warn" "-w" "/opt/rustwide/workdir" "--user" "0:0" "a71e45ae1bd345ce49db12b760d30df4e8d60199c98e5c4ebd592543ef2daec9" "/opt/rustwide/cargo-home/bin/cargo" "+1.99.0-beta.8" "build" "--frozen" "--message-format=json", kill_on_drop: false }`
[INFO] [stderr]    Compiling serde_core v1.0.228
[INFO] [stderr]    Compiling serde v1.0.228
[INFO] [stderr]    Compiling siphasher v1.0.3
[INFO] [stderr]    Compiling fastrand v2.4.1
[INFO] [stderr]    Compiling thiserror v2.0.20
[INFO] [stderr]    Compiling rustversion v1.0.22
[INFO] [stderr]    Compiling rustc-hash v2.1.3
[INFO] [stderr]    Compiling allocator-api2 v0.2.21
[INFO] [stderr]    Compiling owo-colors v4.3.0
[INFO] [stderr]    Compiling str_indices v0.4.4
[INFO] [stderr]    Compiling unicode-width v0.2.2
[INFO] [stderr]    Compiling smawk v0.3.2
[INFO] [stderr]    Compiling unicode-linebreak v0.1.5
[INFO] [stderr]    Compiling syn v2.0.117
[INFO] [stderr]    Compiling syn v3.0.5
[INFO] [stderr]    Compiling oxc_estree v0.142.0
[INFO] [stderr]    Compiling phf_shared v0.14.0
[INFO] [stderr]    Compiling dragonbox_ecma v0.1.12
[INFO] [stderr]    Compiling cow-utils v0.1.3
[INFO] [stderr]    Compiling unicode-id-start v1.4.0
[INFO] [stderr]    Compiling nonmax v0.5.5
[INFO] [stderr]    Compiling memchr v2.8.3
[INFO] [stderr]    Compiling serde_json v1.0.149
[INFO] [stderr]    Compiling phf_shared v0.13.1
[INFO] [stderr]    Compiling phf v0.14.0
[INFO] [stderr]    Compiling textwrap v0.16.2
[INFO] [stderr]    Compiling phf_generator v0.14.0
[INFO] [stderr]    Compiling object v0.39.1
[INFO] [stderr]    Compiling cc v1.2.62
[INFO] [stderr]    Compiling libc v0.2.189
[INFO] [stderr]    Compiling rmp v0.8.15
[INFO] [stderr]    Compiling phf_generator v0.13.1
[INFO] [stderr]    Compiling num-bigint v0.5.1
[INFO] [stderr]    Compiling hashbrown v0.17.1
[INFO] [stderr]    Compiling xxhash-rust v0.8.18
[INFO] [stderr]    Compiling simdutf8 v0.1.5
[INFO] [stderr]    Compiling phf_codegen v0.13.1
[INFO] [stderr]    Compiling phf v0.13.1
[INFO] [stderr]    Compiling either v1.15.0
[INFO] [stderr]    Compiling self_cell v1.2.2
[INFO] [stderr]    Compiling itertools v0.15.0
[INFO] [stderr]    Compiling pastey v0.1.1
[INFO] [stderr]    Compiling seq-macro v0.3.6
[INFO] [stderr]    Compiling miniz_oxide v0.9.1
[INFO] [stderr]    Compiling outref v0.5.2
[INFO] [stderr]    Compiling oxc_sourcemap v8.1.2
[INFO] [stderr]    Compiling castaway v0.2.4
[INFO] [stderr]    Compiling vsimd v0.8.0
[INFO] [stderr]    Compiling aho-corasick v1.1.4
[INFO] [stderr]    Compiling regex-syntax v0.8.11
[INFO] [stderr]    Compiling json-escape-simd v3.0.2
[INFO] [stderr]    Compiling indexmap v2.14.0
[INFO] [stderr]    Compiling memoffset v0.9.1
[INFO] [stderr]    Compiling hmac-sha1-compact v1.1.7
[INFO] [stderr]    Compiling hashbrown v0.14.5
[INFO] [stderr]    Compiling base64-simd v0.8.0
[INFO] [stderr]    Compiling which v8.0.5
[INFO] [stderr]    Compiling base64 v0.23.0
[INFO] [stderr]    Compiling thin-vec v0.2.20
[INFO] [stderr]    Compiling index_vec v0.1.4
[INFO] [stderr]    Compiling stacker v0.1.25
[INFO] [stderr]    Compiling bitflags v2.13.1
[INFO] [stderr]    Compiling serde_bytes v0.11.19
[INFO] [stderr]    Compiling serde_derive v1.0.228
[INFO] [stderr]    Compiling oxc-miette-derive v3.0.1
[INFO] [stderr]    Compiling phf_macros v0.14.0
[INFO] [stderr]    Compiling phf_macros v0.13.1
[INFO] [stderr]    Compiling pklrust-derive v0.9.0
[INFO] [stderr]    Compiling vize_davinci_derive v0.429.2
[INFO] [stderr]    Compiling regex-automata v0.4.18
[INFO] [stderr]    Compiling thiserror-impl v2.0.20
[INFO] [stderr]    Compiling oxc_ast_macros v0.142.0
[INFO] [stderr]    Compiling oxc-miette v3.0.1
[INFO] [stderr]    Compiling cobs v0.3.0
[INFO] [stderr]    Compiling regex v1.13.1
[INFO] [stderr]    Compiling htmlize v1.1.0
[INFO] [stderr]    Compiling oxc_diagnostics v0.142.0
[INFO] [stderr]    Compiling ar_archive_writer v0.5.3
[INFO] [stderr]    Compiling smallvec v1.15.2
[INFO] [stderr]    Compiling compact_str v0.10.0
[INFO] [stderr]    Compiling oxc_index v5.0.0
[INFO] [stderr]    Compiling rmp-serde v1.3.1
[INFO] [stderr]    Compiling rmpv v1.3.1
[INFO] [stderr]    Compiling postcard v1.1.3
[INFO] [stderr]    Compiling ropey v1.6.1
[INFO] [stderr]    Compiling parking_lot_core v0.9.12
[INFO] [stderr]    Compiling oxc-browserslist v3.0.12
[INFO] [stderr]    Compiling dashmap v6.2.1
[INFO] [stderr]    Compiling psm v0.1.31
[INFO] [stderr]    Compiling pklrust v0.9.0
[INFO] [stderr]    Compiling oxc_data_structures v0.142.0
[INFO] [stderr]    Compiling oxc_allocator v0.142.0
[INFO] [stderr]    Compiling oxc_str v0.142.0
[INFO] [stderr]    Compiling oxc_span v0.142.0
[INFO] [stderr]    Compiling oxc_syntax v0.142.0
[INFO] [stderr]    Compiling oxc_regular_expression v0.142.0
[INFO] [stderr]    Compiling vize_carton v0.429.2
[INFO] [stderr]    Compiling oxc_compat v0.142.0
[INFO] [stderr]    Compiling oxc_ast v0.142.0
[INFO] [stderr]    Compiling vize_l0 v0.429.2
[INFO] [stderr]    Compiling vize_davinci v0.429.2
[INFO] [stderr]    Compiling vize_l3 v0.429.2
[INFO] [stderr]    Compiling oxc_ast_visit v0.142.0
[INFO] [stderr]    Compiling oxc_ecmascript v0.142.0
[INFO] [stderr]    Compiling oxc_parser v0.142.0
[INFO] [stderr]    Compiling oxc_semantic v0.142.0
[INFO] [stderr]    Compiling vize_relief v0.429.2
[INFO] [stderr]    Compiling vize_l1 v0.429.2
[INFO] [stderr]    Compiling oxc_traverse v0.142.0
[INFO] [stderr]    Compiling oxc_codegen v0.142.0
[INFO] [stderr]    Compiling vize_armature v0.429.2
[INFO] [stderr]    Compiling vize_l2 v0.429.2
[INFO] [stderr]    Compiling vize_croquis v0.429.2
[INFO] [stderr]    Compiling oxc_transformer v0.142.0
[INFO] [stderr]    Compiling vize_l1_to_l2 v0.429.2
[INFO] [stderr]    Compiling vize_atelier_core v0.429.2
[INFO] [stderr]    Compiling vize_atelier_dom v0.429.2 (/opt/rustwide/workdir)
[INFO] [stderr]     Finished `dev` profile [unoptimized + debuginfo] target(s) in 1m 23s
[INFO] running `Command { std: "docker" "inspect" "a71e45ae1bd345ce49db12b760d30df4e8d60199c98e5c4ebd592543ef2daec9", kill_on_drop: false }`
[INFO] running `Command { std: "docker" "exec" "-e" "SOURCE_DIR=/opt/rustwide/workdir" "-e" "CARGO_HOME=/opt/rustwide/cargo-home" "-e" "RUSTUP_HOME=/opt/rustwide/rustup-home" "-e" "CARGO_TARGET_DIR=/opt/rustwide/target" "-e" "CARGO_INCREMENTAL=0" "-e" "RUST_BACKTRACE=full" "-e" "RUSTFLAGS=--cap-lints=warn" "-e" "RUSTDOCFLAGS=--cap-lints=warn" "-w" "/opt/rustwide/workdir" "--user" "0:0" "a71e45ae1bd345ce49db12b760d30df4e8d60199c98e5c4ebd592543ef2daec9" "/opt/rustwide/cargo-home/bin/cargo" "+1.99.0-beta.8" "test" "--frozen" "--no-run" "--message-format=json", kill_on_drop: false }`
[INFO] [stderr]    Compiling vize_atelier_dom v0.429.2 (/opt/rustwide/workdir)
[INFO] [stdout] error[E0433]: cannot find module or crate `davinci_harness` in this scope
[INFO] [stdout]  --> tests/support/profile.rs:3:5
[INFO] [stdout]   |
[INFO] [stdout] 3 | use davinci_harness::fixtures::LADDER;
[INFO] [stdout]   |     ^^^^^^^^^^^^^^^ use of unresolved module or unlinked crate `davinci_harness`
[INFO] [stdout]   |
[INFO] [stdout]   = help: if you wanted to use a crate named `davinci_harness`, use `cargo add davinci_harness` to add it to your `Cargo.toml`
[INFO] [stdout] 
[INFO] [stdout] 
[INFO] [stdout] error[E0433]: cannot find module or crate `insta` in this scope
[INFO] [stdout]   --> tests/dom_snapshot.rs:35:9
[INFO] [stdout]    |
[INFO] [stdout] 35 |         insta::assert_snapshot!(get_compiled("<div></div>"));
[INFO] [stdout]    |         ^^^^^ use of unresolved module or unlinked crate `insta`
[INFO] [stdout] 
[INFO] [stdout] 
[INFO] [stdout] error[E0433]: cannot find module or crate `insta` in this scope
[INFO] [stdout]   --> tests/dom_snapshot.rs:40:9
[INFO] [stdout]    |
[INFO] [stdout] 40 |         insta::assert_snapshot!(get_compiled("<div>hello</div>"));
[INFO] [stdout]    |         ^^^^^ use of unresolved module or unlinked crate `insta`
[INFO] [stdout] 
[INFO] [stdout] 
[INFO] [stdout] error[E0433]: cannot find module or crate `insta` in this scope
[INFO] [stdout]   --> tests/dom_snapshot.rs:45:9
[INFO] [stdout]    |
[INFO] [stdout] 45 |         insta::assert_snapshot!(get_compiled("<div><span>hello</span></div>"));
[INFO] [stdout]    |         ^^^^^ use of unresolved module or unlinked crate `insta`
[INFO] [stdout] 
[INFO] [stdout] 
[INFO] [stdout] error[E0433]: cannot find module or crate `insta` in this scope
[INFO] [stdout]   --> tests/dom_snapshot.rs:50:9
[INFO] [stdout]    |
[INFO] [stdout] 50 |         insta::assert_snapshot!(get_compiled(
[INFO] [stdout]    |         ^^^^^ use of unresolved module or unlinked crate `insta`
[INFO] [stdout] 
[INFO] [stdout] 
[INFO] [stdout] error[E0433]: cannot find module or crate `insta` in this scope
[INFO] [stdout]   --> tests/dom_snapshot.rs:57:9
[INFO] [stdout]    |
[INFO] [stdout] 57 |         insta::assert_snapshot!(get_compiled(
[INFO] [stdout]    |         ^^^^^ use of unresolved module or unlinked crate `insta`
[INFO] [stdout] 
[INFO] [stdout] 
[INFO] [stdout] error[E0433]: cannot find module or crate `insta` in this scope
[INFO] [stdout]   --> tests/dom_snapshot.rs:64:9
[INFO] [stdout]    |
[INFO] [stdout] 64 |         insta::assert_snapshot!(get_compiled(
[INFO] [stdout]    |         ^^^^^ use of unresolved module or unlinked crate `insta`
[INFO] [stdout] 
[INFO] [stdout] 
[INFO] [stdout] error[E0433]: cannot find module or crate `insta` in this scope
[INFO] [stdout]   --> tests/dom_snapshot.rs:79:9
[INFO] [stdout]    |
[INFO] [stdout] 79 |         insta::assert_snapshot!(get_compiled("{{ msg }}"));
[INFO] [stdout]    |         ^^^^^ use of unresolved module or unlinked crate `insta`
[INFO] [stdout] 
[INFO] [stdout] 
[INFO] [stdout] error[E0433]: cannot find module or crate `insta` in this scope
[INFO] [stdout]   --> tests/dom_snapshot.rs:84:9
[INFO] [stdout]    |
[INFO] [stdout] 84 |         insta::assert_snapshot!(get_compiled("<div>{{ msg }}</div>"));
[INFO] [stdout]    |         ^^^^^ use of unresolved module or unlinked crate `insta`
[INFO] [stdout] 
[INFO] [stdout] 
[INFO] [stdout] error[E0433]: cannot find module or crate `insta` in this scope
[INFO] [stdout]   --> tests/dom_snapshot.rs:97:9
[INFO] [stdout]    |
[INFO] [stdout] 97 |         insta::assert_snapshot!(get_compiled(r#"<div v-if="ok">hello</div>"#));
[INFO] [stdout]    |         ^^^^^ use of unresolved module or unlinked crate `insta`
[INFO] [stdout] 
[INFO] [stdout] 
[INFO] [stdout] error[E0433]: cannot find module or crate `insta` in this scope
[INFO] [stdout]    --> tests/dom_snapshot.rs:102:9
[INFO] [stdout]     |
[INFO] [stdout] 102 |         insta::assert_snapshot!(get_compiled(
[INFO] [stdout]     |         ^^^^^ use of unresolved module or unlinked crate `insta`
[INFO] [stdout] 
[INFO] [stdout] 
[INFO] [stdout] error[E0433]: cannot find module or crate `insta` in this scope
[INFO] [stdout]    --> tests/dom_snapshot.rs:109:9
[INFO] [stdout]     |
[INFO] [stdout] 109 |         insta::assert_snapshot!(get_compiled(
[INFO] [stdout]     |         ^^^^^ use of unresolved module or unlinked crate `insta`
[INFO] [stdout] 
[INFO] [stdout] 
[INFO] [stdout] error[E0433]: cannot find module or crate `insta` in this scope
[INFO] [stdout]    --> tests/dom_snapshot.rs:116:9
[INFO] [stdout]     |
[INFO] [stdout] 116 |         insta::assert_snapshot!(get_compiled(
[INFO] [stdout]     |         ^^^^^ use of unresolved module or unlinked crate `insta`
[INFO] [stdout] 
[INFO] [stdout] 
[INFO] [stdout] error[E0433]: cannot find module or crate `insta` in this scope
[INFO] [stdout]    --> tests/dom_snapshot.rs:142:9
[INFO] [stdout]     |
[INFO] [stdout] 142 |         insta::assert_snapshot!(get_compiled(
[INFO] [stdout]     |         ^^^^^ use of unresolved module or unlinked crate `insta`
[INFO] [stdout] 
[INFO] [stdout] 
[INFO] [stdout] error[E0433]: cannot find module or crate `insta` in this scope
[INFO] [stdout]    --> tests/dom_snapshot.rs:172:9
[INFO] [stdout]     |
[INFO] [stdout] 172 |         insta::assert_snapshot!(get_compiled(r#"<div :id="foo"></div>"#));
[INFO] [stdout]     |         ^^^^^ use of unresolved module or unlinked crate `insta`
[INFO] [stdout] 
[INFO] [stdout] 
[INFO] [stdout] error[E0433]: cannot find module or crate `insta` in this scope
[INFO] [stdout]    --> tests/dom_snapshot.rs:177:9
[INFO] [stdout]     |
[INFO] [stdout] 177 |         insta::assert_snapshot!(get_compiled(r#"<div :class="cls"></div>"#));
[INFO] [stdout]     |         ^^^^^ use of unresolved module or unlinked crate `insta`
[INFO] [stdout] 
[INFO] [stdout] 
[INFO] [stdout] error[E0433]: cannot find module or crate `insta` in this scope
[INFO] [stdout]    --> tests/dom_snapshot.rs:182:9
[INFO] [stdout]     |
[INFO] [stdout] 182 |         insta::assert_snapshot!(get_compiled(
[INFO] [stdout]     |         ^^^^^ use of unresolved module or unlinked crate `insta`
[INFO] [stdout] 
[INFO] [stdout] 
[INFO] [stdout] error[E0433]: cannot find module or crate `insta` in this scope
[INFO] [stdout]    --> tests/dom_snapshot.rs:189:9
[INFO] [stdout]     |
[INFO] [stdout] 189 |         insta::assert_snapshot!(get_compiled(
[INFO] [stdout]     |         ^^^^^ use of unresolved module or unlinked crate `insta`
[INFO] [stdout] 
[INFO] [stdout] 
[INFO] [stdout] error[E0433]: cannot find module or crate `insta` in this scope
[INFO] [stdout]    --> tests/dom_snapshot.rs:204:9
[INFO] [stdout]     |
[INFO] [stdout] 204 |         insta::assert_snapshot!(get_compiled(r#"<div @click="handler"></div>"#));
[INFO] [stdout]     |         ^^^^^ use of unresolved module or unlinked crate `insta`
[INFO] [stdout] 
[INFO] [stdout] 
[INFO] [stdout] error[E0433]: cannot find module or crate `insta` in this scope
[INFO] [stdout]    --> tests/dom_snapshot.rs:217:9
[INFO] [stdout]     |
[INFO] [stdout] 217 |         insta::assert_snapshot!(get_compiled(r#"<input v-model="msg" />"#));
[INFO] [stdout]     |         ^^^^^ use of unresolved module or unlinked crate `insta`
[INFO] [stdout] 
[INFO] [stdout] 
[INFO] [stdout] error[E0433]: cannot find module or crate `insta` in this scope
[INFO] [stdout]    --> tests/dom_snapshot.rs:230:9
[INFO] [stdout]     |
[INFO] [stdout] 230 |         insta::assert_snapshot!(get_compiled(r#"<div v-show="visible">content</div>"#));
[INFO] [stdout]     |         ^^^^^ use of unresolved module or unlinked crate `insta`
[INFO] [stdout] 
[INFO] [stdout] 
[INFO] [stdout] error[E0433]: cannot find module or crate `insta` in this scope
[INFO] [stdout]    --> tests/dom_snapshot.rs:235:9
[INFO] [stdout]     |
[INFO] [stdout] 235 |         insta::assert_snapshot!(get_compiled(
[INFO] [stdout]     |         ^^^^^ use of unresolved module or unlinked crate `insta`
[INFO] [stdout] 
[INFO] [stdout] 
[INFO] [stdout] error[E0433]: cannot find module or crate `insta` in this scope
[INFO] [stdout]    --> tests/dom_snapshot.rs:242:9
[INFO] [stdout]     |
[INFO] [stdout] 242 |         insta::assert_snapshot!(get_compiled(r#"<MyComponent v-show="visible" />"#));
[INFO] [stdout]     |         ^^^^^ use of unresolved module or unlinked crate `insta`
[INFO] [stdout] 
[INFO] [stdout] 
[INFO] [stdout] error[E0433]: cannot find module or crate `insta` in this scope
[INFO] [stdout]    --> tests/dom_snapshot.rs:255:9
[INFO] [stdout]     |
[INFO] [stdout] 255 |         insta::assert_snapshot!(get_compiled("<MyComponent></MyComponent>"));
[INFO] [stdout]     |         ^^^^^ use of unresolved module or unlinked crate `insta`
[INFO] [stdout] 
[INFO] [stdout] 
[INFO] [stdout] warning: unused import: `super::get_compiled`
[INFO] [stdout]   --> tests/dom_snapshot.rs:31:9
[INFO] [stdout]    |
[INFO] [stdout] 31 |     use super::get_compiled;
[INFO] [stdout]    |         ^^^^^^^^^^^^^^^^^^^
[INFO] [stdout]    |
[INFO] [stdout]    = note: `#[warn(unused_imports)]` (part of `#[warn(unused)]`) on by default
[INFO] [stdout] 
[INFO] [stdout] 
[INFO] [stdout] warning: unused import: `super::get_compiled`
[INFO] [stdout]   --> tests/dom_snapshot.rs:75:9
[INFO] [stdout]    |
[INFO] [stdout] 75 |     use super::get_compiled;
[INFO] [stdout]    |         ^^^^^^^^^^^^^^^^^^^
[INFO] [stdout] 
[INFO] [stdout] 
[INFO] [stdout] warning: unused import: `super::get_compiled`
[INFO] [stdout]    --> tests/dom_snapshot.rs:168:9
[INFO] [stdout]     |
[INFO] [stdout] 168 |     use super::get_compiled;
[INFO] [stdout]     |         ^^^^^^^^^^^^^^^^^^^
[INFO] [stdout] 
[INFO] [stdout] 
[INFO] [stdout] warning: unused import: `super::get_compiled`
[INFO] [stdout]    --> tests/dom_snapshot.rs:200:9
[INFO] [stdout]     |
[INFO] [stdout] 200 |     use super::get_compiled;
[INFO] [stdout]     |         ^^^^^^^^^^^^^^^^^^^
[INFO] [stdout] 
[INFO] [stdout] 
[INFO] [stdout] warning: unused import: `super::get_compiled`
[INFO] [stdout]    --> tests/dom_snapshot.rs:213:9
[INFO] [stdout]     |
[INFO] [stdout] 213 |     use super::get_compiled;
[INFO] [stdout]     |         ^^^^^^^^^^^^^^^^^^^
[INFO] [stdout] 
[INFO] [stdout] 
[INFO] [stdout] warning: unused import: `super::get_compiled`
[INFO] [stdout]    --> tests/dom_snapshot.rs:226:9
[INFO] [stdout]     |
[INFO] [stdout] 226 |     use super::get_compiled;
[INFO] [stdout]     |         ^^^^^^^^^^^^^^^^^^^
[INFO] [stdout] 
[INFO] [stdout] 
[INFO] [stdout] error[E0433]: cannot find module or crate `davinci_harness` in this scope
[INFO] [stdout]  --> tests/support/profile.rs:3:5
[INFO] [stdout]   |
[INFO] [stdout] 3 | use davinci_harness::fixtures::LADDER;
[INFO] [stdout]   |     ^^^^^^^^^^^^^^^ use of unresolved module or unlinked crate `davinci_harness`
[INFO] [stdout]   |
[INFO] [stdout]   = help: if you wanted to use a crate named `davinci_harness`, use `cargo add davinci_harness` to add it to your `Cargo.toml`
[INFO] [stdout] 
[INFO] [stdout] 
[INFO] [stdout] error[E0433]: cannot find module or crate `davinci_harness` in this scope
[INFO] [stdout]  --> tests/support/profile.rs:3:5
[INFO] [stdout]   |
[INFO] [stdout] 3 | use davinci_harness::fixtures::LADDER;
[INFO] [stdout]   |     ^^^^^^^^^^^^^^^ use of unresolved module or unlinked crate `davinci_harness`
[INFO] [stdout]   |
[INFO] [stdout]   = help: if you wanted to use a crate named `davinci_harness`, use `cargo add davinci_harness` to add it to your `Cargo.toml`
[INFO] [stdout] 
[INFO] [stdout] 
[INFO] [stdout] error[E0433]: cannot find module or crate `davinci_harness` in this scope
[INFO] [stdout]  --> tests/support/profile.rs:3:5
[INFO] [stdout]   |
[INFO] [stdout] 3 | use davinci_harness::fixtures::LADDER;
[INFO] [stdout]   |     ^^^^^^^^^^^^^^^ use of unresolved module or unlinked crate `davinci_harness`
[INFO] [stdout]   |
[INFO] [stdout]   = help: if you wanted to use a crate named `davinci_harness`, use `cargo add davinci_harness` to add it to your `Cargo.toml`
[INFO] [stdout] 
[INFO] [stdout] 
[INFO] [stdout] error[E0433]: cannot find module or crate `davinci_harness` in this scope
[INFO] [stdout]  --> tests/support/profile.rs:3:5
[INFO] [stdout]   |
[INFO] [stdout] 3 | use davinci_harness::fixtures::LADDER;
[INFO] [stdout]   |     ^^^^^^^^^^^^^^^ use of unresolved module or unlinked crate `davinci_harness`
[INFO] [stdout]   |
[INFO] [stdout]   = help: if you wanted to use a crate named `davinci_harness`, use `cargo add davinci_harness` to add it to your `Cargo.toml`
[INFO] [stdout] 
[INFO] [stdout] 
[INFO] [stdout] error[E0433]: cannot find module or crate `davinci_harness` in this scope
[INFO] [stdout]  --> tests/support/profile.rs:3:5
[INFO] [stdout]   |
[INFO] [stdout] 3 | use davinci_harness::fixtures::LADDER;
[INFO] [stdout]   |     ^^^^^^^^^^^^^^^ use of unresolved module or unlinked crate `davinci_harness`
[INFO] [stdout]   |
[INFO] [stdout]   = help: if you wanted to use a crate named `davinci_harness`, use `cargo add davinci_harness` to add it to your `Cargo.toml`
[INFO] [stdout] 
[INFO] [stdout] 
[INFO] [stdout] error[E0433]: cannot find module or crate `davinci_harness` in this scope
[INFO] [stdout]  --> tests/support/profile.rs:3:5
[INFO] [stdout]   |
[INFO] [stdout] 3 | use davinci_harness::fixtures::LADDER;
[INFO] [stdout]   |     ^^^^^^^^^^^^^^^ use of unresolved module or unlinked crate `davinci_harness`
[INFO] [stdout]   |
[INFO] [stdout]   = help: if you wanted to use a crate named `davinci_harness`, use `cargo add davinci_harness` to add it to your `Cargo.toml`
[INFO] [stdout] 
[INFO] [stdout] 
[INFO] [stdout] error[E0433]: cannot find module or crate `davinci_harness` in this scope
[INFO] [stdout]  --> tests/support/profile.rs:3:5
[INFO] [stdout]   |
[INFO] [stdout] 3 | use davinci_harness::fixtures::LADDER;
[INFO] [stdout]   |     ^^^^^^^^^^^^^^^ use of unresolved module or unlinked crate `davinci_harness`
[INFO] [stdout]   |
[INFO] [stdout]   = help: if you wanted to use a crate named `davinci_harness`, use `cargo add davinci_harness` to add it to your `Cargo.toml`
[INFO] [stdout] 
[INFO] [stdout] 
[INFO] [stdout] For more information about this error, try `rustc --explain E0433`.
[INFO] [stdout] 
[INFO] [stderr] error: could not compile `vize_atelier_dom` (test "l2_if_for") due to 1 previous error
[INFO] [stderr] warning: build failed, waiting for other jobs to finish...
[INFO] [stdout] error[E0433]: cannot find module or crate `insta` in this scope
[INFO] [stdout]   --> src/experimental_tests.rs:25:5
[INFO] [stdout]    |
[INFO] [stdout] 25 |     insta::assert_snapshot!(full);
[INFO] [stdout]    |     ^^^^^ use of unresolved module or unlinked crate `insta`
[INFO] [stdout] 
[INFO] [stdout] 
[INFO] [stdout] error[E0433]: cannot find module or crate `insta` in this scope
[INFO] [stdout]   --> src/experimental_tests.rs:44:5
[INFO] [stdout]    |
[INFO] [stdout] 44 |     insta::assert_snapshot!(full);
[INFO] [stdout]    |     ^^^^^ use of unresolved module or unlinked crate `insta`
[INFO] [stdout] 
[INFO] [stdout] 
[INFO] [stdout] error[E0433]: cannot find module or crate `insta` in this scope
[INFO] [stdout]   --> src/experimental_tests.rs:63:5
[INFO] [stdout]    |
[INFO] [stdout] 63 |     insta::assert_snapshot!(full);
[INFO] [stdout]    |     ^^^^^ use of unresolved module or unlinked crate `insta`
[INFO] [stdout] 
[INFO] [stdout] 
[INFO] [stdout] error[E0433]: cannot find module or crate `insta` in this scope
[INFO] [stdout]   --> src/experimental_tests.rs:82:5
[INFO] [stdout]    |
[INFO] [stdout] 82 |     insta::assert_snapshot!(full);
[INFO] [stdout]    |     ^^^^^ use of unresolved module or unlinked crate `insta`
[INFO] [stdout] 
[INFO] [stdout] 
[INFO] [stdout] error[E0433]: cannot find module or crate `insta` in this scope
[INFO] [stdout]    --> src/experimental_tests.rs:101:5
[INFO] [stdout]     |
[INFO] [stdout] 101 |     insta::assert_snapshot!(full);
[INFO] [stdout]     |     ^^^^^ use of unresolved module or unlinked crate `insta`
[INFO] [stdout] 
[INFO] [stdout] 
[INFO] [stdout] error[E0433]: cannot find module or crate `insta` in this scope
[INFO] [stdout]   --> src/prefix_identifier_tests.rs:66:5
[INFO] [stdout]    |
[INFO] [stdout] 66 |     insta::assert_snapshot!(result.code.as_str());
[INFO] [stdout]    |     ^^^^^ use of unresolved module or unlinked crate `insta`
[INFO] [stdout] 
[INFO] [stdout] 
[INFO] [stdout] error[E0433]: cannot find module or crate `insta` in this scope
[INFO] [stdout]   --> src/prefix_identifier_tests.rs:95:5
[INFO] [stdout]    |
[INFO] [stdout] 95 |     insta::assert_snapshot!(result.code.as_str());
[INFO] [stdout]    |     ^^^^^ use of unresolved module or unlinked crate `insta`
[INFO] [stdout] 
[INFO] [stdout] 
[INFO] [stdout] error[E0433]: cannot find module or crate `insta` in this scope
[INFO] [stdout]   --> src/steps/v_html.rs:83:9
[INFO] [stdout]    |
[INFO] [stdout] 83 |         insta::assert_snapshot!(warning);
[INFO] [stdout]    |         ^^^^^ use of unresolved module or unlinked crate `insta`
[INFO] [stdout] 
[INFO] [stdout] 
[INFO] [stdout] error[E0433]: cannot find module or crate `insta` in this scope
[INFO] [stdout]    --> src/steps/v_model.rs:194:9
[INFO] [stdout]     |
[INFO] [stdout] 194 |         insta::assert_debug_snapshot!(props);
[INFO] [stdout]     |         ^^^^^ use of unresolved module or unlinked crate `insta`
[INFO] [stdout] 
[INFO] [stdout] 
[INFO] [stdout] error[E0433]: cannot find module or crate `insta` in this scope
[INFO] [stdout]    --> src/steps/v_on.rs:245:9
[INFO] [stdout]     |
[INFO] [stdout] 245 |         insta::assert_snapshot!(guard.as_str());
[INFO] [stdout]     |         ^^^^^ use of unresolved module or unlinked crate `insta`
[INFO] [stdout] 
[INFO] [stdout] 
[INFO] [stdout] error[E0433]: cannot find module or crate `insta` in this scope
[INFO] [stdout]    --> src/steps/v_on.rs:270:9
[INFO] [stdout]     |
[INFO] [stdout] 270 |         insta::assert_snapshot!(guard.as_str());
[INFO] [stdout]     |         ^^^^^ use of unresolved module or unlinked crate `insta`
[INFO] [stdout] 
[INFO] [stdout] 
[INFO] [stdout] error[E0433]: cannot find module or crate `insta` in this scope
[INFO] [stdout]    --> src/steps/v_on.rs:280:9
[INFO] [stdout]     |
[INFO] [stdout] 280 |         insta::assert_snapshot!(guard.as_str());
[INFO] [stdout]     |         ^^^^^ use of unresolved module or unlinked crate `insta`
[INFO] [stdout] 
[INFO] [stdout] 
[INFO] [stdout] error[E0433]: cannot find module or crate `insta` in this scope
[INFO] [stdout]    --> src/steps/v_on.rs:290:9
[INFO] [stdout]     |
[INFO] [stdout] 290 |         insta::assert_snapshot!(guard.as_str());
[INFO] [stdout]     |         ^^^^^ use of unresolved module or unlinked crate `insta`
[INFO] [stdout] 
[INFO] [stdout] 
[INFO] [stdout] error[E0433]: cannot find module or crate `insta` in this scope
[INFO] [stdout]    --> src/steps/v_on.rs:304:9
[INFO] [stdout]     |
[INFO] [stdout] 304 |         insta::assert_snapshot!(guard.as_str());
[INFO] [stdout]     |         ^^^^^ use of unresolved module or unlinked crate `insta`
[INFO] [stdout] 
[INFO] [stdout] 
[INFO] [stdout] error[E0433]: cannot find module or crate `insta` in this scope
[INFO] [stdout]   --> src/steps/v_text.rs:67:9
[INFO] [stdout]    |
[INFO] [stdout] 67 |         insta::assert_snapshot!(result.as_str());
[INFO] [stdout]    |         ^^^^^ use of unresolved module or unlinked crate `insta`
[INFO] [stdout] 
[INFO] [stdout] 
[INFO] [stdout] error[E0433]: cannot find module or crate `insta` in this scope
[INFO] [stdout]   --> src/steps/v_text.rs:91:9
[INFO] [stdout]    |
[INFO] [stdout] 91 |         insta::assert_snapshot!(result.unwrap().as_str());
[INFO] [stdout]    |         ^^^^^ use of unresolved module or unlinked crate `insta`
[INFO] [stdout] 
[INFO] [stdout] 
[INFO] [stdout] error[E0433]: cannot find module or crate `insta` in this scope
[INFO] [stdout]   --> src/tests.rs:26:5
[INFO] [stdout]    |
[INFO] [stdout] 26 |     insta::assert_snapshot!(full.as_str());
[INFO] [stdout]    |     ^^^^^ use of unresolved module or unlinked crate `insta`
[INFO] [stdout] 
[INFO] [stdout] 
[INFO] [stdout] error[E0433]: cannot find module or crate `insta` in this scope
[INFO] [stdout]    --> src/tests.rs:270:5
[INFO] [stdout]     |
[INFO] [stdout] 270 |     insta::assert_snapshot!(full.as_str());
[INFO] [stdout]     |     ^^^^^ use of unresolved module or unlinked crate `insta`
[INFO] [stdout] 
[INFO] [stdout] 
[INFO] [stdout] error[E0433]: cannot find module or crate `insta` in this scope
[INFO] [stdout]    --> src/tests.rs:535:5
[INFO] [stdout]     |
[INFO] [stdout] 535 |     insta::assert_snapshot!(full.as_str());
[INFO] [stdout]     |     ^^^^^ use of unresolved module or unlinked crate `insta`
[INFO] [stdout] 
[INFO] [stdout] 
[INFO] [stdout] error[E0433]: cannot find module or crate `insta` in this scope
[INFO] [stdout]    --> src/tests.rs:568:5
[INFO] [stdout]     |
[INFO] [stdout] 568 |     insta::assert_snapshot!(full.as_str());
[INFO] [stdout]     |     ^^^^^ use of unresolved module or unlinked crate `insta`
[INFO] [stdout] 
[INFO] [stdout] 
[INFO] [stdout] error[E0433]: cannot find module or crate `insta` in this scope
[INFO] [stdout]    --> src/tests.rs:697:5
[INFO] [stdout]     |
[INFO] [stdout] 697 |     insta::assert_snapshot!(full.as_str());
[INFO] [stdout]     |     ^^^^^ use of unresolved module or unlinked crate `insta`
[INFO] [stdout] 
[INFO] [stdout] 
[INFO] [stdout] error[E0433]: cannot find module or crate `insta` in this scope
[INFO] [stdout]    --> src/tests.rs:731:5
[INFO] [stdout]     |
[INFO] [stdout] 731 |     insta::assert_snapshot!(full.as_str());
[INFO] [stdout]     |     ^^^^^ use of unresolved module or unlinked crate `insta`
[INFO] [stdout] 
[INFO] [stdout] 
[INFO] [stdout] For more information about this error, try `rustc --explain E0433`.
[INFO] [stdout] 
[INFO] [stdout] For more information about this error, try `rustc --explain E0433`.
[INFO] [stdout] 
[INFO] [stdout] For more information about this error, try `rustc --explain E0433`.
[INFO] [stdout] 
[INFO] [stderr] error: could not compile `vize_atelier_dom` (test "dom_snapshot") due to 23 previous errors; 6 warnings emitted
[INFO] [stderr] error: could not compile `vize_atelier_dom` (test "l2_template_vfor_text") due to 1 previous error
[INFO] [stderr] error: could not compile `vize_atelier_dom` (test "l2_static_style") due to 1 previous error
[INFO] [stdout] For more information about this error, try `rustc --explain E0433`.
[INFO] [stdout] 
[INFO] [stdout] For more information about this error, try `rustc --explain E0433`.
[INFO] [stdout] 
[INFO] [stderr] error: could not compile `vize_atelier_dom` (test "l2_expression_residuals") due to 1 previous error
[INFO] [stdout] For more information about this error, try `rustc --explain E0433`.
[INFO] [stdout] 
[INFO] [stderr] error: could not compile `vize_atelier_dom` (test "l2_root_hoist") due to 1 previous error
[INFO] [stderr] error: could not compile `vize_atelier_dom` (test "l2_constant_style_binding") due to 1 previous error
[INFO] [stdout] For more information about this error, try `rustc --explain E0433`.
[INFO] [stdout] 
[INFO] [stderr] error: could not compile `vize_atelier_dom` (test "l2_once") due to 1 previous error
[INFO] [stdout] For more information about this error, try `rustc --explain E0433`.
[INFO] [stdout] 
[INFO] [stderr] error: could not compile `vize_atelier_dom` (test "l2_module_mode") due to 1 previous error
[INFO] [stdout] For more information about this error, try `rustc --explain E0433`.
[INFO] [stdout] 
[INFO] [stderr] error: could not compile `vize_atelier_dom` (lib test) due to 22 previous errors
[INFO] running `Command { std: "docker" "inspect" "a71e45ae1bd345ce49db12b760d30df4e8d60199c98e5c4ebd592543ef2daec9", kill_on_drop: false }`
[INFO] running `Command { std: "docker" "rm" "-f" "a71e45ae1bd345ce49db12b760d30df4e8d60199c98e5c4ebd592543ef2daec9", kill_on_drop: false }`
[INFO] [stdout] a71e45ae1bd345ce49db12b760d30df4e8d60199c98e5c4ebd592543ef2daec9
