[INFO] fetching crate viser-ffmpeg 0.12.0...
[INFO] testing viser-ffmpeg-0.12.0 against 1.99.0-beta.8 for beta-1.100-2
[INFO] extracting crate viser-ffmpeg 0.12.0 into /workspace/builds/worker-5-tc1/source
[INFO] started tweaking crates.io crate viser-ffmpeg 0.12.0
[INFO] removed 0 missing tests
[INFO] finished tweaking crates.io crate viser-ffmpeg 0.12.0
[INFO] tweaked toml for crates.io crate viser-ffmpeg 0.12.0 written to /workspace/builds/worker-5-tc1/source/Cargo.toml
[INFO] validating manifest of crates.io crate viser-ffmpeg 0.12.0 on toolchain 1.99.0-beta.8
[INFO] running `Command { std: CARGO_HOME="/workspace/cargo-home" RUSTUP_HOME="/workspace/rustup-home" "/workspace/cargo-home/bin/cargo" "+1.99.0-beta.8" "metadata" "--manifest-path" "Cargo.toml" "--no-deps", kill_on_drop: false }`
[INFO] crate crates.io crate viser-ffmpeg 0.12.0 already has a lockfile, it will not be regenerated
[INFO] running `Command { std: CARGO_HOME="/workspace/cargo-home" RUSTUP_HOME="/workspace/rustup-home" "/workspace/cargo-home/bin/cargo" "+1.99.0-beta.8" "fetch" "--manifest-path" "Cargo.toml", kill_on_drop: false }`
[INFO] [stderr]     Blocking waiting for file lock on package cache
[INFO] [stderr]     Updating crates.io index
[INFO] [stderr]     Blocking waiting for file lock on package cache
[INFO] [stderr]  Downloading crates ...
[INFO] [stderr]   Downloaded revelo-util v0.4.2
[INFO] [stderr]   Downloaded revelo-dispatcher v0.4.2
[INFO] [stderr]   Downloaded revelo-parsers-tag v0.4.2
[INFO] [stderr]   Downloaded revelo v0.4.2
[INFO] [stderr]   Downloaded revelo-core v0.4.2
[INFO] [stderr]   Downloaded revelo-parsers-archive v0.4.2
[INFO] [stderr]   Downloaded revelo-parsers-text v0.4.2
[INFO] [stderr]   Downloaded revelo-parsers-audio v0.4.2
[INFO] [stderr]   Downloaded revelo-parsers-video v0.4.2
[INFO] [stderr]   Downloaded revelo-parsers-image v0.4.2
[INFO] [stderr]   Downloaded revelo-parsers-container v0.4.2
[INFO] running `Command { std: "docker" "create" "-v" "/var/lib/crater-agent-workspace/builds/worker-5-tc1/source:/opt/rustwide/workdir:ro,Z" "-v" "/var/lib/crater-agent-workspace/builds/worker-5-tc1/target:/opt/rustwide/target:rw,Z" "-v" "/var/lib/crater-agent-workspace/cargo-home:/opt/rustwide/cargo-home:ro,Z" "-v" "/var/lib/crater-agent-workspace/rustup-home:/opt/rustwide/rustup-home:ro,Z" "-m" "1610612736" "--network" "none" "ghcr.io/rust-lang/crates-build-env/linux@sha256:3111399a4047eeb3a02b7a90e478d715f38a8c6669b5c4b49d30a17385265909" "sleep" "infinity", kill_on_drop: false }`
[INFO] [stdout] b4422cf569280630d5582345625432ff5ad293efbfada49f83a774c92b7f9c57
[INFO] running `Command { std: "docker" "start" "b4422cf569280630d5582345625432ff5ad293efbfada49f83a774c92b7f9c57", kill_on_drop: false }`
[INFO] running `Command { std: "docker" "inspect" "b4422cf569280630d5582345625432ff5ad293efbfada49f83a774c92b7f9c57", kill_on_drop: false }`
[INFO] running `Command { std: "docker" "exec" "-e" "SOURCE_DIR=/opt/rustwide/workdir" "-e" "CARGO_HOME=/opt/rustwide/cargo-home" "-e" "RUSTUP_HOME=/opt/rustwide/rustup-home" "-e" "CARGO_TARGET_DIR=/opt/rustwide/target" "-w" "/opt/rustwide/workdir" "--user" "0:0" "b4422cf569280630d5582345625432ff5ad293efbfada49f83a774c92b7f9c57" "/opt/rustwide/cargo-home/bin/cargo" "+1.99.0-beta.8" "metadata" "--no-deps" "--format-version=1", kill_on_drop: false }`
[INFO] running `Command { std: "docker" "inspect" "b4422cf569280630d5582345625432ff5ad293efbfada49f83a774c92b7f9c57", kill_on_drop: false }`
[INFO] running `Command { std: "docker" "exec" "-e" "SOURCE_DIR=/opt/rustwide/workdir" "-e" "CARGO_HOME=/opt/rustwide/cargo-home" "-e" "RUSTUP_HOME=/opt/rustwide/rustup-home" "-e" "CARGO_TARGET_DIR=/opt/rustwide/target" "-e" "CARGO_INCREMENTAL=0" "-e" "RUST_BACKTRACE=full" "-e" "RUSTFLAGS=--cap-lints=warn" "-e" "RUSTDOCFLAGS=--cap-lints=warn" "-w" "/opt/rustwide/workdir" "--user" "0:0" "b4422cf569280630d5582345625432ff5ad293efbfada49f83a774c92b7f9c57" "/opt/rustwide/cargo-home/bin/cargo" "+1.99.0-beta.8" "build" "--frozen" "--message-format=json", kill_on_drop: false }`
[INFO] [stderr]    Compiling syn v2.0.117
[INFO] [stderr]    Compiling mio v1.2.1
[INFO] [stderr]    Compiling serde_json v1.0.149
[INFO] [stderr]    Compiling tempfile v3.27.0
[INFO] [stderr]    Compiling tokio v1.50.0
[INFO] [stderr]    Compiling thiserror-impl v2.0.18
[INFO] [stderr]    Compiling serde_derive v1.0.228
[INFO] [stderr]    Compiling tracing-attributes v0.1.31
[INFO] [stderr]    Compiling tracing v0.1.44
[INFO] [stderr]    Compiling thiserror v2.0.18
[INFO] [stderr]    Compiling serde v1.0.228
[INFO] [stderr]    Compiling viser-ffmpeg v0.12.0 (/opt/rustwide/workdir)
[INFO] [stderr]     Finished `dev` profile [unoptimized + debuginfo] target(s) in 12.93s
[INFO] running `Command { std: "docker" "inspect" "b4422cf569280630d5582345625432ff5ad293efbfada49f83a774c92b7f9c57", kill_on_drop: false }`
[INFO] running `Command { std: "docker" "exec" "-e" "SOURCE_DIR=/opt/rustwide/workdir" "-e" "CARGO_HOME=/opt/rustwide/cargo-home" "-e" "RUSTUP_HOME=/opt/rustwide/rustup-home" "-e" "CARGO_TARGET_DIR=/opt/rustwide/target" "-e" "CARGO_INCREMENTAL=0" "-e" "RUST_BACKTRACE=full" "-e" "RUSTFLAGS=--cap-lints=warn" "-e" "RUSTDOCFLAGS=--cap-lints=warn" "-w" "/opt/rustwide/workdir" "--user" "0:0" "b4422cf569280630d5582345625432ff5ad293efbfada49f83a774c92b7f9c57" "/opt/rustwide/cargo-home/bin/cargo" "+1.99.0-beta.8" "test" "--frozen" "--no-run" "--message-format=json", kill_on_drop: false }`
[INFO] [stderr]    Compiling num-traits v0.2.19
[INFO] [stderr]    Compiling tokio-macros v2.6.1
[INFO] [stderr]    Compiling wait-timeout v0.2.1
[INFO] [stderr]    Compiling ppv-lite86 v0.2.21
[INFO] [stderr]    Compiling bit-vec v0.8.0
[INFO] [stderr]    Compiling quick-error v1.2.3
[INFO] [stderr]    Compiling rand_xorshift v0.4.0
[INFO] [stderr]    Compiling rand v0.9.4
[INFO] [stderr]    Compiling unarray v0.1.4
[INFO] [stderr]    Compiling rusty-fork v0.3.1
[INFO] [stderr]    Compiling bit-set v0.8.0
[INFO] [stderr]    Compiling tokio v1.50.0
[INFO] [stderr]    Compiling rand_chacha v0.9.0
[INFO] [stderr]    Compiling proptest v1.11.0
[INFO] [stderr]    Compiling viser-ffmpeg v0.12.0 (/opt/rustwide/workdir)
[INFO] [stdout] error[E0433]: cannot find module or crate `viser_quality` in this scope
[INFO] [stdout]   --> tests/fate_10bit.rs:91:23
[INFO] [stdout]    |
[INFO] [stdout] 91 |         metrics: vec![viser_quality::Metric::Vmaf],
[INFO] [stdout]    |                       ^^^^^^^^^^^^^ use of unresolved module or unlinked crate `viser_quality`
[INFO] [stdout]    |
[INFO] [stdout]    = help: if you wanted to use a crate named `viser_quality`, use `cargo add viser_quality` to add it to your `Cargo.toml`
[INFO] [stdout] 
[INFO] [stdout] 
[INFO] [stdout] error[E0433]: cannot find module or crate `viser_quality` in this scope
[INFO] [stdout]   --> tests/fate_10bit.rs:97:22
[INFO] [stdout]    |
[INFO] [stdout] 97 |         hdr_scoring: viser_quality::HdrScoringMode::Auto,
[INFO] [stdout]    |                      ^^^^^^^^^^^^^ use of unresolved module or unlinked crate `viser_quality`
[INFO] [stdout]    |
[INFO] [stdout]    = help: if you wanted to use a crate named `viser_quality`, use `cargo add viser_quality` to add it to your `Cargo.toml`
[INFO] [stdout] 
[INFO] [stdout] 
[INFO] [stdout] error[E0433]: cannot find module or crate `viser_quality` in this scope
[INFO] [stdout]    --> tests/fate_10bit.rs:101:9
[INFO] [stdout]     |
[INFO] [stdout] 101 |         viser_quality::measure(&source_str, &high.to_string_lossy(), opts.clone()).await.unwrap();
[INFO] [stdout]     |         ^^^^^^^^^^^^^ use of unresolved module or unlinked crate `viser_quality`
[INFO] [stdout]     |
[INFO] [stdout]     = help: if you wanted to use a crate named `viser_quality`, use `cargo add viser_quality` to add it to your `Cargo.toml`
[INFO] [stdout] 
[INFO] [stdout] 
[INFO] [stdout] error[E0433]: cannot find module or crate `viser_quality` in this scope
[INFO] [stdout]    --> tests/fate_10bit.rs:102:20
[INFO] [stdout]     |
[INFO] [stdout] 102 |     let vmaf_low = viser_quality::measure(&source_str, &low.to_string_lossy(), opts).await.unwrap();
[INFO] [stdout]     |                    ^^^^^^^^^^^^^ use of unresolved module or unlinked crate `viser_quality`
[INFO] [stdout]     |
[INFO] [stdout]     = help: if you wanted to use a crate named `viser_quality`, use `cargo add viser_quality` to add it to your `Cargo.toml`
[INFO] [stdout] 
[INFO] [stdout] 
[INFO] [stdout] error[E0433]: cannot find module or crate `viser_quality` in this scope
[INFO] [stdout]   --> tests/fate_quality.rs:39:23
[INFO] [stdout]    |
[INFO] [stdout] 39 |         metrics: vec![viser_quality::Metric::Vmaf],
[INFO] [stdout]    |                       ^^^^^^^^^^^^^ use of unresolved module or unlinked crate `viser_quality`
[INFO] [stdout]    |
[INFO] [stdout]    = help: if you wanted to use a crate named `viser_quality`, use `cargo add viser_quality` to add it to your `Cargo.toml`
[INFO] [stdout] 
[INFO] [stdout] 
[INFO] [stdout] error[E0433]: cannot find module or crate `viser_quality` in this scope
[INFO] [stdout]   --> tests/fate_10bit.rs:90:16
[INFO] [stdout]    |
[INFO] [stdout] 90 |     let opts = viser_quality::MeasureOpts {
[INFO] [stdout]    |                ^^^^^^^^^^^^^ use of unresolved module or unlinked crate `viser_quality`
[INFO] [stdout]    |
[INFO] [stdout]    = help: if you wanted to use a crate named `viser_quality`, use `cargo add viser_quality` to add it to your `Cargo.toml`
[INFO] [stdout] 
[INFO] [stdout] 
[INFO] [stdout] For more information about this error, try `rustc --explain E0433`.
[INFO] [stdout] 
[INFO] [stderr] error: could not compile `viser-ffmpeg` (test "fate_10bit") due to 5 previous errors
[INFO] [stderr] warning: build failed, waiting for other jobs to finish...
[INFO] [stdout] error[E0433]: cannot find module or crate `viser_quality` in this scope
[INFO] [stdout]   --> tests/fate_quality.rs:71:23
[INFO] [stdout]    |
[INFO] [stdout] 71 |         metrics: vec![viser_quality::Metric::Vmaf],
[INFO] [stdout]    |                       ^^^^^^^^^^^^^ use of unresolved module or unlinked crate `viser_quality`
[INFO] [stdout]    |
[INFO] [stdout]    = help: if you wanted to use a crate named `viser_quality`, use `cargo add viser_quality` to add it to your `Cargo.toml`
[INFO] [stdout] 
[INFO] [stdout] 
[INFO] [stdout] error[E0433]: cannot find module or crate `viser_quality` in this scope
[INFO] [stdout]    --> tests/fate_quality.rs:115:23
[INFO] [stdout]     |
[INFO] [stdout] 115 |         metrics: vec![viser_quality::Metric::Psnr],
[INFO] [stdout]     |                       ^^^^^^^^^^^^^ use of unresolved module or unlinked crate `viser_quality`
[INFO] [stdout]     |
[INFO] [stdout]     = help: if you wanted to use a crate named `viser_quality`, use `cargo add viser_quality` to add it to your `Cargo.toml`
[INFO] [stdout] 
[INFO] [stdout] 
[INFO] [stdout] error[E0433]: cannot find module or crate `viser_quality` in this scope
[INFO] [stdout]    --> tests/fate_quality.rs:144:23
[INFO] [stdout]     |
[INFO] [stdout] 144 |         metrics: vec![viser_quality::Metric::Ssim],
[INFO] [stdout]     |                       ^^^^^^^^^^^^^ use of unresolved module or unlinked crate `viser_quality`
[INFO] [stdout]     |
[INFO] [stdout]     = help: if you wanted to use a crate named `viser_quality`, use `cargo add viser_quality` to add it to your `Cargo.toml`
[INFO] [stdout] 
[INFO] [stdout] 
[INFO] [stdout] error[E0433]: cannot find module or crate `viser_quality` in this scope
[INFO] [stdout]    --> tests/fate_quality.rs:173:23
[INFO] [stdout]     |
[INFO] [stdout] 173 |         metrics: vec![viser_quality::Metric::Vmaf],
[INFO] [stdout]     |                       ^^^^^^^^^^^^^ use of unresolved module or unlinked crate `viser_quality`
[INFO] [stdout]     |
[INFO] [stdout]     = help: if you wanted to use a crate named `viser_quality`, use `cargo add viser_quality` to add it to your `Cargo.toml`
[INFO] [stdout] 
[INFO] [stdout] 
[INFO] [stdout] error[E0433]: cannot find module or crate `viser_quality` in this scope
[INFO] [stdout]    --> tests/fate_quality.rs:208:16
[INFO] [stdout]     |
[INFO] [stdout] 208 |     let opts = viser_quality::MeasureOpts::default();
[INFO] [stdout]     |                ^^^^^^^^^^^^^ use of unresolved module or unlinked crate `viser_quality`
[INFO] [stdout]     |
[INFO] [stdout]     = help: if you wanted to use a crate named `viser_quality`, use `cargo add viser_quality` to add it to your `Cargo.toml`
[INFO] [stdout] 
[INFO] [stdout] 
[INFO] [stdout] error[E0433]: cannot find module or crate `viser_quality` in this scope
[INFO] [stdout]    --> tests/fate_quality.rs:231:23
[INFO] [stdout]     |
[INFO] [stdout] 231 |         metrics: vec![viser_quality::Metric::Vmaf],
[INFO] [stdout]     |                       ^^^^^^^^^^^^^ use of unresolved module or unlinked crate `viser_quality`
[INFO] [stdout]     |
[INFO] [stdout]     = help: if you wanted to use a crate named `viser_quality`, use `cargo add viser_quality` to add it to your `Cargo.toml`
[INFO] [stdout] 
[INFO] [stdout] 
[INFO] [stdout] error[E0433]: cannot find module or crate `viser_quality` in this scope
[INFO] [stdout]    --> tests/fate_quality.rs:287:23
[INFO] [stdout]     |
[INFO] [stdout] 287 |         metrics: vec![viser_quality::Metric::Vmaf],
[INFO] [stdout]     |                       ^^^^^^^^^^^^^ use of unresolved module or unlinked crate `viser_quality`
[INFO] [stdout]     |
[INFO] [stdout]     = help: if you wanted to use a crate named `viser_quality`, use `cargo add viser_quality` to add it to your `Cargo.toml`
[INFO] [stdout] 
[INFO] [stdout] 
[INFO] [stdout] error[E0433]: cannot find module or crate `viser_quality` in this scope
[INFO] [stdout]   --> tests/fate_quality.rs:49:9
[INFO] [stdout]    |
[INFO] [stdout] 49 |         viser_quality::measure(&reference.to_string_lossy(), &distorted.to_string_lossy(), opts)
[INFO] [stdout]    |         ^^^^^^^^^^^^^ use of unresolved module or unlinked crate `viser_quality`
[INFO] [stdout]    |
[INFO] [stdout]    = help: if you wanted to use a crate named `viser_quality`, use `cargo add viser_quality` to add it to your `Cargo.toml`
[INFO] [stdout] 
[INFO] [stdout] 
[INFO] [stdout] error[E0433]: cannot find module or crate `viser_quality` in this scope
[INFO] [stdout]   --> tests/fate_quality.rs:80:21
[INFO] [stdout]    |
[INFO] [stdout] 80 |     let vmaf_high = viser_quality::measure(
[INFO] [stdout]    |                     ^^^^^^^^^^^^^ use of unresolved module or unlinked crate `viser_quality`
[INFO] [stdout]    |
[INFO] [stdout]    = help: if you wanted to use a crate named `viser_quality`, use `cargo add viser_quality` to add it to your `Cargo.toml`
[INFO] [stdout] 
[INFO] [stdout] 
[INFO] [stdout] error[E0433]: cannot find module or crate `viser_quality` in this scope
[INFO] [stdout]   --> tests/fate_quality.rs:88:20
[INFO] [stdout]    |
[INFO] [stdout] 88 |     let vmaf_low = viser_quality::measure(
[INFO] [stdout]    |                    ^^^^^^^^^^^^^ use of unresolved module or unlinked crate `viser_quality`
[INFO] [stdout]    |
[INFO] [stdout]    = help: if you wanted to use a crate named `viser_quality`, use `cargo add viser_quality` to add it to your `Cargo.toml`
[INFO] [stdout] 
[INFO] [stdout] 
[INFO] [stdout] error[E0433]: cannot find module or crate `viser_quality` in this scope
[INFO] [stdout]    --> tests/fate_quality.rs:125:9
[INFO] [stdout]     |
[INFO] [stdout] 125 |         viser_quality::measure(&reference.to_string_lossy(), &distorted.to_string_lossy(), opts)
[INFO] [stdout]     |         ^^^^^^^^^^^^^ use of unresolved module or unlinked crate `viser_quality`
[INFO] [stdout]     |
[INFO] [stdout]     = help: if you wanted to use a crate named `viser_quality`, use `cargo add viser_quality` to add it to your `Cargo.toml`
[INFO] [stdout] 
[INFO] [stdout] 
[INFO] [stdout] error[E0433]: cannot find module or crate `viser_quality` in this scope
[INFO] [stdout]    --> tests/fate_quality.rs:154:9
[INFO] [stdout]     |
[INFO] [stdout] 154 |         viser_quality::measure(&reference.to_string_lossy(), &distorted.to_string_lossy(), opts)
[INFO] [stdout]     |         ^^^^^^^^^^^^^ use of unresolved module or unlinked crate `viser_quality`
[INFO] [stdout]     |
[INFO] [stdout]     = help: if you wanted to use a crate named `viser_quality`, use `cargo add viser_quality` to add it to your `Cargo.toml`
[INFO] [stdout] 
[INFO] [stdout] 
[INFO] [stdout] error[E0433]: cannot find module or crate `viser_quality` in this scope
[INFO] [stdout]    --> tests/fate_quality.rs:183:9
[INFO] [stdout]     |
[INFO] [stdout] 183 |         viser_quality::measure(&reference.to_string_lossy(), &distorted.to_string_lossy(), opts)
[INFO] [stdout]     |         ^^^^^^^^^^^^^ use of unresolved module or unlinked crate `viser_quality`
[INFO] [stdout]     |
[INFO] [stdout]     = help: if you wanted to use a crate named `viser_quality`, use `cargo add viser_quality` to add it to your `Cargo.toml`
[INFO] [stdout] 
[INFO] [stdout] 
[INFO] [stdout] error[E0433]: cannot find module or crate `viser_quality` in this scope
[INFO] [stdout]    --> tests/fate_quality.rs:210:9
[INFO] [stdout]     |
[INFO] [stdout] 210 |         viser_quality::measure(&reference.to_string_lossy(), &distorted.to_string_lossy(), opts)
[INFO] [stdout]     |         ^^^^^^^^^^^^^ use of unresolved module or unlinked crate `viser_quality`
[INFO] [stdout]     |
[INFO] [stdout]     = help: if you wanted to use a crate named `viser_quality`, use `cargo add viser_quality` to add it to your `Cargo.toml`
[INFO] [stdout] 
[INFO] [stdout] 
[INFO] [stdout] error[E0433]: cannot find module or crate `viser_quality` in this scope
[INFO] [stdout]    --> tests/fate_quality.rs:240:19
[INFO] [stdout]     |
[INFO] [stdout] 240 |     let result1 = viser_quality::measure(
[INFO] [stdout]     |                   ^^^^^^^^^^^^^ use of unresolved module or unlinked crate `viser_quality`
[INFO] [stdout]     |
[INFO] [stdout]     = help: if you wanted to use a crate named `viser_quality`, use `cargo add viser_quality` to add it to your `Cargo.toml`
[INFO] [stdout] 
[INFO] [stdout] 
[INFO] [stdout] error[E0433]: cannot find module or crate `viser_quality` in this scope
[INFO] [stdout]    --> tests/fate_quality.rs:249:9
[INFO] [stdout]     |
[INFO] [stdout] 249 |         viser_quality::measure(&reference.to_string_lossy(), &distorted.to_string_lossy(), opts)
[INFO] [stdout]     |         ^^^^^^^^^^^^^ use of unresolved module or unlinked crate `viser_quality`
[INFO] [stdout]     |
[INFO] [stdout]     = help: if you wanted to use a crate named `viser_quality`, use `cargo add viser_quality` to add it to your `Cargo.toml`
[INFO] [stdout] 
[INFO] [stdout] 
[INFO] [stdout] error[E0433]: cannot find module or crate `viser_quality` in this scope
[INFO] [stdout]    --> tests/fate_quality.rs:271:18
[INFO] [stdout]     |
[INFO] [stdout] 271 |     let result = viser_quality::measure_noref(&clip.to_string_lossy(), &opts).await.unwrap();
[INFO] [stdout]     |                  ^^^^^^^^^^^^^ use of unresolved module or unlinked crate `viser_quality`
[INFO] [stdout]     |
[INFO] [stdout]     = help: if you wanted to use a crate named `viser_quality`, use `cargo add viser_quality` to add it to your `Cargo.toml`
[INFO] [stdout] 
[INFO] [stdout] 
[INFO] [stdout] error[E0433]: cannot find module or crate `viser_quality` in this scope
[INFO] [stdout]    --> tests/fate_quality.rs:297:9
[INFO] [stdout]     |
[INFO] [stdout] 297 |         viser_quality::measure("/nonexistent/ref_12345.mp4", &clip.to_string_lossy(), opts).await;
[INFO] [stdout]     |         ^^^^^^^^^^^^^ use of unresolved module or unlinked crate `viser_quality`
[INFO] [stdout]     |
[INFO] [stdout]     = help: if you wanted to use a crate named `viser_quality`, use `cargo add viser_quality` to add it to your `Cargo.toml`
[INFO] [stdout] 
[INFO] [stdout] 
[INFO] [stdout] error[E0433]: cannot find module or crate `viser_quality` in this scope
[INFO] [stdout]   --> tests/fate_quality.rs:38:16
[INFO] [stdout]    |
[INFO] [stdout] 38 |     let opts = viser_quality::MeasureOpts {
[INFO] [stdout]    |                ^^^^^^^^^^^^^ use of unresolved module or unlinked crate `viser_quality`
[INFO] [stdout]    |
[INFO] [stdout]    = help: if you wanted to use a crate named `viser_quality`, use `cargo add viser_quality` to add it to your `Cargo.toml`
[INFO] [stdout] 
[INFO] [stdout] 
[INFO] [stdout] error[E0433]: cannot find module or crate `viser_quality` in this scope
[INFO] [stdout]    --> tests/fate_quality.rs:230:16
[INFO] [stdout]     |
[INFO] [stdout] 230 |     let opts = viser_quality::MeasureOpts {
[INFO] [stdout]     |                ^^^^^^^^^^^^^ use of unresolved module or unlinked crate `viser_quality`
[INFO] [stdout]     |
[INFO] [stdout]     = help: if you wanted to use a crate named `viser_quality`, use `cargo add viser_quality` to add it to your `Cargo.toml`
[INFO] [stdout] 
[INFO] [stdout] 
[INFO] [stdout] error[E0433]: cannot find module or crate `viser_quality` in this scope
[INFO] [stdout]   --> tests/fate_quality.rs:70:21
[INFO] [stdout]    |
[INFO] [stdout] 70 |     let base_opts = viser_quality::MeasureOpts {
[INFO] [stdout]    |                     ^^^^^^^^^^^^^ use of unresolved module or unlinked crate `viser_quality`
[INFO] [stdout]    |
[INFO] [stdout]    = help: if you wanted to use a crate named `viser_quality`, use `cargo add viser_quality` to add it to your `Cargo.toml`
[INFO] [stdout] 
[INFO] [stdout] 
[INFO] [stdout] error[E0433]: cannot find module or crate `viser_quality` in this scope
[INFO] [stdout]    --> tests/fate_quality.rs:286:16
[INFO] [stdout]     |
[INFO] [stdout] 286 |     let opts = viser_quality::MeasureOpts {
[INFO] [stdout]     |                ^^^^^^^^^^^^^ use of unresolved module or unlinked crate `viser_quality`
[INFO] [stdout]     |
[INFO] [stdout]     = help: if you wanted to use a crate named `viser_quality`, use `cargo add viser_quality` to add it to your `Cargo.toml`
[INFO] [stdout] 
[INFO] [stdout] 
[INFO] [stdout] error[E0433]: cannot find module or crate `viser_quality` in this scope
[INFO] [stdout]    --> tests/fate_quality.rs:172:16
[INFO] [stdout]     |
[INFO] [stdout] 172 |     let opts = viser_quality::MeasureOpts {
[INFO] [stdout]     |                ^^^^^^^^^^^^^ use of unresolved module or unlinked crate `viser_quality`
[INFO] [stdout]     |
[INFO] [stdout]     = help: if you wanted to use a crate named `viser_quality`, use `cargo add viser_quality` to add it to your `Cargo.toml`
[INFO] [stdout] 
[INFO] [stdout] 
[INFO] [stdout] error[E0433]: cannot find module or crate `viser_quality` in this scope
[INFO] [stdout]    --> tests/fate_quality.rs:114:16
[INFO] [stdout]     |
[INFO] [stdout] 114 |     let opts = viser_quality::MeasureOpts {
[INFO] [stdout]     |                ^^^^^^^^^^^^^ use of unresolved module or unlinked crate `viser_quality`
[INFO] [stdout]     |
[INFO] [stdout]     = help: if you wanted to use a crate named `viser_quality`, use `cargo add viser_quality` to add it to your `Cargo.toml`
[INFO] [stdout] 
[INFO] [stdout] 
[INFO] [stdout] error[E0433]: cannot find module or crate `viser_quality` in this scope
[INFO] [stdout]    --> tests/fate_quality.rs:270:16
[INFO] [stdout]     |
[INFO] [stdout] 270 |     let opts = viser_quality::NoRefOpts { stride: 0, probe_cache: None };
[INFO] [stdout]     |                ^^^^^^^^^^^^^ use of unresolved module or unlinked crate `viser_quality`
[INFO] [stdout]     |
[INFO] [stdout]     = help: if you wanted to use a crate named `viser_quality`, use `cargo add viser_quality` to add it to your `Cargo.toml`
[INFO] [stdout] 
[INFO] [stdout] 
[INFO] [stdout] error[E0433]: cannot find module or crate `viser_quality` in this scope
[INFO] [stdout]    --> tests/fate_quality.rs:143:16
[INFO] [stdout]     |
[INFO] [stdout] 143 |     let opts = viser_quality::MeasureOpts {
[INFO] [stdout]     |                ^^^^^^^^^^^^^ use of unresolved module or unlinked crate `viser_quality`
[INFO] [stdout]     |
[INFO] [stdout]     = help: if you wanted to use a crate named `viser_quality`, use `cargo add viser_quality` to add it to your `Cargo.toml`
[INFO] [stdout] 
[INFO] [stdout] 
[INFO] [stdout] For more information about this error, try `rustc --explain E0433`.
[INFO] [stdout] 
[INFO] [stderr] error: could not compile `viser-ffmpeg` (test "fate_quality") due to 27 previous errors
[INFO] running `Command { std: "docker" "inspect" "b4422cf569280630d5582345625432ff5ad293efbfada49f83a774c92b7f9c57", kill_on_drop: false }`
[INFO] running `Command { std: "docker" "rm" "-f" "b4422cf569280630d5582345625432ff5ad293efbfada49f83a774c92b7f9c57", kill_on_drop: false }`
[INFO] [stdout] b4422cf569280630d5582345625432ff5ad293efbfada49f83a774c92b7f9c57
