[INFO] fetching crate virtual-hosts-module 0.2.0...
[INFO] testing virtual-hosts-module-0.2.0 against 1.99.0-beta.8 for beta-1.100-2
[INFO] extracting crate virtual-hosts-module 0.2.0 into /workspace/builds/worker-7-tc1/source
[INFO] started tweaking crates.io crate virtual-hosts-module 0.2.0
[INFO] finished tweaking crates.io crate virtual-hosts-module 0.2.0
[INFO] tweaked toml for crates.io crate virtual-hosts-module 0.2.0 written to /workspace/builds/worker-7-tc1/source/Cargo.toml
[INFO] validating manifest of crates.io crate virtual-hosts-module 0.2.0 on toolchain 1.99.0-beta.8
[INFO] running `Command { std: CARGO_HOME="/workspace/cargo-home" RUSTUP_HOME="/workspace/rustup-home" "/workspace/cargo-home/bin/cargo" "+1.99.0-beta.8" "metadata" "--manifest-path" "Cargo.toml" "--no-deps", kill_on_drop: false }`
[INFO] running `Command { std: CARGO_HOME="/workspace/cargo-home" RUSTUP_HOME="/workspace/rustup-home" "/workspace/cargo-home/bin/cargo" "+1.99.0-beta.8" "generate-lockfile" "--manifest-path" "Cargo.toml", kill_on_drop: false }`
[INFO] [stderr]     Updating crates.io index
[INFO] [stderr]     Blocking waiting for file lock on package cache
[INFO] [stderr]      Locking 316 packages to highest compatible versions
[INFO] [stderr]       Adding env_logger v0.9.3 (available: v0.11.11)
[INFO] [stderr]       Adding generic-array v0.14.7 (available: v0.14.9)
[INFO] [stderr]       Adding pingora-core v0.2.0 (available: v0.9.0)
[INFO] [stderr]       Adding pingora-proxy v0.2.0 (available: v0.9.0)
[INFO] [stderr]       Adding test-log v0.2.13 (available: v0.2.21)
[INFO] running `Command { std: CARGO_HOME="/workspace/cargo-home" RUSTUP_HOME="/workspace/rustup-home" "/workspace/cargo-home/bin/cargo" "+1.99.0-beta.8" "fetch" "--manifest-path" "Cargo.toml", kill_on_drop: false }`
[INFO] [stderr]     Blocking waiting for file lock on package cache
[INFO] [stderr]  Downloading crates ...
[INFO] [stderr]   Downloaded fid-rs v0.2.0
[INFO] [stderr]   Downloaded louds-rs v0.7.0
[INFO] [stderr]   Downloaded test-log v0.2.13
[INFO] [stderr]   Downloaded static-files-module v0.2.0
[INFO] [stderr]   Downloaded sentry-panic v0.26.0
[INFO] [stderr]   Downloaded zstd v0.14.0
[INFO] [stderr]   Downloaded pingora-timeout v0.2.0
[INFO] [stderr]   Downloaded pingora-http v0.2.0
[INFO] [stderr]   Downloaded uname v0.1.1
[INFO] [stderr]   Downloaded sentry-backtrace v0.26.0
[INFO] [stderr]   Downloaded sentry-contexts v0.26.0
[INFO] [stderr]   Downloaded pingora-error v0.2.0
[INFO] [stderr]   Downloaded zstd-safe v8.0.0
[INFO] [stderr]   Downloaded sentry-types v0.26.0
[INFO] [stderr]   Downloaded sfv v0.16.0
[INFO] [stderr]   Downloaded sentry v0.26.0
[INFO] [stderr]   Downloaded sentry-core v0.26.0
[INFO] [stderr]   Downloaded pingora-proxy v0.2.0
[INFO] [stderr]   Downloaded pingora-core v0.2.0
[INFO] [stderr]   Downloaded trie-rs v0.4.2
[INFO] [stderr]   Downloaded pingora-pool v0.2.0
[INFO] [stderr]   Downloaded pingora-runtime v0.2.0
[INFO] [stderr]   Downloaded pingora-openssl v0.2.0
[INFO] [stderr]   Downloaded lru v0.18.5
[INFO] [stderr]   Downloaded h2 v0.4.20
[INFO] [stderr]   Downloaded tokio-openssl v0.6.5
[INFO] [stderr]   Downloaded prometheus v0.13.4
[INFO] [stderr]   Downloaded libz-ng-sys v1.1.29
[INFO] [stderr]   Downloaded thrift_codec v0.1.1
[INFO] [stderr]   Downloaded trackable v1.3.0
[INFO] [stderr]   Downloaded daemonize v0.5.0
[INFO] [stderr]   Downloaded pingora-cache v0.2.0
[INFO] [stderr]   Downloaded pingora-header-serde v0.2.0
[INFO] [stderr]   Downloaded pingora-lru v0.2.0
[INFO] [stderr]   Downloaded rustracing_jaeger v0.7.0
[INFO] [stderr]   Downloaded rustracing v0.5.1
[INFO] [stderr]   Downloaded module-utils-macros v0.2.0
[INFO] [stderr]   Downloaded module-utils v0.2.0
[INFO] running `Command { std: "docker" "create" "-v" "/var/lib/crater-agent-workspace/builds/worker-7-tc1/source:/opt/rustwide/workdir:ro,Z" "-v" "/var/lib/crater-agent-workspace/builds/worker-7-tc1/target:/opt/rustwide/target:rw,Z" "-v" "/var/lib/crater-agent-workspace/cargo-home:/opt/rustwide/cargo-home:ro,Z" "-v" "/var/lib/crater-agent-workspace/rustup-home:/opt/rustwide/rustup-home:ro,Z" "-m" "1610612736" "--network" "none" "ghcr.io/rust-lang/crates-build-env/linux@sha256:3111399a4047eeb3a02b7a90e478d715f38a8c6669b5c4b49d30a17385265909" "sleep" "infinity", kill_on_drop: false }`
[INFO] [stdout] 3fc35d90b1c99b4b8a9f9b8804589aaf3c409f34f6f21c975068509d6df63873
[INFO] running `Command { std: "docker" "start" "3fc35d90b1c99b4b8a9f9b8804589aaf3c409f34f6f21c975068509d6df63873", kill_on_drop: false }`
[INFO] running `Command { std: "docker" "inspect" "3fc35d90b1c99b4b8a9f9b8804589aaf3c409f34f6f21c975068509d6df63873", kill_on_drop: false }`
[INFO] running `Command { std: "docker" "exec" "-e" "SOURCE_DIR=/opt/rustwide/workdir" "-e" "CARGO_HOME=/opt/rustwide/cargo-home" "-e" "RUSTUP_HOME=/opt/rustwide/rustup-home" "-e" "CARGO_TARGET_DIR=/opt/rustwide/target" "-w" "/opt/rustwide/workdir" "--user" "0:0" "3fc35d90b1c99b4b8a9f9b8804589aaf3c409f34f6f21c975068509d6df63873" "/opt/rustwide/cargo-home/bin/cargo" "+1.99.0-beta.8" "metadata" "--no-deps" "--format-version=1", kill_on_drop: false }`
[INFO] running `Command { std: "docker" "inspect" "3fc35d90b1c99b4b8a9f9b8804589aaf3c409f34f6f21c975068509d6df63873", kill_on_drop: false }`
[INFO] running `Command { std: "docker" "exec" "-e" "SOURCE_DIR=/opt/rustwide/workdir" "-e" "CARGO_HOME=/opt/rustwide/cargo-home" "-e" "RUSTUP_HOME=/opt/rustwide/rustup-home" "-e" "CARGO_TARGET_DIR=/opt/rustwide/target" "-e" "CARGO_INCREMENTAL=0" "-e" "RUST_BACKTRACE=full" "-e" "RUSTFLAGS=--cap-lints=warn" "-e" "RUSTDOCFLAGS=--cap-lints=warn" "-w" "/opt/rustwide/workdir" "--user" "0:0" "3fc35d90b1c99b4b8a9f9b8804589aaf3c409f34f6f21c975068509d6df63873" "/opt/rustwide/cargo-home/bin/cargo" "+1.99.0-beta.8" "build" "--frozen" "--message-format=json", kill_on_drop: false }`
[INFO] [stderr]    Compiling syn v3.0.6
[INFO] [stderr]    Compiling shlex v2.0.1
[INFO] [stderr]    Compiling find-msvc-tools v0.1.14
[INFO] [stderr]    Compiling smallvec v1.16.2
[INFO] [stderr]    Compiling libc v0.2.190
[INFO] [stderr]    Compiling getrandom v0.2.17
[INFO] [stderr]    Compiling errno v0.3.14
[INFO] [stderr]    Compiling mio v1.2.4
[INFO] [stderr]    Compiling socket2 v0.6.5
[INFO] [stderr]    Compiling syn v1.0.109
[INFO] [stderr]    Compiling getrandom v0.4.3
[INFO] [stderr]    Compiling indexmap v2.14.2
[INFO] [stderr]    Compiling powerfmt v0.2.1
[INFO] [stderr]    Compiling http v0.2.12
[INFO] [stderr]    Compiling rustls v0.21.12
[INFO] [stderr]    Compiling proc-macro-error-attr v1.0.4
[INFO] [stderr]    Compiling signal-hook-registry v1.4.8
[INFO] [stderr]    Compiling rand_core v0.6.4
[INFO] [stderr]    Compiling uuid v1.27.0
[INFO] [stderr]    Compiling want v0.3.2
[INFO] [stderr]    Compiling time v0.3.55
[INFO] [stderr]    Compiling parking_lot_core v0.9.12
[INFO] [stderr]    Compiling encoding_rs v0.8.42
[INFO] [stderr]    Compiling socket2 v0.5.10
[INFO] [stderr]    Compiling proc-macro-error v1.0.4
[INFO] [stderr]    Compiling rand_chacha v0.3.1
[INFO] [stderr]    Compiling match_cfg v0.1.0
[INFO] [stderr]    Compiling parking_lot v0.12.5
[INFO] [stderr]    Compiling openssl v0.10.81
[INFO] [stderr]    Compiling hostname v0.3.1
[INFO] [stderr]    Compiling sentry-contexts v0.26.0
[INFO] [stderr]    Compiling memoffset v0.6.5
[INFO] [stderr]    Compiling base64 v0.21.7
[INFO] [stderr]    Compiling zstd-safe v7.3.0
[INFO] [stderr]    Compiling rand v0.8.8
[INFO] [stderr]    Compiling simdutf8 v0.1.5
[INFO] [stderr]    Compiling crc32fast v1.5.2
[INFO] [stderr]    Compiling core_detect v1.0.0
[INFO] [stderr]    Compiling zstd-safe v8.0.0
[INFO] [stderr]    Compiling multiversion_no_op v1.0.0
[INFO] [stderr]    Compiling http-body v0.4.6
[INFO] [stderr]    Compiling tokio-openssl v0.6.5
[INFO] [stderr]    Compiling rustls-pemfile v1.0.4
[INFO] [stderr]    Compiling textwrap v0.11.0
[INFO] [stderr]    Compiling heck v0.3.3
[INFO] [stderr]    Compiling cc v1.6.0
[INFO] [stderr]    Compiling atty v0.2.14
[INFO] [stderr]    Compiling uname v0.1.1
[INFO] [stderr]    Compiling prometheus v0.13.4
[INFO] [stderr]    Compiling hashbrown v0.12.3
[INFO] [stderr]    Compiling pingora-error v0.2.0
[INFO] [stderr]    Compiling sync_wrapper v0.1.2
[INFO] [stderr]    Compiling webpki-roots v0.25.4
[INFO] [stderr]    Compiling chacha20 v0.10.2
[INFO] [stderr]    Compiling clap v2.34.0
[INFO] [stderr]    Compiling pingora-http v0.2.0
[INFO] [stderr]    Compiling getrandom v0.3.4
[INFO] [stderr]    Compiling lru v0.18.5
[INFO] [stderr]    Compiling crossbeam-queue v0.3.14
[INFO] [stderr]    Compiling jobserver v0.1.35
[INFO] [stderr]    Compiling digest v0.10.7
[INFO] [stderr]    Compiling ahash v0.8.12
[INFO] [stderr]    Compiling rand v0.10.3
[INFO] [stderr]    Compiling nix v0.24.3
[INFO] [stderr]    Compiling chrono v0.4.45
[INFO] [stderr]    Compiling daemonize v0.5.0
[INFO] [stderr]    Compiling openssl-probe v0.1.6
[INFO] [stderr]    Compiling either v1.19.0
[INFO] [stderr]    Compiling unicase v2.10.0
[INFO] [stderr]    Compiling blake2 v0.10.6
[INFO] [stderr]    Compiling indexmap v1.9.3
[INFO] [stderr]    Compiling module-utils-macros v0.2.0
[INFO] [stderr]    Compiling rayon v1.12.0
[INFO] [stderr]    Compiling openssl-src v300.6.1+3.6.3
[INFO] [stderr]    Compiling pingora-lru v0.2.0
[INFO] [stderr]    Compiling cmake v0.1.58
[INFO] [stderr]    Compiling ring v0.17.14
[INFO] [stderr]    Compiling zstd-sys v2.1.0+zstd.1.5.7
[INFO] [stderr]    Compiling openssl-sys v0.9.117
[INFO] [stderr]    Compiling libz-ng-sys v1.1.29
[INFO] [stderr]    Compiling trackable_derive v1.0.0
[INFO] [stderr]    Compiling structopt-derive v0.4.18
[INFO] [stderr]    Compiling trackable v1.3.0
[INFO] [stderr]    Compiling trackable v0.2.24
[INFO] [stderr]    Compiling thrift_codec v0.1.1
[INFO] [stderr]    Compiling rustracing v0.5.1
[INFO] [stderr]    Compiling rustracing_jaeger v0.7.0
[INFO] [stderr]    Compiling fid-rs v0.2.0
[INFO] [stderr]    Compiling synstructure v0.14.0
[INFO] [stderr]    Compiling structopt v0.3.26
[INFO] [stderr]    Compiling louds-rs v0.7.0
[INFO] [stderr]    Compiling trie-rs v0.4.2
[INFO] [stderr]    Compiling zerofrom-derive v0.1.8
[INFO] [stderr]    Compiling yoke-derive v0.8.4
[INFO] [stderr]    Compiling zerovec-derive v0.11.6
[INFO] [stderr]    Compiling displaydoc v0.2.7
[INFO] [stderr]    Compiling tokio-macros v2.7.2
[INFO] [stderr]    Compiling serde_derive v1.0.229
[INFO] [stderr]    Compiling futures-macro v0.3.34
[INFO] [stderr]    Compiling sct v0.7.1
[INFO] [stderr]    Compiling rustls-webpki v0.101.7
[INFO] [stderr]    Compiling ref-cast-impl v1.0.27
[INFO] [stderr]    Compiling async-trait v0.1.92
[INFO] [stderr]    Compiling tokio v1.53.2
[INFO] [stderr]    Compiling ref-cast v1.0.27
[INFO] [stderr]    Compiling sfv v0.16.0
[INFO] [stderr]    Compiling futures-util v0.3.34
[INFO] [stderr]    Compiling zerofrom v0.1.8
[INFO] [stderr]    Compiling yoke v0.8.3
[INFO] [stderr]    Compiling zerovec v0.11.8
[INFO] [stderr]    Compiling zerotrie v0.2.5
[INFO] [stderr]    Compiling tinystr v0.8.4
[INFO] [stderr]    Compiling potential_utf v0.1.6
[INFO] [stderr]    Compiling zstd v0.13.3
[INFO] [stderr]    Compiling zstd v0.14.0
[INFO] [stderr]    Compiling icu_collections v2.3.0
[INFO] [stderr]    Compiling icu_locale_core v2.3.0
[INFO] [stderr]    Compiling serde v1.0.229
[INFO] [stderr]    Compiling pingora-header-serde v0.2.0
[INFO] [stderr]    Compiling debugid v0.8.0
[INFO] [stderr]    Compiling serde_urlencoded v0.7.1
[INFO] [stderr]    Compiling serde_yaml v0.8.26
[INFO] [stderr]    Compiling rmp-serde v1.3.1
[INFO] [stderr]    Compiling icu_provider v2.3.1
[INFO] [stderr]    Compiling icu_properties v2.3.0
[INFO] [stderr]    Compiling icu_normalizer v2.3.0
[INFO] [stderr]    Compiling futures-executor v0.3.34
[INFO] [stderr]    Compiling futures v0.3.34
[INFO] [stderr]    Compiling tokio-util v0.7.19
[INFO] [stderr]    Compiling tokio-rustls v0.24.1
[INFO] [stderr]    Compiling pingora-timeout v0.2.0
[INFO] [stderr]    Compiling tokio-stream v0.1.19
[INFO] [stderr]    Compiling pingora-runtime v0.2.0
[INFO] [stderr]    Compiling idna_adapter v1.2.2
[INFO] [stderr]    Compiling idna v1.1.0
[INFO] [stderr]    Compiling pingora-pool v0.2.0
[INFO] [stderr]    Compiling tokio-test v0.4.6
[INFO] [stderr]    Compiling h2 v0.3.27
[INFO] [stderr]    Compiling h2 v0.4.20
[INFO] [stderr]    Compiling url v2.5.8
[INFO] [stderr]    Compiling sentry-types v0.26.0
[INFO] [stderr]    Compiling hyper v0.14.32
[INFO] [stderr]    Compiling sentry-core v0.26.0
[INFO] [stderr]    Compiling sentry-backtrace v0.26.0
[INFO] [stderr]    Compiling flate2 v1.1.10
[INFO] [stderr]    Compiling sentry-panic v0.26.0
[INFO] [stderr]    Compiling hyper-rustls v0.24.2
[INFO] [stderr]    Compiling reqwest v0.11.27
[INFO] [stderr]    Compiling sentry v0.26.0
[INFO] [stderr]    Compiling pingora-openssl v0.2.0
[INFO] [stderr]    Compiling pingora-core v0.2.0
[INFO] [stdout] error[E0308]: mismatched types
[INFO] [stdout]    --> /opt/rustwide/cargo-home/registry/src/index.crates.io-1949cf8c6b5b557f/pingora-core-0.2.0/src/protocols/http/compression/mod.rs:335:39
[INFO] [stdout]     |
[INFO] [stdout] 335 |         match sfv::Parser::parse_list(ac.as_bytes()) {
[INFO] [stdout]     |               ----------------------- ^^^^^^^^^^^^^ expected `Parser<'_>`, found `&[u8]`
[INFO] [stdout]     |               |
[INFO] [stdout]     |               arguments to this function are incorrect
[INFO] [stdout]     |
[INFO] [stdout] note: method defined here
[INFO] [stdout]    --> /opt/rustwide/cargo-home/registry/src/index.crates.io-1949cf8c6b5b557f/sfv-0.16.0/src/parser.rs:162:12
[INFO] [stdout]     |
[INFO] [stdout] 162 |     pub fn parse_list<T>(self) -> SFVResult<T>
[INFO] [stdout]     |            ^^^^^^^^^^
[INFO] [stdout] 
[INFO] [stdout] 
[INFO] [stdout] error[E0277]: the trait bound `Algorithm: From<&TokenRef>` is not satisfied
[INFO] [stdout]    --> /opt/rustwide/cargo-home/registry/src/index.crates.io-1949cf8c6b5b557f/pingora-core-0.2.0/src/protocols/http/compression/mod.rs:341:45
[INFO] [stdout]     |
[INFO] [stdout] 341 | ...                   let algorithm = Algorithm::from(s);
[INFO] [stdout]     |                                       ^^^^^^^^^ unsatisfied trait bound
[INFO] [stdout]     |
[INFO] [stdout] help: the trait `From<&TokenRef>` is not implemented for `Algorithm`
[INFO] [stdout]       but trait `From<&str>` is implemented for it
[INFO] [stdout]    --> /opt/rustwide/cargo-home/registry/src/index.crates.io-1949cf8c6b5b557f/pingora-core-0.2.0/src/protocols/http/compression/mod.rs:299:1
[INFO] [stdout]     |
[INFO] [stdout] 299 | impl From<&str> for Algorithm {
[INFO] [stdout]     | ^^^^^^^^^^^^^^^^^^^^^^^^^^^^^
[INFO] [stdout]     = help: for that trait implementation, expected `str`, found `TokenRef`
[INFO] [stdout] 
[INFO] [stdout] 
[INFO] [stdout] error[E0277]: the trait bound `Algorithm: From<&TokenRef>` is not satisfied
[INFO] [stdout]    --> /opt/rustwide/cargo-home/registry/src/index.crates.io-1949cf8c6b5b557f/pingora-core-0.2.0/src/protocols/http/compression/mod.rs:344:43
[INFO] [stdout]     |
[INFO] [stdout] 344 | ...                   list.push(Algorithm::from(s));
[INFO] [stdout]     |                                 ^^^^^^^^^ unsatisfied trait bound
[INFO] [stdout]     |
[INFO] [stdout] help: the trait `From<&TokenRef>` is not implemented for `Algorithm`
[INFO] [stdout]       but trait `From<&str>` is implemented for it
[INFO] [stdout]    --> /opt/rustwide/cargo-home/registry/src/index.crates.io-1949cf8c6b5b557f/pingora-core-0.2.0/src/protocols/http/compression/mod.rs:299:1
[INFO] [stdout]     |
[INFO] [stdout] 299 | impl From<&str> for Algorithm {
[INFO] [stdout]     | ^^^^^^^^^^^^^^^^^^^^^^^^^^^^^
[INFO] [stdout]     = help: for that trait implementation, expected `str`, found `TokenRef`
[INFO] [stdout] 
[INFO] [stdout] 
[INFO] [stdout] Some errors have detailed explanations: E0277, E0308.
[INFO] [stdout] 
[INFO] [stdout] For more information about an error, try `rustc --explain E0277`.
[INFO] [stdout] 
[INFO] [stderr] error: could not compile `pingora-core` (lib) due to 3 previous errors
[INFO] running `Command { std: "docker" "inspect" "3fc35d90b1c99b4b8a9f9b8804589aaf3c409f34f6f21c975068509d6df63873", kill_on_drop: false }`
[INFO] running `Command { std: "docker" "rm" "-f" "3fc35d90b1c99b4b8a9f9b8804589aaf3c409f34f6f21c975068509d6df63873", kill_on_drop: false }`
[INFO] [stdout] 3fc35d90b1c99b4b8a9f9b8804589aaf3c409f34f6f21c975068509d6df63873
