[INFO] fetching crate vil_server_macros 0.4.0...
[INFO] testing vil_server_macros-0.4.0 against 1.99.0-beta.8 for beta-1.100-2
[INFO] extracting crate vil_server_macros 0.4.0 into /workspace/builds/worker-7-tc1/source
[INFO] started tweaking crates.io crate vil_server_macros 0.4.0
[INFO] removed 0 missing tests
[INFO] finished tweaking crates.io crate vil_server_macros 0.4.0
[INFO] tweaked toml for crates.io crate vil_server_macros 0.4.0 written to /workspace/builds/worker-7-tc1/source/Cargo.toml
[INFO] validating manifest of crates.io crate vil_server_macros 0.4.0 on toolchain 1.99.0-beta.8
[INFO] running `Command { std: CARGO_HOME="/workspace/cargo-home" RUSTUP_HOME="/workspace/rustup-home" "/workspace/cargo-home/bin/cargo" "+1.99.0-beta.8" "metadata" "--manifest-path" "Cargo.toml" "--no-deps", kill_on_drop: false }`
[INFO] crate crates.io crate vil_server_macros 0.4.0 already has a lockfile, it will not be regenerated
[INFO] running `Command { std: CARGO_HOME="/workspace/cargo-home" RUSTUP_HOME="/workspace/rustup-home" "/workspace/cargo-home/bin/cargo" "+1.99.0-beta.8" "fetch" "--manifest-path" "Cargo.toml", kill_on_drop: false }`
[INFO] [stderr]     Updating crates.io index
[INFO] [stderr]  Downloading crates ...
[INFO] [stderr]   Downloaded vil_log v0.4.0
[INFO] [stderr]   Downloaded vil_connector_macros v0.4.0
[INFO] [stderr]   Downloaded vil_types v0.4.0
[INFO] [stderr]   Downloaded vil_sidecar v0.4.0
[INFO] [stderr]   Downloaded wasm-bindgen-macro v0.2.117
[INFO] [stderr]   Downloaded vil_registry v0.4.0
[INFO] [stderr]   Downloaded vil_queue v0.4.0
[INFO] [stderr]   Downloaded vil_net v0.4.0
[INFO] [stderr]   Downloaded http-range-header v0.4.2
[INFO] [stderr]   Downloaded wasm-bindgen-futures v0.4.67
[INFO] [stderr]   Downloaded ref-cast v1.0.25
[INFO] [stderr]   Downloaded axum-core v0.4.5
[INFO] [stderr]   Downloaded ref-cast-impl v1.0.25
[INFO] [stderr]   Downloaded wasm-bindgen-shared v0.2.117
[INFO] [stderr]   Downloaded sonic-simd v0.1.4
[INFO] [stderr]   Downloaded vil_ir v0.4.0
[INFO] [stderr]   Downloaded compression-core v0.4.31
[INFO] [stderr]   Downloaded zerofrom v0.1.7
[INFO] [stderr]   Downloaded dashmap v5.5.3
[INFO] [stderr]   Downloaded vil_shm v0.4.0
[INFO] [stderr]   Downloaded vil_json v0.4.0
[INFO] [stderr]   Downloaded vil_obs v0.4.0
[INFO] [stderr]   Downloaded rkyv_derive v0.8.15
[INFO] [stderr]   Downloaded vil_rt v0.4.0
[INFO] [stderr]   Downloaded tokio-tungstenite v0.24.0
[INFO] [stderr]   Downloaded vil_capsule v0.4.0
[INFO] [stderr]   Downloaded compression-codecs v0.4.37
[INFO] [stderr]   Downloaded simd-adler32 v0.3.9
[INFO] [stderr]   Downloaded rustls-pki-types v1.14.0
[INFO] [stderr]   Downloaded axum-macros v0.4.2
[INFO] [stderr]   Downloaded native-tls v0.2.18
[INFO] [stderr]   Downloaded wasm-bindgen v0.2.117
[INFO] [stderr]   Downloaded vil_observer v0.4.0
[INFO] [stderr]   Downloaded sonic-number v0.1.2
[INFO] [stderr]   Downloaded wasm-streams v0.4.2
[INFO] [stderr]   Downloaded wasm-bindgen-macro-support v0.2.117
[INFO] [stderr]   Downloaded unsafe-libyaml v0.2.11
[INFO] [stderr]   Downloaded matchit v0.7.3
[INFO] [stderr]   Downloaded serde_yaml v0.9.34+deprecated
[INFO] [stderr]   Downloaded tungstenite v0.24.0
[INFO] [stderr]   Downloaded uuid v1.23.0
[INFO] [stderr]   Downloaded async-compression v0.4.41
[INFO] [stderr]   Downloaded flate2 v1.1.9
[INFO] [stderr]   Downloaded openssl-sys v0.9.112
[INFO] [stderr]   Downloaded vil_server_core v0.4.0
[INFO] [stderr]   Downloaded zerocopy v0.8.48
[INFO] [stderr]   Downloaded zerocopy-derive v0.8.48
[INFO] [stderr]   Downloaded cc v1.2.58
[INFO] [stderr]   Downloaded rustls-webpki v0.103.10
[INFO] [stderr]   Downloaded js-sys v0.3.94
[INFO] [stderr]   Downloaded tower v0.4.13
[INFO] [stderr]   Downloaded indexmap v2.13.1
[INFO] [stderr]   Downloaded tower-http v0.5.2
[INFO] [stderr]   Downloaded iri-string v0.7.12
[INFO] [stderr]   Downloaded axum v0.7.9
[INFO] [stderr]   Downloaded hyper v1.9.0
[INFO] [stderr]   Downloaded sonic-rs v0.3.17
[INFO] [stderr]   Downloaded rkyv v0.8.15
[INFO] [stderr]   Downloaded h2 v0.4.13
[INFO] [stderr]   Downloaded openssl v0.10.76
[INFO] [stderr]   Downloaded hdrhistogram v7.5.4
[INFO] [stderr]   Downloaded rustls v0.23.37
[INFO] [stderr]   Downloaded faststr v0.2.34
[INFO] [stderr]   Downloaded web-sys v0.3.94
[INFO] [stderr]   Downloaded libc v0.2.184
[INFO] [stderr]   Downloaded tokio v1.51.0
[INFO] running `Command { std: "docker" "create" "-v" "/var/lib/crater-agent-workspace/builds/worker-7-tc1/source:/opt/rustwide/workdir:ro,Z" "-v" "/var/lib/crater-agent-workspace/builds/worker-7-tc1/target:/opt/rustwide/target:rw,Z" "-v" "/var/lib/crater-agent-workspace/cargo-home:/opt/rustwide/cargo-home:ro,Z" "-v" "/var/lib/crater-agent-workspace/rustup-home:/opt/rustwide/rustup-home:ro,Z" "-m" "1610612736" "--network" "none" "ghcr.io/rust-lang/crates-build-env/linux@sha256:3111399a4047eeb3a02b7a90e478d715f38a8c6669b5c4b49d30a17385265909" "sleep" "infinity", kill_on_drop: false }`
[INFO] [stdout] 72bba569dd7d363cddceb9f049be5855fe5c6acb4993aa4792454a83451f8bcf
[INFO] running `Command { std: "docker" "start" "72bba569dd7d363cddceb9f049be5855fe5c6acb4993aa4792454a83451f8bcf", kill_on_drop: false }`
[INFO] running `Command { std: "docker" "inspect" "72bba569dd7d363cddceb9f049be5855fe5c6acb4993aa4792454a83451f8bcf", kill_on_drop: false }`
[INFO] running `Command { std: "docker" "exec" "-e" "SOURCE_DIR=/opt/rustwide/workdir" "-e" "CARGO_HOME=/opt/rustwide/cargo-home" "-e" "RUSTUP_HOME=/opt/rustwide/rustup-home" "-e" "CARGO_TARGET_DIR=/opt/rustwide/target" "-w" "/opt/rustwide/workdir" "--user" "0:0" "72bba569dd7d363cddceb9f049be5855fe5c6acb4993aa4792454a83451f8bcf" "/opt/rustwide/cargo-home/bin/cargo" "+1.99.0-beta.8" "metadata" "--no-deps" "--format-version=1", kill_on_drop: false }`
[INFO] running `Command { std: "docker" "inspect" "72bba569dd7d363cddceb9f049be5855fe5c6acb4993aa4792454a83451f8bcf", kill_on_drop: false }`
[INFO] running `Command { std: "docker" "exec" "-e" "SOURCE_DIR=/opt/rustwide/workdir" "-e" "CARGO_HOME=/opt/rustwide/cargo-home" "-e" "RUSTUP_HOME=/opt/rustwide/rustup-home" "-e" "CARGO_TARGET_DIR=/opt/rustwide/target" "-e" "CARGO_INCREMENTAL=0" "-e" "RUST_BACKTRACE=full" "-e" "RUSTFLAGS=--cap-lints=warn" "-e" "RUSTDOCFLAGS=--cap-lints=warn" "-w" "/opt/rustwide/workdir" "--user" "0:0" "72bba569dd7d363cddceb9f049be5855fe5c6acb4993aa4792454a83451f8bcf" "/opt/rustwide/cargo-home/bin/cargo" "+1.99.0-beta.8" "build" "--frozen" "--message-format=json", kill_on_drop: false }`
[INFO] [stderr]    Compiling proc-macro2 v1.0.106
[INFO] [stderr]    Compiling unicode-ident v1.0.24
[INFO] [stderr]    Compiling quote v1.0.45
[INFO] [stderr]    Compiling syn v2.0.117
[INFO] [stderr]    Compiling vil_server_macros v0.4.0 (/opt/rustwide/workdir)
[INFO] [stderr]     Finished `dev` profile [unoptimized + debuginfo] target(s) in 5.17s
[INFO] running `Command { std: "docker" "inspect" "72bba569dd7d363cddceb9f049be5855fe5c6acb4993aa4792454a83451f8bcf", kill_on_drop: false }`
[INFO] running `Command { std: "docker" "exec" "-e" "SOURCE_DIR=/opt/rustwide/workdir" "-e" "CARGO_HOME=/opt/rustwide/cargo-home" "-e" "RUSTUP_HOME=/opt/rustwide/rustup-home" "-e" "CARGO_TARGET_DIR=/opt/rustwide/target" "-e" "CARGO_INCREMENTAL=0" "-e" "RUST_BACKTRACE=full" "-e" "RUSTFLAGS=--cap-lints=warn" "-e" "RUSTDOCFLAGS=--cap-lints=warn" "-w" "/opt/rustwide/workdir" "--user" "0:0" "72bba569dd7d363cddceb9f049be5855fe5c6acb4993aa4792454a83451f8bcf" "/opt/rustwide/cargo-home/bin/cargo" "+1.99.0-beta.8" "test" "--frozen" "--no-run" "--message-format=json", kill_on_drop: false }`
[INFO] [stderr]    Compiling proc-macro2 v1.0.106
[INFO] [stderr]    Compiling libc v0.2.184
[INFO] [stderr]    Compiling bytes v1.11.1
[INFO] [stderr]    Compiling smallvec v1.15.1
[INFO] [stderr]    Compiling serde_core v1.0.228
[INFO] [stderr]    Compiling itoa v1.0.18
[INFO] [stderr]    Compiling quote v1.0.45
[INFO] [stderr]    Compiling serde v1.0.228
[INFO] [stderr]    Compiling memchr v2.8.0
[INFO] [stderr]    Compiling log v0.4.29
[INFO] [stderr]    Compiling typenum v1.19.0
[INFO] [stderr]    Compiling futures-core v0.3.32
[INFO] [stderr]    Compiling tracing-core v0.1.36
[INFO] [stderr]    Compiling futures-sink v0.3.32
[INFO] [stderr]    Compiling futures-channel v0.3.32
[INFO] [stderr]    Compiling http v1.4.0
[INFO] [stderr]    Compiling syn v2.0.117
[INFO] [stderr]    Compiling futures-io v0.3.32
[INFO] [stderr]    Compiling futures-task v0.3.32
[INFO] [stderr]    Compiling bitflags v2.11.0
[INFO] [stderr]    Compiling zerocopy v0.8.48
[INFO] [stderr]    Compiling serde_json v1.0.149
[INFO] [stderr]    Compiling hashbrown v0.16.1
[INFO] [stderr]    Compiling num-traits v0.2.19
[INFO] [stderr]    Compiling cc v1.2.58
[INFO] [stderr]    Compiling generic-array v0.14.7
[INFO] [stderr]    Compiling http-body v1.0.1
[INFO] [stderr]    Compiling parking_lot_core v0.9.12
[INFO] [stderr]    Compiling errno v0.3.14
[INFO] [stderr]    Compiling signal-hook-registry v1.4.8
[INFO] [stderr]    Compiling parking_lot v0.12.5
[INFO] [stderr]    Compiling socket2 v0.6.3
[INFO] [stderr]    Compiling mio v1.2.0
[INFO] [stderr]    Compiling getrandom v0.2.17
[INFO] [stderr]    Compiling indexmap v2.13.1
[INFO] [stderr]    Compiling rand_core v0.6.4
[INFO] [stderr]    Compiling vcpkg v0.2.15
[INFO] [stderr]    Compiling crypto-common v0.1.7
[INFO] [stderr]    Compiling litemap v0.8.2
[INFO] [stderr]    Compiling writeable v0.6.3
[INFO] [stderr]    Compiling icu_normalizer_data v2.2.0
[INFO] [stderr]    Compiling icu_properties_data v2.2.0
[INFO] [stderr]    Compiling httpdate v1.0.3
[INFO] [stderr]    Compiling regex-syntax v0.8.10
[INFO] [stderr]    Compiling dashmap v5.5.3
[INFO] [stderr]    Compiling block-buffer v0.10.4
[INFO] [stderr]    Compiling http-body-util v0.1.3
[INFO] [stderr]    Compiling sync_wrapper v1.0.2
[INFO] [stderr]    Compiling byteorder v1.5.0
[INFO] [stderr]    Compiling thiserror v1.0.69
[INFO] [stderr]    Compiling openssl v0.10.76
[INFO] [stderr]    Compiling openssl-sys v0.9.112
[INFO] [stderr]    Compiling foreign-types-shared v0.1.1
[INFO] [stderr]    Compiling lazy_static v1.5.0
[INFO] [stderr]    Compiling foreign-types v0.3.2
[INFO] [stderr]    Compiling sharded-slab v0.1.7
[INFO] [stderr]    Compiling digest v0.10.7
[INFO] [stderr]    Compiling rmp v0.8.15
[INFO] [stderr]    Compiling nix v0.27.1
[INFO] [stderr]    Compiling memmap2 v0.9.10
[INFO] [stderr]    Compiling regex-automata v0.4.14
[INFO] [stderr]    Compiling tracing-log v0.2.0
[INFO] [stderr]    Compiling thread_local v1.1.9
[INFO] [stderr]    Compiling native-tls v0.2.18
[INFO] [stderr]    Compiling nu-ansi-term v0.50.3
[INFO] [stderr]    Compiling crossbeam-utils v0.8.21
[INFO] [stderr]    Compiling rustversion v1.0.22
[INFO] [stderr]    Compiling iana-time-zone v0.1.65
[INFO] [stderr]    Compiling simd-adler32 v0.3.9
[INFO] [stderr]    Compiling miniz_oxide v0.8.9
[INFO] [stderr]    Compiling sha1 v0.10.6
[INFO] [stderr]    Compiling inout v0.1.4
[INFO] [stderr]    Compiling thiserror v2.0.18
[INFO] [stderr]    Compiling rustc-hash v2.1.2
[INFO] [stderr]    Compiling ref-cast v1.0.25
[INFO] [stderr]    Compiling unsafe-libyaml v0.2.11
[INFO] [stderr]    Compiling data-encoding v2.10.0
[INFO] [stderr]    Compiling utf-8 v0.7.6
[INFO] [stderr]    Compiling flate2 v1.1.9
[INFO] [stderr]    Compiling cipher v0.4.4
[INFO] [stderr]    Compiling universal-hash v0.5.1
[INFO] [stderr]    Compiling indexmap v1.9.3
[INFO] [stderr]    Compiling opaque-debug v0.3.1
[INFO] [stderr]    Compiling getrandom v0.4.2
[INFO] [stderr]    Compiling simdutf8 v0.1.5
[INFO] [stderr]    Compiling compression-core v0.4.31
[INFO] [stderr]    Compiling synstructure v0.13.2
[INFO] [stderr]    Compiling compression-codecs v0.4.37
[INFO] [stderr]    Compiling crossbeam-queue v0.3.12
[INFO] [stderr]    Compiling polyval v0.6.2
[INFO] [stderr]    Compiling serde_path_to_error v0.1.20
[INFO] [stderr]    Compiling socket2 v0.5.10
[INFO] [stderr]    Compiling sonic-simd v0.1.4
[INFO] [stderr]    Compiling sonic-number v0.1.2
[INFO] [stderr]    Compiling vil_observer v0.4.0
[INFO] [stderr]    Compiling bumpalo v3.20.2
[INFO] [stderr]    Compiling zeroize v1.8.2
[INFO] [stderr]    Compiling iri-string v0.7.12
[INFO] [stderr]    Compiling matchit v0.7.3
[INFO] [stderr]    Compiling hashbrown v0.12.3
[INFO] [stderr]    Compiling rustls-pki-types v1.14.0
[INFO] [stderr]    Compiling ghash v0.5.1
[INFO] [stderr]    Compiling aes v0.8.4
[INFO] [stderr]    Compiling ctr v0.9.2
[INFO] [stderr]    Compiling hdrhistogram v7.5.4
[INFO] [stderr]    Compiling matchers v0.2.0
[INFO] [stderr]    Compiling aead v0.5.2
[INFO] [stderr]    Compiling http-range-header v0.4.2
[INFO] [stderr]    Compiling uuid v1.23.0
[INFO] [stderr]    Compiling aes-gcm v0.10.3
[INFO] [stderr]    Compiling serde_derive v1.0.228
[INFO] [stderr]    Compiling tokio-macros v2.7.0
[INFO] [stderr]    Compiling tracing-attributes v0.1.31
[INFO] [stderr]    Compiling zerofrom-derive v0.1.7
[INFO] [stderr]    Compiling futures-macro v0.3.32
[INFO] [stderr]    Compiling tokio v1.51.0
[INFO] [stderr]    Compiling yoke-derive v0.8.2
[INFO] [stderr]    Compiling futures-util v0.3.32
[INFO] [stderr]    Compiling zerofrom v0.1.7
[INFO] [stderr]    Compiling tracing v0.1.44
[INFO] [stderr]    Compiling zerovec-derive v0.11.3
[INFO] [stderr]    Compiling zerocopy-derive v0.8.48
[INFO] [stderr]    Compiling displaydoc v0.2.5
[INFO] [stderr]    Compiling yoke v0.8.2
[INFO] [stderr]    Compiling async-trait v0.1.89
[INFO] [stderr]    Compiling zerotrie v0.2.4
[INFO] [stderr]    Compiling openssl-macros v0.1.1
[INFO] [stderr]    Compiling zerovec v0.11.6
[INFO] [stderr]    Compiling thiserror-impl v1.0.69
[INFO] [stderr]    Compiling tinystr v0.8.3
[INFO] [stderr]    Compiling icu_locale_core v2.2.0
[INFO] [stderr]    Compiling potential_utf v0.1.5
[INFO] [stderr]    Compiling icu_collections v2.2.0
[INFO] [stderr]    Compiling vil_types v0.4.0
[INFO] [stderr]    Compiling tracing-serde v0.2.0
[INFO] [stderr]    Compiling tracing-subscriber v0.3.23
[INFO] [stderr]    Compiling icu_provider v2.2.0
[INFO] [stderr]    Compiling chrono v0.4.44
[INFO] [stderr]    Compiling icu_properties v2.2.0
[INFO] [stderr]    Compiling icu_normalizer v2.2.0
[INFO] [stderr]    Compiling rmp-serde v1.3.1
[INFO] [stderr]    Compiling tokio-util v0.7.18
[INFO] [stderr]    Compiling tower v0.5.3
[INFO] [stderr]    Compiling idna_adapter v1.2.1
[INFO] [stderr]    Compiling vil_shm v0.4.0
[INFO] [stderr]    Compiling h2 v0.4.13
[INFO] [stderr]    Compiling serde_urlencoded v0.7.1
[INFO] [stderr]    Compiling serde_yaml v0.9.34+deprecated
[INFO] [stderr]    Compiling thiserror-impl v2.0.18
[INFO] [stderr]    Compiling ref-cast-impl v1.0.25
[INFO] [stderr]    Compiling idna v1.1.0
[INFO] [stderr]    Compiling tokio-native-tls v0.3.1
[INFO] [stderr]    Compiling vil_obs v0.4.0
[INFO] [stderr]    Compiling axum-core v0.4.5
[INFO] [stderr]    Compiling ppv-lite86 v0.2.21
[INFO] [stderr]    Compiling vil_log v0.4.0
[INFO] [stderr]    Compiling faststr v0.2.34
[INFO] [stderr]    Compiling pin-project-internal v1.1.11
[INFO] [stderr]    Compiling rand_chacha v0.3.1
[INFO] [stderr]    Compiling axum-macros v0.4.2
[INFO] [stderr]    Compiling rand v0.8.5
[INFO] [stderr]    Compiling sonic-rs v0.3.17
[INFO] [stderr]    Compiling vil_ir v0.4.0
[INFO] [stderr]    Compiling pin-project v1.1.11
[INFO] [stderr]    Compiling vil_registry v0.4.0
[INFO] [stderr]    Compiling tungstenite v0.24.0
[INFO] [stderr]    Compiling url v2.5.8
[INFO] [stderr]    Compiling vil_net v0.4.0
[INFO] [stderr]    Compiling tower-http v0.6.8
[INFO] [stderr]    Compiling tokio-tungstenite v0.24.0
[INFO] [stderr]    Compiling async-compression v0.4.41
[INFO] [stderr]    Compiling hyper v1.9.0
[INFO] [stderr]    Compiling vil_queue v0.4.0
[INFO] [stderr]    Compiling futures-executor v0.3.32
[INFO] [stderr]    Compiling vil_connector_macros v0.4.0
[INFO] [stderr]    Compiling vil_rt v0.4.0
[INFO] [stderr]    Compiling futures v0.3.32
[INFO] [stderr]    Compiling tower-http v0.5.2
[INFO] [stderr]    Compiling vil_json v0.4.0
[INFO] [stderr]    Compiling vil_capsule v0.4.0
[INFO] [stderr]    Compiling tower v0.4.13
[INFO] [stderr]    Compiling vil_sidecar v0.4.0
[INFO] [stderr]    Compiling vil_server_macros v0.4.0 (/opt/rustwide/workdir)
[INFO] [stderr]    Compiling hyper-util v0.1.20
[INFO] [stderr]    Compiling hyper-tls v0.6.0
[INFO] [stderr]    Compiling axum v0.7.9
[INFO] [stderr]    Compiling reqwest v0.12.28
[INFO] [stderr]    Compiling vil_server_core v0.4.0
[INFO] [stdout] error[E0433]: cannot find `vil_server` in the list of imported crates
[INFO] [stdout]    --> tests/macro_tests.rs:123:5
[INFO] [stdout]     |
[INFO] [stdout] 123 |     #[vil_handler]
[INFO] [stdout]     |     ^^^^^^^^^^^^^^ could not find `vil_server` in the list of imported crates
[INFO] [stdout]     |
[INFO] [stdout]     = note: this error originates in the attribute macro `vil_handler` (in Nightly builds, run with -Z macro-backtrace for more info)
[INFO] [stdout] 
[INFO] [stdout] 
[INFO] [stdout] error[E0433]: cannot find `vil_server` in the list of imported crates
[INFO] [stdout]    --> tests/macro_tests.rs:130:5
[INFO] [stdout]     |
[INFO] [stdout] 130 |     #[vil_handler]
[INFO] [stdout]     |     ^^^^^^^^^^^^^^ could not find `vil_server` in the list of imported crates
[INFO] [stdout]     |
[INFO] [stdout]     = note: this error originates in the attribute macro `vil_handler` (in Nightly builds, run with -Z macro-backtrace for more info)
[INFO] [stdout] 
[INFO] [stdout] 
[INFO] [stdout] error[E0433]: cannot find `vil_server` in the list of imported crates
[INFO] [stdout]    --> tests/macro_tests.rs:136:5
[INFO] [stdout]     |
[INFO] [stdout] 136 |     #[vil_handler]
[INFO] [stdout]     |     ^^^^^^^^^^^^^^ could not find `vil_server` in the list of imported crates
[INFO] [stdout]     |
[INFO] [stdout]     = note: this error originates in the attribute macro `vil_handler` (in Nightly builds, run with -Z macro-backtrace for more info)
[INFO] [stdout] 
[INFO] [stdout] 
[INFO] [stdout] error[E0433]: cannot find `vil_server` in the list of imported crates
[INFO] [stdout]    --> tests/macro_tests.rs:307:5
[INFO] [stdout]     |
[INFO] [stdout] 307 |     #[vil_endpoint]
[INFO] [stdout]     |     ^^^^^^^^^^^^^^^ could not find `vil_server` in the list of imported crates
[INFO] [stdout]     |
[INFO] [stdout]     = note: this error originates in the attribute macro `vil_endpoint` (in Nightly builds, run with -Z macro-backtrace for more info)
[INFO] [stdout] 
[INFO] [stdout] 
[INFO] [stdout] error[E0433]: cannot find `vil_server` in the list of imported crates
[INFO] [stdout]    --> tests/macro_tests.rs:313:5
[INFO] [stdout]     |
[INFO] [stdout] 313 |     #[vil_endpoint]
[INFO] [stdout]     |     ^^^^^^^^^^^^^^^ could not find `vil_server` in the list of imported crates
[INFO] [stdout]     |
[INFO] [stdout]     = note: this error originates in the attribute macro `vil_endpoint` (in Nightly builds, run with -Z macro-backtrace for more info)
[INFO] [stdout] 
[INFO] [stdout] 
[INFO] [stdout] error[E0433]: cannot find `vil_server` in the list of imported crates
[INFO] [stdout]    --> tests/macro_tests.rs:319:5
[INFO] [stdout]     |
[INFO] [stdout] 319 |     #[vil_endpoint(exec = AsyncTask)]
[INFO] [stdout]     |     ^^^^^^^^^^^^^^^^^^^^^^^^^^^^^^^^^ could not find `vil_server` in the list of imported crates
[INFO] [stdout]     |
[INFO] [stdout]     = note: this error originates in the attribute macro `vil_endpoint` (in Nightly builds, run with -Z macro-backtrace for more info)
[INFO] [stdout] 
[INFO] [stdout] 
[INFO] [stdout] error[E0433]: cannot find `vil_server` in the list of imported crates
[INFO] [stdout]    --> tests/macro_tests.rs:408:5
[INFO] [stdout]     |
[INFO] [stdout] 408 |     #[vil_endpoint]
[INFO] [stdout]     |     ^^^^^^^^^^^^^^^ could not find `vil_server` in the list of imported crates
[INFO] [stdout]     |
[INFO] [stdout]     = note: this error originates in the attribute macro `vil_endpoint` (in Nightly builds, run with -Z macro-backtrace for more info)
[INFO] [stdout] 
[INFO] [stdout] 
[INFO] [stdout] error[E0433]: cannot find `vil_server` in the list of imported crates
[INFO] [stdout]    --> tests/macro_tests.rs:429:5
[INFO] [stdout]     |
[INFO] [stdout] 429 |     #[vil_endpoint]
[INFO] [stdout]     |     ^^^^^^^^^^^^^^^ could not find `vil_server` in the list of imported crates
[INFO] [stdout]     |
[INFO] [stdout]     = note: this error originates in the attribute macro `vil_endpoint` (in Nightly builds, run with -Z macro-backtrace for more info)
[INFO] [stdout] 
[INFO] [stdout] 
[INFO] [stdout] error[E0433]: cannot find `vil_server` in the list of imported crates
[INFO] [stdout]    --> tests/macro_tests.rs:452:5
[INFO] [stdout]     |
[INFO] [stdout] 452 |     #[vil_endpoint]
[INFO] [stdout]     |     ^^^^^^^^^^^^^^^ could not find `vil_server` in the list of imported crates
[INFO] [stdout]     |
[INFO] [stdout]     = note: this error originates in the attribute macro `vil_endpoint` (in Nightly builds, run with -Z macro-backtrace for more info)
[INFO] [stdout] 
[INFO] [stdout] 
[INFO] [stdout] error[E0433]: cannot find `vil_server` in the list of imported crates
[INFO] [stdout]    --> tests/macro_tests.rs:471:5
[INFO] [stdout]     |
[INFO] [stdout] 471 |     #[vil_endpoint]
[INFO] [stdout]     |     ^^^^^^^^^^^^^^^ could not find `vil_server` in the list of imported crates
[INFO] [stdout]     |
[INFO] [stdout]     = note: this error originates in the attribute macro `vil_endpoint` (in Nightly builds, run with -Z macro-backtrace for more info)
[INFO] [stdout] 
[INFO] [stdout] 
[INFO] [stdout] error[E0433]: cannot find `vil_server` in the list of imported crates
[INFO] [stdout]    --> tests/macro_tests.rs:325:5
[INFO] [stdout]     |
[INFO] [stdout] 325 |     #[vil_endpoint(exec = BlockingTask)]
[INFO] [stdout]     |     ^^^^^^^^^^^^^^^^^^^^^^^^^^^^^^^^^^^^ could not find `vil_server` in the list of imported crates
[INFO] [stdout]     |
[INFO] [stdout]     = note: this error originates in the attribute macro `vil_endpoint` (in Nightly builds, run with -Z macro-backtrace for more info)
[INFO] [stdout] 
[INFO] [stdout] 
[INFO] [stdout] error[E0433]: cannot find `vil_server` in the list of imported crates
[INFO] [stdout]    --> tests/macro_tests.rs:332:5
[INFO] [stdout]     |
[INFO] [stdout] 332 |     #[vil_endpoint(exec = DedicatedThread)]
[INFO] [stdout]     |     ^^^^^^^^^^^^^^^^^^^^^^^^^^^^^^^^^^^^^^^ could not find `vil_server` in the list of imported crates
[INFO] [stdout]     |
[INFO] [stdout]     = note: this error originates in the attribute macro `vil_endpoint` (in Nightly builds, run with -Z macro-backtrace for more info)
[INFO] [stdout] 
[INFO] [stdout] 
[INFO] [stdout] error[E0433]: cannot find `vil_server` in the list of imported crates
[INFO] [stdout]   --> tests/macro_tests.rs:14:21
[INFO] [stdout]    |
[INFO] [stdout] 14 | #[derive(Serialize, VilSseEvent)]
[INFO] [stdout]    |                     ^^^^^^^^^^^ could not find `vil_server` in the list of imported crates
[INFO] [stdout]    |
[INFO] [stdout]    = note: this error originates in the derive macro `VilSseEvent` (in Nightly builds, run with -Z macro-backtrace for more info)
[INFO] [stdout] 
[INFO] [stdout] 
[INFO] [stdout] error[E0433]: cannot find `vil_server` in the list of imported crates
[INFO] [stdout]   --> tests/macro_tests.rs:20:21
[INFO] [stdout]    |
[INFO] [stdout] 20 | #[derive(Serialize, VilSseEvent)]
[INFO] [stdout]    |                     ^^^^^^^^^^^ could not find `vil_server` in the list of imported crates
[INFO] [stdout]    |
[INFO] [stdout]    = note: this error originates in the derive macro `VilSseEvent` (in Nightly builds, run with -Z macro-backtrace for more info)
[INFO] [stdout] 
[INFO] [stdout] 
[INFO] [stdout] error[E0433]: cannot find `vil_server` in the list of imported crates
[INFO] [stdout]   --> tests/macro_tests.rs:26:21
[INFO] [stdout]    |
[INFO] [stdout] 26 | #[derive(Serialize, VilSseEvent)]
[INFO] [stdout]    |                     ^^^^^^^^^^^ could not find `vil_server` in the list of imported crates
[INFO] [stdout]    |
[INFO] [stdout]    = note: this error originates in the derive macro `VilSseEvent` (in Nightly builds, run with -Z macro-backtrace for more info)
[INFO] [stdout] 
[INFO] [stdout] 
[INFO] [stdout] error[E0433]: cannot find `vil_server` in the list of imported crates
[INFO] [stdout]    --> tests/macro_tests.rs:253:5
[INFO] [stdout]     |
[INFO] [stdout] 253 |     #[vil_service(name = "orders", prefix = "/api")]
[INFO] [stdout]     |     ^^^^^^^^^^^^^^^^^^^^^^^^^^^^^^^^^^^^^^^^^^^^^^^^ could not find `vil_server` in the list of imported crates
[INFO] [stdout]     |
[INFO] [stdout]     = note: this error originates in the attribute macro `vil_service` (in Nightly builds, run with -Z macro-backtrace for more info)
[INFO] [stdout] 
[INFO] [stdout] 
[INFO] [stdout] error[E0433]: cannot find `vil_server` in the list of imported crates
[INFO] [stdout]    --> tests/macro_tests.rs:258:5
[INFO] [stdout]     |
[INFO] [stdout] 258 |     #[vil_service(name = "payments", prefix = "/pay", requires = ["auth:Trigger", "orders:Data"])]
[INFO] [stdout]     |     ^^^^^^^^^^^^^^^^^^^^^^^^^^^^^^^^^^^^^^^^^^^^^^^^^^^^^^^^^^^^^^^^^^^^^^^^^^^^^^^^^^^^^^^^^^^^^^ could not find `vil_server` in the list of imported crates
[INFO] [stdout]     |
[INFO] [stdout]     = note: this error originates in the attribute macro `vil_service` (in Nightly builds, run with -Z macro-backtrace for more info)
[INFO] [stdout] 
[INFO] [stdout] 
[INFO] [stdout] error[E0433]: cannot find `vil_server` in the list of imported crates
[INFO] [stdout]    --> tests/macro_tests.rs:261:5
[INFO] [stdout]     |
[INFO] [stdout] 261 |     #[vil_service(name = "inventory")]
[INFO] [stdout]     |     ^^^^^^^^^^^^^^^^^^^^^^^^^^^^^^^^^^ could not find `vil_server` in the list of imported crates
[INFO] [stdout]     |
[INFO] [stdout]     = note: this error originates in the attribute macro `vil_service` (in Nightly builds, run with -Z macro-backtrace for more info)
[INFO] [stdout] 
[INFO] [stdout] 
[INFO] [stdout] error[E0599]: no method named `instrument` found for `async` block `{async block@tests/macro_tests.rs:307:5: 307:20}` in the current scope
[INFO] [stdout]    --> tests/macro_tests.rs:307:5
[INFO] [stdout]     |
[INFO] [stdout] 307 |     #[vil_endpoint]
[INFO] [stdout]     |     ^^^^^^^^^^^^^^^ method not found in `{async block@tests/macro_tests.rs:307:5: 307:20}`
[INFO] [stdout]     |
[INFO] [stdout]    ::: /opt/rustwide/cargo-home/registry/src/index.crates.io-1949cf8c6b5b557f/tracing-0.1.44/src/instrument.rs:86:8
[INFO] [stdout]     |
[INFO] [stdout]  86 |     fn instrument(self, span: Span) -> Instrumented<Self> {
[INFO] [stdout]     |        ---------- the method is available for `{async block@tests/macro_tests.rs:307:5: 307:20}` here
[INFO] [stdout]     |
[INFO] [stdout]     = help: items from traits can only be used if the trait is in scope
[INFO] [stdout]     = note: this error originates in the attribute macro `vil_endpoint` (in Nightly builds, run with -Z macro-backtrace for more info)
[INFO] [stdout] help: trait `Instrument` which provides `instrument` is implemented but not in scope; perhaps you want to import it
[INFO] [stdout]     |
[INFO] [stdout] 304 +     use vil_server_core::tracing::Instrument;
[INFO] [stdout]     |
[INFO] [stdout] 
[INFO] [stdout] 
[INFO] [stdout] error[E0599]: no method named `instrument` found for `async` block `{async block@tests/macro_tests.rs:313:5: 313:20}` in the current scope
[INFO] [stdout]    --> tests/macro_tests.rs:313:5
[INFO] [stdout]     |
[INFO] [stdout] 313 |     #[vil_endpoint]
[INFO] [stdout]     |     ^^^^^^^^^^^^^^^ method not found in `{async block@tests/macro_tests.rs:313:5: 313:20}`
[INFO] [stdout]     |
[INFO] [stdout]    ::: /opt/rustwide/cargo-home/registry/src/index.crates.io-1949cf8c6b5b557f/tracing-0.1.44/src/instrument.rs:86:8
[INFO] [stdout]     |
[INFO] [stdout]  86 |     fn instrument(self, span: Span) -> Instrumented<Self> {
[INFO] [stdout]     |        ---------- the method is available for `{async block@tests/macro_tests.rs:313:5: 313:20}` here
[INFO] [stdout]     |
[INFO] [stdout]     = help: items from traits can only be used if the trait is in scope
[INFO] [stdout]     = note: this error originates in the attribute macro `vil_endpoint` (in Nightly builds, run with -Z macro-backtrace for more info)
[INFO] [stdout] help: trait `Instrument` which provides `instrument` is implemented but not in scope; perhaps you want to import it
[INFO] [stdout]     |
[INFO] [stdout] 304 +     use vil_server_core::tracing::Instrument;
[INFO] [stdout]     |
[INFO] [stdout] 
[INFO] [stdout] 
[INFO] [stdout] error[E0599]: no method named `instrument` found for `async` block `{async block@tests/macro_tests.rs:319:5: 319:38}` in the current scope
[INFO] [stdout]    --> tests/macro_tests.rs:319:5
[INFO] [stdout]     |
[INFO] [stdout] 319 |     #[vil_endpoint(exec = AsyncTask)]
[INFO] [stdout]     |     ^^^^^^^^^^^^^^^^^^^^^^^^^^^^^^^^^ method not found in `{async block@tests/macro_tests.rs:319:5: 319:38}`
[INFO] [stdout]     |
[INFO] [stdout]    ::: /opt/rustwide/cargo-home/registry/src/index.crates.io-1949cf8c6b5b557f/tracing-0.1.44/src/instrument.rs:86:8
[INFO] [stdout]     |
[INFO] [stdout]  86 |     fn instrument(self, span: Span) -> Instrumented<Self> {
[INFO] [stdout]     |        ---------- the method is available for `{async block@tests/macro_tests.rs:319:5: 319:38}` here
[INFO] [stdout]     |
[INFO] [stdout]     = help: items from traits can only be used if the trait is in scope
[INFO] [stdout]     = note: this error originates in the attribute macro `vil_endpoint` (in Nightly builds, run with -Z macro-backtrace for more info)
[INFO] [stdout] help: trait `Instrument` which provides `instrument` is implemented but not in scope; perhaps you want to import it
[INFO] [stdout]     |
[INFO] [stdout] 304 +     use vil_server_core::tracing::Instrument;
[INFO] [stdout]     |
[INFO] [stdout] 
[INFO] [stdout] 
[INFO] [stdout] error[E0599]: no method named `instrument` found for `async` block `{async block@tests/macro_tests.rs:408:5: 408:20}` in the current scope
[INFO] [stdout]    --> tests/macro_tests.rs:408:5
[INFO] [stdout]     |
[INFO] [stdout] 408 |     #[vil_endpoint]
[INFO] [stdout]     |     ^^^^^^^^^^^^^^^ method not found in `{async block@tests/macro_tests.rs:408:5: 408:20}`
[INFO] [stdout]     |
[INFO] [stdout]    ::: /opt/rustwide/cargo-home/registry/src/index.crates.io-1949cf8c6b5b557f/tracing-0.1.44/src/instrument.rs:86:8
[INFO] [stdout]     |
[INFO] [stdout]  86 |     fn instrument(self, span: Span) -> Instrumented<Self> {
[INFO] [stdout]     |        ---------- the method is available for `{async block@tests/macro_tests.rs:408:5: 408:20}` here
[INFO] [stdout]     |
[INFO] [stdout]     = help: items from traits can only be used if the trait is in scope
[INFO] [stdout]     = note: this error originates in the attribute macro `vil_endpoint` (in Nightly builds, run with -Z macro-backtrace for more info)
[INFO] [stdout] help: trait `Instrument` which provides `instrument` is implemented but not in scope; perhaps you want to import it
[INFO] [stdout]     |
[INFO] [stdout] 388 +     use vil_server_core::tracing::Instrument;
[INFO] [stdout]     |
[INFO] [stdout] 
[INFO] [stdout] 
[INFO] [stdout] error[E0599]: no method named `instrument` found for `async` block `{async block@tests/macro_tests.rs:429:5: 429:20}` in the current scope
[INFO] [stdout]    --> tests/macro_tests.rs:429:5
[INFO] [stdout]     |
[INFO] [stdout] 429 |     #[vil_endpoint]
[INFO] [stdout]     |     ^^^^^^^^^^^^^^^ method not found in `{async block@tests/macro_tests.rs:429:5: 429:20}`
[INFO] [stdout]     |
[INFO] [stdout]    ::: /opt/rustwide/cargo-home/registry/src/index.crates.io-1949cf8c6b5b557f/tracing-0.1.44/src/instrument.rs:86:8
[INFO] [stdout]     |
[INFO] [stdout]  86 |     fn instrument(self, span: Span) -> Instrumented<Self> {
[INFO] [stdout]     |        ---------- the method is available for `{async block@tests/macro_tests.rs:429:5: 429:20}` here
[INFO] [stdout]     |
[INFO] [stdout]     = help: items from traits can only be used if the trait is in scope
[INFO] [stdout]     = note: this error originates in the attribute macro `vil_endpoint` (in Nightly builds, run with -Z macro-backtrace for more info)
[INFO] [stdout] help: trait `Instrument` which provides `instrument` is implemented but not in scope; perhaps you want to import it
[INFO] [stdout]     |
[INFO] [stdout] 388 +     use vil_server_core::tracing::Instrument;
[INFO] [stdout]     |
[INFO] [stdout] 
[INFO] [stdout] 
[INFO] [stdout] error[E0599]: no method named `instrument` found for `async` block `{async block@tests/macro_tests.rs:452:5: 452:20}` in the current scope
[INFO] [stdout]    --> tests/macro_tests.rs:452:5
[INFO] [stdout]     |
[INFO] [stdout] 452 |     #[vil_endpoint]
[INFO] [stdout]     |     ^^^^^^^^^^^^^^^ method not found in `{async block@tests/macro_tests.rs:452:5: 452:20}`
[INFO] [stdout]     |
[INFO] [stdout]    ::: /opt/rustwide/cargo-home/registry/src/index.crates.io-1949cf8c6b5b557f/tracing-0.1.44/src/instrument.rs:86:8
[INFO] [stdout]     |
[INFO] [stdout]  86 |     fn instrument(self, span: Span) -> Instrumented<Self> {
[INFO] [stdout]     |        ---------- the method is available for `{async block@tests/macro_tests.rs:452:5: 452:20}` here
[INFO] [stdout]     |
[INFO] [stdout]     = help: items from traits can only be used if the trait is in scope
[INFO] [stdout]     = note: this error originates in the attribute macro `vil_endpoint` (in Nightly builds, run with -Z macro-backtrace for more info)
[INFO] [stdout] help: trait `Instrument` which provides `instrument` is implemented but not in scope; perhaps you want to import it
[INFO] [stdout]     |
[INFO] [stdout] 388 +     use vil_server_core::tracing::Instrument;
[INFO] [stdout]     |
[INFO] [stdout] 
[INFO] [stdout] 
[INFO] [stdout] error[E0599]: no method named `instrument` found for `async` block `{async block@tests/macro_tests.rs:471:5: 471:20}` in the current scope
[INFO] [stdout]    --> tests/macro_tests.rs:471:5
[INFO] [stdout]     |
[INFO] [stdout] 471 |     #[vil_endpoint]
[INFO] [stdout]     |     ^^^^^^^^^^^^^^^ method not found in `{async block@tests/macro_tests.rs:471:5: 471:20}`
[INFO] [stdout]     |
[INFO] [stdout]    ::: /opt/rustwide/cargo-home/registry/src/index.crates.io-1949cf8c6b5b557f/tracing-0.1.44/src/instrument.rs:86:8
[INFO] [stdout]     |
[INFO] [stdout]  86 |     fn instrument(self, span: Span) -> Instrumented<Self> {
[INFO] [stdout]     |        ---------- the method is available for `{async block@tests/macro_tests.rs:471:5: 471:20}` here
[INFO] [stdout]     |
[INFO] [stdout]     = help: items from traits can only be used if the trait is in scope
[INFO] [stdout]     = note: this error originates in the attribute macro `vil_endpoint` (in Nightly builds, run with -Z macro-backtrace for more info)
[INFO] [stdout] help: trait `Instrument` which provides `instrument` is implemented but not in scope; perhaps you want to import it
[INFO] [stdout]     |
[INFO] [stdout] 388 +     use vil_server_core::tracing::Instrument;
[INFO] [stdout]     |
[INFO] [stdout] 
[INFO] [stdout] 
[INFO] [stdout] error[E0061]: this function takes 1 argument but 2 arguments were supplied
[INFO] [stdout]    --> tests/macro_tests.rs:182:38
[INFO] [stdout]     |
[INFO] [stdout] 182 |             let response: Response = result_handler(rid, "vil".to_string()).await;
[INFO] [stdout]     |                                      ^^^^^^^^^^^^^^ --- unexpected argument #1 of type `RequestId`
[INFO] [stdout]     |
[INFO] [stdout] note: function defined here
[INFO] [stdout]    --> tests/macro_tests.rs:124:14
[INFO] [stdout]     |
[INFO] [stdout] 124 |     async fn result_handler(name: String) -> Result<String, VilError> {
[INFO] [stdout]     |              ^^^^^^^^^^^^^^
[INFO] [stdout] help: remove the extra argument
[INFO] [stdout]     |
[INFO] [stdout] 182 -             let response: Response = result_handler(rid, "vil".to_string()).await;
[INFO] [stdout] 182 +             let response: Response = result_handler("vil".to_string()).await;
[INFO] [stdout]     |
[INFO] [stdout] 
[INFO] [stdout] 
[INFO] [stdout] error[E0061]: this function takes 0 arguments but 1 argument was supplied
[INFO] [stdout]    --> tests/macro_tests.rs:195:38
[INFO] [stdout]     |
[INFO] [stdout] 195 |             let response: Response = plain_handler(rid).await;
[INFO] [stdout]     |                                      ^^^^^^^^^^^^^ --- unexpected argument of type `RequestId`
[INFO] [stdout]     |
[INFO] [stdout] note: function defined here
[INFO] [stdout]    --> tests/macro_tests.rs:131:14
[INFO] [stdout]     |
[INFO] [stdout] 131 |     async fn plain_handler() -> &'static str {
[INFO] [stdout]     |              ^^^^^^^^^^^^^
[INFO] [stdout] help: remove the extra argument
[INFO] [stdout]     |
[INFO] [stdout] 195 -             let response: Response = plain_handler(rid).await;
[INFO] [stdout] 195 +             let response: Response = plain_handler().await;
[INFO] [stdout]     |
[INFO] [stdout] 
[INFO] [stdout] 
[INFO] [stdout] Some errors have detailed explanations: E0061, E0433, E0599.
[INFO] [stdout] 
[INFO] [stdout] For more information about an error, try `rustc --explain E0061`.
[INFO] [stdout] 
[INFO] [stderr] error: could not compile `vil_server_macros` (test "macro_tests") due to 27 previous errors
[INFO] running `Command { std: "docker" "inspect" "72bba569dd7d363cddceb9f049be5855fe5c6acb4993aa4792454a83451f8bcf", kill_on_drop: false }`
[INFO] running `Command { std: "docker" "rm" "-f" "72bba569dd7d363cddceb9f049be5855fe5c6acb4993aa4792454a83451f8bcf", kill_on_drop: false }`
[INFO] [stdout] 72bba569dd7d363cddceb9f049be5855fe5c6acb4993aa4792454a83451f8bcf
