[INFO] fetching crate vetis-compio 0.1.1...
[INFO] testing vetis-compio-0.1.1 against 1.100.0-beta.1 for beta-1.100-2
[INFO] extracting crate vetis-compio 0.1.1 into /workspace/builds/worker-3-tc2/source
[INFO] started tweaking crates.io crate vetis-compio 0.1.1
[INFO] finished tweaking crates.io crate vetis-compio 0.1.1
[INFO] tweaked toml for crates.io crate vetis-compio 0.1.1 written to /workspace/builds/worker-3-tc2/source/Cargo.toml
[INFO] validating manifest of crates.io crate vetis-compio 0.1.1 on toolchain 1.100.0-beta.1
[INFO] running `Command { std: CARGO_HOME="/workspace/cargo-home" RUSTUP_HOME="/workspace/rustup-home" "/workspace/cargo-home/bin/cargo" "+1.100.0-beta.1" "metadata" "--manifest-path" "Cargo.toml" "--no-deps", kill_on_drop: false }`
[INFO] crate crates.io crate vetis-compio 0.1.1 already has a lockfile, it will not be regenerated
[INFO] running `Command { std: CARGO_HOME="/workspace/cargo-home" RUSTUP_HOME="/workspace/rustup-home" "/workspace/cargo-home/bin/cargo" "+1.100.0-beta.1" "fetch" "--manifest-path" "Cargo.toml", kill_on_drop: false }`
[INFO] running `Command { std: "docker" "create" "-v" "/var/lib/crater-agent-workspace/builds/worker-3-tc2/source:/opt/rustwide/workdir:ro,Z" "-v" "/var/lib/crater-agent-workspace/builds/worker-3-tc2/target:/opt/rustwide/target:rw,Z" "-v" "/var/lib/crater-agent-workspace/cargo-home:/opt/rustwide/cargo-home:ro,Z" "-v" "/var/lib/crater-agent-workspace/rustup-home:/opt/rustwide/rustup-home:ro,Z" "-m" "1610612736" "--network" "none" "ghcr.io/rust-lang/crates-build-env/linux@sha256:3111399a4047eeb3a02b7a90e478d715f38a8c6669b5c4b49d30a17385265909" "sleep" "infinity", kill_on_drop: false }`
[INFO] [stdout] a3af499408a11ebac6469725905ff76d07e65fa336af98d2f96799dcbe9b5e1c
[INFO] running `Command { std: "docker" "start" "a3af499408a11ebac6469725905ff76d07e65fa336af98d2f96799dcbe9b5e1c", kill_on_drop: false }`
[INFO] running `Command { std: "docker" "inspect" "a3af499408a11ebac6469725905ff76d07e65fa336af98d2f96799dcbe9b5e1c", kill_on_drop: false }`
[INFO] running `Command { std: "docker" "exec" "-e" "SOURCE_DIR=/opt/rustwide/workdir" "-e" "CARGO_HOME=/opt/rustwide/cargo-home" "-e" "RUSTUP_HOME=/opt/rustwide/rustup-home" "-e" "CARGO_TARGET_DIR=/opt/rustwide/target" "-w" "/opt/rustwide/workdir" "--user" "0:0" "a3af499408a11ebac6469725905ff76d07e65fa336af98d2f96799dcbe9b5e1c" "/opt/rustwide/cargo-home/bin/cargo" "+1.100.0-beta.1" "metadata" "--no-deps" "--format-version=1", kill_on_drop: false }`
[INFO] running `Command { std: "docker" "inspect" "a3af499408a11ebac6469725905ff76d07e65fa336af98d2f96799dcbe9b5e1c", kill_on_drop: false }`
[INFO] running `Command { std: "docker" "exec" "-e" "SOURCE_DIR=/opt/rustwide/workdir" "-e" "CARGO_HOME=/opt/rustwide/cargo-home" "-e" "RUSTUP_HOME=/opt/rustwide/rustup-home" "-e" "CARGO_TARGET_DIR=/opt/rustwide/target" "-e" "CARGO_INCREMENTAL=0" "-e" "RUST_BACKTRACE=full" "-e" "RUSTFLAGS=--cap-lints=warn" "-e" "RUSTDOCFLAGS=--cap-lints=warn" "-w" "/opt/rustwide/workdir" "--user" "0:0" "a3af499408a11ebac6469725905ff76d07e65fa336af98d2f96799dcbe9b5e1c" "/opt/rustwide/cargo-home/bin/cargo" "+1.100.0-beta.1" "build" "--frozen" "--message-format=json", kill_on_drop: false }`
[INFO] [stderr]    Compiling proc-macro2 v1.0.107
[INFO] [stderr]    Compiling unicode-ident v1.0.24
[INFO] [stderr]    Compiling quote v1.0.47
[INFO] [stderr]    Compiling pin-project-lite v0.2.17
[INFO] [stderr]    Compiling futures-core v0.3.34
[INFO] [stderr]    Compiling libc v0.2.189
[INFO] [stderr]    Compiling memchr v2.8.3
[INFO] [stderr]    Compiling futures-sink v0.3.34
[INFO] [stderr]    Compiling bytes v1.12.1
[INFO] [stderr]    Compiling slab v0.4.12
[INFO] [stderr]    Compiling once_cell v1.21.4
[INFO] [stderr]    Compiling futures-io v0.3.34
[INFO] [stderr]    Compiling smallvec v1.15.2
[INFO] [stderr]    Compiling cfg_aliases v0.2.2
[INFO] [stderr]    Compiling shlex v2.0.1
[INFO] [stderr]    Compiling parking v2.2.1
[INFO] [stderr]    Compiling find-msvc-tools v0.1.11
[INFO] [stderr]    Compiling futures-task v0.3.34
[INFO] [stderr]    Compiling event-listener v5.4.2
[INFO] [stderr]    Compiling tracing-core v0.1.36
[INFO] [stderr]    Compiling bitflags v2.13.1
[INFO] [stderr]    Compiling fs_extra v1.3.0
[INFO] [stderr]    Compiling pkg-config v0.3.34
[INFO] [stderr]    Compiling dunce v1.0.5
[INFO] [stderr]    Compiling tracing v0.1.44
[INFO] [stderr]    Compiling cfg-if v1.0.4
[INFO] [stderr]    Compiling local-event v0.1.3
[INFO] [stderr]    Compiling stable_deref_trait v1.2.1
[INFO] [stderr]    Compiling equivalent v1.0.2
[INFO] [stderr]    Compiling crossbeam-utils v0.8.22
[INFO] [stderr]    Compiling hashbrown v0.16.1
[INFO] [stderr]    Compiling syn v3.0.3
[INFO] [stderr]    Compiling syn v2.0.119
[INFO] [stderr]    Compiling rustix v1.1.4
[INFO] [stderr]    Compiling arrayvec v0.7.8
[INFO] [stderr]    Compiling version_check v0.9.5
[INFO] [stderr]    Compiling aws-lc-rs v1.18.0
[INFO] [stderr]    Compiling linux-raw-sys v0.12.1
[INFO] [stderr]    Compiling scopeguard v1.2.0
[INFO] [stderr]    Compiling itoa v1.0.18
[INFO] [stderr]    Compiling lock_api v0.4.14
[INFO] [stderr]    Compiling jobserver v0.1.34
[INFO] [stderr]    Compiling slotmap v1.1.1
[INFO] [stderr]    Compiling cc v1.4.3
[INFO] [stderr]    Compiling indexmap v2.11.4
[INFO] [stderr]    Compiling pastey v0.2.3
[INFO] [stderr]    Compiling zeroize v1.8.2
[INFO] [stderr]    Compiling io-uring v0.7.14
[INFO] [stderr]    Compiling compio-buf v0.8.3
[INFO] [stderr]    Compiling crossbeam-queue v0.3.13
[INFO] [stderr]    Compiling spin v0.9.9
[INFO] [stderr]    Compiling http v1.5.0
[INFO] [stderr]    Compiling compio-log v0.2.1
[INFO] [stderr]    Compiling compio-send-wrapper v0.7.2
[INFO] [stderr]    Compiling compio-driver v0.12.5
[INFO] [stderr]    Compiling writeable v0.5.5
[INFO] [stderr]    Compiling log v0.4.33
[INFO] [stderr]    Compiling cmake v0.1.58
[INFO] [stderr]    Compiling icu_locid_transform_data v1.5.1
[INFO] [stderr]    Compiling litemap v0.7.4
[INFO] [stderr]    Compiling flume v0.12.0
[INFO] [stderr]    Compiling rustls-pki-types v1.15.1
[INFO] [stderr]    Compiling aws-lc-sys v0.44.0
[INFO] [stderr]    Compiling socket2 v0.6.5
[INFO] [stderr]    Compiling serde_core v1.0.229
[INFO] [stderr]    Compiling icu_properties_data v1.5.1
[INFO] [stderr]    Compiling untrusted v0.9.0
[INFO] [stderr]    Compiling strsim v0.11.1
[INFO] [stderr]    Compiling rustls v0.23.43
[INFO] [stderr]    Compiling winnow v0.7.15
[INFO] [stderr]    Compiling synstructure v0.13.2
[INFO] [stderr]    Compiling ident_case v1.0.1
[INFO] [stderr]    Compiling mod_use v0.2.3
[INFO] [stderr]    Compiling compio-executor v0.1.4
[INFO] [stderr]    Compiling tokio v1.53.1
[INFO] [stderr]    Compiling darling_core v0.24.0
[INFO] [stderr]    Compiling nix v0.31.3
[INFO] [stderr]    Compiling httparse v1.10.1
[INFO] [stderr]    Compiling zerofrom-derive v0.1.7
[INFO] [stderr]    Compiling yoke-derive v0.7.5
[INFO] [stderr]    Compiling zerofrom v0.1.8
[INFO] [stderr]    Compiling zerovec-derive v0.10.4
[INFO] [stderr]    Compiling yoke v0.7.5
[INFO] [stderr]    Compiling icu_provider_macros v1.5.0
[INFO] [stderr]    Compiling toml_parser v1.0.2
[INFO] [stderr]    Compiling scoped-tls v1.0.1
[INFO] [stderr]    Compiling icu_normalizer_data v1.5.1
[INFO] [stderr]    Compiling futures-macro v0.3.34
[INFO] [stderr]    Compiling displaydoc v0.2.7
[INFO] [stderr]    Compiling zerovec v0.10.4
[INFO] [stderr]    Compiling subtle v2.6.1
[INFO] [stderr]    Compiling toml_datetime v0.7.1
[INFO] [stderr]    Compiling tokio-util v0.7.19
[INFO] [stderr]    Compiling toml_edit v0.23.5
[INFO] [stderr]    Compiling futures-util v0.3.34
[INFO] [stderr]    Compiling tinystr v0.7.6
[INFO] [stderr]    Compiling icu_collections v1.5.0
[INFO] [stderr]    Compiling darling_macro v0.24.0
[INFO] [stderr]    Compiling http-body v1.1.0
[INFO] [stderr]    Compiling icu_locid v1.5.0
[INFO] [stderr]    Compiling compio-fs v0.12.1
[INFO] [stderr]    Compiling futures-channel v0.3.34
[INFO] [stderr]    Compiling atomic-waker v1.1.2
[INFO] [stderr]    Compiling fnv v1.0.7
[INFO] [stderr]    Compiling serde v1.0.229
[INFO] [stderr]    Compiling h2 v0.4.17
[INFO] [stderr]    Compiling darling v0.24.0
[INFO] [stderr]    Compiling proc-macro-crate v3.4.0
[INFO] [stderr]    Compiling serde_derive v1.0.229
[INFO] [stderr]    Compiling httpdate v1.0.3
[INFO] [stderr]    Compiling icu_provider v1.5.0
[INFO] [stderr]    Compiling either v1.17.0
[INFO] [stderr]    Compiling typeid v1.0.3
[INFO] [stderr]    Compiling icu_locid_transform v1.5.0
[INFO] [stderr]    Compiling write16 v1.0.0
[INFO] [stderr]    Compiling utf16_iter v1.0.5
[INFO] [stderr]    Compiling utf8_iter v1.0.4
[INFO] [stderr]    Compiling compio-macros v0.2.1
[INFO] [stderr]    Compiling aho-corasick v1.1.5
[INFO] [stderr]    Compiling regex-syntax v0.8.11
[INFO] [stderr]    Compiling anstyle v1.0.14
[INFO] [stderr]    Compiling erased-serde v0.4.10
[INFO] [stderr]    Compiling icu_properties v1.5.1
[INFO] [stderr]    Compiling synchrony v0.1.9
[INFO] [stderr]    Compiling compio-io v0.10.1
[INFO] [stderr]    Compiling thin-cell v0.2.1
[INFO] [stderr]    Compiling hyper v1.11.0
[INFO] [stderr]    Compiling compio-signal v0.10.0
[INFO] [stderr]    Compiling regex-automata v0.4.18
[INFO] [stderr]    Compiling compio-runtime v0.12.6
[INFO] [stderr]    Compiling icu_normalizer v1.5.0
[INFO] [stderr]    Compiling send_wrapper v0.6.0
[INFO] [stderr]    Compiling compio-net v0.12.5
[INFO] [stderr]    Compiling typetag v0.2.23
[INFO] [stderr]    Compiling percent-encoding v2.3.2
[INFO] [stderr]    Compiling thiserror v2.0.20
[INFO] [stderr]    Compiling idna_adapter v1.2.0
[INFO] [stderr]    Compiling utf8parse v0.2.2
[INFO] [stderr]    Compiling anstyle-parse v1.0.0
[INFO] [stderr]    Compiling idna v1.1.0
[INFO] [stderr]    Compiling form_urlencoded v1.2.2
[INFO] [stderr]    Compiling futures v0.3.34
[INFO] [stderr]    Compiling async-fn-stream v0.3.2
[INFO] [stderr]    Compiling http-body-util v0.1.5
[INFO] [stderr]    Compiling thiserror-impl v2.0.20
[INFO] [stderr]    Compiling typetag-impl v0.2.23
[INFO] [stderr]    Compiling event-listener-strategy v0.5.4
[INFO] [stderr]    Compiling nibble_vec v0.1.0
[INFO] [stderr]    Compiling deranged v0.5.8
[INFO] [stderr]    Compiling is_terminal_polyfill v1.70.2
[INFO] [stderr]    Compiling inventory v0.3.24
[INFO] [stderr]    Compiling jiff-core v0.1.0
[INFO] [stderr]    Compiling anstyle-query v1.1.5
[INFO] [stderr]    Compiling num-conv v0.2.2
[INFO] [stderr]    Compiling unsafe-libyaml v0.2.11
[INFO] [stderr]    Compiling colorchoice v1.0.5
[INFO] [stderr]    Compiling endian-type v0.2.0
[INFO] [stderr]    Compiling powerfmt v0.2.0
[INFO] [stderr]    Compiling rand_core v0.10.1
[INFO] [stderr]    Compiling regex v1.13.1
[INFO] [stderr]    Compiling ryu v1.0.23
[INFO] [stderr]    Compiling time-core v0.1.9
[INFO] [stderr]    Compiling clap_lex v1.0.1
[INFO] [stderr]    Compiling heck v0.5.0
[INFO] [stderr]    Compiling clap_builder v4.6.6
[INFO] [stderr]    Compiling env_filter v2.0.0
[INFO] [stderr]    Compiling clap_derive v4.6.4
[INFO] [stderr]    Compiling time v0.3.55
[INFO] [stderr]    Compiling jiff v0.2.35
[INFO] [stderr]    Compiling serde_yaml_ng v0.10.0
[INFO] [stderr]    Compiling rand v0.10.2
[INFO] [stderr]    Compiling radix_trie v0.3.0
[INFO] [stderr]    Compiling anstream v1.0.0
[INFO] [stderr]    Compiling async-lock v3.4.2
[INFO] [stderr]    Compiling url v2.5.8
[INFO] [stderr]    Compiling http-serde-ext v1.0.2
[INFO] [stderr]    Compiling clap v4.6.6
[INFO] [stderr]    Compiling hyper-util v0.1.20
[INFO] [stderr]    Compiling env_logger v0.11.11
[INFO] [stderr]    Compiling rustls-webpki v0.103.14
[INFO] [stderr]    Compiling futures-rustls v0.26.0
[INFO] [stderr]    Compiling compio-tls v0.10.0
[INFO] [stderr]    Compiling compio v0.19.2
[INFO] [stderr]    Compiling hyper-body-utils v0.1.16
[INFO] [stderr]    Compiling cyper-core v0.9.0
[INFO] [stderr]    Compiling vetis v0.1.6
[INFO] [stderr]    Compiling vetis-compio v0.1.1 (/opt/rustwide/workdir)
[INFO] [stderr]     Finished `dev` profile [unoptimized + debuginfo] target(s) in 3m 11s
[INFO] running `Command { std: "docker" "inspect" "a3af499408a11ebac6469725905ff76d07e65fa336af98d2f96799dcbe9b5e1c", kill_on_drop: false }`
[INFO] running `Command { std: "docker" "exec" "-e" "SOURCE_DIR=/opt/rustwide/workdir" "-e" "CARGO_HOME=/opt/rustwide/cargo-home" "-e" "RUSTUP_HOME=/opt/rustwide/rustup-home" "-e" "CARGO_TARGET_DIR=/opt/rustwide/target" "-e" "CARGO_INCREMENTAL=0" "-e" "RUST_BACKTRACE=full" "-e" "RUSTFLAGS=--cap-lints=warn" "-e" "RUSTDOCFLAGS=--cap-lints=warn" "-w" "/opt/rustwide/workdir" "--user" "0:0" "a3af499408a11ebac6469725905ff76d07e65fa336af98d2f96799dcbe9b5e1c" "/opt/rustwide/cargo-home/bin/cargo" "+1.100.0-beta.1" "test" "--frozen" "--no-run" "--message-format=json", kill_on_drop: false }`
[INFO] [stderr]    Compiling syn v2.0.119
[INFO] [stderr]    Compiling futures-util v0.3.34
[INFO] [stderr]    Compiling mio v1.2.2
[INFO] [stderr]    Compiling try-lock v0.2.5
[INFO] [stderr]    Compiling getrandom v0.4.3
[INFO] [stderr]    Compiling regex-syntax v0.8.11
[INFO] [stderr]    Compiling time-macros v0.2.32
[INFO] [stderr]    Compiling cpufeatures v0.3.0
[INFO] [stderr]    Compiling want v0.3.1
[INFO] [stderr]    Compiling chacha20 v0.10.1
[INFO] [stderr]    Compiling cookie v0.18.2
[INFO] [stderr]    Compiling rand v0.10.2
[INFO] [stderr]    Compiling mockall_derive v0.15.0
[INFO] [stderr]    Compiling predicates-core v1.0.10
[INFO] [stderr]    Compiling tower-service v0.3.3
[INFO] [stderr]    Compiling termtree v0.5.1
[INFO] [stderr]    Compiling allocator-api2 v0.2.21
[INFO] [stderr]    Compiling tokio v1.53.1
[INFO] [stderr]    Compiling mockall v0.15.0
[INFO] [stderr]    Compiling foldhash v0.2.0
[INFO] [stderr]    Compiling predicates-tree v1.0.13
[INFO] [stderr]    Compiling hashbrown v0.17.1
[INFO] [stderr]    Compiling predicates v3.1.4
[INFO] [stderr]    Compiling fragile v2.1.0
[INFO] [stderr]    Compiling time v0.3.55
[INFO] [stderr]    Compiling openssl-probe v0.2.1
[INFO] [stderr]    Compiling minimime v1.0.0
[INFO] [stderr]    Compiling downcast v0.11.0
[INFO] [stderr]    Compiling base64 v0.23.1
[INFO] [stderr]    Compiling urlencoding v2.1.3
[INFO] [stderr]    Compiling regex-automata v0.4.18
[INFO] [stderr]    Compiling tackle v0.1.3
[INFO] [stderr]    Compiling rustls-native-certs v0.8.4
[INFO] [stderr]    Compiling webpki-roots v1.0.9
[INFO] [stderr]    Compiling synchrony v0.1.9
[INFO] [stderr]    Compiling futures-executor v0.3.34
[INFO] [stderr]    Compiling async-fn-stream v0.3.2
[INFO] [stderr]    Compiling futures v0.3.34
[INFO] [stderr]    Compiling compio-io v0.10.1
[INFO] [stderr]    Compiling thin-cell v0.2.1
[INFO] [stderr]    Compiling compio-signal v0.10.0
[INFO] [stderr]    Compiling compio-driver v0.12.5
[INFO] [stderr]    Compiling tokio-util v0.7.19
[INFO] [stderr]    Compiling synstructure v0.13.2
[INFO] [stderr]    Compiling regex v1.13.1
[INFO] [stderr]    Compiling h2 v0.4.17
[INFO] [stderr]    Compiling compio-tls v0.10.0
[INFO] [stderr]    Compiling env_filter v2.0.0
[INFO] [stderr]    Compiling env_logger v0.11.11
[INFO] [stderr]    Compiling compio-runtime v0.12.6
[INFO] [stderr]    Compiling zerofrom-derive v0.1.7
[INFO] [stderr]    Compiling yoke-derive v0.7.5
[INFO] [stderr]    Compiling zerovec-derive v0.10.4
[INFO] [stderr]    Compiling icu_provider_macros v1.5.0
[INFO] [stderr]    Compiling compio-fs v0.12.1
[INFO] [stderr]    Compiling compio-net v0.12.5
[INFO] [stderr]    Compiling zerofrom v0.1.8
[INFO] [stderr]    Compiling yoke v0.7.5
[INFO] [stderr]    Compiling zerovec v0.10.4
[INFO] [stderr]    Compiling compio v0.19.2
[INFO] [stderr]    Compiling hyper v1.11.0
[INFO] [stderr]    Compiling tinystr v0.7.6
[INFO] [stderr]    Compiling icu_collections v1.5.0
[INFO] [stderr]    Compiling icu_locid v1.5.0
[INFO] [stderr]    Compiling icu_provider v1.5.0
[INFO] [stderr]    Compiling hyper-body-utils v0.1.16
[INFO] [stderr]    Compiling hyper-util v0.1.20
[INFO] [stderr]    Compiling cyper-core v0.9.0
[INFO] [stderr]    Compiling icu_locid_transform v1.5.0
[INFO] [stderr]    Compiling icu_properties v1.5.1
[INFO] [stderr]    Compiling icu_normalizer v1.5.0
[INFO] [stderr]    Compiling idna_adapter v1.2.0
[INFO] [stderr]    Compiling idna v1.1.0
[INFO] [stderr]    Compiling url v2.5.8
[INFO] [stderr]    Compiling deboa v0.1.3
[INFO] [stderr]    Compiling vetis v0.1.6
[INFO] [stderr]    Compiling vetis-compio v0.1.1 (/opt/rustwide/workdir)
[INFO] [stderr]    Compiling deboa-compio v0.1.3
[INFO] [stdout] error[E0407]: method `ket` is not a member of trait `deboa::cert::Identity`
[INFO] [stdout]   --> /opt/rustwide/cargo-home/registry/src/index.crates.io-1949cf8c6b5b557f/deboa-compio-0.1.3/src/cert.rs:97:5
[INFO] [stdout]    |
[INFO] [stdout] 97 |       fn ket(&self) -> &Option<Vec<u8>> {
[INFO] [stdout]    |       ^  --- help: there is an associated function with a similar name: `key`
[INFO] [stdout]    |  _____|
[INFO] [stdout]    | |
[INFO] [stdout] 98 | |         &self.key
[INFO] [stdout] 99 | |     }
[INFO] [stdout]    | |_____^ not a member of trait `deboa::cert::Identity`
[INFO] [stdout] 
[INFO] [stdout] 
[INFO] [stdout] error[E0437]: type `ReqBody` is not a member of trait `ProtoConnection`
[INFO] [stdout]   --> /opt/rustwide/cargo-home/registry/src/index.crates.io-1949cf8c6b5b557f/deboa-compio-0.1.3/src/client/http/http1.rs:26:5
[INFO] [stdout]    |
[INFO] [stdout] 26 |     type ReqBody = HttpBody;
[INFO] [stdout]    |     ^^^^^^^^^^^^^^^^^^^^^^^^ not a member of trait `ProtoConnection`
[INFO] [stdout] 
[INFO] [stdout] 
[INFO] [stdout] error[E0437]: type `ResBody` is not a member of trait `ProtoConnection`
[INFO] [stdout]   --> /opt/rustwide/cargo-home/registry/src/index.crates.io-1949cf8c6b5b557f/deboa-compio-0.1.3/src/client/http/http1.rs:27:5
[INFO] [stdout]    |
[INFO] [stdout] 27 |     type ResBody = HttpBody;
[INFO] [stdout]    |     ^^^^^^^^^^^^^^^^^^^^^^^^ not a member of trait `ProtoConnection`
[INFO] [stdout] 
[INFO] [stdout] 
[INFO] [stdout] error[E0437]: type `Identity` is not a member of trait `ProtoConnection`
[INFO] [stdout]   --> /opt/rustwide/cargo-home/registry/src/index.crates.io-1949cf8c6b5b557f/deboa-compio-0.1.3/src/client/http/http1.rs:29:5
[INFO] [stdout]    |
[INFO] [stdout] 29 |     type Identity = DeboaIdentity;
[INFO] [stdout]    |     ^^^^^^^^^^^^^^^^^^^^^^^^^^^^^^ not a member of trait `ProtoConnection`
[INFO] [stdout] 
[INFO] [stdout] 
[INFO] [stdout] error[E0437]: type `Certificate` is not a member of trait `ProtoConnection`
[INFO] [stdout]   --> /opt/rustwide/cargo-home/registry/src/index.crates.io-1949cf8c6b5b557f/deboa-compio-0.1.3/src/client/http/http1.rs:30:5
[INFO] [stdout]    |
[INFO] [stdout] 30 |     type Certificate = DeboaCertificate;
[INFO] [stdout]    |     ^^^^^^^^^^^^^^^^^^^^^^^^^^^^^^^^^^^^ not a member of trait `ProtoConnection`
[INFO] [stdout] 
[INFO] [stdout] 
[INFO] [stdout] error[E0437]: type `ReqBody` is not a member of trait `ProtoConnection`
[INFO] [stdout]   --> /opt/rustwide/cargo-home/registry/src/index.crates.io-1949cf8c6b5b557f/deboa-compio-0.1.3/src/client/http/http2.rs:27:5
[INFO] [stdout]    |
[INFO] [stdout] 27 |     type ReqBody = HttpBody;
[INFO] [stdout]    |     ^^^^^^^^^^^^^^^^^^^^^^^^ not a member of trait `ProtoConnection`
[INFO] [stdout] 
[INFO] [stdout] 
[INFO] [stdout] error[E0437]: type `ResBody` is not a member of trait `ProtoConnection`
[INFO] [stdout]   --> /opt/rustwide/cargo-home/registry/src/index.crates.io-1949cf8c6b5b557f/deboa-compio-0.1.3/src/client/http/http2.rs:28:5
[INFO] [stdout]    |
[INFO] [stdout] 28 |     type ResBody = HttpBody;
[INFO] [stdout]    |     ^^^^^^^^^^^^^^^^^^^^^^^^ not a member of trait `ProtoConnection`
[INFO] [stdout] 
[INFO] [stdout] 
[INFO] [stdout] error[E0437]: type `Identity` is not a member of trait `ProtoConnection`
[INFO] [stdout]   --> /opt/rustwide/cargo-home/registry/src/index.crates.io-1949cf8c6b5b557f/deboa-compio-0.1.3/src/client/http/http2.rs:30:5
[INFO] [stdout]    |
[INFO] [stdout] 30 |     type Identity = DeboaIdentity;
[INFO] [stdout]    |     ^^^^^^^^^^^^^^^^^^^^^^^^^^^^^^ not a member of trait `ProtoConnection`
[INFO] [stdout] 
[INFO] [stdout] 
[INFO] [stdout] error[E0437]: type `Certificate` is not a member of trait `ProtoConnection`
[INFO] [stdout]   --> /opt/rustwide/cargo-home/registry/src/index.crates.io-1949cf8c6b5b557f/deboa-compio-0.1.3/src/client/http/http2.rs:31:5
[INFO] [stdout]    |
[INFO] [stdout] 31 |     type Certificate = DeboaCertificate;
[INFO] [stdout]    |     ^^^^^^^^^^^^^^^^^^^^^^^^^^^^^^^^^^^^ not a member of trait `ProtoConnection`
[INFO] [stdout] 
[INFO] [stdout] 
[INFO] [stdout] error[E0046]: not all trait items implemented, missing: `key`
[INFO] [stdout]   --> /opt/rustwide/cargo-home/registry/src/index.crates.io-1949cf8c6b5b557f/deboa-compio-0.1.3/src/cert.rs:92:1
[INFO] [stdout]    |
[INFO] [stdout] 92 | impl deboa::cert::Identity for DeboaIdentity {
[INFO] [stdout]    | ^^^^^^^^^^^^^^^^^^^^^^^^^^^^^^^^^^^^^^^^^^^^ missing `key` in implementation
[INFO] [stdout]    |
[INFO] [stdout]    = help: implement the missing item: `fn key(&self) -> &Option<Vec<u8>> { todo!() }`
[INFO] [stdout] 
[INFO] [stdout] 
[INFO] [stdout] error[E0053]: method `new` has an incompatible type for trait
[INFO] [stdout]   --> /opt/rustwide/cargo-home/registry/src/index.crates.io-1949cf8c6b5b557f/deboa-compio-0.1.3/src/client/http/conn/pool.rs:64:60
[INFO] [stdout]    |
[INFO] [stdout] 64 |     fn new(max_idle_connections: u32, keep_alive_duration: Duration) -> Self {
[INFO] [stdout]    |                                                            ^^^^^^^^ expected `Duration`, found `SignedDuration`
[INFO] [stdout]    |
[INFO] [stdout]    = note: expected signature `fn(_, Duration) -> HttpConnectionPool`
[INFO] [stdout]               found signature `fn(_, SignedDuration) -> HttpConnectionPool`
[INFO] [stdout] help: change the parameter type to match the trait
[INFO] [stdout]    |
[INFO] [stdout] 64 |     fn new(max_idle_connections: u32, keep_alive_duration: std::time::Duration) -> Self {
[INFO] [stdout]    |                                                            +++++++++++
[INFO] [stdout] 
[INFO] [stdout] 
[INFO] [stdout] error[E0049]: method `create_connection` has 0 type parameters but its trait declaration has 1 type parameter
[INFO] [stdout]    --> /opt/rustwide/cargo-home/registry/src/index.crates.io-1949cf8c6b5b557f/deboa-compio-0.1.3/src/client/http/conn/pool.rs:79:32
[INFO] [stdout]     |
[INFO] [stdout]  79 |       async fn create_connection<'a>(
[INFO] [stdout]     |                                  ^^ found 0 type parameters
[INFO] [stdout]     |
[INFO] [stdout]    ::: /opt/rustwide/cargo-home/registry/src/index.crates.io-1949cf8c6b5b557f/deboa-0.1.3/src/conn.rs:245:5
[INFO] [stdout]     |
[INFO] [stdout] 245 | /     fn create_connection<D>(
[INFO] [stdout] 246 | |         &mut self,
[INFO] [stdout] 247 | |         config: &ConnectionConfig<Self::Identity, Self::Certificate>,
[INFO] [stdout] 248 | |         dns_resolver: &D,
[INFO] [stdout] 249 | |     ) -> impl Future<Output = Result<&mut Self::ConnectionDispather>>
[INFO] [stdout] 250 | |     where
[INFO] [stdout] 251 | |         D: DnsResolver;
[INFO] [stdout]     | |_______________________- expected 1 type parameter
[INFO] [stdout] 
[INFO] [stdout] 
[INFO] [stdout] error[E0050]: method `send_request` has 2 parameters but the declaration in trait `send_request` has 3
[INFO] [stdout]    --> /opt/rustwide/cargo-home/registry/src/index.crates.io-1949cf8c6b5b557f/deboa-compio-0.1.3/src/client/http/conn/mod.rs:104:27
[INFO] [stdout]     |
[INFO] [stdout] 104 |     async fn send_request(&mut self, request: Request<HttpBody>) -> Result<DeboaResponse> {
[INFO] [stdout]     |                           ^^^^^^^^^^^^^^^^^^^^^^^^^^^^^^^^^^^^^ expected 3 parameters, found 2
[INFO] [stdout]     |
[INFO] [stdout]     = note: `send_request` from trait: `fn(&mut Self, http::Request<HttpBody>, Duration) -> impl Future<Output = Result<DeboaResponse, DeboaError>>`
[INFO] [stdout] help: add the missing parameter from the trait
[INFO] [stdout]     |
[INFO] [stdout] 104 |     async fn send_request(&mut self, request: Request<HttpBody>, timeout: Duration) -> Result<DeboaResponse> {
[INFO] [stdout]     |                                                                +++++++++++++++++++
[INFO] [stdout] 
[INFO] [stdout] 
[INFO] [stdout] error[E0220]: associated type `Identity` not found for `Self`
[INFO] [stdout]   --> /opt/rustwide/cargo-home/registry/src/index.crates.io-1949cf8c6b5b557f/deboa-compio-0.1.3/src/client/http/http1.rs:38:45
[INFO] [stdout]    |
[INFO] [stdout] 38 |         config: &ConnectionConfig<'a, Self::Identity, Self::Certificate>,
[INFO] [stdout]    |                                             ^^^^^^^^ there is an associated type `Identity` in the trait `deboa::conn::HttpConnectionPool`
[INFO] [stdout] 
[INFO] [stdout] 
[INFO] [stdout] error[E0220]: associated type `Certificate` not found for `Self`
[INFO] [stdout]   --> /opt/rustwide/cargo-home/registry/src/index.crates.io-1949cf8c6b5b557f/deboa-compio-0.1.3/src/client/http/http1.rs:38:61
[INFO] [stdout]    |
[INFO] [stdout] 38 |         config: &ConnectionConfig<'a, Self::Identity, Self::Certificate>,
[INFO] [stdout]    |                                                             ^^^^^^^^^^^ there is an associated type `Certificate` in the trait `deboa::conn::HttpConnectionPool`
[INFO] [stdout] 
[INFO] [stdout] 
[INFO] [stdout] error[E0046]: not all trait items implemented, missing: `RuntimeStream`
[INFO] [stdout]   --> /opt/rustwide/cargo-home/registry/src/index.crates.io-1949cf8c6b5b557f/deboa-compio-0.1.3/src/client/http/http1.rs:25:1
[INFO] [stdout]    |
[INFO] [stdout] 25 | impl ProtoConnection for Http1Connection {
[INFO] [stdout]    | ^^^^^^^^^^^^^^^^^^^^^^^^^^^^^^^^^^^^^^^^ missing `RuntimeStream` in implementation
[INFO] [stdout]    |
[INFO] [stdout]    = help: implement the missing item: `type RuntimeStream = /* Type */;`
[INFO] [stdout] 
[INFO] [stdout] 
[INFO] [stdout] error[E0220]: associated type `Identity` not found for `Self`
[INFO] [stdout]   --> /opt/rustwide/cargo-home/registry/src/index.crates.io-1949cf8c6b5b557f/deboa-compio-0.1.3/src/client/http/http2.rs:39:45
[INFO] [stdout]    |
[INFO] [stdout] 39 |         config: &ConnectionConfig<'a, Self::Identity, Self::Certificate>,
[INFO] [stdout]    |                                             ^^^^^^^^ there is an associated type `Identity` in the trait `deboa::conn::HttpConnectionPool`
[INFO] [stdout] 
[INFO] [stdout] 
[INFO] [stdout] error[E0220]: associated type `Certificate` not found for `Self`
[INFO] [stdout]   --> /opt/rustwide/cargo-home/registry/src/index.crates.io-1949cf8c6b5b557f/deboa-compio-0.1.3/src/client/http/http2.rs:39:61
[INFO] [stdout]    |
[INFO] [stdout] 39 |         config: &ConnectionConfig<'a, Self::Identity, Self::Certificate>,
[INFO] [stdout]    |                                                             ^^^^^^^^^^^ there is an associated type `Certificate` in the trait `deboa::conn::HttpConnectionPool`
[INFO] [stdout] 
[INFO] [stdout] 
[INFO] [stdout] error[E0046]: not all trait items implemented, missing: `RuntimeStream`
[INFO] [stdout]   --> /opt/rustwide/cargo-home/registry/src/index.crates.io-1949cf8c6b5b557f/deboa-compio-0.1.3/src/client/http/http2.rs:26:1
[INFO] [stdout]    |
[INFO] [stdout] 26 | impl ProtoConnection for Http2Connection {
[INFO] [stdout]    | ^^^^^^^^^^^^^^^^^^^^^^^^^^^^^^^^^^^^^^^^ missing `RuntimeStream` in implementation
[INFO] [stdout]    |
[INFO] [stdout]    = help: implement the missing item: `type RuntimeStream = /* Type */;`
[INFO] [stdout] 
[INFO] [stdout] 
[INFO] [stdout] error[E0559]: variant `ConnectionError::Tcp` has no field named `host`
[INFO] [stdout]   --> /opt/rustwide/cargo-home/registry/src/index.crates.io-1949cf8c6b5b557f/deboa-compio-0.1.3/src/client/http/conn/stream/plain.rs:15:17
[INFO] [stdout]    |
[INFO] [stdout] 15 |                 host: host.to_string(),
[INFO] [stdout]    |                 ^^^^ `ConnectionError::Tcp` does not have this field
[INFO] [stdout]    |
[INFO] [stdout]    = note: all struct fields are already assigned
[INFO] [stdout] 
[INFO] [stdout] 
[INFO] [stdout] error[E0559]: variant `ConnectionError::Tls` has no field named `host`
[INFO] [stdout]   --> /opt/rustwide/cargo-home/registry/src/index.crates.io-1949cf8c6b5b557f/deboa-compio-0.1.3/src/client/http/conn/stream/tls/rustls.rs:35:13
[INFO] [stdout]    |
[INFO] [stdout] 35 |             host: host.to_string(),
[INFO] [stdout]    |             ^^^^ `ConnectionError::Tls` does not have this field
[INFO] [stdout]    |
[INFO] [stdout]    = note: all struct fields are already assigned
[INFO] [stdout] 
[INFO] [stdout] 
[INFO] [stdout] error[E0559]: variant `ConnectionError::Tls` has no field named `host`
[INFO] [stdout]   --> /opt/rustwide/cargo-home/registry/src/index.crates.io-1949cf8c6b5b557f/deboa-compio-0.1.3/src/client/http/conn/stream/tls/rustls.rs:46:13
[INFO] [stdout]    |
[INFO] [stdout] 46 |             host: host.to_string(),
[INFO] [stdout]    |             ^^^^ `ConnectionError::Tls` does not have this field
[INFO] [stdout]    |
[INFO] [stdout]    = note: all struct fields are already assigned
[INFO] [stdout] 
[INFO] [stdout] 
[INFO] [stdout] error[E0559]: variant `ConnectionError::Tls` has no field named `host`
[INFO] [stdout]   --> /opt/rustwide/cargo-home/registry/src/index.crates.io-1949cf8c6b5b557f/deboa-compio-0.1.3/src/client/http/conn/stream/tls/rustls.rs:95:21
[INFO] [stdout]    |
[INFO] [stdout] 95 |                     host: host.to_string(),
[INFO] [stdout]    |                     ^^^^ `ConnectionError::Tls` does not have this field
[INFO] [stdout]    |
[INFO] [stdout]    = note: all struct fields are already assigned
[INFO] [stdout] 
[INFO] [stdout] 
[INFO] [stdout] error[E0559]: variant `ConnectionError::Tls` has no field named `host`
[INFO] [stdout]    --> /opt/rustwide/cargo-home/registry/src/index.crates.io-1949cf8c6b5b557f/deboa-compio-0.1.3/src/client/http/conn/stream/tls/rustls.rs:103:21
[INFO] [stdout]     |
[INFO] [stdout] 103 |                     host: host.to_string(),
[INFO] [stdout]     |                     ^^^^ `ConnectionError::Tls` does not have this field
[INFO] [stdout]     |
[INFO] [stdout]     = note: all struct fields are already assigned
[INFO] [stdout] 
[INFO] [stdout] 
[INFO] [stdout] error[E0559]: variant `ConnectionError::Tls` has no field named `host`
[INFO] [stdout]    --> /opt/rustwide/cargo-home/registry/src/index.crates.io-1949cf8c6b5b557f/deboa-compio-0.1.3/src/client/http/conn/stream/tls/rustls.rs:132:17
[INFO] [stdout]     |
[INFO] [stdout] 132 |                 host: host.to_string(),
[INFO] [stdout]     |                 ^^^^ `ConnectionError::Tls` does not have this field
[INFO] [stdout]     |
[INFO] [stdout]     = note: all struct fields are already assigned
[INFO] [stdout] 
[INFO] [stdout] 
[INFO] [stdout] Some errors have detailed explanations: E0046, E0049, E0050, E0053, E0220, E0407, E0437, E0559.
[INFO] [stdout] 
[INFO] [stdout] For more information about an error, try `rustc --explain E0046`.
[INFO] [stdout] 
[INFO] [stderr] error: could not compile `deboa-compio` (lib) due to 25 previous errors
[INFO] [stderr] warning: build failed, waiting for other jobs to finish...
[INFO] running `Command { std: "docker" "inspect" "a3af499408a11ebac6469725905ff76d07e65fa336af98d2f96799dcbe9b5e1c", kill_on_drop: false }`
[INFO] running `Command { std: "docker" "rm" "-f" "a3af499408a11ebac6469725905ff76d07e65fa336af98d2f96799dcbe9b5e1c", kill_on_drop: false }`
[INFO] [stdout] a3af499408a11ebac6469725905ff76d07e65fa336af98d2f96799dcbe9b5e1c
