[INFO] fetching crate veo_3_1 72.0.6...
[INFO] testing veo_3_1-72.0.6 against 1.100.0-beta.1 for beta-1.100-2
[INFO] extracting crate veo_3_1 72.0.6 into /workspace/builds/worker-6-tc2/source
[INFO] started tweaking crates.io crate veo_3_1 72.0.6
[INFO] removed 0 missing examples
[INFO] finished tweaking crates.io crate veo_3_1 72.0.6
[INFO] tweaked toml for crates.io crate veo_3_1 72.0.6 written to /workspace/builds/worker-6-tc2/source/Cargo.toml
[INFO] validating manifest of crates.io crate veo_3_1 72.0.6 on toolchain 1.100.0-beta.1
[INFO] running `Command { std: CARGO_HOME="/workspace/cargo-home" RUSTUP_HOME="/workspace/rustup-home" "/workspace/cargo-home/bin/cargo" "+1.100.0-beta.1" "metadata" "--manifest-path" "Cargo.toml" "--no-deps", kill_on_drop: false }`
[INFO] crate crates.io crate veo_3_1 72.0.6 already has a lockfile, it will not be regenerated
[INFO] running `Command { std: CARGO_HOME="/workspace/cargo-home" RUSTUP_HOME="/workspace/rustup-home" "/workspace/cargo-home/bin/cargo" "+1.100.0-beta.1" "fetch" "--manifest-path" "Cargo.toml", kill_on_drop: false }`
[INFO] running `Command { std: "docker" "create" "-v" "/var/lib/crater-agent-workspace/builds/worker-6-tc2/source:/opt/rustwide/workdir:ro,Z" "-v" "/var/lib/crater-agent-workspace/builds/worker-6-tc2/target:/opt/rustwide/target:rw,Z" "-v" "/var/lib/crater-agent-workspace/cargo-home:/opt/rustwide/cargo-home:ro,Z" "-v" "/var/lib/crater-agent-workspace/rustup-home:/opt/rustwide/rustup-home:ro,Z" "-m" "1610612736" "--network" "none" "ghcr.io/rust-lang/crates-build-env/linux@sha256:3111399a4047eeb3a02b7a90e478d715f38a8c6669b5c4b49d30a17385265909" "sleep" "infinity", kill_on_drop: false }`
[INFO] [stdout] 7ee2a74e2ae61cea53067878ed19d3582a3bf5fa0fd458a9fb5aee526fbe2019
[INFO] running `Command { std: "docker" "start" "7ee2a74e2ae61cea53067878ed19d3582a3bf5fa0fd458a9fb5aee526fbe2019", kill_on_drop: false }`
[INFO] running `Command { std: "docker" "inspect" "7ee2a74e2ae61cea53067878ed19d3582a3bf5fa0fd458a9fb5aee526fbe2019", kill_on_drop: false }`
[INFO] running `Command { std: "docker" "exec" "-e" "SOURCE_DIR=/opt/rustwide/workdir" "-e" "CARGO_HOME=/opt/rustwide/cargo-home" "-e" "RUSTUP_HOME=/opt/rustwide/rustup-home" "-e" "CARGO_TARGET_DIR=/opt/rustwide/target" "-w" "/opt/rustwide/workdir" "--user" "0:0" "7ee2a74e2ae61cea53067878ed19d3582a3bf5fa0fd458a9fb5aee526fbe2019" "/opt/rustwide/cargo-home/bin/cargo" "+1.100.0-beta.1" "metadata" "--no-deps" "--format-version=1", kill_on_drop: false }`
[INFO] running `Command { std: "docker" "inspect" "7ee2a74e2ae61cea53067878ed19d3582a3bf5fa0fd458a9fb5aee526fbe2019", kill_on_drop: false }`
[INFO] running `Command { std: "docker" "exec" "-e" "SOURCE_DIR=/opt/rustwide/workdir" "-e" "CARGO_HOME=/opt/rustwide/cargo-home" "-e" "RUSTUP_HOME=/opt/rustwide/rustup-home" "-e" "CARGO_TARGET_DIR=/opt/rustwide/target" "-e" "CARGO_INCREMENTAL=0" "-e" "RUST_BACKTRACE=full" "-e" "RUSTFLAGS=--cap-lints=warn" "-e" "RUSTDOCFLAGS=--cap-lints=warn" "-w" "/opt/rustwide/workdir" "--user" "0:0" "7ee2a74e2ae61cea53067878ed19d3582a3bf5fa0fd458a9fb5aee526fbe2019" "/opt/rustwide/cargo-home/bin/cargo" "+1.100.0-beta.1" "build" "--frozen" "--message-format=json", kill_on_drop: false }`
[INFO] [stderr]    Compiling veo_3_1 v72.0.6 (/opt/rustwide/workdir)
[INFO] [stderr]     Finished `dev` profile [unoptimized + debuginfo] target(s) in 0.18s
[INFO] running `Command { std: "docker" "inspect" "7ee2a74e2ae61cea53067878ed19d3582a3bf5fa0fd458a9fb5aee526fbe2019", kill_on_drop: false }`
[INFO] running `Command { std: "docker" "exec" "-e" "SOURCE_DIR=/opt/rustwide/workdir" "-e" "CARGO_HOME=/opt/rustwide/cargo-home" "-e" "RUSTUP_HOME=/opt/rustwide/rustup-home" "-e" "CARGO_TARGET_DIR=/opt/rustwide/target" "-e" "CARGO_INCREMENTAL=0" "-e" "RUST_BACKTRACE=full" "-e" "RUSTFLAGS=--cap-lints=warn" "-e" "RUSTDOCFLAGS=--cap-lints=warn" "-w" "/opt/rustwide/workdir" "--user" "0:0" "7ee2a74e2ae61cea53067878ed19d3582a3bf5fa0fd458a9fb5aee526fbe2019" "/opt/rustwide/cargo-home/bin/cargo" "+1.100.0-beta.1" "test" "--frozen" "--no-run" "--message-format=json", kill_on_drop: false }`
[INFO] [stderr]    Compiling veo_3_1 v72.0.6 (/opt/rustwide/workdir)
[INFO] [stdout] error[E0422]: cannot find struct, variant or union type `VideoProcessingOptions` in this scope
[INFO] [stdout]   --> examples/basic.rs:11:50
[INFO] [stdout]    |
[INFO] [stdout] 11 |     match process_video(input_path, output_path, VideoProcessingOptions {
[INFO] [stdout]    |                                                  ^^^^^^^^^^^^^^^^^^^^^^ not found in this scope
[INFO] [stdout] 
[INFO] [stdout] 
[INFO] [stdout] error[E0422]: cannot find struct, variant or union type `VideoProcessingOptions` in this scope
[INFO] [stdout]   --> examples/basic.rs:51:52
[INFO] [stdout]    |
[INFO] [stdout] 51 |     match process_video(input_video, output_video, VideoProcessingOptions {
[INFO] [stdout]    |                                                    ^^^^^^^^^^^^^^^^^^^^^^ not found in this scope
[INFO] [stdout] 
[INFO] [stdout] 
[INFO] [stdout] warning: unused import: `veo_3_1::*`
[INFO] [stdout]  --> examples/basic.rs:3:5
[INFO] [stdout]   |
[INFO] [stdout] 3 | use veo_3_1::*;
[INFO] [stdout]   |     ^^^^^^^^^^
[INFO] [stdout]   |
[INFO] [stdout]   = note: `#[warn(unused_imports)]` (part of `#[warn(unused)]`) on by default
[INFO] [stdout] 
[INFO] [stdout] 
[INFO] [stdout] error[E0425]: cannot find function `process_video` in this scope
[INFO] [stdout]   --> examples/basic.rs:11:11
[INFO] [stdout]    |
[INFO] [stdout] 11 |     match process_video(input_path, output_path, VideoProcessingOptions {
[INFO] [stdout]    |           ^^^^^^^^^^^^^ not found in this scope
[INFO] [stdout] 
[INFO] [stdout] 
[INFO] [stdout] error[E0425]: cannot find function `extract_audio` in this scope
[INFO] [stdout]   --> examples/basic.rs:25:11
[INFO] [stdout]    |
[INFO] [stdout] 25 |     match extract_audio(video_path, audio_path) {
[INFO] [stdout]    |           ^^^^^^^^^^^^^ not found in this scope
[INFO] [stdout] 
[INFO] [stdout] 
[INFO] [stdout] error[E0425]: cannot find function `get_video_metadata` in this scope
[INFO] [stdout]   --> examples/basic.rs:34:11
[INFO] [stdout]    |
[INFO] [stdout] 34 |     match get_video_metadata(video_path) {
[INFO] [stdout]    |           ^^^^^^^^^^^^^^^^^^ not found in this scope
[INFO] [stdout] 
[INFO] [stdout] 
[INFO] [stdout] error[E0425]: cannot find function `process_video` in this scope
[INFO] [stdout]   --> examples/basic.rs:51:11
[INFO] [stdout]    |
[INFO] [stdout] 51 |     match process_video(input_video, output_video, VideoProcessingOptions {
[INFO] [stdout]    |           ^^^^^^^^^^^^^ not found in this scope
[INFO] [stdout] 
[INFO] [stdout] 
[INFO] [stdout] error[E0425]: cannot find function `extract_frames` in this scope
[INFO] [stdout]   --> examples/basic.rs:65:11
[INFO] [stdout]    |
[INFO] [stdout] 65 |     match extract_frames(video_file, output_dir, 10) {
[INFO] [stdout]    |           ^^^^^^^^^^^^^^ not found in this scope
[INFO] [stdout] 
[INFO] [stdout] 
[INFO] [stderr] error: could not compile `veo_3_1` (example "basic") due to 7 previous errors; 1 warning emitted
[INFO] [stderr] warning: build failed, waiting for other jobs to finish...
[INFO] [stdout] Some errors have detailed explanations: E0422, E0425.
[INFO] [stdout] 
[INFO] [stdout] For more information about an error, try `rustc --explain E0422`.
[INFO] [stdout] 
[INFO] running `Command { std: "docker" "inspect" "7ee2a74e2ae61cea53067878ed19d3582a3bf5fa0fd458a9fb5aee526fbe2019", kill_on_drop: false }`
[INFO] running `Command { std: "docker" "rm" "-f" "7ee2a74e2ae61cea53067878ed19d3582a3bf5fa0fd458a9fb5aee526fbe2019", kill_on_drop: false }`
[INFO] [stdout] 7ee2a74e2ae61cea53067878ed19d3582a3bf5fa0fd458a9fb5aee526fbe2019
