[INFO] fetching crate vectorscan-rs 0.0.6...
[INFO] testing vectorscan-rs-0.0.6 against 1.100.0-beta.1 for beta-1.100-2
[INFO] extracting crate vectorscan-rs 0.0.6 into /workspace/builds/worker-6-tc2/source
[INFO] started tweaking crates.io crate vectorscan-rs 0.0.6
[INFO] finished tweaking crates.io crate vectorscan-rs 0.0.6
[INFO] tweaked toml for crates.io crate vectorscan-rs 0.0.6 written to /workspace/builds/worker-6-tc2/source/Cargo.toml
[INFO] validating manifest of crates.io crate vectorscan-rs 0.0.6 on toolchain 1.100.0-beta.1
[INFO] running `Command { std: CARGO_HOME="/workspace/cargo-home" RUSTUP_HOME="/workspace/rustup-home" "/workspace/cargo-home/bin/cargo" "+1.100.0-beta.1" "metadata" "--manifest-path" "Cargo.toml" "--no-deps", kill_on_drop: false }`
[INFO] crate crates.io crate vectorscan-rs 0.0.6 already has a lockfile, it will not be regenerated
[INFO] running `Command { std: CARGO_HOME="/workspace/cargo-home" RUSTUP_HOME="/workspace/rustup-home" "/workspace/cargo-home/bin/cargo" "+1.100.0-beta.1" "fetch" "--manifest-path" "Cargo.toml", kill_on_drop: false }`
[INFO] running `Command { std: "docker" "create" "-v" "/var/lib/crater-agent-workspace/builds/worker-6-tc2/source:/opt/rustwide/workdir:ro,Z" "-v" "/var/lib/crater-agent-workspace/builds/worker-6-tc2/target:/opt/rustwide/target:rw,Z" "-v" "/var/lib/crater-agent-workspace/cargo-home:/opt/rustwide/cargo-home:ro,Z" "-v" "/var/lib/crater-agent-workspace/rustup-home:/opt/rustwide/rustup-home:ro,Z" "-m" "1610612736" "--network" "none" "ghcr.io/rust-lang/crates-build-env/linux@sha256:3111399a4047eeb3a02b7a90e478d715f38a8c6669b5c4b49d30a17385265909" "sleep" "infinity", kill_on_drop: false }`
[INFO] [stdout] f852ffc3c53a3db96456040b8d73555f46ef358b74e7f0272f84274ecc8a8842
[INFO] running `Command { std: "docker" "start" "f852ffc3c53a3db96456040b8d73555f46ef358b74e7f0272f84274ecc8a8842", kill_on_drop: false }`
[INFO] running `Command { std: "docker" "inspect" "f852ffc3c53a3db96456040b8d73555f46ef358b74e7f0272f84274ecc8a8842", kill_on_drop: false }`
[INFO] running `Command { std: "docker" "exec" "-e" "SOURCE_DIR=/opt/rustwide/workdir" "-e" "CARGO_HOME=/opt/rustwide/cargo-home" "-e" "RUSTUP_HOME=/opt/rustwide/rustup-home" "-e" "CARGO_TARGET_DIR=/opt/rustwide/target" "-w" "/opt/rustwide/workdir" "--user" "0:0" "f852ffc3c53a3db96456040b8d73555f46ef358b74e7f0272f84274ecc8a8842" "/opt/rustwide/cargo-home/bin/cargo" "+1.100.0-beta.1" "metadata" "--no-deps" "--format-version=1", kill_on_drop: false }`
[INFO] running `Command { std: "docker" "inspect" "f852ffc3c53a3db96456040b8d73555f46ef358b74e7f0272f84274ecc8a8842", kill_on_drop: false }`
[INFO] running `Command { std: "docker" "exec" "-e" "SOURCE_DIR=/opt/rustwide/workdir" "-e" "CARGO_HOME=/opt/rustwide/cargo-home" "-e" "RUSTUP_HOME=/opt/rustwide/rustup-home" "-e" "CARGO_TARGET_DIR=/opt/rustwide/target" "-e" "CARGO_INCREMENTAL=0" "-e" "RUST_BACKTRACE=full" "-e" "RUSTFLAGS=--cap-lints=warn" "-e" "RUSTDOCFLAGS=--cap-lints=warn" "-w" "/opt/rustwide/workdir" "--user" "0:0" "f852ffc3c53a3db96456040b8d73555f46ef358b74e7f0272f84274ecc8a8842" "/opt/rustwide/cargo-home/bin/cargo" "+1.100.0-beta.1" "build" "--frozen" "--message-format=json", kill_on_drop: false }`
[INFO] [stderr]    Compiling proc-macro2 v1.0.79
[INFO] [stderr]    Compiling unicode-ident v1.0.12
[INFO] [stderr]    Compiling libc v0.2.153
[INFO] [stderr]    Compiling rustix v0.38.32
[INFO] [stderr]    Compiling crc32fast v1.4.0
[INFO] [stderr]    Compiling bitflags v2.5.0
[INFO] [stderr]    Compiling linux-raw-sys v0.4.13
[INFO] [stderr]    Compiling adler v1.0.2
[INFO] [stderr]    Compiling cc v1.0.90
[INFO] [stderr]    Compiling thiserror v1.0.58
[INFO] [stderr]    Compiling miniz_oxide v0.7.2
[INFO] [stderr]    Compiling quote v1.0.35
[INFO] [stderr]    Compiling flate2 v1.0.28
[INFO] [stderr]    Compiling filetime v0.2.23
[INFO] [stderr]    Compiling syn v2.0.57
[INFO] [stderr]    Compiling cmake v0.1.50
[INFO] [stderr]    Compiling xattr v1.3.1
[INFO] [stderr]    Compiling tar v0.4.40
[INFO] [stderr]    Compiling vectorscan-rs-sys v0.0.6
[INFO] [stderr]    Compiling thiserror-impl v1.0.58
[INFO] [stderr]    Compiling foreign-types-macros v0.2.3
[INFO] [stderr]    Compiling foreign-types v0.5.0
[INFO] [stderr] warning: vectorscan-rs-sys@0.0.6: Compiler version doesn't include clang or GCC: "cc" "--version"
[INFO] [stderr] warning: vectorscan-rs-sys@0.0.6: Compiler version doesn't include clang or GCC: "c++" "--version"
[INFO] [stderr] error: failed to run custom build command for `vectorscan-rs-sys v0.0.6`
[INFO] [stderr] note: To improve backtraces for build dependencies, set the CARGO_PROFILE_DEV_BUILD_OVERRIDE_DEBUG=true environment variable to enable debug information generation.
[INFO] [stderr] 
[INFO] [stderr] Caused by:
[INFO] [stderr]   process didn't exit successfully: `/opt/rustwide/target/debug/build/vectorscan-rs-sys/45de8d093c96e554/out/build_script_build` (exit status: 101)
[INFO] [stderr]   --- stdout
[INFO] [stderr]   cargo:rerun-if-changed=build.rs
[INFO] [stderr]   cargo:rustc-link-lib=stdc++
[INFO] [stderr]   CMAKE_TOOLCHAIN_FILE_x86_64-unknown-linux-gnu = None
[INFO] [stderr]   CMAKE_TOOLCHAIN_FILE_x86_64_unknown_linux_gnu = None
[INFO] [stderr]   HOST_CMAKE_TOOLCHAIN_FILE = None
[INFO] [stderr]   CMAKE_TOOLCHAIN_FILE = None
[INFO] [stderr]   CMAKE_GENERATOR_x86_64-unknown-linux-gnu = None
[INFO] [stderr]   CMAKE_GENERATOR_x86_64_unknown_linux_gnu = None
[INFO] [stderr]   HOST_CMAKE_GENERATOR = None
[INFO] [stderr]   CMAKE_GENERATOR = None
[INFO] [stderr]   cargo:warning=Compiler version doesn't include clang or GCC: "cc" "--version"
[INFO] [stderr]   cargo:warning=Compiler version doesn't include clang or GCC: "c++" "--version"
[INFO] [stderr]   CMAKE_PREFIX_PATH_x86_64-unknown-linux-gnu = None
[INFO] [stderr]   CMAKE_PREFIX_PATH_x86_64_unknown_linux_gnu = None
[INFO] [stderr]   HOST_CMAKE_PREFIX_PATH = None
[INFO] [stderr]   CMAKE_PREFIX_PATH = None
[INFO] [stderr]   CMAKE_x86_64-unknown-linux-gnu = None
[INFO] [stderr]   CMAKE_x86_64_unknown_linux_gnu = None
[INFO] [stderr]   HOST_CMAKE = None
[INFO] [stderr]   CMAKE = None
[INFO] [stderr]   running: cd "/opt/rustwide/target/debug/build/vectorscan-rs-sys/4f53b8c8c873b960/out/build" && CMAKE_PREFIX_PATH="" "cmake" "/opt/rustwide/cargo-home/registry/src/index.crates.io-1949cf8c6b5b557f/vectorscan-rs-sys-0.0.6/vectorscan" "-DCMAKE_INSTALL_INCLUDEDIR=/opt/rustwide/target/debug/build/vectorscan-rs-sys/4f53b8c8c873b960/out/include" "-DCMAKE_VERBOSE_MAKEFILE=ON" "-DBUILD_SHARED_LIBS=OFF" "-DBUILD_STATIC_LIBS=ON" "-DFAT_RUNTIME=OFF" "-DWARNINGS_AS_ERRORS=OFF" "-DBUILD_EXAMPLES=OFF" "-DBUILD_BENCHMARKS=OFF" "-DBUILD_DOC=OFF" "-DBUILD_TOOLS=OFF" "-DBUILD_UNIT=OFF" "-DUSE_CPU_NATIVE=OFF" "-DBUILD_AVX2=OFF" "-DBUILD_AVX512=OFF" "-DBUILD_AVX512VBMI=OFF" "-DBUILD_SVE=OFF" "-DBUILD_SVE2=OFF" "-DBUILD_SVE2_BITPERM=OFF" "-DCMAKE_INSTALL_PREFIX=/opt/rustwide/target/debug/build/vectorscan-rs-sys/4f53b8c8c873b960/out" "-DCMAKE_C_FLAGS= -ffunction-sections -fdata-sections -fPIC -m64" "-DCMAKE_C_COMPILER=/usr/bin/cc" "-DCMAKE_CXX_FLAGS= -ffunction-sections -fdata-sections -fPIC -m64" "-DCMAKE_CXX_COMPILER=/usr/bin/c++" "-DCMAKE_ASM_FLAGS= -ffunction-sections -fdata-sections -fPIC -m64" "-DCMAKE_ASM_COMPILER=/usr/bin/cc" "-DCMAKE_BUILD_TYPE=Debug"
[INFO] [stderr]   -- The C compiler identification is GNU 15.2.0
[INFO] [stderr]   -- The CXX compiler identification is GNU 15.2.0
[INFO] [stderr]   -- Detecting C compiler ABI info
[INFO] [stderr]   -- Detecting C compiler ABI info - done
[INFO] [stderr]   -- Check for working C compiler: /usr/bin/cc - skipped
[INFO] [stderr]   -- Detecting C compile features
[INFO] [stderr]   -- Detecting C compile features - done
[INFO] [stderr]   -- Detecting CXX compiler ABI info
[INFO] [stderr]   -- Detecting CXX compiler ABI info - done
[INFO] [stderr]   -- Check for working CXX compiler: /usr/bin/c++ - skipped
[INFO] [stderr]   -- Detecting CXX compile features
[INFO] [stderr]   -- Detecting CXX compile features - done
[INFO] [stderr]   -- Build date: 2026-10-06
[INFO] [stderr]   -- Boost version: 1.90.0
[INFO] [stderr]   -- Build type DEBUG
[INFO] [stderr]   -- g++ version 15.2.0
[INFO] [stderr]   -- Building static libraries
[INFO] [stderr]   -- Performing Test ARCH_X86_64
[INFO] [stderr]   -- Performing Test ARCH_X86_64 - Success
[INFO] [stderr]   -- Performing Test ARCH_IA32
[INFO] [stderr]   -- Performing Test ARCH_IA32 - Failed
[INFO] [stderr]   -- Performing Test ARCH_AARCH64
[INFO] [stderr]   -- Performing Test ARCH_AARCH64 - Failed
[INFO] [stderr]   -- Performing Test ARCH_ARM32
[INFO] [stderr]   -- Performing Test ARCH_ARM32 - Failed
[INFO] [stderr]   -- Performing Test ARCH_PPC64EL
[INFO] [stderr]   -- Performing Test ARCH_PPC64EL - Failed
[INFO] [stderr]   -- Looking for include file intrin.h
[INFO] [stderr]   -- Looking for include file intrin.h - not found
[INFO] [stderr]   -- Looking for C++ include intrin.h
[INFO] [stderr]   -- Looking for C++ include intrin.h - not found
[INFO] [stderr]   -- Looking for include file x86intrin.h
[INFO] [stderr]   -- Looking for include file x86intrin.h - found
[INFO] [stderr]   -- Looking for C++ include x86intrin.h
[INFO] [stderr]   -- Looking for C++ include x86intrin.h - found
[INFO] [stderr]   -- Performing Test HAVE_SSE42
[INFO] [stderr]   -- Performing Test HAVE_SSE42 - Success
[INFO] [stderr]   -- Performing Test HAVE_AVX2
[INFO] [stderr]   -- Performing Test HAVE_AVX2 - Success
[INFO] [stderr]   -- Performing Test HAVE_AVX512
[INFO] [stderr]   -- Performing Test HAVE_AVX512 - Success
[INFO] [stderr]   -- Performing Test HAVE_AVX512VBMI
[INFO] [stderr]   -- Performing Test HAVE_AVX512VBMI - Success
[INFO] [stderr]   -- Building without AVX2 support
[INFO] [stderr]   -- ARCH_C_FLAGS   : -msse4.2
[INFO] [stderr]   -- ARCH_CXX_FLAGS : -msse4.2
[INFO] [stderr]   -- Looking for include file unistd.h
[INFO] [stderr]   -- Looking for include file unistd.h - found
[INFO] [stderr]   -- Looking for posix_memalign
[INFO] [stderr]   -- Looking for posix_memalign - found
[INFO] [stderr]   -- Looking for _aligned_malloc
[INFO] [stderr]   -- Looking for _aligned_malloc - not found
[INFO] [stderr]   -- Performing Test HAS_C_HIDDEN
[INFO] [stderr]   -- Performing Test HAS_C_HIDDEN - Success
[INFO] [stderr]   -- Performing Test HAS_CXX_HIDDEN
[INFO] [stderr]   -- Performing Test HAS_CXX_HIDDEN - Success
[INFO] [stderr]   -- Looking for _LIBCPP_VERSION
[INFO] [stderr]   -- Looking for _LIBCPP_VERSION - not found
[INFO] [stderr]   -- Performing Test HAVE_CC_BUILTIN_ASSUME_ALIGNED
[INFO] [stderr]   -- Performing Test HAVE_CC_BUILTIN_ASSUME_ALIGNED - Success
[INFO] [stderr]   -- Performing Test HAVE_CXX_BUILTIN_ASSUME_ALIGNED
[INFO] [stderr]   -- Performing Test HAVE_CXX_BUILTIN_ASSUME_ALIGNED - Success
[INFO] [stderr]   -- Performing Test HAVE__BUILTIN_CONSTANT_P
[INFO] [stderr]   -- Performing Test HAVE__BUILTIN_CONSTANT_P - Success
[INFO] [stderr]   -- Performing Test CXX_UNUSED_BUT_SET_VAR
[INFO] [stderr]   -- Performing Test CXX_UNUSED_BUT_SET_VAR - Success
[INFO] [stderr]   -- Performing Test CXX_IGNORED_ATTR
[INFO] [stderr]   -- Performing Test CXX_IGNORED_ATTR - Success
[INFO] [stderr]   -- Performing Test CXX_NON_NULL
[INFO] [stderr]   -- Performing Test CXX_NON_NULL - Success
[INFO] [stderr]   -- Performing Test CXX_WEAK_VTABLES
[INFO] [stderr]   -- Performing Test CXX_WEAK_VTABLES - Failed
[INFO] [stderr]   -- Performing Test CXX_MISSING_DECLARATIONS
[INFO] [stderr]   -- Performing Test CXX_MISSING_DECLARATIONS - Success
[INFO] [stderr]   -- Performing Test CXX_UNUSED_LOCAL_TYPEDEFS
[INFO] [stderr]   -- Performing Test CXX_UNUSED_LOCAL_TYPEDEFS - Success
[INFO] [stderr]   -- Performing Test CXX_WUNUSED_VARIABLE
[INFO] [stderr]   -- Performing Test CXX_WUNUSED_VARIABLE - Success
[INFO] [stderr]   -- Performing Test CC_STRINGOP_OVERFLOW
[INFO] [stderr]   -- Performing Test CC_STRINGOP_OVERFLOW - Success
[INFO] [stderr]   -- Performing Test CXX_STRINGOP_OVERFLOW
[INFO] [stderr]   -- Performing Test CXX_STRINGOP_OVERFLOW - Success
[INFO] [stderr]   -- Found PkgConfig: /usr/bin/pkg-config (found version "2.5.1")
[INFO] [stderr]   -- Checking for module 'libpcre>=8.41'
[INFO] [stderr]   --   Package 'libpcre' not found
[INFO] [stderr]   -- PCRE version 8.41 or above not found
[INFO] [stderr]   -- PCRE 8.41 or above not found
[INFO] [stderr]   -- Looking for C++ include pthread_np.h
[INFO] [stderr]   -- Looking for C++ include pthread_np.h - not found
[INFO] [stderr]   -- Looking for pthread_setaffinity_np
[INFO] [stderr]   -- Looking for pthread_setaffinity_np - found
[INFO] [stderr]   -- Looking for malloc_info
[INFO] [stderr]   -- Looking for malloc_info - found
[INFO] [stderr]   -- Looking for shmget
[INFO] [stderr]   -- Looking for shmget - found
[INFO] [stderr]   -- Looking for mmap
[INFO] [stderr]   -- Looking for mmap - found
[INFO] [stderr]   -- Configuring done (13.5s)
[INFO] [stderr]   -- Generating done (0.2s)
[INFO] [stderr]   -- Build files have been written to: /opt/rustwide/target/debug/build/vectorscan-rs-sys/4f53b8c8c873b960/out/build
[INFO] [stderr]   running: cd "/opt/rustwide/target/debug/build/vectorscan-rs-sys/4f53b8c8c873b960/out/build" && MAKEFLAGS="-j --jobserver-fds=4,5 --jobserver-auth=4,5" "cmake" "--build" "." "--target" "install" "--config" "Debug"
[INFO] [stderr]   Change Dir: '/opt/rustwide/target/debug/build/vectorscan-rs-sys/4f53b8c8c873b960/out/build'
[INFO] [stderr] 
[INFO] [stderr]   Run Build Command(s): /usr/bin/cmake -E env VERBOSE=1 /usr/bin/gmake -f Makefile install
[INFO] [stderr]   /usr/bin/cmake -S/opt/rustwide/cargo-home/registry/src/index.crates.io-1949cf8c6b5b557f/vectorscan-rs-sys-0.0.6/vectorscan -B/opt/rustwide/target/debug/build/vectorscan-rs-sys/4f53b8c8c873b960/out/build --check-build-system CMakeFiles/Makefile.cmake 0
[INFO] [stderr]   /usr/bin/cmake -E cmake_progress_start /opt/rustwide/target/debug/build/vectorscan-rs-sys/4f53b8c8c873b960/out/build/CMakeFiles /opt/rustwide/target/debug/build/vectorscan-rs-sys/4f53b8c8c873b960/out/build//CMakeFiles/progress.marks
[INFO] [stderr]   /usr/bin/gmake  -f CMakeFiles/Makefile2 all
[INFO] [stderr]   gmake[1]: Entering directory '/opt/rustwide/target/debug/build/vectorscan-rs-sys/4f53b8c8c873b960/out/build'
[INFO] [stderr]   /usr/bin/gmake  -f CMakeFiles/hs_exec.dir/build.make CMakeFiles/hs_exec.dir/depend
[INFO] [stderr]   /usr/bin/gmake  -f CMakeFiles/hs_compile.dir/build.make CMakeFiles/hs_compile.dir/depend
[INFO] [stderr]   /usr/bin/gmake  -f util/CMakeFiles/expressionutil.dir/build.make util/CMakeFiles/expressionutil.dir/depend
[INFO] [stderr]   gmake[2]: Entering directory '/opt/rustwide/target/debug/build/vectorscan-rs-sys/4f53b8c8c873b960/out/build'
[INFO] [stderr]   cd /opt/rustwide/target/debug/build/vectorscan-rs-sys/4f53b8c8c873b960/out/build && /usr/bin/cmake -E cmake_depends "Unix Makefiles" /opt/rustwide/cargo-home/registry/src/index.crates.io-1949cf8c6b5b557f/vectorscan-rs-sys-0.0.6/vectorscan /opt/rustwide/cargo-home/registry/src/index.crates.io-1949cf8c6b5b557f/vectorscan-rs-sys-0.0.6/vectorscan /opt/rustwide/target/debug/build/vectorscan-rs-sys/4f53b8c8c873b960/out/build /opt/rustwide/target/debug/build/vectorscan-rs-sys/4f53b8c8c873b960/out/build /opt/rustwide/target/debug/build/vectorscan-rs-sys/4f53b8c8c873b960/out/build/CMakeFiles/hs_exec.dir/DependInfo.cmake "--color=" hs_exec
[INFO] [stderr]   /usr/bin/gmake  -f util/CMakeFiles/corpusomatic.dir/build.make util/CMakeFiles/corpusomatic.dir/depend
[INFO] [stderr]   /usr/bin/gmake  -f util/CMakeFiles/databaseutil.dir/build.make util/CMakeFiles/databaseutil.dir/depend
[INFO] [stderr]   gmake[2]: Entering directory '/opt/rustwide/target/debug/build/vectorscan-rs-sys/4f53b8c8c873b960/out/build'
[INFO] [stderr]   cd /opt/rustwide/target/debug/build/vectorscan-rs-sys/4f53b8c8c873b960/out/build && /usr/bin/cmake -E cmake_depends "Unix Makefiles" /opt/rustwide/cargo-home/registry/src/index.crates.io-1949cf8c6b5b557f/vectorscan-rs-sys-0.0.6/vectorscan /opt/rustwide/cargo-home/registry/src/index.crates.io-1949cf8c6b5b557f/vectorscan-rs-sys-0.0.6/vectorscan/util /opt/rustwide/target/debug/build/vectorscan-rs-sys/4f53b8c8c873b960/out/build /opt/rustwide/target/debug/build/vectorscan-rs-sys/4f53b8c8c873b960/out/build/util /opt/rustwide/target/debug/build/vectorscan-rs-sys/4f53b8c8c873b960/out/build/util/CMakeFiles/expressionutil.dir/DependInfo.cmake "--color=" expressionutil
[INFO] [stderr]   gmake[2]: Entering directory '/opt/rustwide/target/debug/build/vectorscan-rs-sys/4f53b8c8c873b960/out/build'
[INFO] [stderr]   cd /opt/rustwide/target/debug/build/vectorscan-rs-sys/4f53b8c8c873b960/out/build && /usr/bin/cmake -E cmake_depends "Unix Makefiles" /opt/rustwide/cargo-home/registry/src/index.crates.io-1949cf8c6b5b557f/vectorscan-rs-sys-0.0.6/vectorscan /opt/rustwide/cargo-home/registry/src/index.crates.io-1949cf8c6b5b557f/vectorscan-rs-sys-0.0.6/vectorscan/util /opt/rustwide/target/debug/build/vectorscan-rs-sys/4f53b8c8c873b960/out/build /opt/rustwide/target/debug/build/vectorscan-rs-sys/4f53b8c8c873b960/out/build/util /opt/rustwide/target/debug/build/vectorscan-rs-sys/4f53b8c8c873b960/out/build/util/CMakeFiles/corpusomatic.dir/DependInfo.cmake "--color=" corpusomatic
[INFO] [stderr]   gmake[2]: Entering directory '/opt/rustwide/target/debug/build/vectorscan-rs-sys/4f53b8c8c873b960/out/build'
[INFO] [stderr]   cd /opt/rustwide/target/debug/build/vectorscan-rs-sys/4f53b8c8c873b960/out/build && /usr/bin/cmake -E cmake_depends "Unix Makefiles" /opt/rustwide/cargo-home/registry/src/index.crates.io-1949cf8c6b5b557f/vectorscan-rs-sys-0.0.6/vectorscan /opt/rustwide/cargo-home/registry/src/index.crates.io-1949cf8c6b5b557f/vectorscan-rs-sys-0.0.6/vectorscan /opt/rustwide/target/debug/build/vectorscan-rs-sys/4f53b8c8c873b960/out/build /opt/rustwide/target/debug/build/vectorscan-rs-sys/4f53b8c8c873b960/out/build /opt/rustwide/target/debug/build/vectorscan-rs-sys/4f53b8c8c873b960/out/build/CMakeFiles/hs_compile.dir/DependInfo.cmake "--color=" hs_compile
[INFO] [stderr]   /usr/bin/gmake  -f util/CMakeFiles/crosscompileutil.dir/build.make util/CMakeFiles/crosscompileutil.dir/depend
[INFO] [stderr]   gmake[2]: Entering directory '/opt/rustwide/target/debug/build/vectorscan-rs-sys/4f53b8c8c873b960/out/build'
[INFO] [stderr]   cd /opt/rustwide/target/debug/build/vectorscan-rs-sys/4f53b8c8c873b960/out/build && /usr/bin/cmake -E cmake_depends "Unix Makefiles" /opt/rustwide/cargo-home/registry/src/index.crates.io-1949cf8c6b5b557f/vectorscan-rs-sys-0.0.6/vectorscan /opt/rustwide/cargo-home/registry/src/index.crates.io-1949cf8c6b5b557f/vectorscan-rs-sys-0.0.6/vectorscan/util /opt/rustwide/target/debug/build/vectorscan-rs-sys/4f53b8c8c873b960/out/build /opt/rustwide/target/debug/build/vectorscan-rs-sys/4f53b8c8c873b960/out/build/util /opt/rustwide/target/debug/build/vectorscan-rs-sys/4f53b8c8c873b960/out/build/util/CMakeFiles/databaseutil.dir/DependInfo.cmake "--color=" databaseutil
[INFO] [stderr]   gmake[2]: Entering directory '/opt/rustwide/target/debug/build/vectorscan-rs-sys/4f53b8c8c873b960/out/build'
[INFO] [stderr]   cd /opt/rustwide/target/debug/build/vectorscan-rs-sys/4f53b8c8c873b960/out/build && /usr/bin/cmake -E cmake_depends "Unix Makefiles" /opt/rustwide/cargo-home/registry/src/index.crates.io-1949cf8c6b5b557f/vectorscan-rs-sys-0.0.6/vectorscan /opt/rustwide/cargo-home/registry/src/index.crates.io-1949cf8c6b5b557f/vectorscan-rs-sys-0.0.6/vectorscan/util /opt/rustwide/target/debug/build/vectorscan-rs-sys/4f53b8c8c873b960/out/build /opt/rustwide/target/debug/build/vectorscan-rs-sys/4f53b8c8c873b960/out/build/util /opt/rustwide/target/debug/build/vectorscan-rs-sys/4f53b8c8c873b960/out/build/util/CMakeFiles/crosscompileutil.dir/DependInfo.cmake "--color=" crosscompileutil
[INFO] [stderr]   gmake[2]: Leaving directory '/opt/rustwide/target/debug/build/vectorscan-rs-sys/4f53b8c8c873b960/out/build'
[INFO] [stderr]   gmake[2]: Leaving directory '/opt/rustwide/target/debug/build/vectorscan-rs-sys/4f53b8c8c873b960/out/build'
[INFO] [stderr]   /usr/bin/gmake  -f util/CMakeFiles/expressionutil.dir/build.make util/CMakeFiles/expressionutil.dir/build
[INFO] [stderr]   gmake[2]: Leaving directory '/opt/rustwide/target/debug/build/vectorscan-rs-sys/4f53b8c8c873b960/out/build'
[INFO] [stderr]   /usr/bin/gmake  -f CMakeFiles/hs_exec.dir/build.make CMakeFiles/hs_exec.dir/build
[INFO] [stderr]   gmake[2]: Entering directory '/opt/rustwide/target/debug/build/vectorscan-rs-sys/4f53b8c8c873b960/out/build'
[INFO] [stderr]   /usr/bin/gmake  -f util/CMakeFiles/databaseutil.dir/build.make util/CMakeFiles/databaseutil.dir/build
[INFO] [stderr]   gmake[2]: Entering directory '/opt/rustwide/target/debug/build/vectorscan-rs-sys/4f53b8c8c873b960/out/build'
[INFO] [stderr]   gmake[2]: Entering directory '/opt/rustwide/target/debug/build/vectorscan-rs-sys/4f53b8c8c873b960/out/build'
[INFO] [stderr]   [  1%] Building C object CMakeFiles/hs_exec.dir/src/stream_compress.c.o
[INFO] [stderr]   [  2%] Building CXX object util/CMakeFiles/databaseutil.dir/database_util.cpp.o
[INFO] [stderr]   /usr/bin/cc  -I/opt/rustwide/target/debug/build/vectorscan-rs-sys/4f53b8c8c873b960/out/build -I/opt/rustwide/cargo-home/registry/src/index.crates.io-1949cf8c6b5b557f/vectorscan-rs-sys-0.0.6/vectorscan -I/opt/rustwide/cargo-home/registry/src/index.crates.io-1949cf8c6b5b557f/vectorscan-rs-sys-0.0.6/vectorscan/src -isystem /opt/rustwide/cargo-home/registry/src/index.crates.io-1949cf8c6b5b557f/vectorscan-rs-sys-0.0.6/vectorscan/include -ffunction-sections -fdata-sections -fPIC -m64 -msse4.2 -O0 -std=c17 -Wall -Wextra  -Wno-array-bounds  -Wno-stringop-overflow -Wno-stringop-overread  -g -MD -MT CMakeFiles/hs_exec.dir/src/stream_compress.c.o -MF CMakeFiles/hs_exec.dir/src/stream_compress.c.o.d -o CMakeFiles/hs_exec.dir/src/stream_compress.c.o -c /opt/rustwide/cargo-home/registry/src/index.crates.io-1949cf8c6b5b557f/vectorscan-rs-sys-0.0.6/vectorscan/src/stream_compress.c
[INFO] [stderr]   [  2%] Building CXX object util/CMakeFiles/expressionutil.dir/ExpressionParser.cpp.o
[INFO] [stderr]   [  3%] Building C object CMakeFiles/hs_exec.dir/src/crc32.c.o
[INFO] [stderr]   cd /opt/rustwide/target/debug/build/vectorscan-rs-sys/4f53b8c8c873b960/out/build/util && /usr/bin/c++  -I/opt/rustwide/target/debug/build/vectorscan-rs-sys/4f53b8c8c873b960/out/build/util -I/opt/rustwide/cargo-home/registry/src/index.crates.io-1949cf8c6b5b557f/vectorscan-rs-sys-0.0.6/vectorscan/util -I/opt/rustwide/cargo-home/registry/src/index.crates.io-1949cf8c6b5b557f/vectorscan-rs-sys-0.0.6/vectorscan/src -I/opt/rustwide/target/debug/build/vectorscan-rs-sys/4f53b8c8c873b960/out/build -I/opt/rustwide/cargo-home/registry/src/index.crates.io-1949cf8c6b5b557f/vectorscan-rs-sys-0.0.6/vectorscan -isystem /opt/rustwide/cargo-home/registry/src/index.crates.io-1949cf8c6b5b557f/vectorscan-rs-sys-0.0.6/vectorscan/include -ffunction-sections -fdata-sections -fPIC -m64 -msse4.2 -O0 -std=c++17 -Wall -Wextra  -fno-new-ttp-matching -Wno-maybe-uninitialized -Wno-uninitialized -Wno-unused-but-set-variable -Wno-ignored-attributes -Wno-nonnull -Wno-stringop-overflow -Wno-stringop-overread  -O0 -std=c++17 -Wall -Wextra  -fno-new-ttp-matching -Wno-maybe-uninitialized -Wno-uninitialized -Wno-unused-but-set-variable -Wno-ignored-attributes -Wno-nonnull -Wno-stringop-overflow -Wno-stringop-overread  -g -MD -MT util/CMakeFiles/databaseutil.dir/database_util.cpp.o -MF CMakeFiles/databaseutil.dir/database_util.cpp.o.d -o CMakeFiles/databaseutil.dir/database_util.cpp.o -c /opt/rustwide/cargo-home/registry/src/index.crates.io-1949cf8c6b5b557f/vectorscan-rs-sys-0.0.6/vectorscan/util/database_util.cpp
[INFO] [stderr]   /usr/bin/cc  -I/opt/rustwide/target/debug/build/vectorscan-rs-sys/4f53b8c8c873b960/out/build -I/opt/rustwide/cargo-home/registry/src/index.crates.io-1949cf8c6b5b557f/vectorscan-rs-sys-0.0.6/vectorscan -I/opt/rustwide/cargo-home/registry/src/index.crates.io-1949cf8c6b5b557f/vectorscan-rs-sys-0.0.6/vectorscan/src -isystem /opt/rustwide/cargo-home/registry/src/index.crates.io-1949cf8c6b5b557f/vectorscan-rs-sys-0.0.6/vectorscan/include -ffunction-sections -fdata-sections -fPIC -m64 -msse4.2 -O0 -std=c17 -Wall -Wextra  -Wno-array-bounds  -Wno-stringop-overflow -Wno-stringop-overread  -g -MD -MT CMakeFiles/hs_exec.dir/src/crc32.c.o -MF CMakeFiles/hs_exec.dir/src/crc32.c.o.d -o CMakeFiles/hs_exec.dir/src/crc32.c.o -c /opt/rustwide/cargo-home/registry/src/index.crates.io-1949cf8c6b5b557f/vectorscan-rs-sys-0.0.6/vectorscan/src/crc32.c
[INFO] [stderr]   [  4%] Building CXX object util/CMakeFiles/expressionutil.dir/expressions.cpp.o
[INFO] [stderr]   [  4%] Building C object CMakeFiles/hs_exec.dir/src/fdr/fdr.c.o
[INFO] [stderr]   cd /opt/rustwide/target/debug/build/vectorscan-rs-sys/4f53b8c8c873b960/out/build/util && /usr/bin/c++  -I/opt/rustwide/target/debug/build/vectorscan-rs-sys/4f53b8c8c873b960/out/build/util -I/opt/rustwide/cargo-home/registry/src/index.crates.io-1949cf8c6b5b557f/vectorscan-rs-sys-0.0.6/vectorscan/util -I/opt/rustwide/cargo-home/registry/src/index.crates.io-1949cf8c6b5b557f/vectorscan-rs-sys-0.0.6/vectorscan/src -I/opt/rustwide/target/debug/build/vectorscan-rs-sys/4f53b8c8c873b960/out/build -I/opt/rustwide/cargo-home/registry/src/index.crates.io-1949cf8c6b5b557f/vectorscan-rs-sys-0.0.6/vectorscan -isystem /opt/rustwide/cargo-home/registry/src/index.crates.io-1949cf8c6b5b557f/vectorscan-rs-sys-0.0.6/vectorscan/include -ffunction-sections -fdata-sections -fPIC -m64 -msse4.2 -O0 -std=c++17 -Wall -Wextra  -fno-new-ttp-matching -Wno-maybe-uninitialized -Wno-uninitialized -Wno-unused-but-set-variable -Wno-ignored-attributes -Wno-nonnull -Wno-stringop-overflow -Wno-stringop-overread  -O0 -std=c++17 -Wall -Wextra  -fno-new-ttp-matching -Wno-maybe-uninitialized -Wno-uninitialized -Wno-unused-but-set-variable -Wno-ignored-attributes -Wno-nonnull -Wno-stringop-overflow -Wno-stringop-overread  -g -MD -MT util/CMakeFiles/expressionutil.dir/expressions.cpp.o -MF CMakeFiles/expressionutil.dir/expressions.cpp.o.d -o CMakeFiles/expressionutil.dir/expressions.cpp.o -c /opt/rustwide/cargo-home/registry/src/index.crates.io-1949cf8c6b5b557f/vectorscan-rs-sys-0.0.6/vectorscan/util/expressions.cpp
[INFO] [stderr]   [  5%] Building C object CMakeFiles/hs_exec.dir/src/nfa/accel.c.o
[INFO] [stderr]   /usr/bin/cc  -I/opt/rustwide/target/debug/build/vectorscan-rs-sys/4f53b8c8c873b960/out/build -I/opt/rustwide/cargo-home/registry/src/index.crates.io-1949cf8c6b5b557f/vectorscan-rs-sys-0.0.6/vectorscan -I/opt/rustwide/cargo-home/registry/src/index.crates.io-1949cf8c6b5b557f/vectorscan-rs-sys-0.0.6/vectorscan/src -isystem /opt/rustwide/cargo-home/registry/src/index.crates.io-1949cf8c6b5b557f/vectorscan-rs-sys-0.0.6/vectorscan/include -ffunction-sections -fdata-sections -fPIC -m64 -msse4.2 -O0 -std=c17 -Wall -Wextra  -Wno-array-bounds  -Wno-stringop-overflow -Wno-stringop-overread  -g -MD -MT CMakeFiles/hs_exec.dir/src/fdr/fdr.c.o -MF CMakeFiles/hs_exec.dir/src/fdr/fdr.c.o.d -o CMakeFiles/hs_exec.dir/src/fdr/fdr.c.o -c /opt/rustwide/cargo-home/registry/src/index.crates.io-1949cf8c6b5b557f/vectorscan-rs-sys-0.0.6/vectorscan/src/fdr/fdr.c
[INFO] [stderr]   gmake[2]: Leaving directory '/opt/rustwide/target/debug/build/vectorscan-rs-sys/4f53b8c8c873b960/out/build'
[INFO] [stderr]   /usr/bin/gmake  -f CMakeFiles/hs_compile.dir/build.make CMakeFiles/hs_compile.dir/build
[INFO] [stderr]   [  5%] Building C object CMakeFiles/hs_exec.dir/src/runtime.c.o
[INFO] [stderr]   /usr/bin/cc  -I/opt/rustwide/target/debug/build/vectorscan-rs-sys/4f53b8c8c873b960/out/build -I/opt/rustwide/cargo-home/registry/src/index.crates.io-1949cf8c6b5b557f/vectorscan-rs-sys-0.0.6/vectorscan -I/opt/rustwide/cargo-home/registry/src/index.crates.io-1949cf8c6b5b557f/vectorscan-rs-sys-0.0.6/vectorscan/src -isystem /opt/rustwide/cargo-home/registry/src/index.crates.io-1949cf8c6b5b557f/vectorscan-rs-sys-0.0.6/vectorscan/include -ffunction-sections -fdata-sections -fPIC -m64 -msse4.2 -O0 -std=c17 -Wall -Wextra  -Wno-array-bounds  -Wno-stringop-overflow -Wno-stringop-overread  -g -MD -MT CMakeFiles/hs_exec.dir/src/nfa/accel.c.o -MF CMakeFiles/hs_exec.dir/src/nfa/accel.c.o.d -o CMakeFiles/hs_exec.dir/src/nfa/accel.c.o -c /opt/rustwide/cargo-home/registry/src/index.crates.io-1949cf8c6b5b557f/vectorscan-rs-sys-0.0.6/vectorscan/src/nfa/accel.c
[INFO] [stderr]   [  5%] Building C object CMakeFiles/hs_exec.dir/src/nfa/gough.c.o
[INFO] [stderr]   [  5%] Building CXX object CMakeFiles/hs_exec.dir/src/fdr/teddy.cpp.o
[INFO] [stderr]   [  5%] Building CXX object CMakeFiles/hs_exec.dir/src/hwlm/noodle_engine.cpp.o
[INFO] [stderr]   cd /opt/rustwide/target/debug/build/vectorscan-rs-sys/4f53b8c8c873b960/out/build/util && /usr/bin/c++  -I/opt/rustwide/target/debug/build/vectorscan-rs-sys/4f53b8c8c873b960/out/build/util -I/opt/rustwide/cargo-home/registry/src/index.crates.io-1949cf8c6b5b557f/vectorscan-rs-sys-0.0.6/vectorscan/util -I/opt/rustwide/cargo-home/registry/src/index.crates.io-1949cf8c6b5b557f/vectorscan-rs-sys-0.0.6/vectorscan/src -I/opt/rustwide/target/debug/build/vectorscan-rs-sys/4f53b8c8c873b960/out/build -I/opt/rustwide/cargo-home/registry/src/index.crates.io-1949cf8c6b5b557f/vectorscan-rs-sys-0.0.6/vectorscan -isystem /opt/rustwide/cargo-home/registry/src/index.crates.io-1949cf8c6b5b557f/vectorscan-rs-sys-0.0.6/vectorscan/include -ffunction-sections -fdata-sections -fPIC -m64 -msse4.2 -O0 -std=c++17 -Wall -Wextra  -fno-new-ttp-matching -Wno-maybe-uninitialized -Wno-uninitialized -Wno-unused-but-set-variable -Wno-ignored-attributes -Wno-nonnull -Wno-stringop-overflow -Wno-stringop-overread  -O0 -std=c++17 -Wall -Wextra  -fno-new-ttp-matching -Wno-maybe-uninitialized -Wno-uninitialized -Wno-unused-but-set-variable -Wno-ignored-attributes -Wno-nonnull -Wno-stringop-overflow -Wno-stringop-overread  -g -Wno-unused -funsigned-char -MD -MT util/CMakeFiles/expressionutil.dir/ExpressionParser.cpp.o -MF CMakeFiles/expressionutil.dir/ExpressionParser.cpp.o.d -o CMakeFiles/expressionutil.dir/ExpressionParser.cpp.o -c /opt/rustwide/cargo-home/registry/src/index.crates.io-1949cf8c6b5b557f/vectorscan-rs-sys-0.0.6/vectorscan/util/ExpressionParser.cpp
[INFO] [stderr]   gmake[2]: Leaving directory '/opt/rustwide/target/debug/build/vectorscan-rs-sys/4f53b8c8c873b960/out/build'
[INFO] [stderr]   /usr/bin/cc  -I/opt/rustwide/target/debug/build/vectorscan-rs-sys/4f53b8c8c873b960/out/build -I/opt/rustwide/cargo-home/registry/src/index.crates.io-1949cf8c6b5b557f/vectorscan-rs-sys-0.0.6/vectorscan -I/opt/rustwide/cargo-home/registry/src/index.crates.io-1949cf8c6b5b557f/vectorscan-rs-sys-0.0.6/vectorscan/src -isystem /opt/rustwide/cargo-home/registry/src/index.crates.io-1949cf8c6b5b557f/vectorscan-rs-sys-0.0.6/vectorscan/include -ffunction-sections -fdata-sections -fPIC -m64 -msse4.2 -O0 -std=c17 -Wall -Wextra  -Wno-array-bounds  -Wno-stringop-overflow -Wno-stringop-overread  -g -MD -MT CMakeFiles/hs_exec.dir/src/runtime.c.o -MF CMakeFiles/hs_exec.dir/src/runtime.c.o.d -o CMakeFiles/hs_exec.dir/src/runtime.c.o -c /opt/rustwide/cargo-home/registry/src/index.crates.io-1949cf8c6b5b557f/vectorscan-rs-sys-0.0.6/vectorscan/src/runtime.c
[INFO] [stderr]   /usr/bin/gmake  -f util/CMakeFiles/crosscompileutil.dir/build.make util/CMakeFiles/crosscompileutil.dir/build
[INFO] [stderr]   [  6%] Building C object CMakeFiles/hs_exec.dir/src/hwlm/hwlm.c.o
[INFO] [stderr]   gmake[2]: Entering directory '/opt/rustwide/target/debug/build/vectorscan-rs-sys/4f53b8c8c873b960/out/build'
[INFO] [stderr]   /usr/bin/cc  -I/opt/rustwide/target/debug/build/vectorscan-rs-sys/4f53b8c8c873b960/out/build -I/opt/rustwide/cargo-home/registry/src/index.crates.io-1949cf8c6b5b557f/vectorscan-rs-sys-0.0.6/vectorscan -I/opt/rustwide/cargo-home/registry/src/index.crates.io-1949cf8c6b5b557f/vectorscan-rs-sys-0.0.6/vectorscan/src -isystem /opt/rustwide/cargo-home/registry/src/index.crates.io-1949cf8c6b5b557f/vectorscan-rs-sys-0.0.6/vectorscan/include -ffunction-sections -fdata-sections -fPIC -m64 -msse4.2 -O0 -std=c17 -Wall -Wextra  -Wno-array-bounds  -Wno-stringop-overflow -Wno-stringop-overread  -g -MD -MT CMakeFiles/hs_exec.dir/src/nfa/gough.c.o -MF CMakeFiles/hs_exec.dir/src/nfa/gough.c.o.d -o CMakeFiles/hs_exec.dir/src/nfa/gough.c.o -c /opt/rustwide/cargo-home/registry/src/index.crates.io-1949cf8c6b5b557f/vectorscan-rs-sys-0.0.6/vectorscan/src/nfa/gough.c
[INFO] [stderr]   gmake[2]: Entering directory '/opt/rustwide/target/debug/build/vectorscan-rs-sys/4f53b8c8c873b960/out/build'
[INFO] [stderr]   /usr/bin/c++  -I/opt/rustwide/target/debug/build/vectorscan-rs-sys/4f53b8c8c873b960/out/build -I/opt/rustwide/cargo-home/registry/src/index.crates.io-1949cf8c6b5b557f/vectorscan-rs-sys-0.0.6/vectorscan -I/opt/rustwide/cargo-home/registry/src/index.crates.io-1949cf8c6b5b557f/vectorscan-rs-sys-0.0.6/vectorscan/src -isystem /opt/rustwide/cargo-home/registry/src/index.crates.io-1949cf8c6b5b557f/vectorscan-rs-sys-0.0.6/vectorscan/include -ffunction-sections -fdata-sections -fPIC -m64 -msse4.2 -O0 -std=c++17 -Wall -Wextra  -fno-new-ttp-matching -Wno-maybe-uninitialized -Wno-uninitialized -Wno-unused-but-set-variable -Wno-ignored-attributes -Wno-nonnull -Wno-stringop-overflow -Wno-stringop-overread  -g -MD -MT CMakeFiles/hs_exec.dir/src/fdr/teddy.cpp.o -MF CMakeFiles/hs_exec.dir/src/fdr/teddy.cpp.o.d -o CMakeFiles/hs_exec.dir/src/fdr/teddy.cpp.o -c /opt/rustwide/cargo-home/registry/src/index.crates.io-1949cf8c6b5b557f/vectorscan-rs-sys-0.0.6/vectorscan/src/fdr/teddy.cpp
[INFO] [stderr]   /usr/bin/cc  -I/opt/rustwide/target/debug/build/vectorscan-rs-sys/4f53b8c8c873b960/out/build -I/opt/rustwide/cargo-home/registry/src/index.crates.io-1949cf8c6b5b557f/vectorscan-rs-sys-0.0.6/vectorscan -I/opt/rustwide/cargo-home/registry/src/index.crates.io-1949cf8c6b5b557f/vectorscan-rs-sys-0.0.6/vectorscan/src -isystem /opt/rustwide/cargo-home/registry/src/index.crates.io-1949cf8c6b5b557f/vectorscan-rs-sys-0.0.6/vectorscan/include -ffunction-sections -fdata-sections -fPIC -m64 -msse4.2 -O0 -std=c17 -Wall -Wextra  -Wno-array-bounds  -Wno-stringop-overflow -Wno-stringop-overread  -g -MD -MT CMakeFiles/hs_exec.dir/src/hwlm/hwlm.c.o -MF CMakeFiles/hs_exec.dir/src/hwlm/hwlm.c.o.d -o CMakeFiles/hs_exec.dir/src/hwlm/hwlm.c.o -c /opt/rustwide/cargo-home/registry/src/index.crates.io-1949cf8c6b5b557f/vectorscan-rs-sys-0.0.6/vectorscan/src/hwlm/hwlm.c
[INFO] [stderr]   /usr/bin/c++  -I/opt/rustwide/target/debug/build/vectorscan-rs-sys/4f53b8c8c873b960/out/build -I/opt/rustwide/cargo-home/registry/src/index.crates.io-1949cf8c6b5b557f/vectorscan-rs-sys-0.0.6/vectorscan -I/opt/rustwide/cargo-home/registry/src/index.crates.io-1949cf8c6b5b557f/vectorscan-rs-sys-0.0.6/vectorscan/src -isystem /opt/rustwide/cargo-home/registry/src/index.crates.io-1949cf8c6b5b557f/vectorscan-rs-sys-0.0.6/vectorscan/include -ffunction-sections -fdata-sections -fPIC -m64 -msse4.2 -O0 -std=c++17 -Wall -Wextra  -fno-new-ttp-matching -Wno-maybe-uninitialized -Wno-uninitialized -Wno-unused-but-set-variable -Wno-ignored-attributes -Wno-nonnull -Wno-stringop-overflow -Wno-stringop-overread  -g -MD -MT CMakeFiles/hs_exec.dir/src/hwlm/noodle_engine.cpp.o -MF CMakeFiles/hs_exec.dir/src/hwlm/noodle_engine.cpp.o.d -o CMakeFiles/hs_exec.dir/src/hwlm/noodle_engine.cpp.o -c /opt/rustwide/cargo-home/registry/src/index.crates.io-1949cf8c6b5b557f/vectorscan-rs-sys-0.0.6/vectorscan/src/hwlm/noodle_engine.cpp
[INFO] [stderr]   gmake[2]: Leaving directory '/opt/rustwide/target/debug/build/vectorscan-rs-sys/4f53b8c8c873b960/out/build'
[INFO] [stderr]   /usr/bin/gmake  -f util/CMakeFiles/corpusomatic.dir/build.make util/CMakeFiles/corpusomatic.dir/build
[INFO] [stderr]   gmake[2]: Entering directory '/opt/rustwide/target/debug/build/vectorscan-rs-sys/4f53b8c8c873b960/out/build'
[INFO] [stderr]   [  6%] Building CXX object CMakeFiles/hs_compile.dir/src/grey.cpp.o
[INFO] [stderr]   /usr/bin/c++  -I/opt/rustwide/target/debug/build/vectorscan-rs-sys/4f53b8c8c873b960/out/build -I/opt/rustwide/cargo-home/registry/src/index.crates.io-1949cf8c6b5b557f/vectorscan-rs-sys-0.0.6/vectorscan -I/opt/rustwide/cargo-home/registry/src/index.crates.io-1949cf8c6b5b557f/vectorscan-rs-sys-0.0.6/vectorscan/src -isystem /opt/rustwide/cargo-home/registry/src/index.crates.io-1949cf8c6b5b557f/vectorscan-rs-sys-0.0.6/vectorscan/include -ffunction-sections -fdata-sections -fPIC -m64 -msse4.2 -O0 -std=c++17 -Wall -Wextra  -fno-new-ttp-matching -Wno-maybe-uninitialized -Wno-uninitialized -Wno-unused-but-set-variable -Wno-ignored-attributes -Wno-nonnull -Wno-stringop-overflow -Wno-stringop-overread  -g -MD -MT CMakeFiles/hs_compile.dir/src/grey.cpp.o -MF CMakeFiles/hs_compile.dir/src/grey.cpp.o.d -o CMakeFiles/hs_compile.dir/src/grey.cpp.o -c /opt/rustwide/cargo-home/registry/src/index.crates.io-1949cf8c6b5b557f/vectorscan-rs-sys-0.0.6/vectorscan/src/grey.cpp
[INFO] [stderr]   [  6%] Building C object CMakeFiles/hs_exec.dir/src/nfa/castle.c.o
[INFO] [stderr]   [  6%] Building CXX object util/CMakeFiles/corpusomatic.dir/ng_corpus_editor.cpp.o
[INFO] [stderr]   cd /opt/rustwide/target/debug/build/vectorscan-rs-sys/4f53b8c8c873b960/out/build/util && /usr/bin/c++  -I/opt/rustwide/target/debug/build/vectorscan-rs-sys/4f53b8c8c873b960/out/build/util -I/opt/rustwide/cargo-home/registry/src/index.crates.io-1949cf8c6b5b557f/vectorscan-rs-sys-0.0.6/vectorscan/util -I/opt/rustwide/cargo-home/registry/src/index.crates.io-1949cf8c6b5b557f/vectorscan-rs-sys-0.0.6/vectorscan/src -I/opt/rustwide/target/debug/build/vectorscan-rs-sys/4f53b8c8c873b960/out/build -I/opt/rustwide/cargo-home/registry/src/index.crates.io-1949cf8c6b5b557f/vectorscan-rs-sys-0.0.6/vectorscan -isystem /opt/rustwide/cargo-home/registry/src/index.crates.io-1949cf8c6b5b557f/vectorscan-rs-sys-0.0.6/vectorscan/include -ffunction-sections -fdata-sections -fPIC -m64 -msse4.2 -O0 -std=c++17 -Wall -Wextra  -fno-new-ttp-matching -Wno-maybe-uninitialized -Wno-uninitialized -Wno-unused-but-set-variable -Wno-ignored-attributes -Wno-nonnull -Wno-stringop-overflow -Wno-stringop-overread  -O0 -std=c++17 -Wall -Wextra  -fno-new-ttp-matching -Wno-maybe-uninitialized -Wno-uninitialized -Wno-unused-but-set-variable -Wno-ignored-attributes -Wno-nonnull -Wno-stringop-overflow -Wno-stringop-overread  -g -MD -MT util/CMakeFiles/corpusomatic.dir/ng_corpus_editor.cpp.o -MF CMakeFiles/corpusomatic.dir/ng_corpus_editor.cpp.o.d -o CMakeFiles/corpusomatic.dir/ng_corpus_editor.cpp.o -c /opt/rustwide/cargo-home/registry/src/index.crates.io-1949cf8c6b5b557f/vectorscan-rs-sys-0.0.6/vectorscan/util/ng_corpus_editor.cpp
[INFO] [stderr]   /usr/bin/cc  -I/opt/rustwide/target/debug/build/vectorscan-rs-sys/4f53b8c8c873b960/out/build -I/opt/rustwide/cargo-home/registry/src/index.crates.io-1949cf8c6b5b557f/vectorscan-rs-sys-0.0.6/vectorscan -I/opt/rustwide/cargo-home/registry/src/index.crates.io-1949cf8c6b5b557f/vectorscan-rs-sys-0.0.6/vectorscan/src -isystem /opt/rustwide/cargo-home/registry/src/index.crates.io-1949cf8c6b5b557f/vectorscan-rs-sys-0.0.6/vectorscan/include -ffunction-sections -fdata-sections -fPIC -m64 -msse4.2 -O0 -std=c17 -Wall -Wextra  -Wno-array-bounds  -Wno-stringop-overflow -Wno-stringop-overread  -g -MD -MT CMakeFiles/hs_exec.dir/src/nfa/castle.c.o -MF CMakeFiles/hs_exec.dir/src/nfa/castle.c.o.d -o CMakeFiles/hs_exec.dir/src/nfa/castle.c.o -c /opt/rustwide/cargo-home/registry/src/index.crates.io-1949cf8c6b5b557f/vectorscan-rs-sys-0.0.6/vectorscan/src/nfa/castle.c
[INFO] [stderr]   [  6%] Building CXX object util/CMakeFiles/crosscompileutil.dir/cross_compile.cpp.o
[INFO] [stderr]   cd /opt/rustwide/target/debug/build/vectorscan-rs-sys/4f53b8c8c873b960/out/build/util && /usr/bin/c++  -I/opt/rustwide/target/debug/build/vectorscan-rs-sys/4f53b8c8c873b960/out/build/util -I/opt/rustwide/cargo-home/registry/src/index.crates.io-1949cf8c6b5b557f/vectorscan-rs-sys-0.0.6/vectorscan/util -I/opt/rustwide/cargo-home/registry/src/index.crates.io-1949cf8c6b5b557f/vectorscan-rs-sys-0.0.6/vectorscan/src -I/opt/rustwide/target/debug/build/vectorscan-rs-sys/4f53b8c8c873b960/out/build -I/opt/rustwide/cargo-home/registry/src/index.crates.io-1949cf8c6b5b557f/vectorscan-rs-sys-0.0.6/vectorscan -isystem /opt/rustwide/cargo-home/registry/src/index.crates.io-1949cf8c6b5b557f/vectorscan-rs-sys-0.0.6/vectorscan/include -ffunction-sections -fdata-sections -fPIC -m64 -msse4.2 -O0 -std=c++17 -Wall -Wextra  -fno-new-ttp-matching -Wno-maybe-uninitialized -Wno-uninitialized -Wno-unused-but-set-variable -Wno-ignored-attributes -Wno-nonnull -Wno-stringop-overflow -Wno-stringop-overread  -O0 -std=c++17 -Wall -Wextra  -fno-new-ttp-matching -Wno-maybe-uninitialized -Wno-uninitialized -Wno-unused-but-set-variable -Wno-ignored-attributes -Wno-nonnull -Wno-stringop-overflow -Wno-stringop-overread  -g -MD -MT util/CMakeFiles/crosscompileutil.dir/cross_compile.cpp.o -MF CMakeFiles/crosscompileutil.dir/cross_compile.cpp.o.d -o CMakeFiles/crosscompileutil.dir/cross_compile.cpp.o -c /opt/rustwide/cargo-home/registry/src/index.crates.io-1949cf8c6b5b557f/vectorscan-rs-sys-0.0.6/vectorscan/util/cross_compile.cpp
[INFO] [stderr]   [  6%] Building CXX object CMakeFiles/hs_compile.dir/src/hs.cpp.o
[INFO] [stderr]   /usr/bin/c++  -I/opt/rustwide/target/debug/build/vectorscan-rs-sys/4f53b8c8c873b960/out/build -I/opt/rustwide/cargo-home/registry/src/index.crates.io-1949cf8c6b5b557f/vectorscan-rs-sys-0.0.6/vectorscan -I/opt/rustwide/cargo-home/registry/src/index.crates.io-1949cf8c6b5b557f/vectorscan-rs-sys-0.0.6/vectorscan/src -isystem /opt/rustwide/cargo-home/registry/src/index.crates.io-1949cf8c6b5b557f/vectorscan-rs-sys-0.0.6/vectorscan/include -ffunction-sections -fdata-sections -fPIC -m64 -msse4.2 -O0 -std=c++17 -Wall -Wextra  -fno-new-ttp-matching -Wno-maybe-uninitialized -Wno-uninitialized -Wno-unused-but-set-variable -Wno-ignored-attributes -Wno-nonnull -Wno-stringop-overflow -Wno-stringop-overread  -g -MD -MT CMakeFiles/hs_compile.dir/src/hs.cpp.o -MF CMakeFiles/hs_compile.dir/src/hs.cpp.o.d -o CMakeFiles/hs_compile.dir/src/hs.cpp.o -c /opt/rustwide/cargo-home/registry/src/index.crates.io-1949cf8c6b5b557f/vectorscan-rs-sys-0.0.6/vectorscan/src/hs.cpp
[INFO] [stderr]   [  6%] Building CXX object util/CMakeFiles/corpusomatic.dir/ng_corpus_generator.cpp.o
[INFO] [stderr]   cd /opt/rustwide/target/debug/build/vectorscan-rs-sys/4f53b8c8c873b960/out/build/util && /usr/bin/c++  -I/opt/rustwide/target/debug/build/vectorscan-rs-sys/4f53b8c8c873b960/out/build/util -I/opt/rustwide/cargo-home/registry/src/index.crates.io-1949cf8c6b5b557f/vectorscan-rs-sys-0.0.6/vectorscan/util -I/opt/rustwide/cargo-home/registry/src/index.crates.io-1949cf8c6b5b557f/vectorscan-rs-sys-0.0.6/vectorscan/src -I/opt/rustwide/target/debug/build/vectorscan-rs-sys/4f53b8c8c873b960/out/build -I/opt/rustwide/cargo-home/registry/src/index.crates.io-1949cf8c6b5b557f/vectorscan-rs-sys-0.0.6/vectorscan -isystem /opt/rustwide/cargo-home/registry/src/index.crates.io-1949cf8c6b5b557f/vectorscan-rs-sys-0.0.6/vectorscan/include -ffunction-sections -fdata-sections -fPIC -m64 -msse4.2 -O0 -std=c++17 -Wall -Wextra  -fno-new-ttp-matching -Wno-maybe-uninitialized -Wno-uninitialized -Wno-unused-but-set-variable -Wno-ignored-attributes -Wno-nonnull -Wno-stringop-overflow -Wno-stringop-overread  -O0 -std=c++17 -Wall -Wextra  -fno-new-ttp-matching -Wno-maybe-uninitialized -Wno-uninitialized -Wno-unused-but-set-variable -Wno-ignored-attributes -Wno-nonnull -Wno-stringop-overflow -Wno-stringop-overread  -g -MD -MT util/CMakeFiles/corpusomatic.dir/ng_corpus_generator.cpp.o -MF CMakeFiles/corpusomatic.dir/ng_corpus_generator.cpp.o.d -o CMakeFiles/corpusomatic.dir/ng_corpus_generator.cpp.o -c /opt/rustwide/cargo-home/registry/src/index.crates.io-1949cf8c6b5b557f/vectorscan-rs-sys-0.0.6/vectorscan/util/ng_corpus_generator.cpp
[INFO] [stderr]   [  7%] Building CXX object CMakeFiles/hs_compile.dir/src/compiler/asserts.cpp.o
[INFO] [stderr]   /usr/bin/c++  -I/opt/rustwide/target/debug/build/vectorscan-rs-sys/4f53b8c8c873b960/out/build -I/opt/rustwide/cargo-home/registry/src/index.crates.io-1949cf8c6b5b557f/vectorscan-rs-sys-0.0.6/vectorscan -I/opt/rustwide/cargo-home/registry/src/index.crates.io-1949cf8c6b5b557f/vectorscan-rs-sys-0.0.6/vectorscan/src -isystem /opt/rustwide/cargo-home/registry/src/index.crates.io-1949cf8c6b5b557f/vectorscan-rs-sys-0.0.6/vectorscan/include -ffunction-sections -fdata-sections -fPIC -m64 -msse4.2 -O0 -std=c++17 -Wall -Wextra  -fno-new-ttp-matching -Wno-maybe-uninitialized -Wno-uninitialized -Wno-unused-but-set-variable -Wno-ignored-attributes -Wno-nonnull -Wno-stringop-overflow -Wno-stringop-overread  -g -MD -MT CMakeFiles/hs_compile.dir/src/compiler/asserts.cpp.o -MF CMakeFiles/hs_compile.dir/src/compiler/asserts.cpp.o.d -o CMakeFiles/hs_compile.dir/src/compiler/asserts.cpp.o -c /opt/rustwide/cargo-home/registry/src/index.crates.io-1949cf8c6b5b557f/vectorscan-rs-sys-0.0.6/vectorscan/src/compiler/asserts.cpp
[INFO] [stderr]   [  7%] Linking CXX static library ../lib/libdatabaseutil.a
[INFO] [stderr]   cd /opt/rustwide/target/debug/build/vectorscan-rs-sys/4f53b8c8c873b960/out/build/util && /usr/bin/cmake -P CMakeFiles/databaseutil.dir/cmake_clean_target.cmake
[INFO] [stderr]   cd /opt/rustwide/target/debug/build/vectorscan-rs-sys/4f53b8c8c873b960/out/build/util && /usr/bin/cmake -E cmake_link_script CMakeFiles/databaseutil.dir/link.txt --verbose=1
[INFO] [stderr]   [  8%] Building C object CMakeFiles/hs_exec.dir/src/nfa/lbr.c.o
[INFO] [stderr]   /usr/bin/cc  -I/opt/rustwide/target/debug/build/vectorscan-rs-sys/4f53b8c8c873b960/out/build -I/opt/rustwide/cargo-home/registry/src/index.crates.io-1949cf8c6b5b557f/vectorscan-rs-sys-0.0.6/vectorscan -I/opt/rustwide/cargo-home/registry/src/index.crates.io-1949cf8c6b5b557f/vectorscan-rs-sys-0.0.6/vectorscan/src -isystem /opt/rustwide/cargo-home/registry/src/index.crates.io-1949cf8c6b5b557f/vectorscan-rs-sys-0.0.6/vectorscan/include -ffunction-sections -fdata-sections -fPIC -m64 -msse4.2 -O0 -std=c17 -Wall -Wextra  -Wno-array-bounds  -Wno-stringop-overflow -Wno-stringop-overread  -g -MD -MT CMakeFiles/hs_exec.dir/src/nfa/lbr.c.o -MF CMakeFiles/hs_exec.dir/src/nfa/lbr.c.o.d -o CMakeFiles/hs_exec.dir/src/nfa/lbr.c.o -c /opt/rustwide/cargo-home/registry/src/index.crates.io-1949cf8c6b5b557f/vectorscan-rs-sys-0.0.6/vectorscan/src/nfa/lbr.c
[INFO] [stderr]   /usr/bin/ar qc ../lib/libdatabaseutil.a CMakeFiles/databaseutil.dir/database_util.cpp.o
[INFO] [stderr]   /usr/bin/ranlib ../lib/libdatabaseutil.a
[INFO] [stderr]   gmake[2]: Leaving directory '/opt/rustwide/target/debug/build/vectorscan-rs-sys/4f53b8c8c873b960/out/build'
[INFO] [stderr]   [  8%] Built target databaseutil
[INFO] [stderr]   [  8%] Building C object CMakeFiles/hs_exec.dir/src/nfa/limex_accel.c.o
[INFO] [stderr]   /usr/bin/cc  -I/opt/rustwide/target/debug/build/vectorscan-rs-sys/4f53b8c8c873b960/out/build -I/opt/rustwide/cargo-home/registry/src/index.crates.io-1949cf8c6b5b557f/vectorscan-rs-sys-0.0.6/vectorscan -I/opt/rustwide/cargo-home/registry/src/index.crates.io-1949cf8c6b5b557f/vectorscan-rs-sys-0.0.6/vectorscan/src -isystem /opt/rustwide/cargo-home/registry/src/index.crates.io-1949cf8c6b5b557f/vectorscan-rs-sys-0.0.6/vectorscan/include -ffunction-sections -fdata-sections -fPIC -m64 -msse4.2 -O0 -std=c17 -Wall -Wextra  -Wno-array-bounds  -Wno-stringop-overflow -Wno-stringop-overread  -g -MD -MT CMakeFiles/hs_exec.dir/src/nfa/limex_accel.c.o -MF CMakeFiles/hs_exec.dir/src/nfa/limex_accel.c.o.d -o CMakeFiles/hs_exec.dir/src/nfa/limex_accel.c.o -c /opt/rustwide/cargo-home/registry/src/index.crates.io-1949cf8c6b5b557f/vectorscan-rs-sys-0.0.6/vectorscan/src/nfa/limex_accel.c
[INFO] [stderr]   [  9%] Building C object CMakeFiles/hs_exec.dir/src/nfa/limex_native.c.o
[INFO] [stderr]   /usr/bin/cc  -I/opt/rustwide/target/debug/build/vectorscan-rs-sys/4f53b8c8c873b960/out/build -I/opt/rustwide/cargo-home/registry/src/index.crates.io-1949cf8c6b5b557f/vectorscan-rs-sys-0.0.6/vectorscan -I/opt/rustwide/cargo-home/registry/src/index.crates.io-1949cf8c6b5b557f/vectorscan-rs-sys-0.0.6/vectorscan/src -isystem /opt/rustwide/cargo-home/registry/src/index.crates.io-1949cf8c6b5b557f/vectorscan-rs-sys-0.0.6/vectorscan/include -ffunction-sections -fdata-sections -fPIC -m64 -msse4.2 -O0 -std=c17 -Wall -Wextra  -Wno-array-bounds  -Wno-stringop-overflow -Wno-stringop-overread  -g -MD -MT CMakeFiles/hs_exec.dir/src/nfa/limex_native.c.o -MF CMakeFiles/hs_exec.dir/src/nfa/limex_native.c.o.d -o CMakeFiles/hs_exec.dir/src/nfa/limex_native.c.o -c /opt/rustwide/cargo-home/registry/src/index.crates.io-1949cf8c6b5b557f/vectorscan-rs-sys-0.0.6/vectorscan/src/nfa/limex_native.c
[INFO] [stderr]   [  9%] Building C object CMakeFiles/hs_exec.dir/src/nfa/limex_64.c.o
[INFO] [stderr]   /usr/bin/cc  -I/opt/rustwide/target/debug/build/vectorscan-rs-sys/4f53b8c8c873b960/out/build -I/opt/rustwide/cargo-home/registry/src/index.crates.io-1949cf8c6b5b557f/vectorscan-rs-sys-0.0.6/vectorscan -I/opt/rustwide/cargo-home/registry/src/index.crates.io-1949cf8c6b5b557f/vectorscan-rs-sys-0.0.6/vectorscan/src -isystem /opt/rustwide/cargo-home/registry/src/index.crates.io-1949cf8c6b5b557f/vectorscan-rs-sys-0.0.6/vectorscan/include -ffunction-sections -fdata-sections -fPIC -m64 -msse4.2 -O0 -std=c17 -Wall -Wextra  -Wno-array-bounds  -Wno-stringop-overflow -Wno-stringop-overread  -g -MD -MT CMakeFiles/hs_exec.dir/src/nfa/limex_64.c.o -MF CMakeFiles/hs_exec.dir/src/nfa/limex_64.c.o.d -o CMakeFiles/hs_exec.dir/src/nfa/limex_64.c.o -c /opt/rustwide/cargo-home/registry/src/index.crates.io-1949cf8c6b5b557f/vectorscan-rs-sys-0.0.6/vectorscan/src/nfa/limex_64.c
[INFO] [stderr]   [  9%] Building C object CMakeFiles/hs_exec.dir/src/nfa/limex_simd128.c.o
[INFO] [stderr]   /usr/bin/cc  -I/opt/rustwide/target/debug/build/vectorscan-rs-sys/4f53b8c8c873b960/out/build -I/opt/rustwide/cargo-home/registry/src/index.crates.io-1949cf8c6b5b557f/vectorscan-rs-sys-0.0.6/vectorscan -I/opt/rustwide/cargo-home/registry/src/index.crates.io-1949cf8c6b5b557f/vectorscan-rs-sys-0.0.6/vectorscan/src -isystem /opt/rustwide/cargo-home/registry/src/index.crates.io-1949cf8c6b5b557f/vectorscan-rs-sys-0.0.6/vectorscan/include -ffunction-sections -fdata-sections -fPIC -m64 -msse4.2 -O0 -std=c17 -Wall -Wextra  -Wno-array-bounds  -Wno-stringop-overflow -Wno-stringop-overread  -g -MD -MT CMakeFiles/hs_exec.dir/src/nfa/limex_simd128.c.o -MF CMakeFiles/hs_exec.dir/src/nfa/limex_simd128.c.o.d -o CMakeFiles/hs_exec.dir/src/nfa/limex_simd128.c.o -c /opt/rustwide/cargo-home/registry/src/index.crates.io-1949cf8c6b5b557f/vectorscan-rs-sys-0.0.6/vectorscan/src/nfa/limex_simd128.c
[INFO] [stderr]   [ 10%] Building C object CMakeFiles/hs_exec.dir/src/nfa/limex_simd256.c.o
[INFO] [stderr]   /usr/bin/cc  -I/opt/rustwide/target/debug/build/vectorscan-rs-sys/4f53b8c8c873b960/out/build -I/opt/rustwide/cargo-home/registry/src/index.crates.io-1949cf8c6b5b557f/vectorscan-rs-sys-0.0.6/vectorscan -I/opt/rustwide/cargo-home/registry/src/index.crates.io-1949cf8c6b5b557f/vectorscan-rs-sys-0.0.6/vectorscan/src -isystem /opt/rustwide/cargo-home/registry/src/index.crates.io-1949cf8c6b5b557f/vectorscan-rs-sys-0.0.6/vectorscan/include -ffunction-sections -fdata-sections -fPIC -m64 -msse4.2 -O0 -std=c17 -Wall -Wextra  -Wno-array-bounds  -Wno-stringop-overflow -Wno-stringop-overread  -g -MD -MT CMakeFiles/hs_exec.dir/src/nfa/limex_simd256.c.o -MF CMakeFiles/hs_exec.dir/src/nfa/limex_simd256.c.o.d -o CMakeFiles/hs_exec.dir/src/nfa/limex_simd256.c.o -c /opt/rustwide/cargo-home/registry/src/index.crates.io-1949cf8c6b5b557f/vectorscan-rs-sys-0.0.6/vectorscan/src/nfa/limex_simd256.c
[INFO] [stderr]   [ 10%] Building C object CMakeFiles/hs_exec.dir/src/nfa/limex_simd384.c.o
[INFO] [stderr]   /usr/bin/cc  -I/opt/rustwide/target/debug/build/vectorscan-rs-sys/4f53b8c8c873b960/out/build -I/opt/rustwide/cargo-home/registry/src/index.crates.io-1949cf8c6b5b557f/vectorscan-rs-sys-0.0.6/vectorscan -I/opt/rustwide/cargo-home/registry/src/index.crates.io-1949cf8c6b5b557f/vectorscan-rs-sys-0.0.6/vectorscan/src -isystem /opt/rustwide/cargo-home/registry/src/index.crates.io-1949cf8c6b5b557f/vectorscan-rs-sys-0.0.6/vectorscan/include -ffunction-sections -fdata-sections -fPIC -m64 -msse4.2 -O0 -std=c17 -Wall -Wextra  -Wno-array-bounds  -Wno-stringop-overflow -Wno-stringop-overread  -g -MD -MT CMakeFiles/hs_exec.dir/src/nfa/limex_simd384.c.o -MF CMakeFiles/hs_exec.dir/src/nfa/limex_simd384.c.o.d -o CMakeFiles/hs_exec.dir/src/nfa/limex_simd384.c.o -c /opt/rustwide/cargo-home/registry/src/index.crates.io-1949cf8c6b5b557f/vectorscan-rs-sys-0.0.6/vectorscan/src/nfa/limex_simd384.c
[INFO] [stderr]   [ 10%] Building CXX object CMakeFiles/hs_compile.dir/src/compiler/compiler.cpp.o
[INFO] [stderr]   /usr/bin/c++  -I/opt/rustwide/target/debug/build/vectorscan-rs-sys/4f53b8c8c873b960/out/build -I/opt/rustwide/cargo-home/registry/src/index.crates.io-1949cf8c6b5b557f/vectorscan-rs-sys-0.0.6/vectorscan -I/opt/rustwide/cargo-home/registry/src/index.crates.io-1949cf8c6b5b557f/vectorscan-rs-sys-0.0.6/vectorscan/src -isystem /opt/rustwide/cargo-home/registry/src/index.crates.io-1949cf8c6b5b557f/vectorscan-rs-sys-0.0.6/vectorscan/include -ffunction-sections -fdata-sections -fPIC -m64 -msse4.2 -O0 -std=c++17 -Wall -Wextra  -fno-new-ttp-matching -Wno-maybe-uninitialized -Wno-uninitialized -Wno-unused-but-set-variable -Wno-ignored-attributes -Wno-nonnull -Wno-stringop-overflow -Wno-stringop-overread  -g -MD -MT CMakeFiles/hs_compile.dir/src/compiler/compiler.cpp.o -MF CMakeFiles/hs_compile.dir/src/compiler/compiler.cpp.o.d -o CMakeFiles/hs_compile.dir/src/compiler/compiler.cpp.o -c /opt/rustwide/cargo-home/registry/src/index.crates.io-1949cf8c6b5b557f/vectorscan-rs-sys-0.0.6/vectorscan/src/compiler/compiler.cpp
[INFO] [stderr]   [ 11%] Building CXX object CMakeFiles/hs_compile.dir/src/compiler/error.cpp.o
[INFO] [stderr]   /usr/bin/c++  -I/opt/rustwide/target/debug/build/vectorscan-rs-sys/4f53b8c8c873b960/out/build -I/opt/rustwide/cargo-home/registry/src/index.crates.io-1949cf8c6b5b557f/vectorscan-rs-sys-0.0.6/vectorscan -I/opt/rustwide/cargo-home/registry/src/index.crates.io-1949cf8c6b5b557f/vectorscan-rs-sys-0.0.6/vectorscan/src -isystem /opt/rustwide/cargo-home/registry/src/index.crates.io-1949cf8c6b5b557f/vectorscan-rs-sys-0.0.6/vectorscan/include -ffunction-sections -fdata-sections -fPIC -m64 -msse4.2 -O0 -std=c++17 -Wall -Wextra  -fno-new-ttp-matching -Wno-maybe-uninitialized -Wno-uninitialized -Wno-unused-but-set-variable -Wno-ignored-attributes -Wno-nonnull -Wno-stringop-overflow -Wno-stringop-overread  -g -MD -MT CMakeFiles/hs_compile.dir/src/compiler/error.cpp.o -MF CMakeFiles/hs_compile.dir/src/compiler/error.cpp.o.d -o CMakeFiles/hs_compile.dir/src/compiler/error.cpp.o -c /opt/rustwide/cargo-home/registry/src/index.crates.io-1949cf8c6b5b557f/vectorscan-rs-sys-0.0.6/vectorscan/src/compiler/error.cpp
[INFO] [stderr]   [ 12%] Building C object CMakeFiles/hs_exec.dir/src/nfa/limex_simd512.c.o
[INFO] [stderr]   /usr/bin/cc  -I/opt/rustwide/target/debug/build/vectorscan-rs-sys/4f53b8c8c873b960/out/build -I/opt/rustwide/cargo-home/registry/src/index.crates.io-1949cf8c6b5b557f/vectorscan-rs-sys-0.0.6/vectorscan -I/opt/rustwide/cargo-home/registry/src/index.crates.io-1949cf8c6b5b557f/vectorscan-rs-sys-0.0.6/vectorscan/src -isystem /opt/rustwide/cargo-home/registry/src/index.crates.io-1949cf8c6b5b557f/vectorscan-rs-sys-0.0.6/vectorscan/include -ffunction-sections -fdata-sections -fPIC -m64 -msse4.2 -O0 -std=c17 -Wall -Wextra  -Wno-array-bounds  -Wno-stringop-overflow -Wno-stringop-overread  -g -MD -MT CMakeFiles/hs_exec.dir/src/nfa/limex_simd512.c.o -MF CMakeFiles/hs_exec.dir/src/nfa/limex_simd512.c.o.d -o CMakeFiles/hs_exec.dir/src/nfa/limex_simd512.c.o -c /opt/rustwide/cargo-home/registry/src/index.crates.io-1949cf8c6b5b557f/vectorscan-rs-sys-0.0.6/vectorscan/src/nfa/limex_simd512.c
[INFO] [stderr]   gmake[2]: Leaving directory '/opt/rustwide/target/debug/build/vectorscan-rs-sys/4f53b8c8c873b960/out/build'
[INFO] [stderr]   [ 12%] Building C object CMakeFiles/hs_exec.dir/src/nfa/mcclellan.c.o
[INFO] [stderr]   /usr/bin/cc  -I/opt/rustwide/target/debug/build/vectorscan-rs-sys/4f53b8c8c873b960/out/build -I/opt/rustwide/cargo-home/registry/src/index.crates.io-1949cf8c6b5b557f/vectorscan-rs-sys-0.0.6/vectorscan -I/opt/rustwide/cargo-home/registry/src/index.crates.io-1949cf8c6b5b557f/vectorscan-rs-sys-0.0.6/vectorscan/src -isystem /opt/rustwide/cargo-home/registry/src/index.crates.io-1949cf8c6b5b557f/vectorscan-rs-sys-0.0.6/vectorscan/include -ffunction-sections -fdata-sections -fPIC -m64 -msse4.2 -O0 -std=c17 -Wall -Wextra  -Wno-array-bounds  -Wno-stringop-overflow -Wno-stringop-overread  -g -MD -MT CMakeFiles/hs_exec.dir/src/nfa/mcclellan.c.o -MF CMakeFiles/hs_exec.dir/src/nfa/mcclellan.c.o.d -o CMakeFiles/hs_exec.dir/src/nfa/mcclellan.c.o -c /opt/rustwide/cargo-home/registry/src/index.crates.io-1949cf8c6b5b557f/vectorscan-rs-sys-0.0.6/vectorscan/src/nfa/mcclellan.c
[INFO] [stderr]   gmake[2]: Leaving directory '/opt/rustwide/target/debug/build/vectorscan-rs-sys/4f53b8c8c873b960/out/build'
[INFO] [stderr]   [ 12%] Building C object CMakeFiles/hs_exec.dir/src/nfa/mcsheng.c.o
[INFO] [stderr]   /usr/bin/cc  -I/opt/rustwide/target/debug/build/vectorscan-rs-sys/4f53b8c8c873b960/out/build -I/opt/rustwide/cargo-home/registry/src/index.crates.io-1949cf8c6b5b557f/vectorscan-rs-sys-0.0.6/vectorscan -I/opt/rustwide/cargo-home/registry/src/index.crates.io-1949cf8c6b5b557f/vectorscan-rs-sys-0.0.6/vectorscan/src -isystem /opt/rustwide/cargo-home/registry/src/index.crates.io-1949cf8c6b5b557f/vectorscan-rs-sys-0.0.6/vectorscan/include -ffunction-sections -fdata-sections -fPIC -m64 -msse4.2 -O0 -std=c17 -Wall -Wextra  -Wno-array-bounds  -Wno-stringop-overflow -Wno-stringop-overread  -g -MD -MT CMakeFiles/hs_exec.dir/src/nfa/mcsheng.c.o -MF CMakeFiles/hs_exec.dir/src/nfa/mcsheng.c.o.d -o CMakeFiles/hs_exec.dir/src/nfa/mcsheng.c.o -c /opt/rustwide/cargo-home/registry/src/index.crates.io-1949cf8c6b5b557f/vectorscan-rs-sys-0.0.6/vectorscan/src/nfa/mcsheng.c
[INFO] [stderr]   [ 13%] Building C object CMakeFiles/hs_exec.dir/src/nfa/mcsheng_data.c.o
[INFO] [stderr]   /usr/bin/cc  -I/opt/rustwide/target/debug/build/vectorscan-rs-sys/4f53b8c8c873b960/out/build -I/opt/rustwide/cargo-home/registry/src/index.crates.io-1949cf8c6b5b557f/vectorscan-rs-sys-0.0.6/vectorscan -I/opt/rustwide/cargo-home/registry/src/index.crates.io-1949cf8c6b5b557f/vectorscan-rs-sys-0.0.6/vectorscan/src -isystem /opt/rustwide/cargo-home/registry/src/index.crates.io-1949cf8c6b5b557f/vectorscan-rs-sys-0.0.6/vectorscan/include -ffunction-sections -fdata-sections -fPIC -m64 -msse4.2 -O0 -std=c17 -Wall -Wextra  -Wno-array-bounds  -Wno-stringop-overflow -Wno-stringop-overread  -g -MD -MT CMakeFiles/hs_exec.dir/src/nfa/mcsheng_data.c.o -MF CMakeFiles/hs_exec.dir/src/nfa/mcsheng_data.c.o.d -o CMakeFiles/hs_exec.dir/src/nfa/mcsheng_data.c.o -c /opt/rustwide/cargo-home/registry/src/index.crates.io-1949cf8c6b5b557f/vectorscan-rs-sys-0.0.6/vectorscan/src/nfa/mcsheng_data.c
[INFO] [stderr]   [ 13%] Building C object CMakeFiles/hs_exec.dir/src/nfa/mpv.c.o
[INFO] [stderr]   /usr/bin/cc  -I/opt/rustwide/target/debug/build/vectorscan-rs-sys/4f53b8c8c873b960/out/build -I/opt/rustwide/cargo-home/registry/src/index.crates.io-1949cf8c6b5b557f/vectorscan-rs-sys-0.0.6/vectorscan -I/opt/rustwide/cargo-home/registry/src/index.crates.io-1949cf8c6b5b557f/vectorscan-rs-sys-0.0.6/vectorscan/src -isystem /opt/rustwide/cargo-home/registry/src/index.crates.io-1949cf8c6b5b557f/vectorscan-rs-sys-0.0.6/vectorscan/include -ffunction-sections -fdata-sections -fPIC -m64 -msse4.2 -O0 -std=c17 -Wall -Wextra  -Wno-array-bounds  -Wno-stringop-overflow -Wno-stringop-overread  -g -MD -MT CMakeFiles/hs_exec.dir/src/nfa/mpv.c.o -MF CMakeFiles/hs_exec.dir/src/nfa/mpv.c.o.d -o CMakeFiles/hs_exec.dir/src/nfa/mpv.c.o -c /opt/rustwide/cargo-home/registry/src/index.crates.io-1949cf8c6b5b557f/vectorscan-rs-sys-0.0.6/vectorscan/src/nfa/mpv.c
[INFO] [stderr]   gmake[2]: Leaving directory '/opt/rustwide/target/debug/build/vectorscan-rs-sys/4f53b8c8c873b960/out/build'
[INFO] [stderr]   [ 13%] Building C object CMakeFiles/hs_exec.dir/src/nfa/repeat.c.o
[INFO] [stderr]   [ 14%] Building C object CMakeFiles/hs_exec.dir/src/nfa/nfa_api_dispatch.c.o
[INFO] [stderr]   /usr/bin/cc  -I/opt/rustwide/target/debug/build/vectorscan-rs-sys/4f53b8c8c873b960/out/build -I/opt/rustwide/cargo-home/registry/src/index.crates.io-1949cf8c6b5b557f/vectorscan-rs-sys-0.0.6/vectorscan -I/opt/rustwide/cargo-home/registry/src/index.crates.io-1949cf8c6b5b557f/vectorscan-rs-sys-0.0.6/vectorscan/src -isystem /opt/rustwide/cargo-home/registry/src/index.crates.io-1949cf8c6b5b557f/vectorscan-rs-sys-0.0.6/vectorscan/include -ffunction-sections -fdata-sections -fPIC -m64 -msse4.2 -O0 -std=c17 -Wall -Wextra  -Wno-array-bounds  -Wno-stringop-overflow -Wno-stringop-overread  -g -MD -MT CMakeFiles/hs_exec.dir/src/nfa/repeat.c.o -MF CMakeFiles/hs_exec.dir/src/nfa/repeat.c.o.d -o CMakeFiles/hs_exec.dir/src/nfa/repeat.c.o -c /opt/rustwide/cargo-home/registry/src/index.crates.io-1949cf8c6b5b557f/vectorscan-rs-sys-0.0.6/vectorscan/src/nfa/repeat.c
[INFO] [stderr]   /usr/bin/cc  -I/opt/rustwide/target/debug/build/vectorscan-rs-sys/4f53b8c8c873b960/out/build -I/opt/rustwide/cargo-home/registry/src/index.crates.io-1949cf8c6b5b557f/vectorscan-rs-sys-0.0.6/vectorscan -I/opt/rustwide/cargo-home/registry/src/index.crates.io-1949cf8c6b5b557f/vectorscan-rs-sys-0.0.6/vectorscan/src -isystem /opt/rustwide/cargo-home/registry/src/index.crates.io-1949cf8c6b5b557f/vectorscan-rs-sys-0.0.6/vectorscan/include -ffunction-sections -fdata-sections -fPIC -m64 -msse4.2 -O0 -std=c17 -Wall -Wextra  -Wno-array-bounds  -Wno-stringop-overflow -Wno-stringop-overread  -g -MD -MT CMakeFiles/hs_exec.dir/src/nfa/nfa_api_dispatch.c.o -MF CMakeFiles/hs_exec.dir/src/nfa/nfa_api_dispatch.c.o.d -o CMakeFiles/hs_exec.dir/src/nfa/nfa_api_dispatch.c.o -c /opt/rustwide/cargo-home/registry/src/index.crates.io-1949cf8c6b5b557f/vectorscan-rs-sys-0.0.6/vectorscan/src/nfa/nfa_api_dispatch.c
[INFO] [stderr]   [ 15%] Building C object CMakeFiles/hs_exec.dir/src/nfa/sheng.c.o
[INFO] [stderr]   /usr/bin/cc  -I/opt/rustwide/target/debug/build/vectorscan-rs-sys/4f53b8c8c873b960/out/build -I/opt/rustwide/cargo-home/registry/src/index.crates.io-1949cf8c6b5b557f/vectorscan-rs-sys-0.0.6/vectorscan -I/opt/rustwide/cargo-home/registry/src/index.crates.io-1949cf8c6b5b557f/vectorscan-rs-sys-0.0.6/vectorscan/src -isystem /opt/rustwide/cargo-home/registry/src/index.crates.io-1949cf8c6b5b557f/vectorscan-rs-sys-0.0.6/vectorscan/include -ffunction-sections -fdata-sections -fPIC -m64 -msse4.2 -O0 -std=c17 -Wall -Wextra  -Wno-array-bounds  -Wno-stringop-overflow -Wno-stringop-overread  -g -MD -MT CMakeFiles/hs_exec.dir/src/nfa/sheng.c.o -MF CMakeFiles/hs_exec.dir/src/nfa/sheng.c.o.d -o CMakeFiles/hs_exec.dir/src/nfa/sheng.c.o -c /opt/rustwide/cargo-home/registry/src/index.crates.io-1949cf8c6b5b557f/vectorscan-rs-sys-0.0.6/vectorscan/src/nfa/sheng.c
[INFO] [stderr]   [ 15%] Building CXX object CMakeFiles/hs_exec.dir/src/nfa/shufti.cpp.o
[INFO] [stderr]   /usr/bin/c++  -I/opt/rustwide/target/debug/build/vectorscan-rs-sys/4f53b8c8c873b960/out/build -I/opt/rustwide/cargo-home/registry/src/index.crates.io-1949cf8c6b5b557f/vectorscan-rs-sys-0.0.6/vectorscan -I/opt/rustwide/cargo-home/registry/src/index.crates.io-1949cf8c6b5b557f/vectorscan-rs-sys-0.0.6/vectorscan/src -isystem /opt/rustwide/cargo-home/registry/src/index.crates.io-1949cf8c6b5b557f/vectorscan-rs-sys-0.0.6/vectorscan/include -ffunction-sections -fdata-sections -fPIC -m64 -msse4.2 -O0 -std=c++17 -Wall -Wextra  -fno-new-ttp-matching -Wno-maybe-uninitialized -Wno-uninitialized -Wno-unused-but-set-variable -Wno-ignored-attributes -Wno-nonnull -Wno-stringop-overflow -Wno-stringop-overread  -g -MD -MT CMakeFiles/hs_exec.dir/src/nfa/shufti.cpp.o -MF CMakeFiles/hs_exec.dir/src/nfa/shufti.cpp.o.d -o CMakeFiles/hs_exec.dir/src/nfa/shufti.cpp.o -c /opt/rustwide/cargo-home/registry/src/index.crates.io-1949cf8c6b5b557f/vectorscan-rs-sys-0.0.6/vectorscan/src/nfa/shufti.cpp
[INFO] [stderr]   [ 15%] Building C object CMakeFiles/hs_exec.dir/src/nfa/tamarama.c.o
[INFO] [stderr]   /usr/bin/cc  -I/opt/rustwide/target/debug/build/vectorscan-rs-sys/4f53b8c8c873b960/out/build -I/opt/rustwide/cargo-home/registry/src/index.crates.io-1949cf8c6b5b557f/vectorscan-rs-sys-0.0.6/vectorscan -I/opt/rustwide/cargo-home/registry/src/index.crates.io-1949cf8c6b5b557f/vectorscan-rs-sys-0.0.6/vectorscan/src -isystem /opt/rustwide/cargo-home/registry/src/index.crates.io-1949cf8c6b5b557f/vectorscan-rs-sys-0.0.6/vectorscan/include -ffunction-sections -fdata-sections -fPIC -m64 -msse4.2 -O0 -std=c17 -Wall -Wextra  -Wno-array-bounds  -Wno-stringop-overflow -Wno-stringop-overread  -g -MD -MT CMakeFiles/hs_exec.dir/src/nfa/tamarama.c.o -MF CMakeFiles/hs_exec.dir/src/nfa/tamarama.c.o.d -o CMakeFiles/hs_exec.dir/src/nfa/tamarama.c.o -c /opt/rustwide/cargo-home/registry/src/index.crates.io-1949cf8c6b5b557f/vectorscan-rs-sys-0.0.6/vectorscan/src/nfa/tamarama.c
[INFO] [stderr]   [ 16%] Building CXX object CMakeFiles/hs_exec.dir/src/nfa/truffle.cpp.o
[INFO] [stderr]   /usr/bin/c++  -I/opt/rustwide/target/debug/build/vectorscan-rs-sys/4f53b8c8c873b960/out/build -I/opt/rustwide/cargo-home/registry/src/index.crates.io-1949cf8c6b5b557f/vectorscan-rs-sys-0.0.6/vectorscan -I/opt/rustwide/cargo-home/registry/src/index.crates.io-1949cf8c6b5b557f/vectorscan-rs-sys-0.0.6/vectorscan/src -isystem /opt/rustwide/cargo-home/registry/src/index.crates.io-1949cf8c6b5b557f/vectorscan-rs-sys-0.0.6/vectorscan/include -ffunction-sections -fdata-sections -fPIC -m64 -msse4.2 -O0 -std=c++17 -Wall -Wextra  -fno-new-ttp-matching -Wno-maybe-uninitialized -Wno-uninitialized -Wno-unused-but-set-variable -Wno-ignored-attributes -Wno-nonnull -Wno-stringop-overflow -Wno-stringop-overread  -g -MD -MT CMakeFiles/hs_exec.dir/src/nfa/truffle.cpp.o -MF CMakeFiles/hs_exec.dir/src/nfa/truffle.cpp.o.d -o CMakeFiles/hs_exec.dir/src/nfa/truffle.cpp.o -c /opt/rustwide/cargo-home/registry/src/index.crates.io-1949cf8c6b5b557f/vectorscan-rs-sys-0.0.6/vectorscan/src/nfa/truffle.cpp
[INFO] [stderr]   [ 16%] Building C object CMakeFiles/hs_exec.dir/src/som/som_runtime.c.o
[INFO] [stderr]   /usr/bin/cc  -I/opt/rustwide/target/debug/build/vectorscan-rs-sys/4f53b8c8c873b960/out/build -I/opt/rustwide/cargo-home/registry/src/index.crates.io-1949cf8c6b5b557f/vectorscan-rs-sys-0.0.6/vectorscan -I/opt/rustwide/cargo-home/registry/src/index.crates.io-1949cf8c6b5b557f/vectorscan-rs-sys-0.0.6/vectorscan/src -isystem /opt/rustwide/cargo-home/registry/src/index.crates.io-1949cf8c6b5b557f/vectorscan-rs-sys-0.0.6/vectorscan/include -ffunction-sections -fdata-sections -fPIC -m64 -msse4.2 -O0 -std=c17 -Wall -Wextra  -Wno-array-bounds  -Wno-stringop-overflow -Wno-stringop-overread  -g -MD -MT CMakeFiles/hs_exec.dir/src/som/som_runtime.c.o -MF CMakeFiles/hs_exec.dir/src/som/som_runtime.c.o.d -o CMakeFiles/hs_exec.dir/src/som/som_runtime.c.o -c /opt/rustwide/cargo-home/registry/src/index.crates.io-1949cf8c6b5b557f/vectorscan-rs-sys-0.0.6/vectorscan/src/som/som_runtime.c
[INFO] [stderr]   [ 16%] Building C object CMakeFiles/hs_exec.dir/src/rose/block.c.o
[INFO] [stderr]   /usr/bin/cc  -I/opt/rustwide/target/debug/build/vectorscan-rs-sys/4f53b8c8c873b960/out/build -I/opt/rustwide/cargo-home/registry/src/index.crates.io-1949cf8c6b5b557f/vectorscan-rs-sys-0.0.6/vectorscan -I/opt/rustwide/cargo-home/registry/src/index.crates.io-1949cf8c6b5b557f/vectorscan-rs-sys-0.0.6/vectorscan/src -isystem /opt/rustwide/cargo-home/registry/src/index.crates.io-1949cf8c6b5b557f/vectorscan-rs-sys-0.0.6/vectorscan/include -ffunction-sections -fdata-sections -fPIC -m64 -msse4.2 -O0 -std=c17 -Wall -Wextra  -Wno-array-bounds  -Wno-stringop-overflow -Wno-stringop-overread  -g -MD -MT CMakeFiles/hs_exec.dir/src/rose/block.c.o -MF CMakeFiles/hs_exec.dir/src/rose/block.c.o.d -o CMakeFiles/hs_exec.dir/src/rose/block.c.o -c /opt/rustwide/cargo-home/registry/src/index.crates.io-1949cf8c6b5b557f/vectorscan-rs-sys-0.0.6/vectorscan/src/rose/block.c
[INFO] [stderr]   [ 17%] Building C object CMakeFiles/hs_exec.dir/src/som/som_stream.c.o
[INFO] [stderr]   /usr/bin/cc  -I/opt/rustwide/target/debug/build/vectorscan-rs-sys/4f53b8c8c873b960/out/build -I/opt/rustwide/cargo-home/registry/src/index.crates.io-1949cf8c6b5b557f/vectorscan-rs-sys-0.0.6/vectorscan -I/opt/rustwide/cargo-home/registry/src/index.crates.io-1949cf8c6b5b557f/vectorscan-rs-sys-0.0.6/vectorscan/src -isystem /opt/rustwide/cargo-home/registry/src/index.crates.io-1949cf8c6b5b557f/vectorscan-rs-sys-0.0.6/vectorscan/include -ffunction-sections -fdata-sections -fPIC -m64 -msse4.2 -O0 -std=c17 -Wall -Wextra  -Wno-array-bounds  -Wno-stringop-overflow -Wno-stringop-overread  -g -MD -MT CMakeFiles/hs_exec.dir/src/som/som_stream.c.o -MF CMakeFiles/hs_exec.dir/src/som/som_stream.c.o.d -o CMakeFiles/hs_exec.dir/src/som/som_stream.c.o -c /opt/rustwide/cargo-home/registry/src/index.crates.io-1949cf8c6b5b557f/vectorscan-rs-sys-0.0.6/vectorscan/src/som/som_stream.c
[INFO] [stderr]   [ 17%] Building C object CMakeFiles/hs_exec.dir/src/rose/catchup.c.o
[INFO] [stderr]   [ 17%] Building C object CMakeFiles/hs_exec.dir/src/rose/stream.c.o
[INFO] [stderr]   /usr/bin/cc  -I/opt/rustwide/target/debug/build/vectorscan-rs-sys/4f53b8c8c873b960/out/build -I/opt/rustwide/cargo-home/registry/src/index.crates.io-1949cf8c6b5b557f/vectorscan-rs-sys-0.0.6/vectorscan -I/opt/rustwide/cargo-home/registry/src/index.crates.io-1949cf8c6b5b557f/vectorscan-rs-sys-0.0.6/vectorscan/src -isystem /opt/rustwide/cargo-home/registry/src/index.crates.io-1949cf8c6b5b557f/vectorscan-rs-sys-0.0.6/vectorscan/include -ffunction-sections -fdata-sections -fPIC -m64 -msse4.2 -O0 -std=c17 -Wall -Wextra  -Wno-array-bounds  -Wno-stringop-overflow -Wno-stringop-overread  -g -MD -MT CMakeFiles/hs_exec.dir/src/rose/catchup.c.o -MF CMakeFiles/hs_exec.dir/src/rose/catchup.c.o.d -o CMakeFiles/hs_exec.dir/src/rose/catchup.c.o -c /opt/rustwide/cargo-home/registry/src/index.crates.io-1949cf8c6b5b557f/vectorscan-rs-sys-0.0.6/vectorscan/src/rose/catchup.c
[INFO] [stderr]   [ 18%] Building C object CMakeFiles/hs_exec.dir/src/rose/init.c.o
[INFO] [stderr]   /usr/bin/cc  -I/opt/rustwide/target/debug/build/vectorscan-rs-sys/4f53b8c8c873b960/out/build -I/opt/rustwide/cargo-home/registry/src/index.crates.io-1949cf8c6b5b557f/vectorscan-rs-sys-0.0.6/vectorscan -I/opt/rustwide/cargo-home/registry/src/index.crates.io-1949cf8c6b5b557f/vectorscan-rs-sys-0.0.6/vectorscan/src -isystem /opt/rustwide/cargo-home/registry/src/index.crates.io-1949cf8c6b5b557f/vectorscan-rs-sys-0.0.6/vectorscan/include -ffunction-sections -fdata-sections -fPIC -m64 -msse4.2 -O0 -std=c17 -Wall -Wextra  -Wno-array-bounds  -Wno-stringop-overflow -Wno-stringop-overread  -g -MD -MT CMakeFiles/hs_exec.dir/src/rose/init.c.o -MF CMakeFiles/hs_exec.dir/src/rose/init.c.o.d -o CMakeFiles/hs_exec.dir/src/rose/init.c.o -c /opt/rustwide/cargo-home/registry/src/index.crates.io-1949cf8c6b5b557f/vectorscan-rs-sys-0.0.6/vectorscan/src/rose/init.c
[INFO] [stderr]   /usr/bin/cc  -I/opt/rustwide/target/debug/build/vectorscan-rs-sys/4f53b8c8c873b960/out/build -I/opt/rustwide/cargo-home/registry/src/index.crates.io-1949cf8c6b5b557f/vectorscan-rs-sys-0.0.6/vectorscan -I/opt/rustwide/cargo-home/registry/src/index.crates.io-1949cf8c6b5b557f/vectorscan-rs-sys-0.0.6/vectorscan/src -isystem /opt/rustwide/cargo-home/registry/src/index.crates.io-1949cf8c6b5b557f/vectorscan-rs-sys-0.0.6/vectorscan/include -ffunction-sections -fdata-sections -fPIC -m64 -msse4.2 -O0 -std=c17 -Wall -Wextra  -Wno-array-bounds  -Wno-stringop-overflow -Wno-stringop-overread  -g -MD -MT CMakeFiles/hs_exec.dir/src/rose/stream.c.o -MF CMakeFiles/hs_exec.dir/src/rose/stream.c.o.d -o CMakeFiles/hs_exec.dir/src/rose/stream.c.o -c /opt/rustwide/cargo-home/registry/src/index.crates.io-1949cf8c6b5b557f/vectorscan-rs-sys-0.0.6/vectorscan/src/rose/stream.c
[INFO] [stderr]   gmake[2]: Leaving directory '/opt/rustwide/target/debug/build/vectorscan-rs-sys/4f53b8c8c873b960/out/build'
[INFO] [stderr]   [ 19%] Building C object CMakeFiles/hs_exec.dir/src/rose/match.c.o
[INFO] [stderr]   /usr/bin/cc  -I/opt/rustwide/target/debug/build/vectorscan-rs-sys/4f53b8c8c873b960/out/build -I/opt/rustwide/cargo-home/registry/src/index.crates.io-1949cf8c6b5b557f/vectorscan-rs-sys-0.0.6/vectorscan -I/opt/rustwide/cargo-home/registry/src/index.crates.io-1949cf8c6b5b557f/vectorscan-rs-sys-0.0.6/vectorscan/src -isystem /opt/rustwide/cargo-home/registry/src/index.crates.io-1949cf8c6b5b557f/vectorscan-rs-sys-0.0.6/vectorscan/include -ffunction-sections -fdata-sections -fPIC -m64 -msse4.2 -O0 -std=c17 -Wall -Wextra  -Wno-array-bounds  -Wno-stringop-overflow -Wno-stringop-overread  -g -MD -MT CMakeFiles/hs_exec.dir/src/rose/match.c.o -MF CMakeFiles/hs_exec.dir/src/rose/match.c.o.d -o CMakeFiles/hs_exec.dir/src/rose/match.c.o -c /opt/rustwide/cargo-home/registry/src/index.crates.io-1949cf8c6b5b557f/vectorscan-rs-sys-0.0.6/vectorscan/src/rose/match.c
[INFO] [stderr]   [ 19%] Building C object CMakeFiles/hs_exec.dir/src/rose/program_runtime.c.o
[INFO] [stderr]   /usr/bin/cc  -I/opt/rustwide/target/debug/build/vectorscan-rs-sys/4f53b8c8c873b960/out/build -I/opt/rustwide/cargo-home/registry/src/index.crates.io-1949cf8c6b5b557f/vectorscan-rs-sys-0.0.6/vectorscan -I/opt/rustwide/cargo-home/registry/src/index.crates.io-1949cf8c6b5b557f/vectorscan-rs-sys-0.0.6/vectorscan/src -isystem /opt/rustwide/cargo-home/registry/src/index.crates.io-1949cf8c6b5b557f/vectorscan-rs-sys-0.0.6/vectorscan/include -ffunction-sections -fdata-sections -fPIC -m64 -msse4.2 -O0 -std=c17 -Wall -Wextra  -Wno-array-bounds  -Wno-stringop-overflow -Wno-stringop-overread  -g -MD -MT CMakeFiles/hs_exec.dir/src/rose/program_runtime.c.o -MF CMakeFiles/hs_exec.dir/src/rose/program_runtime.c.o.d -o CMakeFiles/hs_exec.dir/src/rose/program_runtime.c.o -c /opt/rustwide/cargo-home/registry/src/index.crates.io-1949cf8c6b5b557f/vectorscan-rs-sys-0.0.6/vectorscan/src/rose/program_runtime.c
[INFO] [stderr]   [ 19%] Building C object CMakeFiles/hs_exec.dir/src/util/multibit.c.o
[INFO] [stderr]   /usr/bin/cc  -I/opt/rustwide/target/debug/build/vectorscan-rs-sys/4f53b8c8c873b960/out/build -I/opt/rustwide/cargo-home/registry/src/index.crates.io-1949cf8c6b5b557f/vectorscan-rs-sys-0.0.6/vectorscan -I/opt/rustwide/cargo-home/registry/src/index.crates.io-1949cf8c6b5b557f/vectorscan-rs-sys-0.0.6/vectorscan/src -isystem /opt/rustwide/cargo-home/registry/src/index.crates.io-1949cf8c6b5b557f/vectorscan-rs-sys-0.0.6/vectorscan/include -ffunction-sections -fdata-sections -fPIC -m64 -msse4.2 -O0 -std=c17 -Wall -Wextra  -Wno-array-bounds  -Wno-stringop-overflow -Wno-stringop-overread  -g -MD -MT CMakeFiles/hs_exec.dir/src/util/multibit.c.o -MF CMakeFiles/hs_exec.dir/src/util/multibit.c.o.d -o CMakeFiles/hs_exec.dir/src/util/multibit.c.o -c /opt/rustwide/cargo-home/registry/src/index.crates.io-1949cf8c6b5b557f/vectorscan-rs-sys-0.0.6/vectorscan/src/util/multibit.c
[INFO] [stderr]   [ 20%] Building C object CMakeFiles/hs_exec.dir/src/util/state_compress.c.o
[INFO] [stderr]   /usr/bin/cc  -I/opt/rustwide/target/debug/build/vectorscan-rs-sys/4f53b8c8c873b960/out/build -I/opt/rustwide/cargo-home/registry/src/index.crates.io-1949cf8c6b5b557f/vectorscan-rs-sys-0.0.6/vectorscan -I/opt/rustwide/cargo-home/registry/src/index.crates.io-1949cf8c6b5b557f/vectorscan-rs-sys-0.0.6/vectorscan/src -isystem /opt/rustwide/cargo-home/registry/src/index.crates.io-1949cf8c6b5b557f/vectorscan-rs-sys-0.0.6/vectorscan/include -ffunction-sections -fdata-sections -fPIC -m64 -msse4.2 -O0 -std=c17 -Wall -Wextra  -Wno-array-bounds  -Wno-stringop-overflow -Wno-stringop-overread  -g -MD -MT CMakeFiles/hs_exec.dir/src/util/state_compress.c.o -MF CMakeFiles/hs_exec.dir/src/util/state_compress.c.o.d -o CMakeFiles/hs_exec.dir/src/util/state_compress.c.o -c /opt/rustwide/cargo-home/registry/src/index.crates.io-1949cf8c6b5b557f/vectorscan-rs-sys-0.0.6/vectorscan/src/util/state_compress.c
[INFO] [stderr]   [ 20%] Building C object CMakeFiles/hs_exec.dir/src/database.c.o
[INFO] [stderr]   /usr/bin/cc  -I/opt/rustwide/target/debug/build/vectorscan-rs-sys/4f53b8c8c873b960/out/build -I/opt/rustwide/cargo-home/registry/src/index.crates.io-1949cf8c6b5b557f/vectorscan-rs-sys-0.0.6/vectorscan -I/opt/rustwide/cargo-home/registry/src/index.crates.io-1949cf8c6b5b557f/vectorscan-rs-sys-0.0.6/vectorscan/src -isystem /opt/rustwide/cargo-home/registry/src/index.crates.io-1949cf8c6b5b557f/vectorscan-rs-sys-0.0.6/vectorscan/include -ffunction-sections -fdata-sections -fPIC -m64 -msse4.2 -O0 -std=c17 -Wall -Wextra  -Wno-array-bounds  -Wno-stringop-overflow -Wno-stringop-overread  -g -MD -MT CMakeFiles/hs_exec.dir/src/database.c.o -MF CMakeFiles/hs_exec.dir/src/database.c.o.d -o CMakeFiles/hs_exec.dir/src/database.c.o -c /opt/rustwide/cargo-home/registry/src/index.crates.io-1949cf8c6b5b557f/vectorscan-rs-sys-0.0.6/vectorscan/src/database.c
[INFO] [stderr]   [ 21%] Building CXX object CMakeFiles/hs_exec.dir/src/nfa/vermicelli_simd.cpp.o
[INFO] [stderr]   /usr/bin/c++  -I/opt/rustwide/target/debug/build/vectorscan-rs-sys/4f53b8c8c873b960/out/build -I/opt/rustwide/cargo-home/registry/src/index.crates.io-1949cf8c6b5b557f/vectorscan-rs-sys-0.0.6/vectorscan -I/opt/rustwide/cargo-home/registry/src/index.crates.io-1949cf8c6b5b557f/vectorscan-rs-sys-0.0.6/vectorscan/src -isystem /opt/rustwide/cargo-home/registry/src/index.crates.io-1949cf8c6b5b557f/vectorscan-rs-sys-0.0.6/vectorscan/include -ffunction-sections -fdata-sections -fPIC -m64 -msse4.2 -O0 -std=c++17 -Wall -Wextra  -fno-new-ttp-matching -Wno-maybe-uninitialized -Wno-uninitialized -Wno-unused-but-set-variable -Wno-ignored-attributes -Wno-nonnull -Wno-stringop-overflow -Wno-stringop-overread  -g -MD -MT CMakeFiles/hs_exec.dir/src/nfa/vermicelli_simd.cpp.o -MF CMakeFiles/hs_exec.dir/src/nfa/vermicelli_simd.cpp.o.d -o CMakeFiles/hs_exec.dir/src/nfa/vermicelli_simd.cpp.o -c /opt/rustwide/cargo-home/registry/src/index.crates.io-1949cf8c6b5b557f/vectorscan-rs-sys-0.0.6/vectorscan/src/nfa/vermicelli_simd.cpp
[INFO] [stderr]   [ 21%] Building CXX object CMakeFiles/hs_exec.dir/src/util/supervector/arch/x86/impl.cpp.o
[INFO] [stderr]   /usr/bin/c++  -I/opt/rustwide/target/debug/build/vectorscan-rs-sys/4f53b8c8c873b960/out/build -I/opt/rustwide/cargo-home/registry/src/index.crates.io-1949cf8c6b5b557f/vectorscan-rs-sys-0.0.6/vectorscan -I/opt/rustwide/cargo-home/registry/src/index.crates.io-1949cf8c6b5b557f/vectorscan-rs-sys-0.0.6/vectorscan/src -isystem /opt/rustwide/cargo-home/registry/src/index.crates.io-1949cf8c6b5b557f/vectorscan-rs-sys-0.0.6/vectorscan/include -ffunction-sections -fdata-sections -fPIC -m64 -msse4.2 -O0 -std=c++17 -Wall -Wextra  -fno-new-ttp-matching -Wno-maybe-uninitialized -Wno-uninitialized -Wno-unused-but-set-variable -Wno-ignored-attributes -Wno-nonnull -Wno-stringop-overflow -Wno-stringop-overread  -g -MD -MT CMakeFiles/hs_exec.dir/src/util/supervector/arch/x86/impl.cpp.o -MF CMakeFiles/hs_exec.dir/src/util/supervector/arch/x86/impl.cpp.o.d -o CMakeFiles/hs_exec.dir/src/util/supervector/arch/x86/impl.cpp.o -c /opt/rustwide/cargo-home/registry/src/index.crates.io-1949cf8c6b5b557f/vectorscan-rs-sys-0.0.6/vectorscan/src/util/supervector/arch/x86/impl.cpp
[INFO] [stderr]   [ 21%] Building C object CMakeFiles/hs_exec.dir/src/alloc.c.o
[INFO] [stderr]   /usr/bin/cc  -I/opt/rustwide/target/debug/build/vectorscan-rs-sys/4f53b8c8c873b960/out/build -I/opt/rustwide/cargo-home/registry/src/index.crates.io-1949cf8c6b5b557f/vectorscan-rs-sys-0.0.6/vectorscan -I/opt/rustwide/cargo-home/registry/src/index.crates.io-1949cf8c6b5b557f/vectorscan-rs-sys-0.0.6/vectorscan/src -isystem /opt/rustwide/cargo-home/registry/src/index.crates.io-1949cf8c6b5b557f/vectorscan-rs-sys-0.0.6/vectorscan/include -ffunction-sections -fdata-sections -fPIC -m64 -msse4.2 -O0 -std=c17 -Wall -Wextra  -Wno-array-bounds  -Wno-stringop-overflow -Wno-stringop-overread  -g -MD -MT CMakeFiles/hs_exec.dir/src/alloc.c.o -MF CMakeFiles/hs_exec.dir/src/alloc.c.o.d -o CMakeFiles/hs_exec.dir/src/alloc.c.o -c /opt/rustwide/cargo-home/registry/src/index.crates.io-1949cf8c6b5b557f/vectorscan-rs-sys-0.0.6/vectorscan/src/alloc.c
[INFO] [stderr]   [ 22%] Building C object CMakeFiles/hs_exec.dir/src/scratch.c.o
[INFO] [stderr]   /usr/bin/cc  -I/opt/rustwide/target/debug/build/vectorscan-rs-sys/4f53b8c8c873b960/out/build -I/opt/rustwide/cargo-home/registry/src/index.crates.io-1949cf8c6b5b557f/vectorscan-rs-sys-0.0.6/vectorscan -I/opt/rustwide/cargo-home/registry/src/index.crates.io-1949cf8c6b5b557f/vectorscan-rs-sys-0.0.6/vectorscan/src -isystem /opt/rustwide/cargo-home/registry/src/index.crates.io-1949cf8c6b5b557f/vectorscan-rs-sys-0.0.6/vectorscan/include -ffunction-sections -fdata-sections -fPIC -m64 -msse4.2 -O0 -std=c17 -Wall -Wextra  -Wno-array-bounds  -Wno-stringop-overflow -Wno-stringop-overread  -g -MD -MT CMakeFiles/hs_exec.dir/src/scratch.c.o -MF CMakeFiles/hs_exec.dir/src/scratch.c.o.d -o CMakeFiles/hs_exec.dir/src/scratch.c.o -c /opt/rustwide/cargo-home/registry/src/index.crates.io-1949cf8c6b5b557f/vectorscan-rs-sys-0.0.6/vectorscan/src/scratch.c
[INFO] [stderr]   [ 22%] Building C object CMakeFiles/hs_exec.dir/src/util/arch/x86/cpuid_flags.c.o
[INFO] [stderr]   /usr/bin/cc  -I/opt/rustwide/target/debug/build/vectorscan-rs-sys/4f53b8c8c873b960/out/build -I/opt/rustwide/cargo-home/registry/src/index.crates.io-1949cf8c6b5b557f/vectorscan-rs-sys-0.0.6/vectorscan -I/opt/rustwide/cargo-home/registry/src/index.crates.io-1949cf8c6b5b557f/vectorscan-rs-sys-0.0.6/vectorscan/src -isystem /opt/rustwide/cargo-home/registry/src/index.crates.io-1949cf8c6b5b557f/vectorscan-rs-sys-0.0.6/vectorscan/include -ffunction-sections -fdata-sections -fPIC -m64 -msse4.2 -O0 -std=c17 -Wall -Wextra  -Wno-array-bounds  -Wno-stringop-overflow -Wno-stringop-overread  -g -MD -MT CMakeFiles/hs_exec.dir/src/util/arch/x86/cpuid_flags.c.o -MF CMakeFiles/hs_exec.dir/src/util/arch/x86/cpuid_flags.c.o.d -o CMakeFiles/hs_exec.dir/src/util/arch/x86/cpuid_flags.c.o -c /opt/rustwide/cargo-home/registry/src/index.crates.io-1949cf8c6b5b557f/vectorscan-rs-sys-0.0.6/vectorscan/src/util/arch/x86/cpuid_flags.c
[INFO] [stderr]   gmake[2]: Leaving directory '/opt/rustwide/target/debug/build/vectorscan-rs-sys/4f53b8c8c873b960/out/build'
[INFO] [stderr]   [ 22%] Built target hs_exec
[INFO] [stderr]   gmake[1]: Leaving directory '/opt/rustwide/target/debug/build/vectorscan-rs-sys/4f53b8c8c873b960/out/build'
[INFO] [stderr] 
[INFO] [stderr] 
[INFO] [stderr]   --- stderr
[INFO] [stderr]   CMake Warning (dev) at cmake/boost.cmake:17 (find_package):
[INFO] [stderr]     Policy CMP0167 is not set: The FindBoost module is removed.  Run "cmake
[INFO] [stderr]     --help-policy CMP0167" for policy details.  Use the cmake_policy command to
[INFO] [stderr]     set the policy and suppress this warning.
[INFO] [stderr] 
[INFO] [stderr]   Call Stack (most recent call first):
[INFO] [stderr]     CMakeLists.txt:26 (include)
[INFO] [stderr]   This warning is for project developers.  Use -Wno-dev to suppress it.
[INFO] [stderr] 
[INFO] [stderr]   RAGEL_C_FLAGS-Wno-unused -funsigned-char
[INFO] [stderr]   CMake Warning:
[INFO] [stderr]     Manually-specified variables were not used by the project:
[INFO] [stderr] 
[INFO] [stderr]       CMAKE_ASM_COMPILER
[INFO] [stderr]       CMAKE_ASM_FLAGS
[INFO] [stderr] 
[INFO] [stderr] 
[INFO] [stderr]   In file included from /opt/rustwide/cargo-home/registry/src/index.crates.io-1949cf8c6b5b557f/vectorscan-rs-sys-0.0.6/vectorscan/src/util/simd_utils.h:77,
[INFO] [stderr]                    from /opt/rustwide/cargo-home/registry/src/index.crates.io-1949cf8c6b5b557f/vectorscan-rs-sys-0.0.6/vectorscan/src/util/arch/common/bitutils.h:39,
[INFO] [stderr]                    from /opt/rustwide/cargo-home/registry/src/index.crates.io-1949cf8c6b5b557f/vectorscan-rs-sys-0.0.6/vectorscan/src/util/arch/x86/bitutils.h:42,
[INFO] [stderr]                    from /opt/rustwide/cargo-home/registry/src/index.crates.io-1949cf8c6b5b557f/vectorscan-rs-sys-0.0.6/vectorscan/src/util/bitutils.h:50,
[INFO] [stderr]                    from /opt/rustwide/cargo-home/registry/src/index.crates.io-1949cf8c6b5b557f/vectorscan-rs-sys-0.0.6/vectorscan/src/nfa/vermicelli.hpp:38,
[INFO] [stderr]                    from /opt/rustwide/cargo-home/registry/src/index.crates.io-1949cf8c6b5b557f/vectorscan-rs-sys-0.0.6/vectorscan/src/nfa/nfa_rev_api.h:38,
[INFO] [stderr]                    from /opt/rustwide/cargo-home/registry/src/index.crates.io-1949cf8c6b5b557f/vectorscan-rs-sys-0.0.6/vectorscan/src/runtime.c:45:
[INFO] [stderr]   /opt/rustwide/cargo-home/registry/src/index.crates.io-1949cf8c6b5b557f/vectorscan-rs-sys-0.0.6/vectorscan/src/util/arch/common/simd_utils.h: In function 'rshift64_m256':
[INFO] [stderr]   /opt/rustwide/cargo-home/registry/src/index.crates.io-1949cf8c6b5b557f/vectorscan-rs-sys-0.0.6/vectorscan/src/util/arch/common/simd_utils.h:126:6: note: the ABI for passing parameters with 32-byte alignment has changed in GCC 4.6
[INFO] [stderr]     126 | m256 rshift64_m256(m256 a, int b) {
[INFO] [stderr]         |      ^~~~~~~~~~~~~
[INFO] [stderr]   In file included from /opt/rustwide/cargo-home/registry/src/index.crates.io-1949cf8c6b5b557f/vectorscan-rs-sys-0.0.6/vectorscan/src/util/simd_utils.h:77,
[INFO] [stderr]                    from /opt/rustwide/cargo-home/registry/src/index.crates.io-1949cf8c6b5b557f/vectorscan-rs-sys-0.0.6/vectorscan/src/util/arch/common/bitutils.h:39,
[INFO] [stderr]                    from /opt/rustwide/cargo-home/registry/src/index.crates.io-1949cf8c6b5b557f/vectorscan-rs-sys-0.0.6/vectorscan/src/util/arch/x86/bitutils.h:42,
[INFO] [stderr]                    from /opt/rustwide/cargo-home/registry/src/index.crates.io-1949cf8c6b5b557f/vectorscan-rs-sys-0.0.6/vectorscan/src/util/bitutils.h:50,
[INFO] [stderr]                    from /opt/rustwide/cargo-home/registry/src/index.crates.io-1949cf8c6b5b557f/vectorscan-rs-sys-0.0.6/vectorscan/src/nfa/repeat.h:50,
[INFO] [stderr]                    from /opt/rustwide/cargo-home/registry/src/index.crates.io-1949cf8c6b5b557f/vectorscan-rs-sys-0.0.6/vectorscan/src/nfa/castle.c:40:
[INFO] [stderr]   /opt/rustwide/cargo-home/registry/src/index.crates.io-1949cf8c6b5b557f/vectorscan-rs-sys-0.0.6/vectorscan/src/util/arch/common/simd_utils.h: In function 'rshift64_m256':
[INFO] [stderr]   /opt/rustwide/cargo-home/registry/src/index.crates.io-1949cf8c6b5b557f/vectorscan-rs-sys-0.0.6/vectorscan/src/util/arch/common/simd_utils.h:126:6: note: the ABI for passing parameters with 32-byte alignment has changed in GCC 4.6
[INFO] [stderr]     126 | m256 rshift64_m256(m256 a, int b) {
[INFO] [stderr]         |      ^~~~~~~~~~~~~
[INFO] [stderr]   In file included from /opt/rustwide/cargo-home/registry/src/index.crates.io-1949cf8c6b5b557f/vectorscan-rs-sys-0.0.6/vectorscan/src/util/simd_utils.h:77,
[INFO] [stderr]                    from /opt/rustwide/cargo-home/registry/src/index.crates.io-1949cf8c6b5b557f/vectorscan-rs-sys-0.0.6/vectorscan/src/util/arch/common/bitutils.h:39,
[INFO] [stderr]                    from /opt/rustwide/cargo-home/registry/src/index.crates.io-1949cf8c6b5b557f/vectorscan-rs-sys-0.0.6/vectorscan/src/util/arch/x86/bitutils.h:42,
[INFO] [stderr]                    from /opt/rustwide/cargo-home/registry/src/index.crates.io-1949cf8c6b5b557f/vectorscan-rs-sys-0.0.6/vectorscan/src/util/bitutils.h:50,
[INFO] [stderr]                    from /opt/rustwide/cargo-home/registry/src/index.crates.io-1949cf8c6b5b557f/vectorscan-rs-sys-0.0.6/vectorscan/src/nfa/vermicelli.hpp:38,
[INFO] [stderr]                    from /opt/rustwide/cargo-home/registry/src/index.crates.io-1949cf8c6b5b557f/vectorscan-rs-sys-0.0.6/vectorscan/src/nfa/accel.c:33:
[INFO] [stderr]   /opt/rustwide/cargo-home/registry/src/index.crates.io-1949cf8c6b5b557f/vectorscan-rs-sys-0.0.6/vectorscan/src/util/arch/common/simd_utils.h: In function 'rshift64_m256':
[INFO] [stderr]   /opt/rustwide/cargo-home/registry/src/index.crates.io-1949cf8c6b5b557f/vectorscan-rs-sys-0.0.6/vectorscan/src/util/arch/common/simd_utils.h:126:6: note: the ABI for passing parameters with 32-byte alignment has changed in GCC 4.6
[INFO] [stderr]     126 | m256 rshift64_m256(m256 a, int b) {
[INFO] [stderr]         |      ^~~~~~~~~~~~~
[INFO] [stderr]   In file included from /opt/rustwide/cargo-home/registry/src/index.crates.io-1949cf8c6b5b557f/vectorscan-rs-sys-0.0.6/vectorscan/src/util/simd_utils.h:77,
[INFO] [stderr]                    from /opt/rustwide/cargo-home/registry/src/index.crates.io-1949cf8c6b5b557f/vectorscan-rs-sys-0.0.6/vectorscan/src/util/arch/common/bitutils.h:39,
[INFO] [stderr]                    from /opt/rustwide/cargo-home/registry/src/index.crates.io-1949cf8c6b5b557f/vectorscan-rs-sys-0.0.6/vectorscan/src/util/arch/x86/bitutils.h:42,
[INFO] [stderr]                    from /opt/rustwide/cargo-home/registry/src/index.crates.io-1949cf8c6b5b557f/vectorscan-rs-sys-0.0.6/vectorscan/src/util/bitutils.h:50,
[INFO] [stderr]                    from /opt/rustwide/cargo-home/registry/src/index.crates.io-1949cf8c6b5b557f/vectorscan-rs-sys-0.0.6/vectorscan/src/fdr/fdr_confirm_runtime.h:38,
[INFO] [stderr]                    from /opt/rustwide/cargo-home/registry/src/index.crates.io-1949cf8c6b5b557f/vectorscan-rs-sys-0.0.6/vectorscan/src/fdr/fdr.c:31:
[INFO] [stderr]   /opt/rustwide/cargo-home/registry/src/index.crates.io-1949cf8c6b5b557f/vectorscan-rs-sys-0.0.6/vectorscan/src/util/arch/common/simd_utils.h: In function 'rshift64_m256':
[INFO] [stderr]   /opt/rustwide/cargo-home/registry/src/index.crates.io-1949cf8c6b5b557f/vectorscan-rs-sys-0.0.6/vectorscan/src/util/arch/common/simd_utils.h:126:6: note: the ABI for passing parameters with 32-byte alignment has changed in GCC 4.6
[INFO] [stderr]     126 | m256 rshift64_m256(m256 a, int b) {
[INFO] [stderr]         |      ^~~~~~~~~~~~~
[INFO] [stderr]   c++: fatal error: Killed signal terminated program cc1plus
[INFO] [stderr]   compilation terminated.
[INFO] [stderr]   gmake[2]: *** [util/CMakeFiles/expressionutil.dir/build.make:82: util/CMakeFiles/expressionutil.dir/expressions.cpp.o] Error 1
[INFO] [stderr]   gmake[2]: *** Waiting for unfinished jobs....
[INFO] [stderr]   c++: fatal error: Killed signal terminated program cc1plus
[INFO] [stderr]   compilation terminated.
[INFO] [stderr]   gmake[2]: *** [util/CMakeFiles/corpusomatic.dir/build.make:82: util/CMakeFiles/corpusomatic.dir/ng_corpus_editor.cpp.o] Error 1
[INFO] [stderr]   gmake[2]: *** Waiting for unfinished jobs....
[INFO] [stderr]   In file included from /opt/rustwide/cargo-home/registry/src/index.crates.io-1949cf8c6b5b557f/vectorscan-rs-sys-0.0.6/vectorscan/src/util/simd_utils.h:77,
[INFO] [stderr]                    from /opt/rustwide/cargo-home/registry/src/index.crates.io-1949cf8c6b5b557f/vectorscan-rs-sys-0.0.6/vectorscan/src/util/arch/common/bitutils.h:39,
[INFO] [stderr]                    from /opt/rustwide/cargo-home/registry/src/index.crates.io-1949cf8c6b5b557f/vectorscan-rs-sys-0.0.6/vectorscan/src/util/arch/x86/bitutils.h:42,
[INFO] [stderr]                    from /opt/rustwide/cargo-home/registry/src/index.crates.io-1949cf8c6b5b557f/vectorscan-rs-sys-0.0.6/vectorscan/src/util/bitutils.h:50,
[INFO] [stderr]                    from /opt/rustwide/cargo-home/registry/src/index.crates.io-1949cf8c6b5b557f/vectorscan-rs-sys-0.0.6/vectorscan/src/nfa/vermicelli.hpp:38,
[INFO] [stderr]                    from /opt/rustwide/cargo-home/registry/src/index.crates.io-1949cf8c6b5b557f/vectorscan-rs-sys-0.0.6/vectorscan/src/hwlm/hwlm.c:42:
[INFO] [stderr]   /opt/rustwide/cargo-home/registry/src/index.crates.io-1949cf8c6b5b557f/vectorscan-rs-sys-0.0.6/vectorscan/src/util/arch/common/simd_utils.h: In function 'rshift64_m256':
[INFO] [stderr]   /opt/rustwide/cargo-home/registry/src/index.crates.io-1949cf8c6b5b557f/vectorscan-rs-sys-0.0.6/vectorscan/src/util/arch/common/simd_utils.h:126:6: note: the ABI for passing parameters with 32-byte alignment has changed in GCC 4.6
[INFO] [stderr]     126 | m256 rshift64_m256(m256 a, int b) {
[INFO] [stderr]         |      ^~~~~~~~~~~~~
[INFO] [stderr]   In file included from /opt/rustwide/cargo-home/registry/src/index.crates.io-1949cf8c6b5b557f/vectorscan-rs-sys-0.0.6/vectorscan/src/util/simd_utils.h:77,
[INFO] [stderr]                    from /opt/rustwide/cargo-home/registry/src/index.crates.io-1949cf8c6b5b557f/vectorscan-rs-sys-0.0.6/vectorscan/src/util/arch/common/bitutils.h:39,
[INFO] [stderr]                    from /opt/rustwide/cargo-home/registry/src/index.crates.io-1949cf8c6b5b557f/vectorscan-rs-sys-0.0.6/vectorscan/src/util/arch/x86/bitutils.h:42,
[INFO] [stderr]                    from /opt/rustwide/cargo-home/registry/src/index.crates.io-1949cf8c6b5b557f/vectorscan-rs-sys-0.0.6/vectorscan/src/util/bitutils.h:50,
[INFO] [stderr]                    from /opt/rustwide/cargo-home/registry/src/index.crates.io-1949cf8c6b5b557f/vectorscan-rs-sys-0.0.6/vectorscan/src/util/multibit.h:55,
[INFO] [stderr]                    from /opt/rustwide/cargo-home/registry/src/index.crates.io-1949cf8c6b5b557f/vectorscan-rs-sys-0.0.6/vectorscan/src/stream_compress.c:34:
[INFO] [stderr]   /opt/rustwide/cargo-home/registry/src/index.crates.io-1949cf8c6b5b557f/vectorscan-rs-sys-0.0.6/vectorscan/src/util/arch/common/simd_utils.h: In function 'rshift64_m256':
[INFO] [stderr]   /opt/rustwide/cargo-home/registry/src/index.crates.io-1949cf8c6b5b557f/vectorscan-rs-sys-0.0.6/vectorscan/src/util/arch/common/simd_utils.h:126:6: note: the ABI for passing parameters with 32-byte alignment has changed in GCC 4.6
[INFO] [stderr]     126 | m256 rshift64_m256(m256 a, int b) {
[INFO] [stderr]         |      ^~~~~~~~~~~~~
[INFO] [stderr]   In file included from /opt/rustwide/cargo-home/registry/src/index.crates.io-1949cf8c6b5b557f/vectorscan-rs-sys-0.0.6/vectorscan/src/util/simd_utils.h:77,
[INFO] [stderr]                    from /opt/rustwide/cargo-home/registry/src/index.crates.io-1949cf8c6b5b557f/vectorscan-rs-sys-0.0.6/vectorscan/src/util/arch/common/bitutils.h:39,
[INFO] [stderr]                    from /opt/rustwide/cargo-home/registry/src/index.crates.io-1949cf8c6b5b557f/vectorscan-rs-sys-0.0.6/vectorscan/src/util/arch/x86/bitutils.h:42,
[INFO] [stderr]                    from /opt/rustwide/cargo-home/registry/src/index.crates.io-1949cf8c6b5b557f/vectorscan-rs-sys-0.0.6/vectorscan/src/util/bitutils.h:50,
[INFO] [stderr]                    from /opt/rustwide/cargo-home/registry/src/index.crates.io-1949cf8c6b5b557f/vectorscan-rs-sys-0.0.6/vectorscan/src/nfa/gough.c:37:
[INFO] [stderr]   /opt/rustwide/cargo-home/registry/src/index.crates.io-1949cf8c6b5b557f/vectorscan-rs-sys-0.0.6/vectorscan/src/util/arch/common/simd_utils.h: In function 'rshift64_m256':
[INFO] [stderr]   /opt/rustwide/cargo-home/registry/src/index.crates.io-1949cf8c6b5b557f/vectorscan-rs-sys-0.0.6/vectorscan/src/util/arch/common/simd_utils.h:126:6: note: the ABI for passing parameters with 32-byte alignment has changed in GCC 4.6
[INFO] [stderr]     126 | m256 rshift64_m256(m256 a, int b) {
[INFO] [stderr]         |      ^~~~~~~~~~~~~
[INFO] [stderr]   In file included from /opt/rustwide/cargo-home/registry/src/index.crates.io-1949cf8c6b5b557f/vectorscan-rs-sys-0.0.6/vectorscan/src/util/simd_utils.h:77,
[INFO] [stderr]                    from /opt/rustwide/cargo-home/registry/src/index.crates.io-1949cf8c6b5b557f/vectorscan-rs-sys-0.0.6/vectorscan/src/util/arch/common/bitutils.h:39,
[INFO] [stderr]                    from /opt/rustwide/cargo-home/registry/src/index.crates.io-1949cf8c6b5b557f/vectorscan-rs-sys-0.0.6/vectorscan/src/util/arch/x86/bitutils.h:42,
[INFO] [stderr]                    from /opt/rustwide/cargo-home/registry/src/index.crates.io-1949cf8c6b5b557f/vectorscan-rs-sys-0.0.6/vectorscan/src/util/bitutils.h:50,
[INFO] [stderr]                    from /opt/rustwide/cargo-home/registry/src/index.crates.io-1949cf8c6b5b557f/vectorscan-rs-sys-0.0.6/vectorscan/src/hwlm/noodle_engine.cpp:40:
[INFO] [stderr]   /opt/rustwide/cargo-home/registry/src/index.crates.io-1949cf8c6b5b557f/vectorscan-rs-sys-0.0.6/vectorscan/src/util/arch/common/simd_utils.h: In function 'm256 rshift64_m256(m256, int)':
[INFO] [stderr]   /opt/rustwide/cargo-home/registry/src/index.crates.io-1949cf8c6b5b557f/vectorscan-rs-sys-0.0.6/vectorscan/src/util/arch/common/simd_utils.h:126:6: note: the ABI for passing parameters with 32-byte alignment has changed in GCC 4.6
[INFO] [stderr]     126 | m256 rshift64_m256(m256 a, int b) {
[INFO] [stderr]         |      ^~~~~~~~~~~~~
[INFO] [stderr]   In file included from /opt/rustwide/cargo-home/registry/src/index.crates.io-1949cf8c6b5b557f/vectorscan-rs-sys-0.0.6/vectorscan/src/util/simd_utils.h:77,
[INFO] [stderr]                    from /opt/rustwide/cargo-home/registry/src/index.crates.io-1949cf8c6b5b557f/vectorscan-rs-sys-0.0.6/vectorscan/src/util/arch/common/bitutils.h:39,
[INFO] [stderr]                    from /opt/rustwide/cargo-home/registry/src/index.crates.io-1949cf8c6b5b557f/vectorscan-rs-sys-0.0.6/vectorscan/src/util/arch/x86/bitutils.h:42,
[INFO] [stderr]                    from /opt/rustwide/cargo-home/registry/src/index.crates.io-1949cf8c6b5b557f/vectorscan-rs-sys-0.0.6/vectorscan/src/util/bitutils.h:50,
[INFO] [stderr]                    from /opt/rustwide/cargo-home/registry/src/index.crates.io-1949cf8c6b5b557f/vectorscan-rs-sys-0.0.6/vectorscan/src/fdr/fdr_confirm_runtime.h:38,
[INFO] [stderr]                    from /opt/rustwide/cargo-home/registry/src/index.crates.io-1949cf8c6b5b557f/vectorscan-rs-sys-0.0.6/vectorscan/src/fdr/teddy_runtime_common.h:38,
[INFO] [stderr]                    from /opt/rustwide/cargo-home/registry/src/index.crates.io-1949cf8c6b5b557f/vectorscan-rs-sys-0.0.6/vectorscan/src/fdr/teddy.cpp:38:
[INFO] [stderr]   /opt/rustwide/cargo-home/registry/src/index.crates.io-1949cf8c6b5b557f/vectorscan-rs-sys-0.0.6/vectorscan/src/util/arch/common/simd_utils.h: In function 'm256 rshift64_m256(m256, int)':
[INFO] [stderr]   /opt/rustwide/cargo-home/registry/src/index.crates.io-1949cf8c6b5b557f/vectorscan-rs-sys-0.0.6/vectorscan/src/util/arch/common/simd_utils.h:126:6: note: the ABI for passing parameters with 32-byte alignment has changed in GCC 4.6
[INFO] [stderr]     126 | m256 rshift64_m256(m256 a, int b) {
[INFO] [stderr]         |      ^~~~~~~~~~~~~
[INFO] [stderr]   In file included from /opt/rustwide/cargo-home/registry/src/index.crates.io-1949cf8c6b5b557f/vectorscan-rs-sys-0.0.6/vectorscan/src/util/simd_utils.h:77,
[INFO] [stderr]                    from /opt/rustwide/cargo-home/registry/src/index.crates.io-1949cf8c6b5b557f/vectorscan-rs-sys-0.0.6/vectorscan/src/nfa/limex_accel.h:40,
[INFO] [stderr]                    from /opt/rustwide/cargo-home/registry/src/index.crates.io-1949cf8c6b5b557f/vectorscan-rs-sys-0.0.6/vectorscan/src/nfa/limex_accel.c:33:
[INFO] [stderr]   /opt/rustwide/cargo-home/registry/src/index.crates.io-1949cf8c6b5b557f/vectorscan-rs-sys-0.0.6/vectorscan/src/util/arch/common/simd_utils.h: In function 'rshift64_m256':
[INFO] [stderr]   /opt/rustwide/cargo-home/registry/src/index.crates.io-1949cf8c6b5b557f/vectorscan-rs-sys-0.0.6/vectorscan/src/util/arch/common/simd_utils.h:126:6: note: the ABI for passing parameters with 32-byte alignment has changed in GCC 4.6
[INFO] [stderr]     126 | m256 rshift64_m256(m256 a, int b) {
[INFO] [stderr]         |      ^~~~~~~~~~~~~
[INFO] [stderr]   c++: fatal error: Killed signal terminated program cc1plus
[INFO] [stderr]   compilation terminated.
[INFO] [stderr]   gmake[2]: *** [CMakeFiles/hs_compile.dir/build.make:82: CMakeFiles/hs_compile.dir/src/grey.cpp.o] Error 1
[INFO] [stderr]   gmake[2]: *** Waiting for unfinished jobs....
[INFO] [stderr]   c++: fatal error: Killed signal terminated program cc1plus
[INFO] [stderr]   compilation terminated.
[INFO] [stderr]   gmake[2]: *** [util/CMakeFiles/expressionutil.dir/build.make:96: util/CMakeFiles/expressionutil.dir/ExpressionParser.cpp.o] Error 1
[INFO] [stderr]   gmake[1]: *** [CMakeFiles/Makefile2:259: util/CMakeFiles/expressionutil.dir/all] Error 2
[INFO] [stderr]   gmake[1]: *** Waiting for unfinished jobs....
[INFO] [stderr]   c++: fatal error: Killed signal terminated program cc1plus
[INFO] [stderr]   compilation terminated.
[INFO] [stderr]   gmake[2]: *** [util/CMakeFiles/corpusomatic.dir/build.make:96: util/CMakeFiles/corpusomatic.dir/ng_corpus_generator.cpp.o] Error 1
[INFO] [stderr]   gmake[1]: *** [CMakeFiles/Makefile2:291: util/CMakeFiles/corpusomatic.dir/all] Error 2
[INFO] [stderr]   In file included from /opt/rustwide/cargo-home/registry/src/index.crates.io-1949cf8c6b5b557f/vectorscan-rs-sys-0.0.6/vectorscan/src/util/simd_utils.h:77,
[INFO] [stderr]                    from /opt/rustwide/cargo-home/registry/src/index.crates.io-1949cf8c6b5b557f/vectorscan-rs-sys-0.0.6/vectorscan/src/util/arch/common/bitutils.h:39,
[INFO] [stderr]                    from /opt/rustwide/cargo-home/registry/src/index.crates.io-1949cf8c6b5b557f/vectorscan-rs-sys-0.0.6/vectorscan/src/util/arch/x86/bitutils.h:42,
[INFO] [stderr]                    from /opt/rustwide/cargo-home/registry/src/index.crates.io-1949cf8c6b5b557f/vectorscan-rs-sys-0.0.6/vectorscan/src/util/bitutils.h:50,
[INFO] [stderr]                    from /opt/rustwide/cargo-home/registry/src/index.crates.io-1949cf8c6b5b557f/vectorscan-rs-sys-0.0.6/vectorscan/src/nfa/limex_simd128.c:42:
[INFO] [stderr]   /opt/rustwide/cargo-home/registry/src/index.crates.io-1949cf8c6b5b557f/vectorscan-rs-sys-0.0.6/vectorscan/src/util/arch/common/simd_utils.h: In function 'rshift64_m256':
[INFO] [stderr]   /opt/rustwide/cargo-home/registry/src/index.crates.io-1949cf8c6b5b557f/vectorscan-rs-sys-0.0.6/vectorscan/src/util/arch/common/simd_utils.h:126:6: note: the ABI for passing parameters with 32-byte alignment has changed in GCC 4.6
[INFO] [stderr]     126 | m256 rshift64_m256(m256 a, int b) {
[INFO] [stderr]         |      ^~~~~~~~~~~~~
[INFO] [stderr]   In file included from /opt/rustwide/cargo-home/registry/src/index.crates.io-1949cf8c6b5b557f/vectorscan-rs-sys-0.0.6/vectorscan/src/util/simd_utils.h:77,
[INFO] [stderr]                    from /opt/rustwide/cargo-home/registry/src/index.crates.io-1949cf8c6b5b557f/vectorscan-rs-sys-0.0.6/vectorscan/src/util/arch/common/bitutils.h:39,
[INFO] [stderr]                    from /opt/rustwide/cargo-home/registry/src/index.crates.io-1949cf8c6b5b557f/vectorscan-rs-sys-0.0.6/vectorscan/src/util/arch/x86/bitutils.h:42,
[INFO] [stderr]                    from /opt/rustwide/cargo-home/registry/src/index.crates.io-1949cf8c6b5b557f/vectorscan-rs-sys-0.0.6/vectorscan/src/util/bitutils.h:50,
[INFO] [stderr]                    from /opt/rustwide/cargo-home/registry/src/index.crates.io-1949cf8c6b5b557f/vectorscan-rs-sys-0.0.6/vectorscan/src/nfa/limex_64.c:46:
[INFO] [stderr]   /opt/rustwide/cargo-home/registry/src/index.crates.io-1949cf8c6b5b557f/vectorscan-rs-sys-0.0.6/vectorscan/src/util/arch/common/simd_utils.h: In function 'rshift64_m256':
[INFO] [stderr]   /opt/rustwide/cargo-home/registry/src/index.crates.io-1949cf8c6b5b557f/vectorscan-rs-sys-0.0.6/vectorscan/src/util/arch/common/simd_utils.h:126:6: note: the ABI for passing parameters with 32-byte alignment has changed in GCC 4.6
[INFO] [stderr]     126 | m256 rshift64_m256(m256 a, int b) {
[INFO] [stderr]         |      ^~~~~~~~~~~~~
[INFO] [stderr]   In file included from /opt/rustwide/cargo-home/registry/src/index.crates.io-1949cf8c6b5b557f/vectorscan-rs-sys-0.0.6/vectorscan/src/util/simd_utils.h:77,
[INFO] [stderr]                    from /opt/rustwide/cargo-home/registry/src/index.crates.io-1949cf8c6b5b557f/vectorscan-rs-sys-0.0.6/vectorscan/src/util/arch/common/bitutils.h:39,
[INFO] [stderr]                    from /opt/rustwide/cargo-home/registry/src/index.crates.io-1949cf8c6b5b557f/vectorscan-rs-sys-0.0.6/vectorscan/src/util/arch/x86/bitutils.h:42,
[INFO] [stderr]                    from /opt/rustwide/cargo-home/registry/src/index.crates.io-1949cf8c6b5b557f/vectorscan-rs-sys-0.0.6/vectorscan/src/util/bitutils.h:50,
[INFO] [stderr]                    from /opt/rustwide/cargo-home/registry/src/index.crates.io-1949cf8c6b5b557f/vectorscan-rs-sys-0.0.6/vectorscan/src/nfa/limex_native.c:43:
[INFO] [stderr]   /opt/rustwide/cargo-home/registry/src/index.crates.io-1949cf8c6b5b557f/vectorscan-rs-sys-0.0.6/vectorscan/src/util/arch/common/simd_utils.h: In function 'rshift64_m256':
[INFO] [stderr]   /opt/rustwide/cargo-home/registry/src/index.crates.io-1949cf8c6b5b557f/vectorscan-rs-sys-0.0.6/vectorscan/src/util/arch/common/simd_utils.h:126:6: note: the ABI for passing parameters with 32-byte alignment has changed in GCC 4.6
[INFO] [stderr]     126 | m256 rshift64_m256(m256 a, int b) {
[INFO] [stderr]         |      ^~~~~~~~~~~~~
[INFO] [stderr]   In file included from /opt/rustwide/cargo-home/registry/src/index.crates.io-1949cf8c6b5b557f/vectorscan-rs-sys-0.0.6/vectorscan/src/util/simd_utils.h:77,
[INFO] [stderr]                    from /opt/rustwide/cargo-home/registry/src/index.crates.io-1949cf8c6b5b557f/vectorscan-rs-sys-0.0.6/vectorscan/src/util/arch/common/bitutils.h:39,
[INFO] [stderr]                    from /opt/rustwide/cargo-home/registry/src/index.crates.io-1949cf8c6b5b557f/vectorscan-rs-sys-0.0.6/vectorscan/src/util/arch/x86/bitutils.h:42,
[INFO] [stderr]                    from /opt/rustwide/cargo-home/registry/src/index.crates.io-1949cf8c6b5b557f/vectorscan-rs-sys-0.0.6/vectorscan/src/util/bitutils.h:50,
[INFO] [stderr]                    from /opt/rustwide/cargo-home/registry/src/index.crates.io-1949cf8c6b5b557f/vectorscan-rs-sys-0.0.6/vectorscan/src/nfa/limex_simd256.c:42:
[INFO] [stderr]   /opt/rustwide/cargo-home/registry/src/index.crates.io-1949cf8c6b5b557f/vectorscan-rs-sys-0.0.6/vectorscan/src/util/arch/common/simd_utils.h: In function 'rshift64_m256':
[INFO] [stderr]   /opt/rustwide/cargo-home/registry/src/index.crates.io-1949cf8c6b5b557f/vectorscan-rs-sys-0.0.6/vectorscan/src/util/arch/common/simd_utils.h:126:6: note: the ABI for passing parameters with 32-byte alignment has changed in GCC 4.6
[INFO] [stderr]     126 | m256 rshift64_m256(m256 a, int b) {
[INFO] [stderr]         |      ^~~~~~~~~~~~~
[INFO] [stderr]   In file included from /opt/rustwide/cargo-home/registry/src/index.crates.io-1949cf8c6b5b557f/vectorscan-rs-sys-0.0.6/vectorscan/src/util/simd_utils.h:77,
[INFO] [stderr]                    from /opt/rustwide/cargo-home/registry/src/index.crates.io-1949cf8c6b5b557f/vectorscan-rs-sys-0.0.6/vectorscan/src/util/arch/common/bitutils.h:39,
[INFO] [stderr]                    from /opt/rustwide/cargo-home/registry/src/index.crates.io-1949cf8c6b5b557f/vectorscan-rs-sys-0.0.6/vectorscan/src/util/arch/x86/bitutils.h:42,
[INFO] [stderr]                    from /opt/rustwide/cargo-home/registry/src/index.crates.io-1949cf8c6b5b557f/vectorscan-rs-sys-0.0.6/vectorscan/src/util/bitutils.h:50,
[INFO] [stderr]                    from /opt/rustwide/cargo-home/registry/src/index.crates.io-1949cf8c6b5b557f/vectorscan-rs-sys-0.0.6/vectorscan/src/nfa/repeat.h:50,
[INFO] [stderr]                    from /opt/rustwide/cargo-home/registry/src/index.crates.io-1949cf8c6b5b557f/vectorscan-rs-sys-0.0.6/vectorscan/src/nfa/lbr.c:39:
[INFO] [stderr]   /opt/rustwide/cargo-home/registry/src/index.crates.io-1949cf8c6b5b557f/vectorscan-rs-sys-0.0.6/vectorscan/src/util/arch/common/simd_utils.h: In function 'rshift64_m256':
[INFO] [stderr]   /opt/rustwide/cargo-home/registry/src/index.crates.io-1949cf8c6b5b557f/vectorscan-rs-sys-0.0.6/vectorscan/src/util/arch/common/simd_utils.h:126:6: note: the ABI for passing parameters with 32-byte alignment has changed in GCC 4.6
[INFO] [stderr]     126 | m256 rshift64_m256(m256 a, int b) {
[INFO] [stderr]         |      ^~~~~~~~~~~~~
[INFO] [stderr]   In file included from /opt/rustwide/cargo-home/registry/src/index.crates.io-1949cf8c6b5b557f/vectorscan-rs-sys-0.0.6/vectorscan/src/util/simd_utils.h:77,
[INFO] [stderr]                    from /opt/rustwide/cargo-home/registry/src/index.crates.io-1949cf8c6b5b557f/vectorscan-rs-sys-0.0.6/vectorscan/src/util/arch/common/bitutils.h:39,
[INFO] [stderr]                    from /opt/rustwide/cargo-home/registry/src/index.crates.io-1949cf8c6b5b557f/vectorscan-rs-sys-0.0.6/vectorscan/src/util/arch/x86/bitutils.h:42,
[INFO] [stderr]                    from /opt/rustwide/cargo-home/registry/src/index.crates.io-1949cf8c6b5b557f/vectorscan-rs-sys-0.0.6/vectorscan/src/util/bitutils.h:50,
[INFO] [stderr]                    from /opt/rustwide/cargo-home/registry/src/index.crates.io-1949cf8c6b5b557f/vectorscan-rs-sys-0.0.6/vectorscan/src/nfa/limex_simd384.c:42:
[INFO] [stderr]   /opt/rustwide/cargo-home/registry/src/index.crates.io-1949cf8c6b5b557f/vectorscan-rs-sys-0.0.6/vectorscan/src/util/arch/common/simd_utils.h: In function 'rshift64_m256':
[INFO] [stderr]   /opt/rustwide/cargo-home/registry/src/index.crates.io-1949cf8c6b5b557f/vectorscan-rs-sys-0.0.6/vectorscan/src/util/arch/common/simd_utils.h:126:6: note: the ABI for passing parameters with 32-byte alignment has changed in GCC 4.6
[INFO] [stderr]     126 | m256 rshift64_m256(m256 a, int b) {
[INFO] [stderr]         |      ^~~~~~~~~~~~~
[INFO] [stderr]   c++: fatal error: Killed signal terminated program cc1plus
[INFO] [stderr]   compilation terminated.
[INFO] [stderr]   gmake[2]: *** [util/CMakeFiles/crosscompileutil.dir/build.make:82: util/CMakeFiles/crosscompileutil.dir/cross_compile.cpp.o] Error 1
[INFO] [stderr]   gmake[1]: *** [CMakeFiles/Makefile2:355: util/CMakeFiles/crosscompileutil.dir/all] Error 2
[INFO] [stderr]   c++: fatal error: Killed signal terminated program cc1plus
[INFO] [stderr]   compilation terminated.
[INFO] [stderr]   gmake[2]: *** [CMakeFiles/hs_compile.dir/build.make:110: CMakeFiles/hs_compile.dir/src/compiler/asserts.cpp.o] Error 1
[INFO] [stderr]   In file included from /opt/rustwide/cargo-home/registry/src/index.crates.io-1949cf8c6b5b557f/vectorscan-rs-sys-0.0.6/vectorscan/src/util/simd_utils.h:77,
[INFO] [stderr]                    from /opt/rustwide/cargo-home/registry/src/index.crates.io-1949cf8c6b5b557f/vectorscan-rs-sys-0.0.6/vectorscan/src/util/arch/common/bitutils.h:39,
[INFO] [stderr]                    from /opt/rustwide/cargo-home/registry/src/index.crates.io-1949cf8c6b5b557f/vectorscan-rs-sys-0.0.6/vectorscan/src/util/arch/x86/bitutils.h:42,
[INFO] [stderr]                    from /opt/rustwide/cargo-home/registry/src/index.crates.io-1949cf8c6b5b557f/vectorscan-rs-sys-0.0.6/vectorscan/src/util/bitutils.h:50,
[INFO] [stderr]                    from /opt/rustwide/cargo-home/registry/src/index.crates.io-1949cf8c6b5b557f/vectorscan-rs-sys-0.0.6/vectorscan/src/nfa/mcsheng.c:37:
[INFO] [stderr]   /opt/rustwide/cargo-home/registry/src/index.crates.io-1949cf8c6b5b557f/vectorscan-rs-sys-0.0.6/vectorscan/src/util/arch/common/simd_utils.h: In function 'rshift64_m256':
[INFO] [stderr]   /opt/rustwide/cargo-home/registry/src/index.crates.io-1949cf8c6b5b557f/vectorscan-rs-sys-0.0.6/vectorscan/src/util/arch/common/simd_utils.h:126:6: note: the ABI for passing parameters with 32-byte alignment has changed in GCC 4.6
[INFO] [stderr]     126 | m256 rshift64_m256(m256 a, int b) {
[INFO] [stderr]         |      ^~~~~~~~~~~~~
[INFO] [stderr]   In file included from /opt/rustwide/cargo-home/registry/src/index.crates.io-1949cf8c6b5b557f/vectorscan-rs-sys-0.0.6/vectorscan/src/util/simd_utils.h:77,
[INFO] [stderr]                    from /opt/rustwide/cargo-home/registry/src/index.crates.io-1949cf8c6b5b557f/vectorscan-rs-sys-0.0.6/vectorscan/src/util/arch/common/bitutils.h:39,
[INFO] [stderr]                    from /opt/rustwide/cargo-home/registry/src/index.crates.io-1949cf8c6b5b557f/vectorscan-rs-sys-0.0.6/vectorscan/src/util/arch/x86/bitutils.h:42,
[INFO] [stderr]                    from /opt/rustwide/cargo-home/registry/src/index.crates.io-1949cf8c6b5b557f/vectorscan-rs-sys-0.0.6/vectorscan/src/util/bitutils.h:50,
[INFO] [stderr]                    from /opt/rustwide/cargo-home/registry/src/index.crates.io-1949cf8c6b5b557f/vectorscan-rs-sys-0.0.6/vectorscan/src/nfa/mcclellan.c:36:
[INFO] [stderr]   /opt/rustwide/cargo-home/registry/src/index.crates.io-1949cf8c6b5b557f/vectorscan-rs-sys-0.0.6/vectorscan/src/util/arch/common/simd_utils.h: In function 'rshift64_m256':
[INFO] [stderr]   /opt/rustwide/cargo-home/registry/src/index.crates.io-1949cf8c6b5b557f/vectorscan-rs-sys-0.0.6/vectorscan/src/util/arch/common/simd_utils.h:126:6: note: the ABI for passing parameters with 32-byte alignment has changed in GCC 4.6
[INFO] [stderr]     126 | m256 rshift64_m256(m256 a, int b) {
[INFO] [stderr]         |      ^~~~~~~~~~~~~
[INFO] [stderr]   In file included from /opt/rustwide/cargo-home/registry/src/index.crates.io-1949cf8c6b5b557f/vectorscan-rs-sys-0.0.6/vectorscan/src/util/simd_utils.h:77,
[INFO] [stderr]                    from /opt/rustwide/cargo-home/registry/src/index.crates.io-1949cf8c6b5b557f/vectorscan-rs-sys-0.0.6/vectorscan/src/util/arch/common/bitutils.h:39,
[INFO] [stderr]                    from /opt/rustwide/cargo-home/registry/src/index.crates.io-1949cf8c6b5b557f/vectorscan-rs-sys-0.0.6/vectorscan/src/util/arch/x86/bitutils.h:42,
[INFO] [stderr]                    from /opt/rustwide/cargo-home/registry/src/index.crates.io-1949cf8c6b5b557f/vectorscan-rs-sys-0.0.6/vectorscan/src/util/bitutils.h:50,
[INFO] [stderr]                    from /opt/rustwide/cargo-home/registry/src/index.crates.io-1949cf8c6b5b557f/vectorscan-rs-sys-0.0.6/vectorscan/src/nfa/limex_simd512.c:42:
[INFO] [stderr]   /opt/rustwide/cargo-home/registry/src/index.crates.io-1949cf8c6b5b557f/vectorscan-rs-sys-0.0.6/vectorscan/src/util/arch/common/simd_utils.h: In function 'rshift64_m256':
[INFO] [stderr]   /opt/rustwide/cargo-home/registry/src/index.crates.io-1949cf8c6b5b557f/vectorscan-rs-sys-0.0.6/vectorscan/src/util/arch/common/simd_utils.h:126:6: note: the ABI for passing parameters with 32-byte alignment has changed in GCC 4.6
[INFO] [stderr]     126 | m256 rshift64_m256(m256 a, int b) {
[INFO] [stderr]         |      ^~~~~~~~~~~~~
[INFO] [stderr]   In file included from /opt/rustwide/cargo-home/registry/src/index.crates.io-1949cf8c6b5b557f/vectorscan-rs-sys-0.0.6/vectorscan/src/util/simd_utils.h:77,
[INFO] [stderr]                    from /opt/rustwide/cargo-home/registry/src/index.crates.io-1949cf8c6b5b557f/vectorscan-rs-sys-0.0.6/vectorscan/src/util/arch/common/bitutils.h:39,
[INFO] [stderr]                    from /opt/rustwide/cargo-home/registry/src/index.crates.io-1949cf8c6b5b557f/vectorscan-rs-sys-0.0.6/vectorscan/src/util/arch/x86/bitutils.h:42,
[INFO] [stderr]                    from /opt/rustwide/cargo-home/registry/src/index.crates.io-1949cf8c6b5b557f/vectorscan-rs-sys-0.0.6/vectorscan/src/util/bitutils.h:50,
[INFO] [stderr]                    from /opt/rustwide/cargo-home/registry/src/index.crates.io-1949cf8c6b5b557f/vectorscan-rs-sys-0.0.6/vectorscan/src/nfa/vermicelli.hpp:38,
[INFO] [stderr]                    from /opt/rustwide/cargo-home/registry/src/index.crates.io-1949cf8c6b5b557f/vectorscan-rs-sys-0.0.6/vectorscan/src/nfa/mpv.c:39:
[INFO] [stderr]   /opt/rustwide/cargo-home/registry/src/index.crates.io-1949cf8c6b5b557f/vectorscan-rs-sys-0.0.6/vectorscan/src/util/arch/common/simd_utils.h: In function 'rshift64_m256':
[INFO] [stderr]   /opt/rustwide/cargo-home/registry/src/index.crates.io-1949cf8c6b5b557f/vectorscan-rs-sys-0.0.6/vectorscan/src/util/arch/common/simd_utils.h:126:6: note: the ABI for passing parameters with 32-byte alignment has changed in GCC 4.6
[INFO] [stderr]     126 | m256 rshift64_m256(m256 a, int b) {
[INFO] [stderr]         |      ^~~~~~~~~~~~~
[INFO] [stderr]   c++: fatal error: Killed signal terminated program cc1plus
[INFO] [stderr]   compilation terminated.
[INFO] [stderr]   gmake[2]: *** [CMakeFiles/hs_compile.dir/build.make:124: CMakeFiles/hs_compile.dir/src/compiler/compiler.cpp.o] Error 1
[INFO] [stderr]   In file included from /opt/rustwide/cargo-home/registry/src/index.crates.io-1949cf8c6b5b557f/vectorscan-rs-sys-0.0.6/vectorscan/src/util/simd_utils.h:77,
[INFO] [stderr]                    from /opt/rustwide/cargo-home/registry/src/index.crates.io-1949cf8c6b5b557f/vectorscan-rs-sys-0.0.6/vectorscan/src/util/arch/common/bitutils.h:39,
[INFO] [stderr]                    from /opt/rustwide/cargo-home/registry/src/index.crates.io-1949cf8c6b5b557f/vectorscan-rs-sys-0.0.6/vectorscan/src/util/arch/x86/bitutils.h:42,
[INFO] [stderr]                    from /opt/rustwide/cargo-home/registry/src/index.crates.io-1949cf8c6b5b557f/vectorscan-rs-sys-0.0.6/vectorscan/src/util/bitutils.h:50,
[INFO] [stderr]                    from /opt/rustwide/cargo-home/registry/src/index.crates.io-1949cf8c6b5b557f/vectorscan-rs-sys-0.0.6/vectorscan/src/nfa/repeat.h:50,
[INFO] [stderr]                    from /opt/rustwide/cargo-home/registry/src/index.crates.io-1949cf8c6b5b557f/vectorscan-rs-sys-0.0.6/vectorscan/src/nfa/repeat.c:36:
[INFO] [stderr]   /opt/rustwide/cargo-home/registry/src/index.crates.io-1949cf8c6b5b557f/vectorscan-rs-sys-0.0.6/vectorscan/src/util/arch/common/simd_utils.h: In function 'rshift64_m256':
[INFO] [stderr]   /opt/rustwide/cargo-home/registry/src/index.crates.io-1949cf8c6b5b557f/vectorscan-rs-sys-0.0.6/vectorscan/src/util/arch/common/simd_utils.h:126:6: note: the ABI for passing parameters with 32-byte alignment has changed in GCC 4.6
[INFO] [stderr]     126 | m256 rshift64_m256(m256 a, int b) {
[INFO] [stderr]         |      ^~~~~~~~~~~~~
[INFO] [stderr]   c++: fatal error: Killed signal terminated program cc1plus
[INFO] [stderr]   compilation terminated.
[INFO] [stderr]   gmake[2]: *** [CMakeFiles/hs_compile.dir/build.make:96: CMakeFiles/hs_compile.dir/src/hs.cpp.o] Error 1
[INFO] [stderr]   In file included from /opt/rustwide/cargo-home/registry/src/index.crates.io-1949cf8c6b5b557f/vectorscan-rs-sys-0.0.6/vectorscan/src/util/simd_utils.h:77,
[INFO] [stderr]                    from /opt/rustwide/cargo-home/registry/src/index.crates.io-1949cf8c6b5b557f/vectorscan-rs-sys-0.0.6/vectorscan/src/util/arch/common/bitutils.h:39,
[INFO] [stderr]                    from /opt/rustwide/cargo-home/registry/src/index.crates.io-1949cf8c6b5b557f/vectorscan-rs-sys-0.0.6/vectorscan/src/util/arch/x86/bitutils.h:42,
[INFO] [stderr]                    from /opt/rustwide/cargo-home/registry/src/index.crates.io-1949cf8c6b5b557f/vectorscan-rs-sys-0.0.6/vectorscan/src/util/bitutils.h:50,
[INFO] [stderr]                    from /opt/rustwide/cargo-home/registry/src/index.crates.io-1949cf8c6b5b557f/vectorscan-rs-sys-0.0.6/vectorscan/src/nfa/sheng.c:36:
[INFO] [stderr]   /opt/rustwide/cargo-home/registry/src/index.crates.io-1949cf8c6b5b557f/vectorscan-rs-sys-0.0.6/vectorscan/src/util/arch/common/simd_utils.h: In function 'rshift64_m256':
[INFO] [stderr]   /opt/rustwide/cargo-home/registry/src/index.crates.io-1949cf8c6b5b557f/vectorscan-rs-sys-0.0.6/vectorscan/src/util/arch/common/simd_utils.h:126:6: note: the ABI for passing parameters with 32-byte alignment has changed in GCC 4.6
[INFO] [stderr]     126 | m256 rshift64_m256(m256 a, int b) {
[INFO] [stderr]         |      ^~~~~~~~~~~~~
[INFO] [stderr]   In file included from /opt/rustwide/cargo-home/registry/src/index.crates.io-1949cf8c6b5b557f/vectorscan-rs-sys-0.0.6/vectorscan/src/util/simd_utils.h:77,
[INFO] [stderr]                    from /opt/rustwide/cargo-home/registry/src/index.crates.io-1949cf8c6b5b557f/vectorscan-rs-sys-0.0.6/vectorscan/src/util/arch/common/bitutils.h:39,
[INFO] [stderr]                    from /opt/rustwide/cargo-home/registry/src/index.crates.io-1949cf8c6b5b557f/vectorscan-rs-sys-0.0.6/vectorscan/src/util/arch/x86/bitutils.h:42,
[INFO] [stderr]                    from /opt/rustwide/cargo-home/registry/src/index.crates.io-1949cf8c6b5b557f/vectorscan-rs-sys-0.0.6/vectorscan/src/util/bitutils.h:50,
[INFO] [stderr]                    from /opt/rustwide/cargo-home/registry/src/index.crates.io-1949cf8c6b5b557f/vectorscan-rs-sys-0.0.6/vectorscan/src/nfa/truffle.cpp:38:
[INFO] [stderr]   /opt/rustwide/cargo-home/registry/src/index.crates.io-1949cf8c6b5b557f/vectorscan-rs-sys-0.0.6/vectorscan/src/util/arch/common/simd_utils.h: In function 'm256 rshift64_m256(m256, int)':
[INFO] [stderr]   /opt/rustwide/cargo-home/registry/src/index.crates.io-1949cf8c6b5b557f/vectorscan-rs-sys-0.0.6/vectorscan/src/util/arch/common/simd_utils.h:126:6: note: the ABI for passing parameters with 32-byte alignment has changed in GCC 4.6
[INFO] [stderr]     126 | m256 rshift64_m256(m256 a, int b) {
[INFO] [stderr]         |      ^~~~~~~~~~~~~
[INFO] [stderr]   gmake[1]: *** [CMakeFiles/Makefile2:194: CMakeFiles/hs_compile.dir/all] Error 2
[INFO] [stderr]   In file included from /opt/rustwide/cargo-home/registry/src/index.crates.io-1949cf8c6b5b557f/vectorscan-rs-sys-0.0.6/vectorscan/src/util/simd_utils.h:77,
[INFO] [stderr]                    from /opt/rustwide/cargo-home/registry/src/index.crates.io-1949cf8c6b5b557f/vectorscan-rs-sys-0.0.6/vectorscan/src/util/arch/common/bitutils.h:39,
[INFO] [stderr]                    from /opt/rustwide/cargo-home/registry/src/index.crates.io-1949cf8c6b5b557f/vectorscan-rs-sys-0.0.6/vectorscan/src/util/arch/x86/bitutils.h:42,
[INFO] [stderr]                    from /opt/rustwide/cargo-home/registry/src/index.crates.io-1949cf8c6b5b557f/vectorscan-rs-sys-0.0.6/vectorscan/src/util/bitutils.h:50,
[INFO] [stderr]                    from /opt/rustwide/cargo-home/registry/src/index.crates.io-1949cf8c6b5b557f/vectorscan-rs-sys-0.0.6/vectorscan/src/util/multibit.h:55,
[INFO] [stderr]                    from /opt/rustwide/cargo-home/registry/src/index.crates.io-1949cf8c6b5b557f/vectorscan-rs-sys-0.0.6/vectorscan/src/util/fatbit.h:40,
[INFO] [stderr]                    from /opt/rustwide/cargo-home/registry/src/index.crates.io-1949cf8c6b5b557f/vectorscan-rs-sys-0.0.6/vectorscan/src/som/som_runtime.c:49:
[INFO] [stderr]   /opt/rustwide/cargo-home/registry/src/index.crates.io-1949cf8c6b5b557f/vectorscan-rs-sys-0.0.6/vectorscan/src/util/arch/common/simd_utils.h: In function 'rshift64_m256':
[INFO] [stderr]   /opt/rustwide/cargo-home/registry/src/index.crates.io-1949cf8c6b5b557f/vectorscan-rs-sys-0.0.6/vectorscan/src/util/arch/common/simd_utils.h:126:6: note: the ABI for passing parameters with 32-byte alignment has changed in GCC 4.6
[INFO] [stderr]     126 | m256 rshift64_m256(m256 a, int b) {
[INFO] [stderr]         |      ^~~~~~~~~~~~~
[INFO] [stderr]   In file included from /opt/rustwide/cargo-home/registry/src/index.crates.io-1949cf8c6b5b557f/vectorscan-rs-sys-0.0.6/vectorscan/src/util/simd_utils.h:77,
[INFO] [stderr]                    from /opt/rustwide/cargo-home/registry/src/index.crates.io-1949cf8c6b5b557f/vectorscan-rs-sys-0.0.6/vectorscan/src/util/arch/common/bitutils.h:39,
[INFO] [stderr]                    from /opt/rustwide/cargo-home/registry/src/index.crates.io-1949cf8c6b5b557f/vectorscan-rs-sys-0.0.6/vectorscan/src/util/arch/x86/bitutils.h:42,
[INFO] [stderr]                    from /opt/rustwide/cargo-home/registry/src/index.crates.io-1949cf8c6b5b557f/vectorscan-rs-sys-0.0.6/vectorscan/src/util/bitutils.h:50,
[INFO] [stderr]                    from /opt/rustwide/cargo-home/registry/src/index.crates.io-1949cf8c6b5b557f/vectorscan-rs-sys-0.0.6/vectorscan/src/util/multibit.h:55,
[INFO] [stderr]                    from /opt/rustwide/cargo-home/registry/src/index.crates.io-1949cf8c6b5b557f/vectorscan-rs-sys-0.0.6/vectorscan/src/som/som_stream.c:39:
[INFO] [stderr]   /opt/rustwide/cargo-home/registry/src/index.crates.io-1949cf8c6b5b557f/vectorscan-rs-sys-0.0.6/vectorscan/src/util/arch/common/simd_utils.h: In function 'rshift64_m256':
[INFO] [stderr]   /opt/rustwide/cargo-home/registry/src/index.crates.io-1949cf8c6b5b557f/vectorscan-rs-sys-0.0.6/vectorscan/src/util/arch/common/simd_utils.h:126:6: note: the ABI for passing parameters with 32-byte alignment has changed in GCC 4.6
[INFO] [stderr]     126 | m256 rshift64_m256(m256 a, int b) {
[INFO] [stderr]         |      ^~~~~~~~~~~~~
[INFO] [stderr]   In file included from /opt/rustwide/cargo-home/registry/src/index.crates.io-1949cf8c6b5b557f/vectorscan-rs-sys-0.0.6/vectorscan/src/util/simd_utils.h:77,
[INFO] [stderr]                    from /opt/rustwide/cargo-home/registry/src/index.crates.io-1949cf8c6b5b557f/vectorscan-rs-sys-0.0.6/vectorscan/src/util/arch/common/bitutils.h:39,
[INFO] [stderr]                    from /opt/rustwide/cargo-home/registry/src/index.crates.io-1949cf8c6b5b557f/vectorscan-rs-sys-0.0.6/vectorscan/src/util/arch/x86/bitutils.h:42,
[INFO] [stderr]                    from /opt/rustwide/cargo-home/registry/src/index.crates.io-1949cf8c6b5b557f/vectorscan-rs-sys-0.0.6/vectorscan/src/util/bitutils.h:50,
[INFO] [stderr]                    from /opt/rustwide/cargo-home/registry/src/index.crates.io-1949cf8c6b5b557f/vectorscan-rs-sys-0.0.6/vectorscan/src/util/multibit.h:55,
[INFO] [stderr]                    from /opt/rustwide/cargo-home/registry/src/index.crates.io-1949cf8c6b5b557f/vectorscan-rs-sys-0.0.6/vectorscan/src/rose/catchup.h:58,
[INFO] [stderr]                    from /opt/rustwide/cargo-home/registry/src/index.crates.io-1949cf8c6b5b557f/vectorscan-rs-sys-0.0.6/vectorscan/src/rose/block.c:29:
[INFO] [stderr]   /opt/rustwide/cargo-home/registry/src/index.crates.io-1949cf8c6b5b557f/vectorscan-rs-sys-0.0.6/vectorscan/src/util/arch/common/simd_utils.h: In function 'rshift64_m256':
[INFO] [stderr]   /opt/rustwide/cargo-home/registry/src/index.crates.io-1949cf8c6b5b557f/vectorscan-rs-sys-0.0.6/vectorscan/src/util/arch/common/simd_utils.h:126:6: note: the ABI for passing parameters with 32-byte alignment has changed in GCC 4.6
[INFO] [stderr]     126 | m256 rshift64_m256(m256 a, int b) {
[INFO] [stderr]         |      ^~~~~~~~~~~~~
[INFO] [stderr]   In file included from /opt/rustwide/cargo-home/registry/src/index.crates.io-1949cf8c6b5b557f/vectorscan-rs-sys-0.0.6/vectorscan/src/util/simd_utils.h:77,
[INFO] [stderr]                    from /opt/rustwide/cargo-home/registry/src/index.crates.io-1949cf8c6b5b557f/vectorscan-rs-sys-0.0.6/vectorscan/src/util/arch/common/bitutils.h:39,
[INFO] [stderr]                    from /opt/rustwide/cargo-home/registry/src/index.crates.io-1949cf8c6b5b557f/vectorscan-rs-sys-0.0.6/vectorscan/src/util/arch/x86/bitutils.h:42,
[INFO] [stderr]                    from /opt/rustwide/cargo-home/registry/src/index.crates.io-1949cf8c6b5b557f/vectorscan-rs-sys-0.0.6/vectorscan/src/util/bitutils.h:50,
[INFO] [stderr]                    from /opt/rustwide/cargo-home/registry/src/index.crates.io-1949cf8c6b5b557f/vectorscan-rs-sys-0.0.6/vectorscan/src/nfa/shufti.cpp:40:
[INFO] [stderr]   /opt/rustwide/cargo-home/registry/src/index.crates.io-1949cf8c6b5b557f/vectorscan-rs-sys-0.0.6/vectorscan/src/util/arch/common/simd_utils.h: In function 'm256 rshift64_m256(m256, int)':
[INFO] [stderr]   /opt/rustwide/cargo-home/registry/src/index.crates.io-1949cf8c6b5b557f/vectorscan-rs-sys-0.0.6/vectorscan/src/util/arch/common/simd_utils.h:126:6: note: the ABI for passing parameters with 32-byte alignment has changed in GCC 4.6
[INFO] [stderr]     126 | m256 rshift64_m256(m256 a, int b) {
[INFO] [stderr]         |      ^~~~~~~~~~~~~
[INFO] [stderr]   In file included from /opt/rustwide/cargo-home/registry/src/index.crates.io-1949cf8c6b5b557f/vectorscan-rs-sys-0.0.6/vectorscan/src/util/simd_utils.h:77,
[INFO] [stderr]                    from /opt/rustwide/cargo-home/registry/src/index.crates.io-1949cf8c6b5b557f/vectorscan-rs-sys-0.0.6/vectorscan/src/util/arch/common/bitutils.h:39,
[INFO] [stderr]                    from /opt/rustwide/cargo-home/registry/src/index.crates.io-1949cf8c6b5b557f/vectorscan-rs-sys-0.0.6/vectorscan/src/util/arch/x86/bitutils.h:42,
[INFO] [stderr]                    from /opt/rustwide/cargo-home/registry/src/index.crates.io-1949cf8c6b5b557f/vectorscan-rs-sys-0.0.6/vectorscan/src/util/bitutils.h:50,
[INFO] [stderr]                    from /opt/rustwide/cargo-home/registry/src/index.crates.io-1949cf8c6b5b557f/vectorscan-rs-sys-0.0.6/vectorscan/src/util/multibit.h:55,
[INFO] [stderr]                    from /opt/rustwide/cargo-home/registry/src/index.crates.io-1949cf8c6b5b557f/vectorscan-rs-sys-0.0.6/vectorscan/src/rose/catchup.h:58,
[INFO] [stderr]                    from /opt/rustwide/cargo-home/registry/src/index.crates.io-1949cf8c6b5b557f/vectorscan-rs-sys-0.0.6/vectorscan/src/rose/match.c:29:
[INFO] [stderr]   /opt/rustwide/cargo-home/registry/src/index.crates.io-1949cf8c6b5b557f/vectorscan-rs-sys-0.0.6/vectorscan/src/util/arch/common/simd_utils.h: In function 'rshift64_m256':
[INFO] [stderr]   /opt/rustwide/cargo-home/registry/src/index.crates.io-1949cf8c6b5b557f/vectorscan-rs-sys-0.0.6/vectorscan/src/util/arch/common/simd_utils.h:126:6: note: the ABI for passing parameters with 32-byte alignment has changed in GCC 4.6
[INFO] [stderr]     126 | m256 rshift64_m256(m256 a, int b) {
[INFO] [stderr]         |      ^~~~~~~~~~~~~
[INFO] [stderr]   In file included from /opt/rustwide/cargo-home/registry/src/index.crates.io-1949cf8c6b5b557f/vectorscan-rs-sys-0.0.6/vectorscan/src/util/simd_utils.h:77,
[INFO] [stderr]                    from /opt/rustwide/cargo-home/registry/src/index.crates.io-1949cf8c6b5b557f/vectorscan-rs-sys-0.0.6/vectorscan/src/util/arch/common/bitutils.h:39,
[INFO] [stderr]                    from /opt/rustwide/cargo-home/registry/src/index.crates.io-1949cf8c6b5b557f/vectorscan-rs-sys-0.0.6/vectorscan/src/util/arch/x86/bitutils.h:42,
[INFO] [stderr]                    from /opt/rustwide/cargo-home/registry/src/index.crates.io-1949cf8c6b5b557f/vectorscan-rs-sys-0.0.6/vectorscan/src/util/bitutils.h:50,
[INFO] [stderr]                    from /opt/rustwide/cargo-home/registry/src/index.crates.io-1949cf8c6b5b557f/vectorscan-rs-sys-0.0.6/vectorscan/src/util/multibit.h:55,
[INFO] [stderr]                    from /opt/rustwide/cargo-home/registry/src/index.crates.io-1949cf8c6b5b557f/vectorscan-rs-sys-0.0.6/vectorscan/src/rose/catchup.h:58,
[INFO] [stderr]                    from /opt/rustwide/cargo-home/registry/src/index.crates.io-1949cf8c6b5b557f/vectorscan-rs-sys-0.0.6/vectorscan/src/rose/stream.c:29:
[INFO] [stderr]   /opt/rustwide/cargo-home/registry/src/index.crates.io-1949cf8c6b5b557f/vectorscan-rs-sys-0.0.6/vectorscan/src/util/arch/common/simd_utils.h: In function 'rshift64_m256':
[INFO] [stderr]   /opt/rustwide/cargo-home/registry/src/index.crates.io-1949cf8c6b5b557f/vectorscan-rs-sys-0.0.6/vectorscan/src/util/arch/common/simd_utils.h:126:6: note: the ABI for passing parameters with 32-byte alignment has changed in GCC 4.6
[INFO] [stderr]     126 | m256 rshift64_m256(m256 a, int b) {
[INFO] [stderr]         |      ^~~~~~~~~~~~~
[INFO] [stderr]   In file included from /opt/rustwide/cargo-home/registry/src/index.crates.io-1949cf8c6b5b557f/vectorscan-rs-sys-0.0.6/vectorscan/src/util/simd_utils.h:77,
[INFO] [stderr]                    from /opt/rustwide/cargo-home/registry/src/index.crates.io-1949cf8c6b5b557f/vectorscan-rs-sys-0.0.6/vectorscan/src/util/arch/common/bitutils.h:39,
[INFO] [stderr]                    from /opt/rustwide/cargo-home/registry/src/index.crates.io-1949cf8c6b5b557f/vectorscan-rs-sys-0.0.6/vectorscan/src/util/arch/x86/bitutils.h:42,
[INFO] [stderr]                    from /opt/rustwide/cargo-home/registry/src/index.crates.io-1949cf8c6b5b557f/vectorscan-rs-sys-0.0.6/vectorscan/src/util/bitutils.h:50,
[INFO] [stderr]                    from /opt/rustwide/cargo-home/registry/src/index.crates.io-1949cf8c6b5b557f/vectorscan-rs-sys-0.0.6/vectorscan/src/util/multibit.h:55,
[INFO] [stderr]                    from /opt/rustwide/cargo-home/registry/src/index.crates.io-1949cf8c6b5b557f/vectorscan-rs-sys-0.0.6/vectorscan/src/rose/catchup.h:58,
[INFO] [stderr]                    from /opt/rustwide/cargo-home/registry/src/index.crates.io-1949cf8c6b5b557f/vectorscan-rs-sys-0.0.6/vectorscan/src/rose/catchup.c:34:
[INFO] [stderr]   /opt/rustwide/cargo-home/registry/src/index.crates.io-1949cf8c6b5b557f/vectorscan-rs-sys-0.0.6/vectorscan/src/util/arch/common/simd_utils.h: In function 'rshift64_m256':
[INFO] [stderr]   /opt/rustwide/cargo-home/registry/src/index.crates.io-1949cf8c6b5b557f/vectorscan-rs-sys-0.0.6/vectorscan/src/util/arch/common/simd_utils.h:126:6: note: the ABI for passing parameters with 32-byte alignment has changed in GCC 4.6
[INFO] [stderr]     126 | m256 rshift64_m256(m256 a, int b) {
[INFO] [stderr]         |      ^~~~~~~~~~~~~
[INFO] [stderr]   In file included from /opt/rustwide/cargo-home/registry/src/index.crates.io-1949cf8c6b5b557f/vectorscan-rs-sys-0.0.6/vectorscan/src/util/simd_utils.h:77,
[INFO] [stderr]                    from /opt/rustwide/cargo-home/registry/src/index.crates.io-1949cf8c6b5b557f/vectorscan-rs-sys-0.0.6/vectorscan/src/util/uniform_ops.h:40,
[INFO] [stderr]                    from /opt/rustwide/cargo-home/registry/src/index.crates.io-1949cf8c6b5b557f/vectorscan-rs-sys-0.0.6/vectorscan/src/util/scatter_runtime.h:34,
[INFO] [stderr]                    from /opt/rustwide/cargo-home/registry/src/index.crates.io-1949cf8c6b5b557f/vectorscan-rs-sys-0.0.6/vectorscan/src/rose/init.h:34,
[INFO] [stderr]                    from /opt/rustwide/cargo-home/registry/src/index.crates.io-1949cf8c6b5b557f/vectorscan-rs-sys-0.0.6/vectorscan/src/rose/init.c:29:
[INFO] [stderr]   /opt/rustwide/cargo-home/registry/src/index.crates.io-1949cf8c6b5b557f/vectorscan-rs-sys-0.0.6/vectorscan/src/util/arch/common/simd_utils.h: In function 'rshift64_m256':
[INFO] [stderr]   /opt/rustwide/cargo-home/registry/src/index.crates.io-1949cf8c6b5b557f/vectorscan-rs-sys-0.0.6/vectorscan/src/util/arch/common/simd_utils.h:126:6: note: the ABI for passing parameters with 32-byte alignment has changed in GCC 4.6
[INFO] [stderr]     126 | m256 rshift64_m256(m256 a, int b) {
[INFO] [stderr]         |      ^~~~~~~~~~~~~
[INFO] [stderr]   In file included from /opt/rustwide/cargo-home/registry/src/index.crates.io-1949cf8c6b5b557f/vectorscan-rs-sys-0.0.6/vectorscan/src/util/simd_utils.h:77,
[INFO] [stderr]                    from /opt/rustwide/cargo-home/registry/src/index.crates.io-1949cf8c6b5b557f/vectorscan-rs-sys-0.0.6/vectorscan/src/util/arch/common/bitutils.h:39,
[INFO] [stderr]                    from /opt/rustwide/cargo-home/registry/src/index.crates.io-1949cf8c6b5b557f/vectorscan-rs-sys-0.0.6/vectorscan/src/util/arch/x86/bitutils.h:42,
[INFO] [stderr]                    from /opt/rustwide/cargo-home/registry/src/index.crates.io-1949cf8c6b5b557f/vectorscan-rs-sys-0.0.6/vectorscan/src/util/bitutils.h:50,
[INFO] [stderr]                    from /opt/rustwide/cargo-home/registry/src/index.crates.io-1949cf8c6b5b557f/vectorscan-rs-sys-0.0.6/vectorscan/src/util/multibit.h:55,
[INFO] [stderr]                    from /opt/rustwide/cargo-home/registry/src/index.crates.io-1949cf8c6b5b557f/vectorscan-rs-sys-0.0.6/vectorscan/src/util/multibit.c:36:
[INFO] [stderr]   /opt/rustwide/cargo-home/registry/src/index.crates.io-1949cf8c6b5b557f/vectorscan-rs-sys-0.0.6/vectorscan/src/util/arch/common/simd_utils.h: In function 'rshift64_m256':
[INFO] [stderr]   /opt/rustwide/cargo-home/registry/src/index.crates.io-1949cf8c6b5b557f/vectorscan-rs-sys-0.0.6/vectorscan/src/util/arch/common/simd_utils.h:126:6: note: the ABI for passing parameters with 32-byte alignment has changed in GCC 4.6
[INFO] [stderr]     126 | m256 rshift64_m256(m256 a, int b) {
[INFO] [stderr]         |      ^~~~~~~~~~~~~
[INFO] [stderr]   In file included from /opt/rustwide/cargo-home/registry/src/index.crates.io-1949cf8c6b5b557f/vectorscan-rs-sys-0.0.6/vectorscan/src/util/simd_utils.h:77,
[INFO] [stderr]                    from /opt/rustwide/cargo-home/registry/src/index.crates.io-1949cf8c6b5b557f/vectorscan-rs-sys-0.0.6/vectorscan/src/util/arch/common/bitutils.h:39,
[INFO] [stderr]                    from /opt/rustwide/cargo-home/registry/src/index.crates.io-1949cf8c6b5b557f/vectorscan-rs-sys-0.0.6/vectorscan/src/util/arch/x86/bitutils.h:42,
[INFO] [stderr]                    from /opt/rustwide/cargo-home/registry/src/index.crates.io-1949cf8c6b5b557f/vectorscan-rs-sys-0.0.6/vectorscan/src/util/bitutils.h:50,
[INFO] [stderr]                    from /opt/rustwide/cargo-home/registry/src/index.crates.io-1949cf8c6b5b557f/vectorscan-rs-sys-0.0.6/vectorscan/src/util/multibit.h:55,
[INFO] [stderr]                    from /opt/rustwide/cargo-home/registry/src/index.crates.io-1949cf8c6b5b557f/vectorscan-rs-sys-0.0.6/vectorscan/src/rose/catchup.h:58,
[INFO] [stderr]                    from /opt/rustwide/cargo-home/registry/src/index.crates.io-1949cf8c6b5b557f/vectorscan-rs-sys-0.0.6/vectorscan/src/rose/program_runtime.c:36:
[INFO] [stderr]   /opt/rustwide/cargo-home/registry/src/index.crates.io-1949cf8c6b5b557f/vectorscan-rs-sys-0.0.6/vectorscan/src/util/arch/common/simd_utils.h: In function 'rshift64_m256':
[INFO] [stderr]   /opt/rustwide/cargo-home/registry/src/index.crates.io-1949cf8c6b5b557f/vectorscan-rs-sys-0.0.6/vectorscan/src/util/arch/common/simd_utils.h:126:6: note: the ABI for passing parameters with 32-byte alignment has changed in GCC 4.6
[INFO] [stderr]     126 | m256 rshift64_m256(m256 a, int b) {
[INFO] [stderr]         |      ^~~~~~~~~~~~~
[INFO] [stderr]   In file included from /opt/rustwide/cargo-home/registry/src/index.crates.io-1949cf8c6b5b557f/vectorscan-rs-sys-0.0.6/vectorscan/src/util/simd_utils.h:77,
[INFO] [stderr]                    from /opt/rustwide/cargo-home/registry/src/index.crates.io-1949cf8c6b5b557f/vectorscan-rs-sys-0.0.6/vectorscan/src/util/arch/common/bitutils.h:39,
[INFO] [stderr]                    from /opt/rustwide/cargo-home/registry/src/index.crates.io-1949cf8c6b5b557f/vectorscan-rs-sys-0.0.6/vectorscan/src/util/arch/x86/bitutils.h:42,
[INFO] [stderr]                    from /opt/rustwide/cargo-home/registry/src/index.crates.io-1949cf8c6b5b557f/vectorscan-rs-sys-0.0.6/vectorscan/src/util/bitutils.h:50,
[INFO] [stderr]                    from /opt/rustwide/cargo-home/registry/src/index.crates.io-1949cf8c6b5b557f/vectorscan-rs-sys-0.0.6/vectorscan/src/util/state_compress.c:37:
[INFO] [stderr]   /opt/rustwide/cargo-home/registry/src/index.crates.io-1949cf8c6b5b557f/vectorscan-rs-sys-0.0.6/vectorscan/src/util/arch/common/simd_utils.h: In function 'rshift64_m256':
[INFO] [stderr]   /opt/rustwide/cargo-home/registry/src/index.crates.io-1949cf8c6b5b557f/vectorscan-rs-sys-0.0.6/vectorscan/src/util/arch/common/simd_utils.h:126:6: note: the ABI for passing parameters with 32-byte alignment has changed in GCC 4.6
[INFO] [stderr]     126 | m256 rshift64_m256(m256 a, int b) {
[INFO] [stderr]         |      ^~~~~~~~~~~~~
[INFO] [stderr]   In file included from /opt/rustwide/cargo-home/registry/src/index.crates.io-1949cf8c6b5b557f/vectorscan-rs-sys-0.0.6/vectorscan/src/util/simd_utils.h:77,
[INFO] [stderr]                    from /opt/rustwide/cargo-home/registry/src/index.crates.io-1949cf8c6b5b557f/vectorscan-rs-sys-0.0.6/vectorscan/src/util/arch/common/bitutils.h:39,
[INFO] [stderr]                    from /opt/rustwide/cargo-home/registry/src/index.crates.io-1949cf8c6b5b557f/vectorscan-rs-sys-0.0.6/vectorscan/src/util/arch/x86/bitutils.h:42,
[INFO] [stderr]                    from /opt/rustwide/cargo-home/registry/src/index.crates.io-1949cf8c6b5b557f/vectorscan-rs-sys-0.0.6/vectorscan/src/util/bitutils.h:50,
[INFO] [stderr]                    from /opt/rustwide/cargo-home/registry/src/index.crates.io-1949cf8c6b5b557f/vectorscan-rs-sys-0.0.6/vectorscan/src/nfa/vermicelli_simd.cpp:35:
[INFO] [stderr]   /opt/rustwide/cargo-home/registry/src/index.crates.io-1949cf8c6b5b557f/vectorscan-rs-sys-0.0.6/vectorscan/src/util/arch/common/simd_utils.h: In function 'm256 rshift64_m256(m256, int)':
[INFO] [stderr]   /opt/rustwide/cargo-home/registry/src/index.crates.io-1949cf8c6b5b557f/vectorscan-rs-sys-0.0.6/vectorscan/src/util/arch/common/simd_utils.h:126:6: note: the ABI for passing parameters with 32-byte alignment has changed in GCC 4.6
[INFO] [stderr]     126 | m256 rshift64_m256(m256 a, int b) {
[INFO] [stderr]         |      ^~~~~~~~~~~~~
[INFO] [stderr]   In file included from /opt/rustwide/cargo-home/registry/src/index.crates.io-1949cf8c6b5b557f/vectorscan-rs-sys-0.0.6/vectorscan/src/util/simd_utils.h:77,
[INFO] [stderr]                    from /opt/rustwide/cargo-home/registry/src/index.crates.io-1949cf8c6b5b557f/vectorscan-rs-sys-0.0.6/vectorscan/src/util/arch/common/bitutils.h:39,
[INFO] [stderr]                    from /opt/rustwide/cargo-home/registry/src/index.crates.io-1949cf8c6b5b557f/vectorscan-rs-sys-0.0.6/vectorscan/src/util/arch/x86/bitutils.h:42,
[INFO] [stderr]                    from /opt/rustwide/cargo-home/registry/src/index.crates.io-1949cf8c6b5b557f/vectorscan-rs-sys-0.0.6/vectorscan/src/util/bitutils.h:50,
[INFO] [stderr]                    from /opt/rustwide/cargo-home/registry/src/index.crates.io-1949cf8c6b5b557f/vectorscan-rs-sys-0.0.6/vectorscan/src/util/multibit.h:55,
[INFO] [stderr]                    from /opt/rustwide/cargo-home/registry/src/index.crates.io-1949cf8c6b5b557f/vectorscan-rs-sys-0.0.6/vectorscan/src/util/fatbit.h:40,
[INFO] [stderr]                    from /opt/rustwide/cargo-home/registry/src/index.crates.io-1949cf8c6b5b557f/vectorscan-rs-sys-0.0.6/vectorscan/src/scratch.c:45:
[INFO] [stderr]   /opt/rustwide/cargo-home/registry/src/index.crates.io-1949cf8c6b5b557f/vectorscan-rs-sys-0.0.6/vectorscan/src/util/arch/common/simd_utils.h: In function 'rshift64_m256':
[INFO] [stderr]   /opt/rustwide/cargo-home/registry/src/index.crates.io-1949cf8c6b5b557f/vectorscan-rs-sys-0.0.6/vectorscan/src/util/arch/common/simd_utils.h:126:6: note: the ABI for passing parameters with 32-byte alignment has changed in GCC 4.6
[INFO] [stderr]     126 | m256 rshift64_m256(m256 a, int b) {
[INFO] [stderr]         |      ^~~~~~~~~~~~~
[INFO] [stderr]   gmake: *** [Makefile:139: all] Error 2
[INFO] [stderr] 
[INFO] [stderr]   thread 'main' (391) panicked at /opt/rustwide/cargo-home/registry/src/index.crates.io-1949cf8c6b5b557f/cmake-0.1.50/src/lib.rs:1098:5:
[INFO] [stderr] 
[INFO] [stderr]   command did not execute successfully, got: exit status: 2
[INFO] [stderr] 
[INFO] [stderr]   build script failed, must exit now
[INFO] [stderr]   stack backtrace:
[INFO] [stderr]      0:     0x620084b2c391 - std[617be2ca0a6fd877]::backtrace_rs::backtrace::libunwind::trace
[INFO] [stderr]                                  at /rustc/e3feeb59cd1bdd011a2bfcc0747b55125d9b8527/library/std/src/../../backtrace/src/backtrace/libunwind.rs:117:9
[INFO] [stderr]      1:     0x620084b2c391 - std[617be2ca0a6fd877]::backtrace_rs::backtrace::trace_unsynchronized::<std[617be2ca0a6fd877]::sys::backtrace::_print_fmt::{closure#1}>
[INFO] [stderr]                                  at /rustc/e3feeb59cd1bdd011a2bfcc0747b55125d9b8527/library/std/src/../../backtrace/src/backtrace/mod.rs:66:14
[INFO] [stderr]      2:     0x620084b2c391 - std[617be2ca0a6fd877]::sys::backtrace::_print_fmt
[INFO] [stderr]                                  at /rustc/e3feeb59cd1bdd011a2bfcc0747b55125d9b8527/library/std/src/sys/backtrace.rs:74:9
[INFO] [stderr]      3:     0x620084b2c391 - <<std[617be2ca0a6fd877]::sys::backtrace::BacktraceLock>::print::DisplayBacktrace as core[a373ad73a504971]::fmt::Display>::fmt
[INFO] [stderr]                                  at /rustc/e3feeb59cd1bdd011a2bfcc0747b55125d9b8527/library/std/src/sys/backtrace.rs:44:26
[INFO] [stderr]      4:     0x620084b4029a - <core[a373ad73a504971]::fmt::rt::Argument>::fmt
[INFO] [stderr]                                  at /rustc/e3feeb59cd1bdd011a2bfcc0747b55125d9b8527/library/core/src/fmt/rt.rs:152:76
[INFO] [stderr]      5:     0x620084b4029a - core[a373ad73a504971]::fmt::write
[INFO] [stderr]      6:     0x620084b31b5c - core[a373ad73a504971]::io::write::default_write_fmt::<std[617be2ca0a6fd877]::sys::stdio::unix::Stderr>
[INFO] [stderr]                                  at /rustc/e3feeb59cd1bdd011a2bfcc0747b55125d9b8527/library/core/src/io/write.rs:402:11
[INFO] [stderr]      7:     0x620084b31b5c - <std[617be2ca0a6fd877]::sys::stdio::unix::Stderr as core[a373ad73a504971]::io::write::Write>::write_fmt
[INFO] [stderr]                                  at /rustc/e3feeb59cd1bdd011a2bfcc0747b55125d9b8527/library/core/src/io/write.rs:335:13
[INFO] [stderr]      8:     0x620084b0b2a6 - <std[617be2ca0a6fd877]::sys::backtrace::BacktraceLock>::print
[INFO] [stderr]                                  at /rustc/e3feeb59cd1bdd011a2bfcc0747b55125d9b8527/library/std/src/sys/backtrace.rs:47:9
[INFO] [stderr]      9:     0x620084b0b2a6 - std[617be2ca0a6fd877]::panicking::default_hook::{closure#0}
[INFO] [stderr]                                  at /rustc/e3feeb59cd1bdd011a2bfcc0747b55125d9b8527/library/std/src/panicking.rs:289:27
[INFO] [stderr]     10:     0x620084b264c1 - std[617be2ca0a6fd877]::panicking::default_hook
[INFO] [stderr]                                  at /rustc/e3feeb59cd1bdd011a2bfcc0747b55125d9b8527/library/std/src/panicking.rs:316:9
[INFO] [stderr]     11:     0x620084b2667b - std[617be2ca0a6fd877]::panicking::panic_with_hook
[INFO] [stderr]                                  at /rustc/e3feeb59cd1bdd011a2bfcc0747b55125d9b8527/library/std/src/panicking.rs:811:13
[INFO] [stderr]     12:     0x620084b0b352 - std[617be2ca0a6fd877]::panicking::panic_handler::{closure#0}
[INFO] [stderr]                                  at /rustc/e3feeb59cd1bdd011a2bfcc0747b55125d9b8527/library/std/src/panicking.rs:685:13
[INFO] [stderr]     13:     0x620084b03fc9 - std[617be2ca0a6fd877]::sys::backtrace::__rust_end_short_backtrace::<std[617be2ca0a6fd877]::panicking::panic_handler::{closure#0}, !>
[INFO] [stderr]                                  at /rustc/e3feeb59cd1bdd011a2bfcc0747b55125d9b8527/library/std/src/sys/backtrace.rs:182:18
[INFO] [stderr]     14:     0x620084b0bb3d - __rustc[ea4f61d10b84890b]::rust_begin_unwind
[INFO] [stderr]                                  at /rustc/e3feeb59cd1bdd011a2bfcc0747b55125d9b8527/library/std/src/panicking.rs:676:5
[INFO] [stderr]     15:     0x620084b40a0c - core[a373ad73a504971]::panicking::panic_fmt
[INFO] [stderr]                                  at /rustc/e3feeb59cd1bdd011a2bfcc0747b55125d9b8527/library/core/src/panicking.rs:80:14
[INFO] [stderr]     16:     0x620084aafd17 - cmake[8073963f58ca3a2f]::fail
[INFO] [stderr]     17:     0x620084aaf9d1 - cmake[8073963f58ca3a2f]::run
[INFO] [stderr]     18:     0x620084ab565a - <cmake[8073963f58ca3a2f]::Config>::build
[INFO] [stderr]     19:     0x620084aa0863 - build_script_build[dacdb0f172538aff]::main
[INFO] [stderr]     20:     0x620084aa1bb3 - <fn() as core[a373ad73a504971]::ops::function::FnOnce<()>>::call_once
[INFO] [stderr]     21:     0x620084a9fa46 - std[617be2ca0a6fd877]::sys::backtrace::__rust_begin_short_backtrace::<fn(), ()>
[INFO] [stderr]     22:     0x620084a9fa59 - std[617be2ca0a6fd877]::rt::lang_start::<()>::{closure#0}
[INFO] [stderr]     23:     0x620084b258c8 - <&dyn core[a373ad73a504971]::ops::function::Fn<(), Output = i32> + core[a373ad73a504971]::marker::Sync + core[a373ad73a504971]::panic::unwind_safe::RefUnwindSafe as core[a373ad73a504971]::ops::function::FnOnce<()>>::call_once
[INFO] [stderr]                                  at /rustc/e3feeb59cd1bdd011a2bfcc0747b55125d9b8527/library/core/src/ops/function.rs:287:21
[INFO] [stderr]     24:     0x620084b258c8 - std[617be2ca0a6fd877]::panicking::catch_unwind::do_call::<&dyn core[a373ad73a504971]::ops::function::Fn<(), Output = i32> + core[a373ad73a504971]::marker::Sync + core[a373ad73a504971]::panic::unwind_safe::RefUnwindSafe, i32>
[INFO] [stderr]                                  at /rustc/e3feeb59cd1bdd011a2bfcc0747b55125d9b8527/library/std/src/panicking.rs:573:43
[INFO] [stderr]     25:     0x620084b258c8 - std[617be2ca0a6fd877]::panicking::catch_unwind::<i32, &dyn core[a373ad73a504971]::ops::function::Fn<(), Output = i32> + core[a373ad73a504971]::marker::Sync + core[a373ad73a504971]::panic::unwind_safe::RefUnwindSafe>
[INFO] [stderr]                                  at /rustc/e3feeb59cd1bdd011a2bfcc0747b55125d9b8527/library/std/src/panicking.rs:541:19
[INFO] [stderr]     26:     0x620084b258c8 - std[617be2ca0a6fd877]::panic::catch_unwind::<&dyn core[a373ad73a504971]::ops::function::Fn<(), Output = i32> + core[a373ad73a504971]::marker::Sync + core[a373ad73a504971]::panic::unwind_safe::RefUnwindSafe, i32>
[INFO] [stderr]                                  at /rustc/e3feeb59cd1bdd011a2bfcc0747b55125d9b8527/library/std/src/panic.rs:359:14
[INFO] [stderr]     27:     0x620084b258c8 - std[617be2ca0a6fd877]::rt::lang_start_internal::{closure#0}
[INFO] [stderr]                                  at /rustc/e3feeb59cd1bdd011a2bfcc0747b55125d9b8527/library/std/src/rt.rs:175:24
[INFO] [stderr]     28:     0x620084b258c8 - std[617be2ca0a6fd877]::panicking::catch_unwind::do_call::<std[617be2ca0a6fd877]::rt::lang_start_internal::{closure#0}, isize>
[INFO] [stderr]                                  at /rustc/e3feeb59cd1bdd011a2bfcc0747b55125d9b8527/library/std/src/panicking.rs:573:43
[INFO] [stderr]     29:     0x620084b258c8 - std[617be2ca0a6fd877]::panicking::catch_unwind::<isize, std[617be2ca0a6fd877]::rt::lang_start_internal::{closure#0}>
[INFO] [stderr]                                  at /rustc/e3feeb59cd1bdd011a2bfcc0747b55125d9b8527/library/std/src/panicking.rs:541:19
[INFO] [stderr]     30:     0x620084b258c8 - std[617be2ca0a6fd877]::panic::catch_unwind::<std[617be2ca0a6fd877]::rt::lang_start_internal::{closure#0}, isize>
[INFO] [stderr]                                  at /rustc/e3feeb59cd1bdd011a2bfcc0747b55125d9b8527/library/std/src/panic.rs:359:14
[INFO] [stderr]     31:     0x620084b258c8 - std[617be2ca0a6fd877]::rt::lang_start_internal
[INFO] [stderr]                                  at /rustc/e3feeb59cd1bdd011a2bfcc0747b55125d9b8527/library/std/src/rt.rs:171:5
[INFO] [stderr]     32:     0x620084a9f5c1 - std[617be2ca0a6fd877]::rt::lang_start::<()>
[INFO] [stderr]     33:     0x620084aa1c25 - main
[INFO] [stderr]     34:     0x78d8c5e8d601 - <unknown>
[INFO] [stderr]     35:     0x78d8c5e8d718 - __libc_start_main
[INFO] [stderr]     36:     0x620084a9e575 - _start
[INFO] [stderr]     37:                0x0 - <unknown>
[INFO] running `Command { std: "docker" "inspect" "f852ffc3c53a3db96456040b8d73555f46ef358b74e7f0272f84274ecc8a8842", kill_on_drop: false }`
[INFO] running `Command { std: "docker" "rm" "-f" "f852ffc3c53a3db96456040b8d73555f46ef358b74e7f0272f84274ecc8a8842", kill_on_drop: false }`
[INFO] [stdout] f852ffc3c53a3db96456040b8d73555f46ef358b74e7f0272f84274ecc8a8842
