[INFO] fetching crate vcad-ecad-pcb 0.10.0...
[INFO] testing vcad-ecad-pcb-0.10.0 against 1.100.0-beta.1 for beta-1.100-2
[INFO] extracting crate vcad-ecad-pcb 0.10.0 into /workspace/builds/worker-6-tc2/source
[INFO] started tweaking crates.io crate vcad-ecad-pcb 0.10.0
[INFO] removed 0 missing examples
[INFO] finished tweaking crates.io crate vcad-ecad-pcb 0.10.0
[INFO] tweaked toml for crates.io crate vcad-ecad-pcb 0.10.0 written to /workspace/builds/worker-6-tc2/source/Cargo.toml
[INFO] validating manifest of crates.io crate vcad-ecad-pcb 0.10.0 on toolchain 1.100.0-beta.1
[INFO] running `Command { std: CARGO_HOME="/workspace/cargo-home" RUSTUP_HOME="/workspace/rustup-home" "/workspace/cargo-home/bin/cargo" "+1.100.0-beta.1" "metadata" "--manifest-path" "Cargo.toml" "--no-deps", kill_on_drop: false }`
[INFO] crate crates.io crate vcad-ecad-pcb 0.10.0 already has a lockfile, it will not be regenerated
[INFO] running `Command { std: CARGO_HOME="/workspace/cargo-home" RUSTUP_HOME="/workspace/rustup-home" "/workspace/cargo-home/bin/cargo" "+1.100.0-beta.1" "fetch" "--manifest-path" "Cargo.toml", kill_on_drop: false }`
[INFO] running `Command { std: "docker" "create" "-v" "/var/lib/crater-agent-workspace/builds/worker-6-tc2/source:/opt/rustwide/workdir:ro,Z" "-v" "/var/lib/crater-agent-workspace/builds/worker-6-tc2/target:/opt/rustwide/target:rw,Z" "-v" "/var/lib/crater-agent-workspace/cargo-home:/opt/rustwide/cargo-home:ro,Z" "-v" "/var/lib/crater-agent-workspace/rustup-home:/opt/rustwide/rustup-home:ro,Z" "-m" "1610612736" "--network" "none" "ghcr.io/rust-lang/crates-build-env/linux@sha256:3111399a4047eeb3a02b7a90e478d715f38a8c6669b5c4b49d30a17385265909" "sleep" "infinity", kill_on_drop: false }`
[INFO] [stdout] 57c6c2ab370f3c530c6dc4b19e7cc79c00717a820d8ffbe76dadcaea53cae7be
[INFO] running `Command { std: "docker" "start" "57c6c2ab370f3c530c6dc4b19e7cc79c00717a820d8ffbe76dadcaea53cae7be", kill_on_drop: false }`
[INFO] running `Command { std: "docker" "inspect" "57c6c2ab370f3c530c6dc4b19e7cc79c00717a820d8ffbe76dadcaea53cae7be", kill_on_drop: false }`
[INFO] running `Command { std: "docker" "exec" "-e" "SOURCE_DIR=/opt/rustwide/workdir" "-e" "CARGO_HOME=/opt/rustwide/cargo-home" "-e" "RUSTUP_HOME=/opt/rustwide/rustup-home" "-e" "CARGO_TARGET_DIR=/opt/rustwide/target" "-w" "/opt/rustwide/workdir" "--user" "0:0" "57c6c2ab370f3c530c6dc4b19e7cc79c00717a820d8ffbe76dadcaea53cae7be" "/opt/rustwide/cargo-home/bin/cargo" "+1.100.0-beta.1" "metadata" "--no-deps" "--format-version=1", kill_on_drop: false }`
[INFO] running `Command { std: "docker" "inspect" "57c6c2ab370f3c530c6dc4b19e7cc79c00717a820d8ffbe76dadcaea53cae7be", kill_on_drop: false }`
[INFO] running `Command { std: "docker" "exec" "-e" "SOURCE_DIR=/opt/rustwide/workdir" "-e" "CARGO_HOME=/opt/rustwide/cargo-home" "-e" "RUSTUP_HOME=/opt/rustwide/rustup-home" "-e" "CARGO_TARGET_DIR=/opt/rustwide/target" "-e" "CARGO_INCREMENTAL=0" "-e" "RUST_BACKTRACE=full" "-e" "RUSTFLAGS=--cap-lints=warn" "-e" "RUSTDOCFLAGS=--cap-lints=warn" "-w" "/opt/rustwide/workdir" "--user" "0:0" "57c6c2ab370f3c530c6dc4b19e7cc79c00717a820d8ffbe76dadcaea53cae7be" "/opt/rustwide/cargo-home/bin/cargo" "+1.100.0-beta.1" "build" "--frozen" "--message-format=json", kill_on_drop: false }`
[INFO] [stderr]    Compiling syn v2.0.114
[INFO] [stderr]    Compiling zmij v1.0.17
[INFO] [stderr]    Compiling paste v1.0.15
[INFO] [stderr]    Compiling crossbeam-utils v0.8.21
[INFO] [stderr]    Compiling robust v1.2.0
[INFO] [stderr]    Compiling num-traits v0.2.19
[INFO] [stderr]    Compiling byteorder v1.5.0
[INFO] [stderr]    Compiling rayon-core v1.13.0
[INFO] [stderr]    Compiling heapless v0.8.0
[INFO] [stderr]    Compiling hash32 v0.3.1
[INFO] [stderr]    Compiling winnow v0.7.14
[INFO] [stderr]    Compiling toml_write v0.1.2
[INFO] [stderr]    Compiling serde_json v1.0.149
[INFO] [stderr]    Compiling either v1.15.0
[INFO] [stderr]    Compiling tang v0.2.1
[INFO] [stderr]    Compiling smallvec v1.15.1
[INFO] [stderr]    Compiling crossbeam-epoch v0.9.18
[INFO] [stderr]    Compiling vcad-kernel-math v0.10.0
[INFO] [stderr]    Compiling tang-expr v0.1.1
[INFO] [stderr]    Compiling log v0.4.29
[INFO] [stderr]    Compiling crossbeam-deque v0.8.6
[INFO] [stderr]    Compiling rstar v0.12.2
[INFO] [stderr]    Compiling rayon v1.11.0
[INFO] [stderr]    Compiling serde_derive v1.0.228
[INFO] [stderr]    Compiling vcad-tool-derive v0.10.0
[INFO] [stderr]    Compiling thiserror-impl v2.0.18
[INFO] [stderr]    Compiling thiserror v2.0.18
[INFO] [stderr]    Compiling serde v1.0.228
[INFO] [stderr]    Compiling vcad-receipt v0.10.0
[INFO] [stderr]    Compiling vcad-ir v0.10.0
[INFO] [stderr]    Compiling serde_spanned v0.6.9
[INFO] [stderr]    Compiling toml_datetime v0.6.11
[INFO] [stderr]    Compiling toml_edit v0.22.27
[INFO] [stderr]    Compiling vcad-kernel-adjoint v0.10.0
[INFO] [stderr]    Compiling vcad-kernel-em v0.10.0
[INFO] [stderr]    Compiling vcad-kernel-sheet v0.10.0
[INFO] [stderr]    Compiling vcad-kernel-tolerance v0.10.0
[INFO] [stderr]    Compiling toml v0.8.23
[INFO] [stderr]    Compiling vcad-ecad-schematic v0.10.0
[INFO] [stderr]    Compiling vcad-ecad-package v0.10.0
[INFO] [stderr]    Compiling vcad-ecad-sim v0.10.0
[INFO] [stderr]    Compiling vcad-ecad-pcb v0.10.0 (/opt/rustwide/workdir)
[INFO] [stderr]     Finished `dev` profile [unoptimized + debuginfo] target(s) in 1m 17s
[INFO] running `Command { std: "docker" "inspect" "57c6c2ab370f3c530c6dc4b19e7cc79c00717a820d8ffbe76dadcaea53cae7be", kill_on_drop: false }`
[INFO] running `Command { std: "docker" "exec" "-e" "SOURCE_DIR=/opt/rustwide/workdir" "-e" "CARGO_HOME=/opt/rustwide/cargo-home" "-e" "RUSTUP_HOME=/opt/rustwide/rustup-home" "-e" "CARGO_TARGET_DIR=/opt/rustwide/target" "-e" "CARGO_INCREMENTAL=0" "-e" "RUST_BACKTRACE=full" "-e" "RUSTFLAGS=--cap-lints=warn" "-e" "RUSTDOCFLAGS=--cap-lints=warn" "-w" "/opt/rustwide/workdir" "--user" "0:0" "57c6c2ab370f3c530c6dc4b19e7cc79c00717a820d8ffbe76dadcaea53cae7be" "/opt/rustwide/cargo-home/bin/cargo" "+1.100.0-beta.1" "test" "--frozen" "--no-run" "--message-format=json", kill_on_drop: false }`
[INFO] [stderr]    Compiling aho-corasick v1.1.4
[INFO] [stderr]    Compiling regex-syntax v0.8.8
[INFO] [stderr]    Compiling anstream v1.0.0
[INFO] [stderr]    Compiling jiff v0.2.32
[INFO] [stderr]    Compiling vcad-ecad-pcb v0.10.0 (/opt/rustwide/workdir)
[INFO] [stderr]    Compiling regex-automata v0.4.13
[INFO] [stderr]    Compiling regex v1.12.3
[INFO] [stderr]    Compiling env_filter v2.0.0
[INFO] [stderr]    Compiling env_logger v0.11.11
[INFO] [stdout] error[E0432]: unresolved import `vcad_ecad_symbols`
[INFO] [stdout]   --> examples/cm5_graft.rs:13:5
[INFO] [stdout]    |
[INFO] [stdout] 13 | use vcad_ecad_symbols::parse_kicad_pcb;
[INFO] [stdout]    |     ^^^^^^^^^^^^^^^^^ use of unresolved module or unlinked crate `vcad_ecad_symbols`
[INFO] [stdout]    |
[INFO] [stdout] help: there is a crate or module with a similar name
[INFO] [stdout]    |
[INFO] [stdout] 13 - use vcad_ecad_symbols::parse_kicad_pcb;
[INFO] [stdout] 13 + use vcad_ecad_sim::parse_kicad_pcb;
[INFO] [stdout]    |
[INFO] [stdout] 
[INFO] [stdout] 
[INFO] [stdout] error[E0432]: unresolved import `vcad_ecad_symbols`
[INFO] [stdout]   --> examples/cm5_bench.rs:22:5
[INFO] [stdout]    |
[INFO] [stdout] 22 | use vcad_ecad_symbols::parse_kicad_pcb;
[INFO] [stdout]    |     ^^^^^^^^^^^^^^^^^ use of unresolved module or unlinked crate `vcad_ecad_symbols`
[INFO] [stdout]    |
[INFO] [stdout] help: there is a crate or module with a similar name
[INFO] [stdout]    |
[INFO] [stdout] 22 - use vcad_ecad_symbols::parse_kicad_pcb;
[INFO] [stdout] 22 + use vcad_ecad_sim::parse_kicad_pcb;
[INFO] [stdout]    |
[INFO] [stdout] 
[INFO] [stdout] 
[INFO] [stdout] For more information about this error, try `rustc --explain E0432`.
[INFO] [stdout] 
[INFO] [stdout] error[E0432]: unresolved import `vcad_ecad_symbols`
[INFO] [stdout]   --> examples/cm5_gap.rs:16:5
[INFO] [stdout]    |
[INFO] [stdout] 16 | use vcad_ecad_symbols::parse_kicad_pcb;
[INFO] [stdout]    |     ^^^^^^^^^^^^^^^^^ use of unresolved module or unlinked crate `vcad_ecad_symbols`
[INFO] [stdout]    |
[INFO] [stdout] help: there is a crate or module with a similar name
[INFO] [stdout]    |
[INFO] [stdout] 16 - use vcad_ecad_symbols::parse_kicad_pcb;
[INFO] [stdout] 16 + use vcad_ecad_sim::parse_kicad_pcb;
[INFO] [stdout]    |
[INFO] [stdout] 
[INFO] [stdout] 
[INFO] [stderr] error: could not compile `vcad-ecad-pcb` (example "cm5_graft") due to 1 previous error
[INFO] [stderr] warning: build failed, waiting for other jobs to finish...
[INFO] [stdout] error[E0432]: unresolved import `vcad_ecad_symbols`
[INFO] [stdout]   --> examples/impedance_report.rs:21:5
[INFO] [stdout]    |
[INFO] [stdout] 21 | use vcad_ecad_symbols::parse_kicad_pcb;
[INFO] [stdout]    |     ^^^^^^^^^^^^^^^^^ use of unresolved module or unlinked crate `vcad_ecad_symbols`
[INFO] [stdout]    |
[INFO] [stdout] help: there is a crate or module with a similar name
[INFO] [stdout]    |
[INFO] [stdout] 21 - use vcad_ecad_symbols::parse_kicad_pcb;
[INFO] [stdout] 21 + use vcad_ecad_sim::parse_kicad_pcb;
[INFO] [stdout]    |
[INFO] [stdout] 
[INFO] [stdout] 
[INFO] [stdout] error[E0433]: cannot find module or crate `vcad_ecad_symbols` in this scope
[INFO] [stdout]   --> examples/cm5_bench.rs:62:9
[INFO] [stdout]    |
[INFO] [stdout] 62 |         vcad_ecad_symbols::parse_eagle_brd(&text).expect("parse eagle brd")
[INFO] [stdout]    |         ^^^^^^^^^^^^^^^^^ use of unresolved module or unlinked crate `vcad_ecad_symbols`
[INFO] [stdout]    |
[INFO] [stdout] help: there is a crate or module with a similar name
[INFO] [stdout]    |
[INFO] [stdout] 62 -         vcad_ecad_symbols::parse_eagle_brd(&text).expect("parse eagle brd")
[INFO] [stdout] 62 +         vcad_ecad_sim::parse_eagle_brd(&text).expect("parse eagle brd")
[INFO] [stdout]    |
[INFO] [stdout] 
[INFO] [stdout] 
[INFO] [stdout] For more information about this error, try `rustc --explain E0432`.
[INFO] [stdout] 
[INFO] [stderr] error: could not compile `vcad-ecad-pcb` (example "cm5_gap") due to 1 previous error
[INFO] [stdout] Some errors have detailed explanations: E0432, E0433.
[INFO] [stdout] 
[INFO] [stdout] For more information about an error, try `rustc --explain E0432`.
[INFO] [stdout] 
[INFO] [stderr] error: could not compile `vcad-ecad-pcb` (example "cm5_bench") due to 2 previous errors
[INFO] [stdout] For more information about this error, try `rustc --explain E0432`.
[INFO] [stdout] 
[INFO] [stderr] error: could not compile `vcad-ecad-pcb` (example "impedance_report") due to 1 previous error
[INFO] running `Command { std: "docker" "inspect" "57c6c2ab370f3c530c6dc4b19e7cc79c00717a820d8ffbe76dadcaea53cae7be", kill_on_drop: false }`
[INFO] running `Command { std: "docker" "rm" "-f" "57c6c2ab370f3c530c6dc4b19e7cc79c00717a820d8ffbe76dadcaea53cae7be", kill_on_drop: false }`
[INFO] [stdout] 57c6c2ab370f3c530c6dc4b19e7cc79c00717a820d8ffbe76dadcaea53cae7be
