[INFO] fetching crate vane-engine 0.10.8...
[INFO] testing vane-engine-0.10.8 against 1.99.0-beta.8 for beta-1.100-2
[INFO] extracting crate vane-engine 0.10.8 into /workspace/builds/worker-4-tc1/source
[INFO] started tweaking crates.io crate vane-engine 0.10.8
[INFO] removed 0 missing tests
[INFO] finished tweaking crates.io crate vane-engine 0.10.8
[INFO] tweaked toml for crates.io crate vane-engine 0.10.8 written to /workspace/builds/worker-4-tc1/source/Cargo.toml
[INFO] validating manifest of crates.io crate vane-engine 0.10.8 on toolchain 1.99.0-beta.8
[INFO] running `Command { std: CARGO_HOME="/workspace/cargo-home" RUSTUP_HOME="/workspace/rustup-home" "/workspace/cargo-home/bin/cargo" "+1.99.0-beta.8" "metadata" "--manifest-path" "Cargo.toml" "--no-deps", kill_on_drop: false }`
[INFO] crate crates.io crate vane-engine 0.10.8 already has a lockfile, it will not be regenerated
[INFO] running `Command { std: CARGO_HOME="/workspace/cargo-home" RUSTUP_HOME="/workspace/rustup-home" "/workspace/cargo-home/bin/cargo" "+1.99.0-beta.8" "fetch" "--manifest-path" "Cargo.toml", kill_on_drop: false }`
[INFO] [stderr]     Updating crates.io index
[INFO] [stderr]  Downloading crates ...
[INFO] [stderr]   Downloaded cc v1.2.61
[INFO] [stderr]   Downloaded x509-ocsp v0.2.1
[INFO] [stderr]   Downloaded data-encoding v2.11.0
[INFO] [stderr]   Downloaded crypto-common v0.2.1
[INFO] [stderr]   Downloaded guess v0.2.1
[INFO] [stderr]   Downloaded virtual-socket v0.0.1
[INFO] [stderr]   Downloaded tokio-bind-retry v0.0.2
[INFO] [stderr]   Downloaded tracing-broadcast v0.0.2
[INFO] [stderr]   Downloaded rustls-sni-resolver v0.0.1
[INFO] [stderr]   Downloaded rustls-pem-roots v0.0.1
[INFO] [stderr]   Downloaded cmov v0.5.3
[INFO] [stderr]   Downloaded hybrid-array v0.4.11
[INFO] [stderr]   Downloaded serial_test v3.4.0
[INFO] [stderr]   Downloaded serial_test_derive v3.4.0
[INFO] [stderr]   Downloaded rustls-ticketer v0.0.2
[INFO] [stderr]   Downloaded tokio-splice2 v0.3.2
[INFO] [stderr]   Downloaded arc-swap v1.9.1
[INFO] [stderr]   Downloaded pin-project-internal v1.1.12
[INFO] [stderr]   Downloaded sdd v3.0.10
[INFO] [stderr]   Downloaded prometheus-parse v0.2.5
[INFO] [stderr]   Downloaded peeked-stream v0.0.1
[INFO] [stderr]   Downloaded pin-project v1.1.12
[INFO] [stderr]   Downloaded quinn-shared-socket v0.0.1
[INFO] [stderr]   Downloaded rustls-native-roots-cache v0.0.2
[INFO] [stderr]   Downloaded rustls-crl-refresh v0.0.2
[INFO] [stderr]   Downloaded rcgen v0.14.7
[INFO] [stderr]   Downloaded yasna v0.5.2
[INFO] [stderr]   Downloaded ocsp-staple v0.0.2
[INFO] [stderr]   Downloaded notify-debouncer-full v0.7.0
[INFO] [stderr]   Downloaded fancy-regex v0.18.0
[INFO] [stderr]   Downloaded vane-core v0.10.8
[INFO] [stderr]   Downloaded scc v2.4.0
[INFO] [stderr]   Downloaded kqueue v1.1.1
[INFO] [stderr]   Downloaded kqueue-sys v1.1.0
[INFO] [stderr]   Downloaded aws-lc-rs v1.16.3
[INFO] [stderr]   Downloaded inotify v0.11.1
[INFO] [stderr]   Downloaded file-id v0.2.3
[INFO] [stderr]   Downloaded metrics-exporter-prometheus v0.18.3
[INFO] [stderr]   Downloaded quanta v0.12.6
[INFO] [stderr]   Downloaded sketches-ddsketch v0.3.1
[INFO] [stderr]   Downloaded metrics-util v0.20.3
[INFO] [stderr]   Downloaded rapidhash v4.4.1
[INFO] [stderr]   Downloaded rand_xoshiro v0.7.0
[INFO] [stderr]   Downloaded metrics v0.24.5
[INFO] [stderr]   Downloaded left-right v0.11.7
[INFO] [stderr]   Downloaded hashbag v0.1.13
[INFO] [stderr]   Downloaded http-retry-policy v0.0.1
[INFO] [stderr]   Downloaded tokio v1.52.2
[INFO] [stderr]   Downloaded evmap v11.0.0
[INFO] [stderr]   Downloaded loom v0.7.2
[INFO] [stderr]   Downloaded generator v0.8.8
[INFO] [stderr]   Downloaded instant-acme v0.8.5
[INFO] [stderr]   Downloaded hickory-tower-resolver v0.0.1
[INFO] [stderr]   Downloaded hickory-resolver v0.26.1
[INFO] [stderr]   Downloaded cipher v0.5.1
[INFO] [stderr]   Downloaded h3-quinn v0.0.10
[INFO] [stderr]   Downloaded ctr v0.10.0
[INFO] [stderr]   Downloaded prefix-trie v0.8.3
[INFO] [stderr]   Downloaded clienthello v0.2.2
[INFO] [stderr]   Downloaded ghash v0.6.0
[INFO] [stderr]   Downloaded cgi-response v0.0.1
[INFO] [stderr]   Downloaded h3 v0.0.8
[INFO] [stderr]   Downloaded h3-body v0.0.2
[INFO] [stderr]   Downloaded dashmap v6.1.0
[INFO] [stderr]   Downloaded polyval v0.7.1
[INFO] [stderr]   Downloaded universal-hash v0.6.1
[INFO] [stderr]   Downloaded acme-provider v0.0.1
[INFO] [stderr]   Downloaded fs4 v1.1.0
[INFO] [stderr]   Downloaded cgi-request v0.0.1
[INFO] [stderr]   Downloaded hickory-net v0.26.1
[INFO] [stderr]   Downloaded aes-gcm v0.11.0-rc.3
[INFO] [stderr]   Downloaded reqwest v0.13.1
[INFO] [stderr]   Downloaded hickory-proto v0.26.1
[INFO] [stderr]   Downloaded moka v0.12.15
[INFO] [stderr]   Downloaded jni v0.21.1
[INFO] [stderr]   Downloaded aead v0.6.0-rc.10
[INFO] [stderr]   Downloaded rustls-platform-verifier v0.6.2
[INFO] [stderr]   Downloaded aes v0.9.0
[INFO] [stderr]   Downloaded cesu8 v1.1.0
[INFO] [stderr]   Downloaded aws-lc-sys v0.40.0
[INFO] running `Command { std: "docker" "create" "-v" "/var/lib/crater-agent-workspace/builds/worker-4-tc1/source:/opt/rustwide/workdir:ro,Z" "-v" "/var/lib/crater-agent-workspace/builds/worker-4-tc1/target:/opt/rustwide/target:rw,Z" "-v" "/var/lib/crater-agent-workspace/cargo-home:/opt/rustwide/cargo-home:ro,Z" "-v" "/var/lib/crater-agent-workspace/rustup-home:/opt/rustwide/rustup-home:ro,Z" "-m" "1610612736" "--network" "none" "ghcr.io/rust-lang/crates-build-env/linux@sha256:3111399a4047eeb3a02b7a90e478d715f38a8c6669b5c4b49d30a17385265909" "sleep" "infinity", kill_on_drop: false }`
[INFO] [stdout] e6f4083b66ff41f3e4f8009f3267520ff5930c3650eeebd58b17dbb0142e4674
[INFO] running `Command { std: "docker" "start" "e6f4083b66ff41f3e4f8009f3267520ff5930c3650eeebd58b17dbb0142e4674", kill_on_drop: false }`
[INFO] running `Command { std: "docker" "inspect" "e6f4083b66ff41f3e4f8009f3267520ff5930c3650eeebd58b17dbb0142e4674", kill_on_drop: false }`
[INFO] running `Command { std: "docker" "exec" "-e" "SOURCE_DIR=/opt/rustwide/workdir" "-e" "CARGO_HOME=/opt/rustwide/cargo-home" "-e" "RUSTUP_HOME=/opt/rustwide/rustup-home" "-e" "CARGO_TARGET_DIR=/opt/rustwide/target" "-w" "/opt/rustwide/workdir" "--user" "0:0" "e6f4083b66ff41f3e4f8009f3267520ff5930c3650eeebd58b17dbb0142e4674" "/opt/rustwide/cargo-home/bin/cargo" "+1.99.0-beta.8" "metadata" "--no-deps" "--format-version=1", kill_on_drop: false }`
[INFO] running `Command { std: "docker" "inspect" "e6f4083b66ff41f3e4f8009f3267520ff5930c3650eeebd58b17dbb0142e4674", kill_on_drop: false }`
[INFO] running `Command { std: "docker" "exec" "-e" "SOURCE_DIR=/opt/rustwide/workdir" "-e" "CARGO_HOME=/opt/rustwide/cargo-home" "-e" "RUSTUP_HOME=/opt/rustwide/rustup-home" "-e" "CARGO_TARGET_DIR=/opt/rustwide/target" "-e" "CARGO_INCREMENTAL=0" "-e" "RUST_BACKTRACE=full" "-e" "RUSTFLAGS=--cap-lints=warn" "-e" "RUSTDOCFLAGS=--cap-lints=warn" "-w" "/opt/rustwide/workdir" "--user" "0:0" "e6f4083b66ff41f3e4f8009f3267520ff5930c3650eeebd58b17dbb0142e4674" "/opt/rustwide/cargo-home/bin/cargo" "+1.99.0-beta.8" "build" "--frozen" "--message-format=json", kill_on_drop: false }`
[INFO] [stderr]    Compiling libc v0.2.186
[INFO] [stderr]    Compiling portable-atomic v1.13.1
[INFO] [stderr]    Compiling critical-section v1.2.0
[INFO] [stderr]    Compiling getrandom v0.4.2
[INFO] [stderr]    Compiling typenum v1.20.0
[INFO] [stderr]    Compiling futures-core v0.3.32
[INFO] [stderr]    Compiling fs_extra v1.3.0
[INFO] [stderr]    Compiling dunce v1.0.5
[INFO] [stderr]    Compiling futures-sink v0.3.32
[INFO] [stderr]    Compiling aws-lc-rs v1.16.3
[INFO] [stderr]    Compiling rustls-pki-types v1.14.1
[INFO] [stderr]    Compiling num-traits v0.2.19
[INFO] [stderr]    Compiling subtle v2.6.1
[INFO] [stderr]    Compiling untrusted v0.7.1
[INFO] [stderr]    Compiling syn v2.0.117
[INFO] [stderr]    Compiling http v1.4.0
[INFO] [stderr]    Compiling rustls v0.23.40
[INFO] [stderr]    Compiling futures-io v0.3.32
[INFO] [stderr]    Compiling crossbeam-utils v0.8.21
[INFO] [stderr]    Compiling futures-channel v0.3.32
[INFO] [stderr]    Compiling futures-task v0.3.32
[INFO] [stderr]    Compiling bitflags v2.11.1
[INFO] [stderr]    Compiling writeable v0.6.3
[INFO] [stderr]    Compiling litemap v0.8.2
[INFO] [stderr]    Compiling cmov v0.5.3
[INFO] [stderr]    Compiling rustversion v1.0.22
[INFO] [stderr]    Compiling icu_properties_data v2.2.0
[INFO] [stderr]    Compiling serde_core v1.0.228
[INFO] [stderr]    Compiling icu_normalizer_data v2.2.0
[INFO] [stderr]    Compiling num-conv v0.2.1
[INFO] [stderr]    Compiling time-core v0.1.8
[INFO] [stderr]    Compiling minimal-lexical v0.2.1
[INFO] [stderr]    Compiling serde v1.0.228
[INFO] [stderr]    Compiling deranged v0.5.8
[INFO] [stderr]    Compiling ctutils v0.4.2
[INFO] [stderr]    Compiling tinyvec v1.11.0
[INFO] [stderr]    Compiling time-macros v0.2.27
[INFO] [stderr]    Compiling nom v7.1.3
[INFO] [stderr]    Compiling const-oid v0.9.6
[INFO] [stderr]    Compiling hashbrown v0.17.0
[INFO] [stderr]    Compiling data-encoding v2.11.0
[INFO] [stderr]    Compiling hybrid-array v0.4.11
[INFO] [stderr]    Compiling cfg_aliases v0.2.1
[INFO] [stderr]    Compiling generic-array v0.14.7
[INFO] [stderr]    Compiling percent-encoding v2.3.2
[INFO] [stderr]    Compiling once_cell v1.21.4
[INFO] [stderr]    Compiling http-body v1.0.1
[INFO] [stderr]    Compiling either v1.15.0
[INFO] [stderr]    Compiling num-integer v0.1.46
[INFO] [stderr]    Compiling tracing-core v0.1.36
[INFO] [stderr]    Compiling block-buffer v0.12.0
[INFO] [stderr]    Compiling inout v0.2.2
[INFO] [stderr]    Compiling form_urlencoded v1.2.2
[INFO] [stderr]    Compiling chacha20 v0.10.0
[INFO] [stderr]    Compiling oid-registry v0.8.1
[INFO] [stderr]    Compiling parking_lot_core v0.9.12
[INFO] [stderr]    Compiling mio v1.2.0
[INFO] [stderr]    Compiling socket2 v0.6.3
[INFO] [stderr]    Compiling errno v0.3.14
[INFO] [stderr]    Compiling jobserver v0.1.34
[INFO] [stderr]    Compiling getrandom v0.3.4
[INFO] [stderr]    Compiling indexmap v2.14.0
[INFO] [stderr]    Compiling crypto-common v0.2.1
[INFO] [stderr]    Compiling base64ct v1.8.3
[INFO] [stderr]    Compiling signal-hook-registry v1.4.8
[INFO] [stderr]    Compiling fastrand v2.4.1
[INFO] [stderr]    Compiling rand_core v0.9.5
[INFO] [stderr]    Compiling parking_lot v0.12.5
[INFO] [stderr]    Compiling time v0.3.47
[INFO] [stderr]    Compiling const-oid v0.10.2
[INFO] [stderr]    Compiling pem-rfc7468 v0.7.0
[INFO] [stderr]    Compiling rand v0.10.1
[INFO] [stderr]    Compiling cc v1.2.61
[INFO] [stderr]    Compiling rand_chacha v0.9.0
[INFO] [stderr]    Compiling rusticata-macros v4.1.0
[INFO] [stderr]    Compiling crypto-common v0.1.7
[INFO] [stderr]    Compiling block-buffer v0.10.4
[INFO] [stderr]    Compiling num-bigint v0.4.6
[INFO] [stderr]    Compiling quinn-udp v0.5.14
[INFO] [stderr]    Compiling crossbeam-epoch v0.9.18
[INFO] [stderr]    Compiling rustix v1.1.4
[INFO] [stderr]    Compiling flagset v0.4.7
[INFO] [stderr]    Compiling httpdate v1.0.3
[INFO] [stderr]    Compiling cpubits v0.1.1
[INFO] [stderr]    Compiling regex-automata v0.4.14
[INFO] [stderr]    Compiling digest v0.10.7
[INFO] [stderr]    Compiling arc-swap v1.9.1
[INFO] [stderr]    Compiling quinn v0.11.9
[INFO] [stderr]    Compiling lru-slab v0.1.2
[INFO] [stderr]    Compiling rand v0.9.4
[INFO] [stderr]    Compiling rustc-hash v2.1.2
[INFO] [stderr]    Compiling uuid v1.23.1
[INFO] [stderr]    Compiling inotify-sys v0.1.5
[INFO] [stderr]    Compiling rapidhash v4.4.1
[INFO] [stderr]    Compiling crossbeam-channel v0.5.15
[INFO] [stderr]    Compiling raw-cpuid v11.6.0
[INFO] [stderr]    Compiling bit-vec v0.8.0
[INFO] [stderr]    Compiling digest v0.11.3
[INFO] [stderr]    Compiling cipher v0.5.1
[INFO] [stderr]    Compiling universal-hash v0.6.1
[INFO] [stderr]    Compiling openssl-probe v0.2.1
[INFO] [stderr]    Compiling tagptr v0.2.0
[INFO] [stderr]    Compiling polyval v0.7.1
[INFO] [stderr]    Compiling cmake v0.1.58
[INFO] [stderr]    Compiling hmac v0.13.0
[INFO] [stderr]    Compiling sha2 v0.11.0
[INFO] [stderr]    Compiling ctr v0.10.0
[INFO] [stderr]    Compiling aes v0.9.0
[INFO] [stderr]    Compiling ghash v0.6.0
[INFO] [stderr]    Compiling moka v0.12.15
[INFO] [stderr]    Compiling rustls-native-certs v0.8.3
[INFO] [stderr]    Compiling walkdir v2.5.0
[INFO] [stderr]    Compiling signature v2.2.0
[INFO] [stderr]    Compiling hashbrown v0.16.1
[INFO] [stderr]    Compiling bit-set v0.8.0
[INFO] [stderr]    Compiling metrics v0.24.5
[INFO] [stderr]    Compiling aead v0.6.0-rc.10
[INFO] [stderr]    Compiling inotify v0.11.1
[INFO] [stderr]    Compiling rand_xoshiro v0.7.0
[INFO] [stderr]    Compiling aws-lc-sys v0.40.0
[INFO] [stderr]    Compiling left-right v0.11.7
[INFO] [stderr]    Compiling rustls-pemfile v2.2.0
[INFO] [stderr]    Compiling notify-types v2.1.0
[INFO] [stderr]    Compiling metrics-exporter-prometheus v0.18.3
[INFO] [stderr]    Compiling resolv-conf v0.7.6
[INFO] [stderr]    Compiling hashbag v0.1.13
[INFO] [stderr]    Compiling sketches-ddsketch v0.3.1
[INFO] [stderr]    Compiling sha1 v0.10.6
[INFO] [stderr]    Compiling notify v8.2.0
[INFO] [stderr]    Compiling chrono v0.4.44
[INFO] [stderr]    Compiling aes-gcm v0.11.0-rc.3
[INFO] [stderr]    Compiling serde_json v1.0.149
[INFO] [stderr]    Compiling evmap v11.0.0
[INFO] [stderr]    Compiling quanta v0.12.6
[INFO] [stderr]    Compiling hkdf v0.13.0
[INFO] [stderr]    Compiling sharded-slab v0.1.7
[INFO] [stderr]    Compiling itertools v0.12.1
[INFO] [stderr]    Compiling http-body-util v0.1.3
[INFO] [stderr]    Compiling thread_local v1.1.9
[INFO] [stderr]    Compiling file-id v0.2.3
[INFO] [stderr]    Compiling hashbrown v0.14.5
[INFO] [stderr]    Compiling http-retry-policy v0.0.1
[INFO] [stderr]    Compiling cgi-request v0.0.1
[INFO] [stderr]    Compiling metrics-util v0.20.3
[INFO] [stderr]    Compiling tempfile v3.27.0
[INFO] [stderr]    Compiling notify-debouncer-full v0.7.0
[INFO] [stderr]    Compiling tracing-subscriber v0.3.23
[INFO] [stderr]    Compiling dashmap v6.1.0
[INFO] [stderr]    Compiling synstructure v0.13.2
[INFO] [stderr]    Compiling regex v1.12.3
[INFO] [stderr]    Compiling fancy-regex v0.18.0
[INFO] [stderr]    Compiling prometheus-parse v0.2.5
[INFO] [stderr]    Compiling tokio-macros v2.7.0
[INFO] [stderr]    Compiling displaydoc v0.2.5
[INFO] [stderr]    Compiling tracing-attributes v0.1.31
[INFO] [stderr]    Compiling thiserror-impl v2.0.18
[INFO] [stderr]    Compiling zerofrom-derive v0.1.7
[INFO] [stderr]    Compiling yoke-derive v0.8.2
[INFO] [stderr]    Compiling zerovec-derive v0.11.3
[INFO] [stderr]    Compiling futures-macro v0.3.32
[INFO] [stderr]    Compiling serde_derive v1.0.228
[INFO] [stderr]    Compiling tokio v1.52.2
[INFO] [stderr]    Compiling asn1-rs-derive v0.6.0
[INFO] [stderr]    Compiling asn1-rs-impl v0.2.0
[INFO] [stderr]    Compiling futures-util v0.3.32
[INFO] [stderr]    Compiling async-trait v0.1.89
[INFO] [stderr]    Compiling der_derive v0.7.3
[INFO] [stderr]    Compiling async-stream-impl v0.3.6
[INFO] [stderr]    Compiling zerofrom v0.1.7
[INFO] [stderr]    Compiling pin-project-internal v1.1.12
[INFO] [stderr]    Compiling thiserror v2.0.18
[INFO] [stderr]    Compiling yoke v0.8.2
[INFO] [stderr]    Compiling asn1-rs v0.7.1
[INFO] [stderr]    Compiling tracing v0.1.44
[INFO] [stderr]    Compiling zerovec v0.11.6
[INFO] [stderr]    Compiling zerotrie v0.2.4
[INFO] [stderr]    Compiling clienthello v0.2.2
[INFO] [stderr]    Compiling async-stream v0.3.6
[INFO] [stderr]    Compiling der v0.7.10
[INFO] [stderr]    Compiling pin-project v1.1.12
[INFO] [stderr]    Compiling tinystr v0.8.3
[INFO] [stderr]    Compiling potential_utf v0.1.5
[INFO] [stderr]    Compiling icu_collections v2.2.0
[INFO] [stderr]    Compiling icu_locale_core v2.2.0
[INFO] [stderr]    Compiling spki v0.7.3
[INFO] [stderr]    Compiling der-parser v10.0.0
[INFO] [stderr]    Compiling x509-cert v0.2.5
[INFO] [stderr]    Compiling icu_provider v2.2.0
[INFO] [stderr]    Compiling futures-executor v0.3.32
[INFO] [stderr]    Compiling futures v0.3.32
[INFO] [stderr]    Compiling x509-parser v0.18.1
[INFO] [stderr]    Compiling icu_normalizer v2.2.0
[INFO] [stderr]    Compiling icu_properties v2.2.0
[INFO] [stderr]    Compiling ipnet v2.12.0
[INFO] [stderr]    Compiling prefix-trie v0.8.3
[INFO] [stderr]    Compiling x509-ocsp v0.2.1
[INFO] [stderr]    Compiling idna_adapter v1.2.2
[INFO] [stderr]    Compiling idna v1.1.0
[INFO] [stderr]    Compiling tokio-util v0.7.18
[INFO] [stderr]    Compiling h3 v0.0.8
[INFO] [stderr]    Compiling virtual-socket v0.0.1
[INFO] [stderr]    Compiling peeked-stream v0.0.1
[INFO] [stderr]    Compiling tokio-splice2 v0.3.2
[INFO] [stderr]    Compiling cgi-response v0.0.1
[INFO] [stderr]    Compiling url v2.5.8
[INFO] [stderr]    Compiling h2 v0.4.14
[INFO] [stderr]    Compiling tokio-bind-retry v0.0.2
[INFO] [stderr]    Compiling hickory-proto v0.26.1
[INFO] [stderr]    Compiling h3-body v0.0.2
[INFO] [stderr]    Compiling hickory-net v0.26.1
[INFO] [stderr]    Compiling hickory-resolver v0.26.1
[INFO] [stderr]    Compiling hyper v1.9.0
[INFO] [stderr]    Compiling hyper-util v0.1.20
[INFO] [stderr]    Compiling hickory-tower-resolver v0.0.1
[INFO] [stderr]    Compiling ocsp-staple v0.0.2
[INFO] [stderr]    Compiling rustls-webpki v0.103.13
[INFO] [stderr]    Compiling quinn-proto v0.11.14
[INFO] [stderr]    Compiling guess v0.2.1
[INFO] [stderr]    Compiling tokio-rustls v0.26.4
[INFO] [stderr]    Compiling rustls-crl-refresh v0.0.2
[INFO] [stderr]    Compiling rustls-pem-roots v0.0.1
[INFO] [stderr]    Compiling rustls-native-roots-cache v0.0.2
[INFO] [stderr]    Compiling rustls-sni-resolver v0.0.1
[INFO] [stderr]    Compiling rustls-ticketer v0.0.2
[INFO] [stderr]    Compiling vane-core v0.10.8
[INFO] [stderr]    Compiling hyper-rustls v0.27.9
[INFO] [stderr]    Compiling h3-quinn v0.0.10
[INFO] [stderr]    Compiling quinn-shared-socket v0.0.1
[INFO] [stderr]    Compiling vane-engine v0.10.8 (/opt/rustwide/workdir)
[INFO] [stderr]     Finished `dev` profile [unoptimized + debuginfo] target(s) in 2m 03s
[INFO] running `Command { std: "docker" "inspect" "e6f4083b66ff41f3e4f8009f3267520ff5930c3650eeebd58b17dbb0142e4674", kill_on_drop: false }`
[INFO] running `Command { std: "docker" "exec" "-e" "SOURCE_DIR=/opt/rustwide/workdir" "-e" "CARGO_HOME=/opt/rustwide/cargo-home" "-e" "RUSTUP_HOME=/opt/rustwide/rustup-home" "-e" "CARGO_TARGET_DIR=/opt/rustwide/target" "-e" "CARGO_INCREMENTAL=0" "-e" "RUST_BACKTRACE=full" "-e" "RUSTFLAGS=--cap-lints=warn" "-e" "RUSTDOCFLAGS=--cap-lints=warn" "-w" "/opt/rustwide/workdir" "--user" "0:0" "e6f4083b66ff41f3e4f8009f3267520ff5930c3650eeebd58b17dbb0142e4674" "/opt/rustwide/cargo-home/bin/cargo" "+1.99.0-beta.8" "test" "--frozen" "--no-run" "--message-format=json", kill_on_drop: false }`
[INFO] [stderr]    Compiling ring v0.17.14
[INFO] [stderr]    Compiling tokio-rustls v0.26.4
[INFO] [stderr]    Compiling getrandom v0.2.17
[INFO] [stderr]    Compiling sdd v3.0.10
[INFO] [stderr]    Compiling vane-core v0.10.8
[INFO] [stderr]    Compiling pem v3.0.6
[INFO] [stderr]    Compiling yasna v0.5.2
[INFO] [stderr]    Compiling serial_test_derive v3.4.0
[INFO] [stderr]    Compiling tracing-broadcast v0.0.2
[INFO] [stderr]    Compiling scc v2.4.0
[INFO] [stderr]    Compiling hyper-rustls v0.27.9
[INFO] [stderr]    Compiling serial_test v3.4.0
[INFO] [stderr]    Compiling rcgen v0.14.7
[INFO] [stderr]    Compiling vane-engine v0.10.8 (/opt/rustwide/workdir)
[INFO] [stdout] error[E0433]: cannot find module or crate `vane_testutil` in this scope
[INFO] [stdout]   --> tests/fetch_http_proxy_h3_dns.rs:50:2
[INFO] [stdout]    |
[INFO] [stdout] 50 |     vane_testutil::allow_insecure_upstream_for_tests();
[INFO] [stdout]    |     ^^^^^^^^^^^^^ use of unresolved module or unlinked crate `vane_testutil`
[INFO] [stdout]    |
[INFO] [stdout]    = help: if you wanted to use a crate named `vane_testutil`, use `cargo add vane_testutil` to add it to your `Cargo.toml`
[INFO] [stdout] 
[INFO] [stdout] 
[INFO] [stdout] error[E0433]: cannot find module or crate `vane_testutil` in this scope
[INFO] [stdout]    --> tests/fetch_websocket_upgrade.rs:260:2
[INFO] [stdout]     |
[INFO] [stdout] 260 |     vane_testutil::allow_insecure_upstream_for_tests();
[INFO] [stdout]     |     ^^^^^^^^^^^^^ use of unresolved module or unlinked crate `vane_testutil`
[INFO] [stdout]     |
[INFO] [stdout]     = help: if you wanted to use a crate named `vane_testutil`, use `cargo add vane_testutil` to add it to your `Cargo.toml`
[INFO] [stdout] 
[INFO] [stdout] 
[INFO] [stdout] error[E0433]: cannot find module or crate `vane_testutil` in this scope
[INFO] [stdout]   --> tests/fetch_http_proxy_h3_dns.rs:83:2
[INFO] [stdout]    |
[INFO] [stdout] 83 |     vane_testutil::allow_insecure_upstream_for_tests();
[INFO] [stdout]    |     ^^^^^^^^^^^^^ use of unresolved module or unlinked crate `vane_testutil`
[INFO] [stdout]    |
[INFO] [stdout]    = help: if you wanted to use a crate named `vane_testutil`, use `cargo add vane_testutil` to add it to your `Cargo.toml`
[INFO] [stdout] 
[INFO] [stdout] 
[INFO] [stdout] For more information about this error, try `rustc --explain E0433`.
[INFO] [stdout] 
[INFO] [stderr] error: could not compile `vane-engine` (test "fetch_http_proxy_h3_dns") due to 2 previous errors
[INFO] [stderr] warning: build failed, waiting for other jobs to finish...
[INFO] [stdout] For more information about this error, try `rustc --explain E0433`.
[INFO] [stdout] 
[INFO] [stderr] error: could not compile `vane-engine` (test "fetch_websocket_upgrade") due to 1 previous error
[INFO] [stdout] error[E0433]: cannot find module or crate `vane_testutil` in this scope
[INFO] [stdout]    --> tests/fetch_http_proxy_h2.rs:215:2
[INFO] [stdout]     |
[INFO] [stdout] 215 |     vane_testutil::allow_insecure_upstream_for_tests();
[INFO] [stdout]     |     ^^^^^^^^^^^^^ use of unresolved module or unlinked crate `vane_testutil`
[INFO] [stdout]     |
[INFO] [stdout]     = help: if you wanted to use a crate named `vane_testutil`, use `cargo add vane_testutil` to add it to your `Cargo.toml`
[INFO] [stdout] 
[INFO] [stdout] 
[INFO] [stdout] error[E0433]: cannot find module or crate `vane_testutil` in this scope
[INFO] [stdout]    --> tests/fetch_http_proxy_h2.rs:239:2
[INFO] [stdout]     |
[INFO] [stdout] 239 |     vane_testutil::allow_insecure_upstream_for_tests();
[INFO] [stdout]     |     ^^^^^^^^^^^^^ use of unresolved module or unlinked crate `vane_testutil`
[INFO] [stdout]     |
[INFO] [stdout]     = help: if you wanted to use a crate named `vane_testutil`, use `cargo add vane_testutil` to add it to your `Cargo.toml`
[INFO] [stdout] 
[INFO] [stdout] 
[INFO] [stdout] error[E0433]: cannot find module or crate `vane_testutil` in this scope
[INFO] [stdout]    --> tests/fetch_http_proxy_h2.rs:261:2
[INFO] [stdout]     |
[INFO] [stdout] 261 |     vane_testutil::allow_insecure_upstream_for_tests();
[INFO] [stdout]     |     ^^^^^^^^^^^^^ use of unresolved module or unlinked crate `vane_testutil`
[INFO] [stdout]     |
[INFO] [stdout]     = help: if you wanted to use a crate named `vane_testutil`, use `cargo add vane_testutil` to add it to your `Cargo.toml`
[INFO] [stdout] 
[INFO] [stdout] 
[INFO] [stdout] error[E0433]: cannot find module or crate `vane_testutil` in this scope
[INFO] [stdout]    --> tests/fetch_http_proxy_h2.rs:300:2
[INFO] [stdout]     |
[INFO] [stdout] 300 |     vane_testutil::allow_insecure_upstream_for_tests();
[INFO] [stdout]     |     ^^^^^^^^^^^^^ use of unresolved module or unlinked crate `vane_testutil`
[INFO] [stdout]     |
[INFO] [stdout]     = help: if you wanted to use a crate named `vane_testutil`, use `cargo add vane_testutil` to add it to your `Cargo.toml`
[INFO] [stdout] 
[INFO] [stdout] 
[INFO] [stdout] error[E0433]: cannot find module or crate `vane_testutil` in this scope
[INFO] [stdout]    --> tests/fetch_http_proxy_h2.rs:320:2
[INFO] [stdout]     |
[INFO] [stdout] 320 |     vane_testutil::allow_insecure_upstream_for_tests();
[INFO] [stdout]     |     ^^^^^^^^^^^^^ use of unresolved module or unlinked crate `vane_testutil`
[INFO] [stdout]     |
[INFO] [stdout]     = help: if you wanted to use a crate named `vane_testutil`, use `cargo add vane_testutil` to add it to your `Cargo.toml`
[INFO] [stdout] 
[INFO] [stdout] 
[INFO] [stdout] error[E0433]: cannot find module or crate `vane_testutil` in this scope
[INFO] [stdout]    --> tests/fetch_http_proxy_h2.rs:334:2
[INFO] [stdout]     |
[INFO] [stdout] 334 |     vane_testutil::allow_insecure_upstream_for_tests();
[INFO] [stdout]     |     ^^^^^^^^^^^^^ use of unresolved module or unlinked crate `vane_testutil`
[INFO] [stdout]     |
[INFO] [stdout]     = help: if you wanted to use a crate named `vane_testutil`, use `cargo add vane_testutil` to add it to your `Cargo.toml`
[INFO] [stdout] 
[INFO] [stdout] 
[INFO] [stdout] For more information about this error, try `rustc --explain E0433`.
[INFO] [stdout] 
[INFO] [stderr] error: could not compile `vane-engine` (test "fetch_http_proxy_h2") due to 6 previous errors
[INFO] [stderr] error: could not compile `vane-engine` (lib test)
[INFO] [stderr] 
[INFO] [stderr] Caused by:
[INFO] [stderr]   process didn't exit successfully: `/opt/rustwide/rustup-home/toolchains/1.99.0-beta.8-x86_64-unknown-linux-gnu/bin/rustc --crate-name vane_engine --edition=2024 src/lib.rs --error-format=json --json=diagnostic-rendered-ansi,artifacts,future-incompat --emit=dep-info,link -C embed-bitcode=no -C debuginfo=2 '--warn=clippy::pedantic' '--warn=clippy::all' --deny=unsafe_code --warn=unreachable_pub '--allow=clippy::unnecessary_wraps' '--allow=clippy::similar_names' '--allow=clippy::doc_markdown' '--warn=clippy::cognitive_complexity' --test --cfg 'feature="aws-lc-rs"' --cfg 'feature="cgi"' --cfg 'feature="default"' --cfg 'feature="h3"' --check-cfg 'cfg(docsrs,test)' --check-cfg 'cfg(feature, values("acme", "aws-lc-rs", "cgi", "cloudflare", "default", "h3", "ring"))' -C metadata=1889c8733913e55c -C extra-filename=-c946885c8d7dbfe2 --out-dir /opt/rustwide/target/debug/deps -L dependency=/opt/rustwide/target/debug/deps --extern arc_swap=/opt/rustwide/target/debug/deps/libarc_swap-1b0c7080be28b8c0.rlib --extern async_trait=/opt/rustwide/target/debug/deps/libasync_trait-3453bb6e76f3ba47.so --extern base64=/opt/rustwide/target/debug/deps/libbase64-32787b0325ea6df8.rlib --extern bytes=/opt/rustwide/target/debug/deps/libbytes-2ed9460101f17bbf.rlib --extern cgi_request=/opt/rustwide/target/debug/deps/libcgi_request-3e32a8d94d518381.rlib --extern cgi_response=/opt/rustwide/target/debug/deps/libcgi_response-d132d0aaa94c45ca.rlib --extern clienthello=/opt/rustwide/target/debug/deps/libclienthello-ec1c9748516d2ba7.rlib --extern dashmap=/opt/rustwide/target/debug/deps/libdashmap-5e60118850225f3a.rlib --extern der=/opt/rustwide/target/debug/deps/libder-e773f5ee9f7ba17c.rlib --extern guess=/opt/rustwide/target/debug/deps/libguess-94b73b8152b9c0f9.rlib --extern h3=/opt/rustwide/target/debug/deps/libh3-84abcdd6bca5b0b9.rlib --extern h3_body=/opt/rustwide/target/debug/deps/libh3_body-df9a1917ca252dbe.rlib --extern h3_quinn=/opt/rustwide/target/debug/deps/libh3_quinn-cae37892e1c6db1e.rlib --extern hickory_tower_resolver=/opt/rustwide/target/debug/deps/libhickory_tower_resolver-a62f141159946e04.rlib --extern http=/opt/rustwide/target/debug/deps/libhttp-563f2cb150350555.rlib --extern http_body=/opt/rustwide/target/debug/deps/libhttp_body-8d8f9f8398f09fa7.rlib --extern http_body_util=/opt/rustwide/target/debug/deps/libhttp_body_util-ed5fbd1db1f6d6fc.rlib --extern http_retry_policy=/opt/rustwide/target/debug/deps/libhttp_retry_policy-76dcc55063291b31.rlib --extern hyper=/opt/rustwide/target/debug/deps/libhyper-593d45c522499b85.rlib --extern hyper_rustls=/opt/rustwide/target/debug/deps/libhyper_rustls-0e7c497816395b34.rlib --extern hyper_util=/opt/rustwide/target/debug/deps/libhyper_util-d56872a09ccd62b7.rlib --extern idna=/opt/rustwide/target/debug/deps/libidna-7e22e50ea6ac1005.rlib --extern libc=/opt/rustwide/target/debug/deps/liblibc-612664c2206eec43.rlib --extern memchr=/opt/rustwide/target/debug/deps/libmemchr-5cfa70d22cb32987.rlib --extern metrics=/opt/rustwide/target/debug/deps/libmetrics-cff55472f765b50b.rlib --extern metrics_exporter_prometheus=/opt/rustwide/target/debug/deps/libmetrics_exporter_prometheus-c9edcc01340b1551.rlib --extern notify=/opt/rustwide/target/debug/deps/libnotify-0d0ae1d8c42fab94.rlib --extern notify_debouncer_full=/opt/rustwide/target/debug/deps/libnotify_debouncer_full-771bbc7678a94893.rlib --extern ocsp_staple=/opt/rustwide/target/debug/deps/libocsp_staple-89c15a9bd5a9316e.rlib --extern parking_lot=/opt/rustwide/target/debug/deps/libparking_lot-080783593a730975.rlib --extern peeked_stream=/opt/rustwide/target/debug/deps/libpeeked_stream-762eb5524387f2a4.rlib --extern pin_project_lite=/opt/rustwide/target/debug/deps/libpin_project_lite-0a15d51c77964692.rlib --extern prometheus_parse=/opt/rustwide/target/debug/deps/libprometheus_parse-453b3c3e33a7f52a.rlib --extern quinn=/opt/rustwide/target/debug/deps/libquinn-b9d8c0d3f245a1f3.rlib --extern quinn_proto=/opt/rustwide/target/debug/deps/libquinn_proto-b0aec1597fca7516.rlib --extern quinn_shared_socket=/opt/rustwide/target/debug/deps/libquinn_shared_socket-3e3a2af8af8ec887.rlib --extern rcgen=/opt/rustwide/target/debug/deps/librcgen-43cb5ee4cdde9d71.rlib --extern rustls=/opt/rustwide/target/debug/deps/librustls-62eb76871b3abe5a.rlib --extern rustls_crl_refresh=/opt/rustwide/target/debug/deps/librustls_crl_refresh-fd5403c10d72da77.rlib --extern rustls_native_certs=/opt/rustwide/target/debug/deps/librustls_native_certs-3469d38d03512d26.rlib --extern rustls_native_roots_cache=/opt/rustwide/target/debug/deps/librustls_native_roots_cache-0c3bc113e781984b.rlib --extern rustls_pem_roots=/opt/rustwide/target/debug/deps/librustls_pem_roots-fcf699503c9dd813.rlib --extern rustls_pemfile=/opt/rustwide/target/debug/deps/librustls_pemfile-422cf17c19b30882.rlib --extern rustls_pki_types=/opt/rustwide/target/debug/deps/librustls_pki_types-fc5637970849fdde.rlib --extern rustls_sni_resolver=/opt/rustwide/target/debug/deps/librustls_sni_resolver-2f599ff69d1b7435.rlib --extern rustls_ticketer=/opt/rustwide/target/debug/deps/librustls_ticketer-869682dbfcebf194.rlib --extern serde=/opt/rustwide/target/debug/deps/libserde-cb5621b10015751b.rlib --extern serde_json=/opt/rustwide/target/debug/deps/libserde_json-762fbe83a97b98d1.rlib --extern serial_test=/opt/rustwide/target/debug/deps/libserial_test-324fed164097eefb.rlib --extern sha1=/opt/rustwide/target/debug/deps/libsha1-ce5b1114257909fb.rlib --extern sha2=/opt/rustwide/target/debug/deps/libsha2-2edbde05afa56c65.rlib --extern tempfile=/opt/rustwide/target/debug/deps/libtempfile-13d50845200d2bcd.rlib --extern thiserror=/opt/rustwide/target/debug/deps/libthiserror-5e90adc18491a337.rlib --extern time=/opt/rustwide/target/debug/deps/libtime-028f82f5a26f646c.rlib --extern tokio=/opt/rustwide/target/debug/deps/libtokio-589d705d0cdc1bd2.rlib --extern tokio_bind_retry=/opt/rustwide/target/debug/deps/libtokio_bind_retry-c6bf69b675939dc0.rlib --extern tokio_rustls=/opt/rustwide/target/debug/deps/libtokio_rustls-5c5d46d5331921fe.rlib --extern tokio_splice2=/opt/rustwide/target/debug/deps/libtokio_splice2-4facdf7bf330b405.rlib --extern tokio_util=/opt/rustwide/target/debug/deps/libtokio_util-f5538d57ed41cc25.rlib --extern tracing=/opt/rustwide/target/debug/deps/libtracing-9eee97829e9a368b.rlib --extern tracing_broadcast=/opt/rustwide/target/debug/deps/libtracing_broadcast-cac26bcf0f36e128.rlib --extern tracing_subscriber=/opt/rustwide/target/debug/deps/libtracing_subscriber-f59d062f47bfe7a4.rlib --extern url=/opt/rustwide/target/debug/deps/liburl-3ef43b5e3ee0ec5d.rlib --extern vane_core=/opt/rustwide/target/debug/deps/libvane_core-ea46183dd39ecb3e.rlib --extern virtual_socket=/opt/rustwide/target/debug/deps/libvirtual_socket-4235f00c3e10c96b.rlib --extern x509_cert=/opt/rustwide/target/debug/deps/libx509_cert-8927add79f92ac2f.rlib --extern x509_ocsp=/opt/rustwide/target/debug/deps/libx509_ocsp-db24054a9464db08.rlib --extern x509_parser=/opt/rustwide/target/debug/deps/libx509_parser-8ea53169f631f697.rlib --extern zeroize=/opt/rustwide/target/debug/deps/libzeroize-7f213bea776ca5b6.rlib --cap-lints=warn -L native=/opt/rustwide/target/debug/build/aws-lc-sys-7e5edd11d2cfc1da/out -L native=/opt/rustwide/target/debug/build/ring-89b5f15aa5b4fe1f/out` (signal: 9, SIGKILL: kill)
[INFO] [stderr] error: could not compile `vane-engine` (test "executor")
[INFO] [stderr] 
[INFO] [stderr] Caused by:
[INFO] [stderr]   process didn't exit successfully: `/opt/rustwide/rustup-home/toolchains/1.99.0-beta.8-x86_64-unknown-linux-gnu/bin/rustc --crate-name executor --edition=2024 tests/executor.rs --error-format=json --json=diagnostic-rendered-ansi,artifacts,future-incompat --emit=dep-info,link -C embed-bitcode=no -C debuginfo=2 '--warn=clippy::pedantic' '--warn=clippy::all' --deny=unsafe_code --warn=unreachable_pub '--allow=clippy::unnecessary_wraps' '--allow=clippy::similar_names' '--allow=clippy::doc_markdown' '--warn=clippy::cognitive_complexity' --test --cfg 'feature="aws-lc-rs"' --cfg 'feature="cgi"' --cfg 'feature="default"' --cfg 'feature="h3"' --check-cfg 'cfg(docsrs,test)' --check-cfg 'cfg(feature, values("acme", "aws-lc-rs", "cgi", "cloudflare", "default", "h3", "ring"))' -C metadata=2f6e6fd1418cb4b1 -C extra-filename=-82a332fd030d45c1 --out-dir /opt/rustwide/target/debug/deps -L dependency=/opt/rustwide/target/debug/deps --extern arc_swap=/opt/rustwide/target/debug/deps/libarc_swap-1b0c7080be28b8c0.rlib --extern async_trait=/opt/rustwide/target/debug/deps/libasync_trait-3453bb6e76f3ba47.so --extern base64=/opt/rustwide/target/debug/deps/libbase64-32787b0325ea6df8.rlib --extern bytes=/opt/rustwide/target/debug/deps/libbytes-2ed9460101f17bbf.rlib --extern cgi_request=/opt/rustwide/target/debug/deps/libcgi_request-3e32a8d94d518381.rlib --extern cgi_response=/opt/rustwide/target/debug/deps/libcgi_response-d132d0aaa94c45ca.rlib --extern clienthello=/opt/rustwide/target/debug/deps/libclienthello-ec1c9748516d2ba7.rlib --extern dashmap=/opt/rustwide/target/debug/deps/libdashmap-5e60118850225f3a.rlib --extern der=/opt/rustwide/target/debug/deps/libder-e773f5ee9f7ba17c.rlib --extern guess=/opt/rustwide/target/debug/deps/libguess-94b73b8152b9c0f9.rlib --extern h3=/opt/rustwide/target/debug/deps/libh3-84abcdd6bca5b0b9.rlib --extern h3_body=/opt/rustwide/target/debug/deps/libh3_body-df9a1917ca252dbe.rlib --extern h3_quinn=/opt/rustwide/target/debug/deps/libh3_quinn-cae37892e1c6db1e.rlib --extern hickory_tower_resolver=/opt/rustwide/target/debug/deps/libhickory_tower_resolver-a62f141159946e04.rlib --extern http=/opt/rustwide/target/debug/deps/libhttp-563f2cb150350555.rlib --extern http_body=/opt/rustwide/target/debug/deps/libhttp_body-8d8f9f8398f09fa7.rlib --extern http_body_util=/opt/rustwide/target/debug/deps/libhttp_body_util-ed5fbd1db1f6d6fc.rlib --extern http_retry_policy=/opt/rustwide/target/debug/deps/libhttp_retry_policy-76dcc55063291b31.rlib --extern hyper=/opt/rustwide/target/debug/deps/libhyper-593d45c522499b85.rlib --extern hyper_rustls=/opt/rustwide/target/debug/deps/libhyper_rustls-0e7c497816395b34.rlib --extern hyper_util=/opt/rustwide/target/debug/deps/libhyper_util-d56872a09ccd62b7.rlib --extern idna=/opt/rustwide/target/debug/deps/libidna-7e22e50ea6ac1005.rlib --extern libc=/opt/rustwide/target/debug/deps/liblibc-612664c2206eec43.rlib --extern memchr=/opt/rustwide/target/debug/deps/libmemchr-5cfa70d22cb32987.rlib --extern metrics=/opt/rustwide/target/debug/deps/libmetrics-cff55472f765b50b.rlib --extern metrics_exporter_prometheus=/opt/rustwide/target/debug/deps/libmetrics_exporter_prometheus-c9edcc01340b1551.rlib --extern notify=/opt/rustwide/target/debug/deps/libnotify-0d0ae1d8c42fab94.rlib --extern notify_debouncer_full=/opt/rustwide/target/debug/deps/libnotify_debouncer_full-771bbc7678a94893.rlib --extern ocsp_staple=/opt/rustwide/target/debug/deps/libocsp_staple-89c15a9bd5a9316e.rlib --extern parking_lot=/opt/rustwide/target/debug/deps/libparking_lot-080783593a730975.rlib --extern peeked_stream=/opt/rustwide/target/debug/deps/libpeeked_stream-762eb5524387f2a4.rlib --extern pin_project_lite=/opt/rustwide/target/debug/deps/libpin_project_lite-0a15d51c77964692.rlib --extern prometheus_parse=/opt/rustwide/target/debug/deps/libprometheus_parse-453b3c3e33a7f52a.rlib --extern quinn=/opt/rustwide/target/debug/deps/libquinn-b9d8c0d3f245a1f3.rlib --extern quinn_proto=/opt/rustwide/target/debug/deps/libquinn_proto-b0aec1597fca7516.rlib --extern quinn_shared_socket=/opt/rustwide/target/debug/deps/libquinn_shared_socket-3e3a2af8af8ec887.rlib --extern rcgen=/opt/rustwide/target/debug/deps/librcgen-43cb5ee4cdde9d71.rlib --extern rustls=/opt/rustwide/target/debug/deps/librustls-62eb76871b3abe5a.rlib --extern rustls_crl_refresh=/opt/rustwide/target/debug/deps/librustls_crl_refresh-fd5403c10d72da77.rlib --extern rustls_native_certs=/opt/rustwide/target/debug/deps/librustls_native_certs-3469d38d03512d26.rlib --extern rustls_native_roots_cache=/opt/rustwide/target/debug/deps/librustls_native_roots_cache-0c3bc113e781984b.rlib --extern rustls_pem_roots=/opt/rustwide/target/debug/deps/librustls_pem_roots-fcf699503c9dd813.rlib --extern rustls_pemfile=/opt/rustwide/target/debug/deps/librustls_pemfile-422cf17c19b30882.rlib --extern rustls_pki_types=/opt/rustwide/target/debug/deps/librustls_pki_types-fc5637970849fdde.rlib --extern rustls_sni_resolver=/opt/rustwide/target/debug/deps/librustls_sni_resolver-2f599ff69d1b7435.rlib --extern rustls_ticketer=/opt/rustwide/target/debug/deps/librustls_ticketer-869682dbfcebf194.rlib --extern serde=/opt/rustwide/target/debug/deps/libserde-cb5621b10015751b.rlib --extern serde_json=/opt/rustwide/target/debug/deps/libserde_json-762fbe83a97b98d1.rlib --extern serial_test=/opt/rustwide/target/debug/deps/libserial_test-324fed164097eefb.rlib --extern sha1=/opt/rustwide/target/debug/deps/libsha1-ce5b1114257909fb.rlib --extern sha2=/opt/rustwide/target/debug/deps/libsha2-2edbde05afa56c65.rlib --extern tempfile=/opt/rustwide/target/debug/deps/libtempfile-13d50845200d2bcd.rlib --extern thiserror=/opt/rustwide/target/debug/deps/libthiserror-5e90adc18491a337.rlib --extern time=/opt/rustwide/target/debug/deps/libtime-028f82f5a26f646c.rlib --extern tokio=/opt/rustwide/target/debug/deps/libtokio-589d705d0cdc1bd2.rlib --extern tokio_bind_retry=/opt/rustwide/target/debug/deps/libtokio_bind_retry-c6bf69b675939dc0.rlib --extern tokio_rustls=/opt/rustwide/target/debug/deps/libtokio_rustls-5c5d46d5331921fe.rlib --extern tokio_splice2=/opt/rustwide/target/debug/deps/libtokio_splice2-4facdf7bf330b405.rlib --extern tokio_util=/opt/rustwide/target/debug/deps/libtokio_util-f5538d57ed41cc25.rlib --extern tracing=/opt/rustwide/target/debug/deps/libtracing-9eee97829e9a368b.rlib --extern tracing_broadcast=/opt/rustwide/target/debug/deps/libtracing_broadcast-cac26bcf0f36e128.rlib --extern tracing_subscriber=/opt/rustwide/target/debug/deps/libtracing_subscriber-f59d062f47bfe7a4.rlib --extern url=/opt/rustwide/target/debug/deps/liburl-3ef43b5e3ee0ec5d.rlib --extern vane_core=/opt/rustwide/target/debug/deps/libvane_core-ea46183dd39ecb3e.rlib --extern vane_engine=/opt/rustwide/target/debug/deps/libvane_engine-9c8f92feda9331c2.rlib --extern virtual_socket=/opt/rustwide/target/debug/deps/libvirtual_socket-4235f00c3e10c96b.rlib --extern x509_cert=/opt/rustwide/target/debug/deps/libx509_cert-8927add79f92ac2f.rlib --extern x509_ocsp=/opt/rustwide/target/debug/deps/libx509_ocsp-db24054a9464db08.rlib --extern x509_parser=/opt/rustwide/target/debug/deps/libx509_parser-8ea53169f631f697.rlib --extern zeroize=/opt/rustwide/target/debug/deps/libzeroize-7f213bea776ca5b6.rlib --cap-lints=warn -L native=/opt/rustwide/target/debug/build/aws-lc-sys-7e5edd11d2cfc1da/out -L native=/opt/rustwide/target/debug/build/ring-89b5f15aa5b4fe1f/out` (signal: 9, SIGKILL: kill)
[INFO] [stderr] error: could not compile `vane-engine` (test "fetch_http_proxy")
[INFO] [stderr] 
[INFO] [stderr] Caused by:
[INFO] [stderr]   process didn't exit successfully: `/opt/rustwide/rustup-home/toolchains/1.99.0-beta.8-x86_64-unknown-linux-gnu/bin/rustc --crate-name fetch_http_proxy --edition=2024 tests/fetch_http_proxy.rs --error-format=json --json=diagnostic-rendered-ansi,artifacts,future-incompat --emit=dep-info,link -C embed-bitcode=no -C debuginfo=2 '--warn=clippy::pedantic' '--warn=clippy::all' --deny=unsafe_code --warn=unreachable_pub '--allow=clippy::unnecessary_wraps' '--allow=clippy::similar_names' '--allow=clippy::doc_markdown' '--warn=clippy::cognitive_complexity' --test --cfg 'feature="aws-lc-rs"' --cfg 'feature="cgi"' --cfg 'feature="default"' --cfg 'feature="h3"' --check-cfg 'cfg(docsrs,test)' --check-cfg 'cfg(feature, values("acme", "aws-lc-rs", "cgi", "cloudflare", "default", "h3", "ring"))' -C metadata=fce92344b4184c3f -C extra-filename=-0ea67e15e352ed91 --out-dir /opt/rustwide/target/debug/deps -L dependency=/opt/rustwide/target/debug/deps --extern arc_swap=/opt/rustwide/target/debug/deps/libarc_swap-1b0c7080be28b8c0.rlib --extern async_trait=/opt/rustwide/target/debug/deps/libasync_trait-3453bb6e76f3ba47.so --extern base64=/opt/rustwide/target/debug/deps/libbase64-32787b0325ea6df8.rlib --extern bytes=/opt/rustwide/target/debug/deps/libbytes-2ed9460101f17bbf.rlib --extern cgi_request=/opt/rustwide/target/debug/deps/libcgi_request-3e32a8d94d518381.rlib --extern cgi_response=/opt/rustwide/target/debug/deps/libcgi_response-d132d0aaa94c45ca.rlib --extern clienthello=/opt/rustwide/target/debug/deps/libclienthello-ec1c9748516d2ba7.rlib --extern dashmap=/opt/rustwide/target/debug/deps/libdashmap-5e60118850225f3a.rlib --extern der=/opt/rustwide/target/debug/deps/libder-e773f5ee9f7ba17c.rlib --extern guess=/opt/rustwide/target/debug/deps/libguess-94b73b8152b9c0f9.rlib --extern h3=/opt/rustwide/target/debug/deps/libh3-84abcdd6bca5b0b9.rlib --extern h3_body=/opt/rustwide/target/debug/deps/libh3_body-df9a1917ca252dbe.rlib --extern h3_quinn=/opt/rustwide/target/debug/deps/libh3_quinn-cae37892e1c6db1e.rlib --extern hickory_tower_resolver=/opt/rustwide/target/debug/deps/libhickory_tower_resolver-a62f141159946e04.rlib --extern http=/opt/rustwide/target/debug/deps/libhttp-563f2cb150350555.rlib --extern http_body=/opt/rustwide/target/debug/deps/libhttp_body-8d8f9f8398f09fa7.rlib --extern http_body_util=/opt/rustwide/target/debug/deps/libhttp_body_util-ed5fbd1db1f6d6fc.rlib --extern http_retry_policy=/opt/rustwide/target/debug/deps/libhttp_retry_policy-76dcc55063291b31.rlib --extern hyper=/opt/rustwide/target/debug/deps/libhyper-593d45c522499b85.rlib --extern hyper_rustls=/opt/rustwide/target/debug/deps/libhyper_rustls-0e7c497816395b34.rlib --extern hyper_util=/opt/rustwide/target/debug/deps/libhyper_util-d56872a09ccd62b7.rlib --extern idna=/opt/rustwide/target/debug/deps/libidna-7e22e50ea6ac1005.rlib --extern libc=/opt/rustwide/target/debug/deps/liblibc-612664c2206eec43.rlib --extern memchr=/opt/rustwide/target/debug/deps/libmemchr-5cfa70d22cb32987.rlib --extern metrics=/opt/rustwide/target/debug/deps/libmetrics-cff55472f765b50b.rlib --extern metrics_exporter_prometheus=/opt/rustwide/target/debug/deps/libmetrics_exporter_prometheus-c9edcc01340b1551.rlib --extern notify=/opt/rustwide/target/debug/deps/libnotify-0d0ae1d8c42fab94.rlib --extern notify_debouncer_full=/opt/rustwide/target/debug/deps/libnotify_debouncer_full-771bbc7678a94893.rlib --extern ocsp_staple=/opt/rustwide/target/debug/deps/libocsp_staple-89c15a9bd5a9316e.rlib --extern parking_lot=/opt/rustwide/target/debug/deps/libparking_lot-080783593a730975.rlib --extern peeked_stream=/opt/rustwide/target/debug/deps/libpeeked_stream-762eb5524387f2a4.rlib --extern pin_project_lite=/opt/rustwide/target/debug/deps/libpin_project_lite-0a15d51c77964692.rlib --extern prometheus_parse=/opt/rustwide/target/debug/deps/libprometheus_parse-453b3c3e33a7f52a.rlib --extern quinn=/opt/rustwide/target/debug/deps/libquinn-b9d8c0d3f245a1f3.rlib --extern quinn_proto=/opt/rustwide/target/debug/deps/libquinn_proto-b0aec1597fca7516.rlib --extern quinn_shared_socket=/opt/rustwide/target/debug/deps/libquinn_shared_socket-3e3a2af8af8ec887.rlib --extern rcgen=/opt/rustwide/target/debug/deps/librcgen-43cb5ee4cdde9d71.rlib --extern rustls=/opt/rustwide/target/debug/deps/librustls-62eb76871b3abe5a.rlib --extern rustls_crl_refresh=/opt/rustwide/target/debug/deps/librustls_crl_refresh-fd5403c10d72da77.rlib --extern rustls_native_certs=/opt/rustwide/target/debug/deps/librustls_native_certs-3469d38d03512d26.rlib --extern rustls_native_roots_cache=/opt/rustwide/target/debug/deps/librustls_native_roots_cache-0c3bc113e781984b.rlib --extern rustls_pem_roots=/opt/rustwide/target/debug/deps/librustls_pem_roots-fcf699503c9dd813.rlib --extern rustls_pemfile=/opt/rustwide/target/debug/deps/librustls_pemfile-422cf17c19b30882.rlib --extern rustls_pki_types=/opt/rustwide/target/debug/deps/librustls_pki_types-fc5637970849fdde.rlib --extern rustls_sni_resolver=/opt/rustwide/target/debug/deps/librustls_sni_resolver-2f599ff69d1b7435.rlib --extern rustls_ticketer=/opt/rustwide/target/debug/deps/librustls_ticketer-869682dbfcebf194.rlib --extern serde=/opt/rustwide/target/debug/deps/libserde-cb5621b10015751b.rlib --extern serde_json=/opt/rustwide/target/debug/deps/libserde_json-762fbe83a97b98d1.rlib --extern serial_test=/opt/rustwide/target/debug/deps/libserial_test-324fed164097eefb.rlib --extern sha1=/opt/rustwide/target/debug/deps/libsha1-ce5b1114257909fb.rlib --extern sha2=/opt/rustwide/target/debug/deps/libsha2-2edbde05afa56c65.rlib --extern tempfile=/opt/rustwide/target/debug/deps/libtempfile-13d50845200d2bcd.rlib --extern thiserror=/opt/rustwide/target/debug/deps/libthiserror-5e90adc18491a337.rlib --extern time=/opt/rustwide/target/debug/deps/libtime-028f82f5a26f646c.rlib --extern tokio=/opt/rustwide/target/debug/deps/libtokio-589d705d0cdc1bd2.rlib --extern tokio_bind_retry=/opt/rustwide/target/debug/deps/libtokio_bind_retry-c6bf69b675939dc0.rlib --extern tokio_rustls=/opt/rustwide/target/debug/deps/libtokio_rustls-5c5d46d5331921fe.rlib --extern tokio_splice2=/opt/rustwide/target/debug/deps/libtokio_splice2-4facdf7bf330b405.rlib --extern tokio_util=/opt/rustwide/target/debug/deps/libtokio_util-f5538d57ed41cc25.rlib --extern tracing=/opt/rustwide/target/debug/deps/libtracing-9eee97829e9a368b.rlib --extern tracing_broadcast=/opt/rustwide/target/debug/deps/libtracing_broadcast-cac26bcf0f36e128.rlib --extern tracing_subscriber=/opt/rustwide/target/debug/deps/libtracing_subscriber-f59d062f47bfe7a4.rlib --extern url=/opt/rustwide/target/debug/deps/liburl-3ef43b5e3ee0ec5d.rlib --extern vane_core=/opt/rustwide/target/debug/deps/libvane_core-ea46183dd39ecb3e.rlib --extern vane_engine=/opt/rustwide/target/debug/deps/libvane_engine-9c8f92feda9331c2.rlib --extern virtual_socket=/opt/rustwide/target/debug/deps/libvirtual_socket-4235f00c3e10c96b.rlib --extern x509_cert=/opt/rustwide/target/debug/deps/libx509_cert-8927add79f92ac2f.rlib --extern x509_ocsp=/opt/rustwide/target/debug/deps/libx509_ocsp-db24054a9464db08.rlib --extern x509_parser=/opt/rustwide/target/debug/deps/libx509_parser-8ea53169f631f697.rlib --extern zeroize=/opt/rustwide/target/debug/deps/libzeroize-7f213bea776ca5b6.rlib --cap-lints=warn -L native=/opt/rustwide/target/debug/build/aws-lc-sys-7e5edd11d2cfc1da/out -L native=/opt/rustwide/target/debug/build/ring-89b5f15aa5b4fe1f/out` (signal: 9, SIGKILL: kill)
[INFO] [stdout] error: linking with `cc` failed: exit status: 1
[INFO] [stdout]   |
[INFO] [stdout]   = note:  "cc" "-m64" "/opt/rustwide/target/debug/deps/rustczVXJa5/symbols.o" "<2 object files omitted>" "-Wl,--as-needed" "-Wl,-Bstatic" "<sysroot>/lib/rustlib/x86_64-unknown-linux-gnu/lib/{libtest-*,libgetopts-*,librustc_std_workspace_std-*}.rlib" "/opt/rustwide/target/debug/deps/{libvane_engine-9c8f92feda9331c2,librustls_pem_roots-fcf699503c9dd813,librustls_sni_resolver-2f599ff69d1b7435,libtokio_bind_retry-c6bf69b675939dc0,libh3_quinn-cae37892e1c6db1e,libfutures-c00726a8b8b23b7a,libfutures_executor-24327b48546e5fad,libh3_body-df9a1917ca252dbe,libh3-84abcdd6bca5b0b9,libasync_stream-17d86ef5fef7654b,libtokio_splice2-4facdf7bf330b405,libpin_project-1ac163633d7793ed,librustls_ticketer-869682dbfcebf194,libtempfile-13d50845200d2bcd,libfastrand-8c711c36072d5b5b,librustix-7c4ec0502739eabd,liblinux_raw_sys-0b6cde911e9a3109,librustls_native_roots_cache-0c3bc113e781984b,libocsp_staple-89c15a9bd5a9316e,libx509_ocsp-db24054a9464db08,libsignature-b8b4ba95c581adf4,librand_core-4b67a56f68d6cbfa,libx509_cert-8927add79f92ac2f,libspki-d8e6d3262083d5bf,libsha1-ce5b1114257909fb,libcpufeatures-e04321643d03190d,libdigest-438a37a275cde46c,libblock_buffer-381c14b1d561e854,libcrypto_common-b95f3716e504c74a,libgeneric_array-e19a48ecdef08923,libder-e773f5ee9f7ba17c,libflagset-7c42db76cc665a03,libpem_rfc7468-68a26afe4db4273c,libbase64ct-050420b1c69ac317,libconst_oid-19477080f70818c6,libhttp_body_util-ed5fbd1db1f6d6fc,librustls_crl_refresh-fd5403c10d72da77,librustls_pemfile-422cf17c19b30882,libprometheus_parse-453b3c3e33a7f52a,libregex-6c3e4fba211720b7,libitertools-5fbb5e99827f592d,libchrono-50b4a1a3729d7d2f,libiana_time_zone-bcd81aefedc374a6,libmetrics_exporter_prometheus-c9edcc01340b1551,libevmap-7f98a23114b4fa92,libhashbag-9c6fe706d010156d,libleft_right-11b11d697d2d5c9d,libmetrics_util-f5cd112444555410,libsketches_ddsketch-9ebf7ec248e5c016,librand_xoshiro-1f47f93d10636cc7,libhashbrown-93423c56428fb526,libfoldhash-3b780c428974a407,libquanta-8833e0bab499037b,libraw_cpuid-9ca3a4c849b5968e,libbitflags-db7b9c0337a7ee76,libmetrics-cff55472f765b50b,librapidhash-b6b474d23891416f,libclienthello-ec1c9748516d2ba7,libhkdf-a2b6349d41640b22,libhmac-aa0354749ddd88b8,libaes_gcm-c5e12551c4493303,libctr-cbcf640dc4b55ca7,libghash-6877905e84211e5e,libpolyval-9fafc8cb06231ef6,libuniversal_hash-ced79a5a95668971,libaead-e2904696c5d4f157,libaes-561e5ad128b38ed9,libcpubits-e2df88f57128860c,libcipher-3a71ad96d1414a9e,libinout-5903f4c3bee303e3,libpeeked_stream-762eb5524387f2a4,libquinn_shared_socket-3e3a2af8af8ec887,libvirtual_socket-4235f00c3e10c96b,libarc_swap-1b0c7080be28b8c0,libhttp_retry_policy-76dcc55063291b31,libquinn-b9d8c0d3f245a1f3,libquinn_udp-02da8b0bf16f23e8,libquinn_proto-b0aec1597fca7516,liblru_slab-3437f7a29fa5ef09,librand-2ac3027652de4077,librand_chacha-d1da16184ebf3983,libppv_lite86-7f5ba35fc3b17562,libzerocopy-ad92ccf16844b543,librand_core-b115fb9b5d781658,libgetrandom-a73f2f085e83d825,librustc_hash-68cbcd0e35cfafe6,libhickory_tower_resolver-a62f141159946e04,libhickory_resolver-f0c724a4bc41e4af,libresolv_conf-aec290acf5745886,libmoka-dd50c5dfe1b2e10a,libtagptr-17baaf534c9c3f80,libcrossbeam_epoch-2c19d130e745537c,libuuid-1b3a491820292e53,libcrossbeam_channel-c975edaf87631b25,libhickory_net-663e3715b0815809,libhickory_proto-d6829e9b8590a83e,librand-90b0348c8fe8afb9,libchacha20-a3a076498fcc249b,liburl-3ef43b5e3ee0ec5d,libform_urlencoded-da07baadaa4a52d9,libpercent_encoding-60965446a9af8f63,libtinyvec-aaac35e3e185f648,libtinyvec_macros-7b77ea21c73594ca,libidna-7e22e50ea6ac1005,libidna_adapter-029ea362b071f8f4,libicu_properties-f69ac67f787f46c6,libicu_properties_data-e6cf238fc98dd59d,libicu_normalizer-2c80ccbf120f1b5d,libicu_normalizer_data-8fea05bee0bb4e49,libicu_collections-c6fe9f2a7859138d,libutf8_iter-51566bbad89f3a68,libpotential_utf-dfc67b58ecdfe49f,libicu_provider-8783da9d10afb86f,libicu_locale_core-c21231f2847d47a1,libtinystr-a20e7e786d319adc,liblitemap-dc288f07f8f61193,libwriteable-48b3e52227924bb5,libzerovec-ca67d97079b95e44,libzerotrie-7f914fcdb1665125,libyoke-a73bb16c30c8666f,libstable_deref_trait-63cbf3f3d3f94e56,libzerofrom-3c4bc0c4c9717ce1,libprefix_trie-cb3c198a9ce267eb,libeither-ee1ed391f5dfcb09,libhyper_rustls-0e7c497816395b34,libtokio_rustls-5c5d46d5331921fe,libhyper_util-d56872a09ccd62b7,libtower_service-3fb88d28c2218805,libfutures_util-902ebd335b700143,libfutures_io-3814ffd654d7040e,libfutures_task-36f327cfab86eddc,librustls_native_certs-3469d38d03512d26,libopenssl_probe-6b1b371432012237,libdashmap-5e60118850225f3a,libhashbrown-7535884dad52ee2f,libcrossbeam_utils-f696a08ab1e94e7a,libcgi_response-d132d0aaa94c45ca,libcgi_request-3e32a8d94d518381,libhyper-593d45c522499b85,libwant-7a6260b9c50f1479,libtry_lock-8fa2f6971035be84,libhttparse-8c9b827b8f345444,libh2-2565be75b7068288,libindexmap-0d7f2c48190e6f4d,libequivalent-6a754676e6af62ae,libhashbrown-6b92ca17a46d4c7a,libslab-0582d648e59ab406,libfnv-79e2cbfbe03dcd16,libatomic_waker-06950c8c08d2b8fa,libhttpdate-331798cefc82cc7e,libfutures_channel-04b287164a72dbf0,libvane_core-ea46183dd39ecb3e,libdotenvy-6d8015f91495fe74,libfancy_regex-4e2b2bc6792e2e7d,libbit_set-0311c4fb3031ff2a,libbit_vec-b1d1b68c2b4b1dac,libregex_automata-3338b979eff3741a,libaho_corasick-fa94425a423a79cf,libregex_syntax-82a3ed13ffb50ce3,libtracing-9eee97829e9a368b,libtracing_core-7449bfa1ce7df632,libonce_cell-a797e138cdc25e52,libportable_atomic-b2c3e87a13df7d23,libguess-94b73b8152b9c0f9,librustls-62eb76871b3abe5a,libsubtle-9600f7efd1e82d97,libwebpki-edbab75ae002b2ce,libuntrusted-b2f816886faf2178,libaws_lc_rs-55ad0734d15807f3,libuntrusted-a7f0f384c8611dea,libaws_lc_sys-451f66b99c1d0ce0,libipnet-a72c624ee022d91c,libserde-cb5621b10015751b,libtokio_util-f5538d57ed41cc25,libfutures_core-1121ff913ed87f93,libfutures_sink-3971bde37bb30e19,libtokio-589d705d0cdc1bd2,libsignal_hook_registry-97fb91977beb15cc,liberrno-40a43d7c8a9b8122,libsocket2-2367bcf2eb96355a,libmio-755c4a8c7ad19644,liblog-f16ce4b64309590f,libx509_parser-8ea53169f631f697,libdata_encoding-b17abe9da7ed756a,liblazy_static-3674be3f4245d19b,liboid_registry-7eb6c3eb548c3c25,libder_parser-004dac534278b197,libnum_bigint-914061b6a0c2b743,libnum_integer-e1dae9bde9b8ffd5,libasn1_rs-df615cbc976cb316,librusticata_macros-9b9d49d877d1a304,libnom-0c9803b862b97aa1,libthiserror-5e90adc18491a337,libnum_traits-61451ab850bd490d,libtime-028f82f5a26f646c,libtime_core-031b6ab885a7634b,libnum_conv-4e1233169d5eeba7,libderanged-d0114085ae3b02c5,libpowerfmt-f6019a2766e431f7,librustls_pki_types-fc5637970849fdde,libzeroize-7f213bea776ca5b6,libparking_lot-080783593a730975,libparking_lot_core-bccd0786fb787739,libsmallvec-bc3128fdd57228fc,liblock_api-16d46fed645f7bff,libscopeguard-7ec2214574194454,libsha2-2edbde05afa56c65,libcpufeatures-6c1f78f4142e3013,libdigest-37911128cb3f988e,libctutils-b2e5e258ecc152e8,libcmov-3d0df6e9cd307b98,libconst_oid-58507ca40e062d76,libcrypto_common-d9a1919ab7df7cce,libgetrandom-e6b3974be7983fd3,liblibc-612664c2206eec43,libcfg_if-83060ec5685761ae,librand_core-8437d288e8d1265c,libblock_buffer-343c6ba6311efb0a,libhybrid_array-e12d984bfbd21bdf,libtypenum-16ceaa0b6a024548,libbase64-32787b0325ea6df8,libpin_project_lite-0a15d51c77964692,libhttp_body-8d8f9f8398f09fa7,libhttp-563f2cb150350555,libbytes-2ed9460101f17bbf,libserde_json-762fbe83a97b98d1,libmemchr-5cfa70d22cb32987,libitoa-5de11b3b23bfe572,libzmij-ef63f1da73704b4c,libserde_core-97f4500d60ef6bf8}.rlib" "<sysroot>/lib/rustlib/x86_64-unknown-linux-gnu/lib/{libstd-*,libpanic_unwind-*,libobject-*,libmemchr-*,libaddr2line-*,libgimli-*,libcfg_if-*,librustc_demangle-*,libstd_detect-*,libhashbrown-*,librustc_std_workspace_alloc-*,libminiz_oxide-*,libadler2-*,libunwind-*,liblibc-*,librustc_std_workspace_core-*,liballoc-*,libcore-*,libcompiler_builtins-*}.rlib" "-Wl,-Bdynamic" "-lgcc_s" "-lutil" "-lrt" "-lpthread" "-lm" "-ldl" "-lc" "-L" "/opt/rustwide/target/debug/deps/rustczVXJa5/raw-dylibs" "-B<sysroot>/lib/rustlib/x86_64-unknown-linux-gnu/bin/gcc-ld" "-fuse-ld=lld" "-Wl,--eh-frame-hdr" "-Wl,-z,noexecstack" "-L" "/opt/rustwide/target/debug/build/aws-lc-sys-7e5edd11d2cfc1da/out" "-L" "/opt/rustwide/target/debug/build/ring-89b5f15aa5b4fe1f/out" "-L" "<sysroot>/lib/rustlib/x86_64-unknown-linux-gnu/lib" "-o" "/opt/rustwide/target/debug/deps/link-2d8097ba1feadb77" "-Wl,--gc-sections" "-pie" "-Wl,-z,relro,-z,now" "-nodefaultlibs"
[INFO] [stdout]   = note: some arguments are omitted. use `--verbose` to show all linker arguments
[INFO] [stdout]   = note: collect2: fatal error: ld terminated with signal 9 [Killed]
[INFO] [stdout]           compilation terminated.
[INFO] [stdout]           
[INFO] [stdout] 
[INFO] [stdout] 
[INFO] [stderr] error: could not compile `vane-engine` (test "link") due to 1 previous error
[INFO] [stdout] error: linking with `cc` failed: exit status: 1
[INFO] [stdout]   |
[INFO] [stdout]   = note:  "cc" "-m64" "/opt/rustwide/target/debug/deps/rustcVgeMqR/symbols.o" "<3 object files omitted>" "-Wl,--as-needed" "-Wl,-Bstatic" "<sysroot>/lib/rustlib/x86_64-unknown-linux-gnu/lib/{libtest-*,libgetopts-*,librustc_std_workspace_std-*}.rlib" "/opt/rustwide/target/debug/deps/{libvane_engine-9c8f92feda9331c2,librustls_pem_roots-fcf699503c9dd813,librustls_sni_resolver-2f599ff69d1b7435,libtokio_bind_retry-c6bf69b675939dc0,libh3_quinn-cae37892e1c6db1e,libfutures-c00726a8b8b23b7a,libfutures_executor-24327b48546e5fad,libh3_body-df9a1917ca252dbe,libh3-84abcdd6bca5b0b9,libasync_stream-17d86ef5fef7654b,libtokio_splice2-4facdf7bf330b405,libpin_project-1ac163633d7793ed,librustls_ticketer-869682dbfcebf194,libtempfile-13d50845200d2bcd,libfastrand-8c711c36072d5b5b,librustix-7c4ec0502739eabd,liblinux_raw_sys-0b6cde911e9a3109,librustls_native_roots_cache-0c3bc113e781984b,libocsp_staple-89c15a9bd5a9316e,libx509_ocsp-db24054a9464db08,libsignature-b8b4ba95c581adf4,librand_core-4b67a56f68d6cbfa,libx509_cert-8927add79f92ac2f,libspki-d8e6d3262083d5bf,libsha1-ce5b1114257909fb,libcpufeatures-e04321643d03190d,libdigest-438a37a275cde46c,libblock_buffer-381c14b1d561e854,libcrypto_common-b95f3716e504c74a,libgeneric_array-e19a48ecdef08923,libder-e773f5ee9f7ba17c,libflagset-7c42db76cc665a03,libpem_rfc7468-68a26afe4db4273c,libbase64ct-050420b1c69ac317,libconst_oid-19477080f70818c6,libhttp_body_util-ed5fbd1db1f6d6fc,librustls_crl_refresh-fd5403c10d72da77,librustls_pemfile-422cf17c19b30882,libprometheus_parse-453b3c3e33a7f52a,libregex-6c3e4fba211720b7,libitertools-5fbb5e99827f592d,libchrono-50b4a1a3729d7d2f,libiana_time_zone-bcd81aefedc374a6,libmetrics_exporter_prometheus-c9edcc01340b1551,libevmap-7f98a23114b4fa92,libhashbag-9c6fe706d010156d,libleft_right-11b11d697d2d5c9d,libmetrics_util-f5cd112444555410,libsketches_ddsketch-9ebf7ec248e5c016,librand_xoshiro-1f47f93d10636cc7,libhashbrown-93423c56428fb526,libfoldhash-3b780c428974a407,libquanta-8833e0bab499037b,libraw_cpuid-9ca3a4c849b5968e,libbitflags-db7b9c0337a7ee76,libmetrics-cff55472f765b50b,librapidhash-b6b474d23891416f,libclienthello-ec1c9748516d2ba7,libhkdf-a2b6349d41640b22,libhmac-aa0354749ddd88b8,libaes_gcm-c5e12551c4493303,libctr-cbcf640dc4b55ca7,libghash-6877905e84211e5e,libpolyval-9fafc8cb06231ef6,libuniversal_hash-ced79a5a95668971,libaead-e2904696c5d4f157,libaes-561e5ad128b38ed9,libcpubits-e2df88f57128860c,libcipher-3a71ad96d1414a9e,libinout-5903f4c3bee303e3,libpeeked_stream-762eb5524387f2a4,libquinn_shared_socket-3e3a2af8af8ec887,libvirtual_socket-4235f00c3e10c96b,libarc_swap-1b0c7080be28b8c0,libhttp_retry_policy-76dcc55063291b31,libquinn-b9d8c0d3f245a1f3,libquinn_udp-02da8b0bf16f23e8,libquinn_proto-b0aec1597fca7516,liblru_slab-3437f7a29fa5ef09,librand-2ac3027652de4077,librand_chacha-d1da16184ebf3983,libppv_lite86-7f5ba35fc3b17562,libzerocopy-ad92ccf16844b543,librand_core-b115fb9b5d781658,libgetrandom-a73f2f085e83d825,librustc_hash-68cbcd0e35cfafe6,libhickory_tower_resolver-a62f141159946e04,libhickory_resolver-f0c724a4bc41e4af,libresolv_conf-aec290acf5745886,libmoka-dd50c5dfe1b2e10a,libtagptr-17baaf534c9c3f80,libcrossbeam_epoch-2c19d130e745537c,libuuid-1b3a491820292e53,libcrossbeam_channel-c975edaf87631b25,libhickory_net-663e3715b0815809,libhickory_proto-d6829e9b8590a83e,librand-90b0348c8fe8afb9,libchacha20-a3a076498fcc249b,liburl-3ef43b5e3ee0ec5d,libform_urlencoded-da07baadaa4a52d9,libpercent_encoding-60965446a9af8f63,libtinyvec-aaac35e3e185f648,libtinyvec_macros-7b77ea21c73594ca,libidna-7e22e50ea6ac1005,libidna_adapter-029ea362b071f8f4,libicu_properties-f69ac67f787f46c6,libicu_properties_data-e6cf238fc98dd59d,libicu_normalizer-2c80ccbf120f1b5d,libicu_normalizer_data-8fea05bee0bb4e49,libicu_collections-c6fe9f2a7859138d,libutf8_iter-51566bbad89f3a68,libpotential_utf-dfc67b58ecdfe49f,libicu_provider-8783da9d10afb86f,libicu_locale_core-c21231f2847d47a1,libtinystr-a20e7e786d319adc,liblitemap-dc288f07f8f61193,libwriteable-48b3e52227924bb5,libzerovec-ca67d97079b95e44,libzerotrie-7f914fcdb1665125,libyoke-a73bb16c30c8666f,libstable_deref_trait-63cbf3f3d3f94e56,libzerofrom-3c4bc0c4c9717ce1,libprefix_trie-cb3c198a9ce267eb,libeither-ee1ed391f5dfcb09,libhyper_rustls-0e7c497816395b34,libtokio_rustls-5c5d46d5331921fe,libhyper_util-d56872a09ccd62b7,libtower_service-3fb88d28c2218805,libfutures_util-902ebd335b700143,libfutures_io-3814ffd654d7040e,libfutures_task-36f327cfab86eddc,librustls_native_certs-3469d38d03512d26,libopenssl_probe-6b1b371432012237,libdashmap-5e60118850225f3a,libhashbrown-7535884dad52ee2f,libcrossbeam_utils-f696a08ab1e94e7a,libcgi_response-d132d0aaa94c45ca,libcgi_request-3e32a8d94d518381,libhyper-593d45c522499b85,libwant-7a6260b9c50f1479,libtry_lock-8fa2f6971035be84,libhttparse-8c9b827b8f345444,libh2-2565be75b7068288,libindexmap-0d7f2c48190e6f4d,libequivalent-6a754676e6af62ae,libhashbrown-6b92ca17a46d4c7a,libslab-0582d648e59ab406,libfnv-79e2cbfbe03dcd16,libatomic_waker-06950c8c08d2b8fa,libhttpdate-331798cefc82cc7e,libfutures_channel-04b287164a72dbf0,libvane_core-ea46183dd39ecb3e,libdotenvy-6d8015f91495fe74,libfancy_regex-4e2b2bc6792e2e7d,libbit_set-0311c4fb3031ff2a,libbit_vec-b1d1b68c2b4b1dac,libregex_automata-3338b979eff3741a,libaho_corasick-fa94425a423a79cf,libregex_syntax-82a3ed13ffb50ce3,libtracing-9eee97829e9a368b,libtracing_core-7449bfa1ce7df632,libonce_cell-a797e138cdc25e52,libportable_atomic-b2c3e87a13df7d23,libguess-94b73b8152b9c0f9,librustls-62eb76871b3abe5a,libsubtle-9600f7efd1e82d97,libwebpki-edbab75ae002b2ce,libuntrusted-b2f816886faf2178,libaws_lc_rs-55ad0734d15807f3,libuntrusted-a7f0f384c8611dea,libaws_lc_sys-451f66b99c1d0ce0,libipnet-a72c624ee022d91c,libserde-cb5621b10015751b,libx509_parser-8ea53169f631f697,libdata_encoding-b17abe9da7ed756a,liblazy_static-3674be3f4245d19b,liboid_registry-7eb6c3eb548c3c25,libder_parser-004dac534278b197,libnum_bigint-914061b6a0c2b743,libnum_integer-e1dae9bde9b8ffd5,libasn1_rs-df615cbc976cb316,librusticata_macros-9b9d49d877d1a304,libnom-0c9803b862b97aa1,libthiserror-5e90adc18491a337,libnum_traits-61451ab850bd490d,libtime-028f82f5a26f646c,libtime_core-031b6ab885a7634b,libnum_conv-4e1233169d5eeba7,libderanged-d0114085ae3b02c5,libpowerfmt-f6019a2766e431f7,librustls_pki_types-fc5637970849fdde,libzeroize-7f213bea776ca5b6,libsha2-2edbde05afa56c65,libcpufeatures-6c1f78f4142e3013,libdigest-37911128cb3f988e,libctutils-b2e5e258ecc152e8,libcmov-3d0df6e9cd307b98,libconst_oid-58507ca40e062d76,libcrypto_common-d9a1919ab7df7cce,libgetrandom-e6b3974be7983fd3,librand_core-8437d288e8d1265c,libblock_buffer-343c6ba6311efb0a,libhybrid_array-e12d984bfbd21bdf,libtypenum-16ceaa0b6a024548,libbase64-32787b0325ea6df8,libhttp_body-8d8f9f8398f09fa7,libhttp-563f2cb150350555,libtokio_util-f5538d57ed41cc25,libfutures_core-1121ff913ed87f93,libtokio-589d705d0cdc1bd2,libsignal_hook_registry-97fb91977beb15cc,liberrno-40a43d7c8a9b8122,libsocket2-2367bcf2eb96355a,libbytes-2ed9460101f17bbf,libmio-755c4a8c7ad19644,liblog-f16ce4b64309590f,libfutures_sink-3971bde37bb30e19,libpin_project_lite-0a15d51c77964692,libserde_json-762fbe83a97b98d1,libmemchr-5cfa70d22cb32987,libitoa-5de11b3b23bfe572,libzmij-ef63f1da73704b4c,libserde_core-97f4500d60ef6bf8,libparking_lot-080783593a730975,libparking_lot_core-bccd0786fb787739,liblibc-612664c2206eec43,libcfg_if-83060ec5685761ae,libsmallvec-bc3128fdd57228fc,liblock_api-16d46fed645f7bff,libscopeguard-7ec2214574194454}.rlib" "<sysroot>/lib/rustlib/x86_64-unknown-linux-gnu/lib/{libstd-*,libpanic_unwind-*,libobject-*,libmemchr-*,libaddr2line-*,libgimli-*,libcfg_if-*,librustc_demangle-*,libstd_detect-*,libhashbrown-*,librustc_std_workspace_alloc-*,libminiz_oxide-*,libadler2-*,libunwind-*,liblibc-*,librustc_std_workspace_core-*,liballoc-*,libcore-*,libcompiler_builtins-*}.rlib" "-Wl,-Bdynamic" "-lgcc_s" "-lutil" "-lrt" "-lpthread" "-lm" "-ldl" "-lc" "-L" "/opt/rustwide/target/debug/deps/rustcVgeMqR/raw-dylibs" "-B<sysroot>/lib/rustlib/x86_64-unknown-linux-gnu/bin/gcc-ld" "-fuse-ld=lld" "-Wl,--eh-frame-hdr" "-Wl,-z,noexecstack" "-L" "/opt/rustwide/target/debug/build/aws-lc-sys-7e5edd11d2cfc1da/out" "-L" "/opt/rustwide/target/debug/build/ring-89b5f15aa5b4fe1f/out" "-L" "<sysroot>/lib/rustlib/x86_64-unknown-linux-gnu/lib" "-o" "/opt/rustwide/target/debug/deps/middleware_method_match-b409278fb51cbfdb" "-Wl,--gc-sections" "-pie" "-Wl,-z,relro,-z,now" "-nodefaultlibs"
[INFO] [stdout]   = note: some arguments are omitted. use `--verbose` to show all linker arguments
[INFO] [stdout]   = note: collect2: fatal error: ld terminated with signal 9 [Killed]
[INFO] [stdout]           compilation terminated.
[INFO] [stdout]           
[INFO] [stdout] 
[INFO] [stdout] 
[INFO] [stderr] error: could not compile `vane-engine` (test "middleware_method_match") due to 1 previous error
[INFO] [stdout] error: linking with `cc` failed: exit status: 1
[INFO] [stdout]   |
[INFO] [stdout]   = note:  "cc" "-m64" "/opt/rustwide/target/debug/deps/rustcrtidmr/symbols.o" "<6 object files omitted>" "-Wl,--as-needed" "-Wl,-Bstatic" "/opt/rustwide/target/debug/deps/{libtracing_broadcast-cac26bcf0f36e128,libtracing_subscriber-f59d062f47bfe7a4,libthread_local-b4f6fe44d641c0b1,libsharded_slab-bd3e89e1e50b7c87}.rlib" "<sysroot>/lib/rustlib/x86_64-unknown-linux-gnu/lib/{libtest-*,libgetopts-*,librustc_std_workspace_std-*}.rlib" "/opt/rustwide/target/debug/deps/{libvane_engine-9c8f92feda9331c2,librustls_pem_roots-fcf699503c9dd813,librustls_sni_resolver-2f599ff69d1b7435,libtokio_bind_retry-c6bf69b675939dc0,libh3_quinn-cae37892e1c6db1e,libfutures-c00726a8b8b23b7a,libfutures_executor-24327b48546e5fad,libh3_body-df9a1917ca252dbe,libh3-84abcdd6bca5b0b9,libasync_stream-17d86ef5fef7654b,libtokio_splice2-4facdf7bf330b405,libpin_project-1ac163633d7793ed,librustls_ticketer-869682dbfcebf194,librustls_native_roots_cache-0c3bc113e781984b,libocsp_staple-89c15a9bd5a9316e,libx509_ocsp-db24054a9464db08,libsignature-b8b4ba95c581adf4,librand_core-4b67a56f68d6cbfa,libx509_cert-8927add79f92ac2f,libspki-d8e6d3262083d5bf,libsha1-ce5b1114257909fb,libcpufeatures-e04321643d03190d,libdigest-438a37a275cde46c,libblock_buffer-381c14b1d561e854,libcrypto_common-b95f3716e504c74a,libgeneric_array-e19a48ecdef08923,libder-e773f5ee9f7ba17c,libflagset-7c42db76cc665a03,libpem_rfc7468-68a26afe4db4273c,libbase64ct-050420b1c69ac317,libconst_oid-19477080f70818c6,librustls_crl_refresh-fd5403c10d72da77,librustls_pemfile-422cf17c19b30882,libprometheus_parse-453b3c3e33a7f52a,libregex-6c3e4fba211720b7,libitertools-5fbb5e99827f592d,libchrono-50b4a1a3729d7d2f,libiana_time_zone-bcd81aefedc374a6,libmetrics_exporter_prometheus-c9edcc01340b1551,libevmap-7f98a23114b4fa92,libhashbag-9c6fe706d010156d,libleft_right-11b11d697d2d5c9d,libmetrics_util-f5cd112444555410,libsketches_ddsketch-9ebf7ec248e5c016,librand_xoshiro-1f47f93d10636cc7,libhashbrown-93423c56428fb526,libfoldhash-3b780c428974a407,libquanta-8833e0bab499037b,libraw_cpuid-9ca3a4c849b5968e,libmetrics-cff55472f765b50b,librapidhash-b6b474d23891416f,libclienthello-ec1c9748516d2ba7,libhkdf-a2b6349d41640b22,libhmac-aa0354749ddd88b8,libaes_gcm-c5e12551c4493303,libctr-cbcf640dc4b55ca7,libghash-6877905e84211e5e,libpolyval-9fafc8cb06231ef6,libuniversal_hash-ced79a5a95668971,libaead-e2904696c5d4f157,libaes-561e5ad128b38ed9,libcpubits-e2df88f57128860c,libcipher-3a71ad96d1414a9e,libinout-5903f4c3bee303e3,libpeeked_stream-762eb5524387f2a4,libquinn_shared_socket-3e3a2af8af8ec887,libvirtual_socket-4235f00c3e10c96b,libarc_swap-1b0c7080be28b8c0,libhttp_retry_policy-76dcc55063291b31,libquinn-b9d8c0d3f245a1f3,libquinn_udp-02da8b0bf16f23e8,libquinn_proto-b0aec1597fca7516,liblru_slab-3437f7a29fa5ef09,librand-2ac3027652de4077,librand_chacha-d1da16184ebf3983,libppv_lite86-7f5ba35fc3b17562,libzerocopy-ad92ccf16844b543,librand_core-b115fb9b5d781658,libgetrandom-a73f2f085e83d825,librustc_hash-68cbcd0e35cfafe6,libhickory_tower_resolver-a62f141159946e04,libhickory_resolver-f0c724a4bc41e4af,libresolv_conf-aec290acf5745886,libmoka-dd50c5dfe1b2e10a,libtagptr-17baaf534c9c3f80,libcrossbeam_epoch-2c19d130e745537c,libuuid-1b3a491820292e53,libcrossbeam_channel-c975edaf87631b25,libhickory_net-663e3715b0815809,libhickory_proto-d6829e9b8590a83e,librand-90b0348c8fe8afb9,libchacha20-a3a076498fcc249b,liburl-3ef43b5e3ee0ec5d,libform_urlencoded-da07baadaa4a52d9,libpercent_encoding-60965446a9af8f63,libtinyvec-aaac35e3e185f648,libtinyvec_macros-7b77ea21c73594ca,libidna-7e22e50ea6ac1005,libidna_adapter-029ea362b071f8f4,libicu_properties-f69ac67f787f46c6,libicu_properties_data-e6cf238fc98dd59d,libicu_normalizer-2c80ccbf120f1b5d,libicu_normalizer_data-8fea05bee0bb4e49,libicu_collections-c6fe9f2a7859138d,libutf8_iter-51566bbad89f3a68,libpotential_utf-dfc67b58ecdfe49f,libicu_provider-8783da9d10afb86f,libicu_locale_core-c21231f2847d47a1,libtinystr-a20e7e786d319adc,liblitemap-dc288f07f8f61193,libwriteable-48b3e52227924bb5,libzerovec-ca67d97079b95e44,libzerotrie-7f914fcdb1665125,libyoke-a73bb16c30c8666f,libstable_deref_trait-63cbf3f3d3f94e56,libzerofrom-3c4bc0c4c9717ce1,libprefix_trie-cb3c198a9ce267eb,libeither-ee1ed391f5dfcb09,libhyper_rustls-0e7c497816395b34,libtokio_rustls-5c5d46d5331921fe,libhyper_util-d56872a09ccd62b7,libtower_service-3fb88d28c2218805,libfutures_util-902ebd335b700143,libfutures_io-3814ffd654d7040e,libfutures_task-36f327cfab86eddc,librustls_native_certs-3469d38d03512d26,libopenssl_probe-6b1b371432012237,libdashmap-5e60118850225f3a,libhashbrown-7535884dad52ee2f,libcrossbeam_utils-f696a08ab1e94e7a,libcgi_response-d132d0aaa94c45ca,libcgi_request-3e32a8d94d518381,libhyper-593d45c522499b85,libwant-7a6260b9c50f1479,libtry_lock-8fa2f6971035be84,libhttparse-8c9b827b8f345444,libh2-2565be75b7068288,libindexmap-0d7f2c48190e6f4d,libequivalent-6a754676e6af62ae,libhashbrown-6b92ca17a46d4c7a,libslab-0582d648e59ab406,libfnv-79e2cbfbe03dcd16,libatomic_waker-06950c8c08d2b8fa,libhttpdate-331798cefc82cc7e,libfutures_channel-04b287164a72dbf0,libvane_core-ea46183dd39ecb3e,libdotenvy-6d8015f91495fe74,libfancy_regex-4e2b2bc6792e2e7d,libbit_set-0311c4fb3031ff2a,libbit_vec-b1d1b68c2b4b1dac,libregex_automata-3338b979eff3741a,libaho_corasick-fa94425a423a79cf,libregex_syntax-82a3ed13ffb50ce3,libtracing-9eee97829e9a368b,libtracing_core-7449bfa1ce7df632,libguess-94b73b8152b9c0f9,librustls-62eb76871b3abe5a,libsubtle-9600f7efd1e82d97,libwebpki-edbab75ae002b2ce,libuntrusted-b2f816886faf2178,libaws_lc_rs-55ad0734d15807f3,libuntrusted-a7f0f384c8611dea,libaws_lc_sys-451f66b99c1d0ce0,libipnet-a72c624ee022d91c,libserde-cb5621b10015751b,libx509_parser-8ea53169f631f697,libdata_encoding-b17abe9da7ed756a,liblazy_static-3674be3f4245d19b,liboid_registry-7eb6c3eb548c3c25,libder_parser-004dac534278b197,libnum_bigint-914061b6a0c2b743,libnum_integer-e1dae9bde9b8ffd5,libasn1_rs-df615cbc976cb316,librusticata_macros-9b9d49d877d1a304,libnom-0c9803b862b97aa1,libthiserror-5e90adc18491a337,libnum_traits-61451ab850bd490d,libtime-028f82f5a26f646c,libtime_core-031b6ab885a7634b,libnum_conv-4e1233169d5eeba7,libderanged-d0114085ae3b02c5,libpowerfmt-f6019a2766e431f7,librustls_pki_types-fc5637970849fdde,libzeroize-7f213bea776ca5b6,libsha2-2edbde05afa56c65,libcpufeatures-6c1f78f4142e3013,libdigest-37911128cb3f988e,libctutils-b2e5e258ecc152e8,libcmov-3d0df6e9cd307b98,libconst_oid-58507ca40e062d76,libcrypto_common-d9a1919ab7df7cce,libblock_buffer-343c6ba6311efb0a,libhybrid_array-e12d984bfbd21bdf,libtypenum-16ceaa0b6a024548,libbase64-32787b0325ea6df8,libtokio_util-f5538d57ed41cc25,libtokio-589d705d0cdc1bd2,libsignal_hook_registry-97fb91977beb15cc,liberrno-40a43d7c8a9b8122,libsocket2-2367bcf2eb96355a,libmio-755c4a8c7ad19644,liblog-f16ce4b64309590f,libfutures_sink-3971bde37bb30e19,libtempfile-13d50845200d2bcd,libgetrandom-e6b3974be7983fd3,librand_core-8437d288e8d1265c,libfastrand-8c711c36072d5b5b,libonce_cell-a797e138cdc25e52,libportable_atomic-b2c3e87a13df7d23,librustix-7c4ec0502739eabd,libbitflags-db7b9c0337a7ee76,liblinux_raw_sys-0b6cde911e9a3109,libserde_json-762fbe83a97b98d1,libmemchr-5cfa70d22cb32987,libzmij-ef63f1da73704b4c,libserde_core-97f4500d60ef6bf8,libparking_lot-080783593a730975,libparking_lot_core-bccd0786fb787739,liblibc-612664c2206eec43,libcfg_if-83060ec5685761ae,libsmallvec-bc3128fdd57228fc,liblock_api-16d46fed645f7bff,libscopeguard-7ec2214574194454,libhttp_body_util-ed5fbd1db1f6d6fc,libpin_project_lite-0a15d51c77964692,libfutures_core-1121ff913ed87f93,libhttp_body-8d8f9f8398f09fa7,libhttp-563f2cb150350555,libitoa-5de11b3b23bfe572,libbytes-2ed9460101f17bbf}.rlib" "<sysroot>/lib/rustlib/x86_64-unknown-linux-gnu/lib/{libstd-*,libpanic_unwind-*,libobject-*,libmemchr-*,libaddr2line-*,libgimli-*,libcfg_if-*,librustc_demangle-*,libstd_detect-*,libhashbrown-*,librustc_std_workspace_alloc-*,libminiz_oxide-*,libadler2-*,libunwind-*,liblibc-*,librustc_std_workspace_core-*,liballoc-*,libcore-*,libcompiler_builtins-*}.rlib" "-Wl,-Bdynamic" "-lgcc_s" "-lutil" "-lrt" "-lpthread" "-lm" "-ldl" "-lc" "-L" "/opt/rustwide/target/debug/deps/rustcrtidmr/raw-dylibs" "-B<sysroot>/lib/rustlib/x86_64-unknown-linux-gnu/bin/gcc-ld" "-fuse-ld=lld" "-Wl,--eh-frame-hdr" "-Wl,-z,noexecstack" "-L" "/opt/rustwide/target/debug/build/aws-lc-sys-7e5edd11d2cfc1da/out" "-L" "/opt/rustwide/target/debug/build/ring-89b5f15aa5b4fe1f/out" "-L" "<sysroot>/lib/rustlib/x86_64-unknown-linux-gnu/lib" "-o" "/opt/rustwide/target/debug/deps/cgi_fetch-f81daff4b8811737" "-Wl,--gc-sections" "-pie" "-Wl,-z,relro,-z,now" "-nodefaultlibs"
[INFO] [stdout]   = note: some arguments are omitted. use `--verbose` to show all linker arguments
[INFO] [stdout]   = note: collect2: fatal error: ld terminated with signal 9 [Killed]
[INFO] [stdout]           compilation terminated.
[INFO] [stdout]           
[INFO] [stdout] 
[INFO] [stdout] 
[INFO] [stderr] error: could not compile `vane-engine` (test "cgi_fetch") due to 1 previous error
[INFO] [stdout] error: linking with `cc` failed: exit status: 1
[INFO] [stdout]   |
[INFO] [stdout]   = note:  "cc" "-m64" "/opt/rustwide/target/debug/deps/rustchGwbXK/symbols.o" "<6 object files omitted>" "-Wl,--as-needed" "-Wl,-Bstatic" "<sysroot>/lib/rustlib/x86_64-unknown-linux-gnu/lib/{libtest-*,libgetopts-*,librustc_std_workspace_std-*}.rlib" "/opt/rustwide/target/debug/deps/{libvane_engine-9c8f92feda9331c2,librustls_pem_roots-fcf699503c9dd813,librustls_sni_resolver-2f599ff69d1b7435,libtokio_bind_retry-c6bf69b675939dc0,libh3_quinn-cae37892e1c6db1e,libfutures-c00726a8b8b23b7a,libfutures_executor-24327b48546e5fad,libh3_body-df9a1917ca252dbe,libh3-84abcdd6bca5b0b9,libasync_stream-17d86ef5fef7654b,libtokio_splice2-4facdf7bf330b405,libpin_project-1ac163633d7793ed,librustls_ticketer-869682dbfcebf194,libtempfile-13d50845200d2bcd,libfastrand-8c711c36072d5b5b,librustix-7c4ec0502739eabd,liblinux_raw_sys-0b6cde911e9a3109,librustls_native_roots_cache-0c3bc113e781984b,libocsp_staple-89c15a9bd5a9316e,libx509_ocsp-db24054a9464db08,libsignature-b8b4ba95c581adf4,librand_core-4b67a56f68d6cbfa,libx509_cert-8927add79f92ac2f,libspki-d8e6d3262083d5bf,libsha1-ce5b1114257909fb,libcpufeatures-e04321643d03190d,libdigest-438a37a275cde46c,libblock_buffer-381c14b1d561e854,libcrypto_common-b95f3716e504c74a,libgeneric_array-e19a48ecdef08923,libder-e773f5ee9f7ba17c,libflagset-7c42db76cc665a03,libpem_rfc7468-68a26afe4db4273c,libbase64ct-050420b1c69ac317,libconst_oid-19477080f70818c6,libhttp_body_util-ed5fbd1db1f6d6fc,librustls_crl_refresh-fd5403c10d72da77,librustls_pemfile-422cf17c19b30882,libprometheus_parse-453b3c3e33a7f52a,libregex-6c3e4fba211720b7,libitertools-5fbb5e99827f592d,libchrono-50b4a1a3729d7d2f,libiana_time_zone-bcd81aefedc374a6,libmetrics_exporter_prometheus-c9edcc01340b1551,libevmap-7f98a23114b4fa92,libhashbag-9c6fe706d010156d,libleft_right-11b11d697d2d5c9d,libmetrics_util-f5cd112444555410,libsketches_ddsketch-9ebf7ec248e5c016,librand_xoshiro-1f47f93d10636cc7,libhashbrown-93423c56428fb526,libfoldhash-3b780c428974a407,libquanta-8833e0bab499037b,libraw_cpuid-9ca3a4c849b5968e,libbitflags-db7b9c0337a7ee76,libmetrics-cff55472f765b50b,librapidhash-b6b474d23891416f,libclienthello-ec1c9748516d2ba7,libhkdf-a2b6349d41640b22,libhmac-aa0354749ddd88b8,libaes_gcm-c5e12551c4493303,libctr-cbcf640dc4b55ca7,libghash-6877905e84211e5e,libpolyval-9fafc8cb06231ef6,libuniversal_hash-ced79a5a95668971,libaead-e2904696c5d4f157,libaes-561e5ad128b38ed9,libcpubits-e2df88f57128860c,libcipher-3a71ad96d1414a9e,libinout-5903f4c3bee303e3,libpeeked_stream-762eb5524387f2a4,libquinn_shared_socket-3e3a2af8af8ec887,libvirtual_socket-4235f00c3e10c96b,libhttp_retry_policy-76dcc55063291b31,libquinn-b9d8c0d3f245a1f3,libquinn_udp-02da8b0bf16f23e8,libquinn_proto-b0aec1597fca7516,liblru_slab-3437f7a29fa5ef09,librand-2ac3027652de4077,librand_chacha-d1da16184ebf3983,libppv_lite86-7f5ba35fc3b17562,libzerocopy-ad92ccf16844b543,librand_core-b115fb9b5d781658,libgetrandom-a73f2f085e83d825,librustc_hash-68cbcd0e35cfafe6,libhickory_tower_resolver-a62f141159946e04,libhickory_resolver-f0c724a4bc41e4af,libresolv_conf-aec290acf5745886,libmoka-dd50c5dfe1b2e10a,libtagptr-17baaf534c9c3f80,libcrossbeam_epoch-2c19d130e745537c,libuuid-1b3a491820292e53,libcrossbeam_channel-c975edaf87631b25,libhickory_net-663e3715b0815809,libhickory_proto-d6829e9b8590a83e,librand-90b0348c8fe8afb9,libchacha20-a3a076498fcc249b,liburl-3ef43b5e3ee0ec5d,libform_urlencoded-da07baadaa4a52d9,libpercent_encoding-60965446a9af8f63,libtinyvec-aaac35e3e185f648,libtinyvec_macros-7b77ea21c73594ca,libidna-7e22e50ea6ac1005,libidna_adapter-029ea362b071f8f4,libicu_properties-f69ac67f787f46c6,libicu_properties_data-e6cf238fc98dd59d,libicu_normalizer-2c80ccbf120f1b5d,libicu_normalizer_data-8fea05bee0bb4e49,libicu_collections-c6fe9f2a7859138d,libutf8_iter-51566bbad89f3a68,libpotential_utf-dfc67b58ecdfe49f,libicu_provider-8783da9d10afb86f,libicu_locale_core-c21231f2847d47a1,libtinystr-a20e7e786d319adc,liblitemap-dc288f07f8f61193,libwriteable-48b3e52227924bb5,libzerovec-ca67d97079b95e44,libzerotrie-7f914fcdb1665125,libyoke-a73bb16c30c8666f,libstable_deref_trait-63cbf3f3d3f94e56,libzerofrom-3c4bc0c4c9717ce1,libprefix_trie-cb3c198a9ce267eb,libeither-ee1ed391f5dfcb09,libhyper_rustls-0e7c497816395b34,libtokio_rustls-5c5d46d5331921fe,libhyper_util-d56872a09ccd62b7,libtower_service-3fb88d28c2218805,libfutures_util-902ebd335b700143,libfutures_io-3814ffd654d7040e,libfutures_task-36f327cfab86eddc,librustls_native_certs-3469d38d03512d26,libopenssl_probe-6b1b371432012237,libdashmap-5e60118850225f3a,libhashbrown-7535884dad52ee2f,libcrossbeam_utils-f696a08ab1e94e7a,libcgi_response-d132d0aaa94c45ca,libcgi_request-3e32a8d94d518381,libhyper-593d45c522499b85,libwant-7a6260b9c50f1479,libtry_lock-8fa2f6971035be84,libhttparse-8c9b827b8f345444,libh2-2565be75b7068288,libindexmap-0d7f2c48190e6f4d,libequivalent-6a754676e6af62ae,libhashbrown-6b92ca17a46d4c7a,libslab-0582d648e59ab406,libfnv-79e2cbfbe03dcd16,libatomic_waker-06950c8c08d2b8fa,libhttpdate-331798cefc82cc7e,libfutures_channel-04b287164a72dbf0,libvane_core-ea46183dd39ecb3e,libdotenvy-6d8015f91495fe74,libfancy_regex-4e2b2bc6792e2e7d,libbit_set-0311c4fb3031ff2a,libbit_vec-b1d1b68c2b4b1dac,libregex_automata-3338b979eff3741a,libaho_corasick-fa94425a423a79cf,libregex_syntax-82a3ed13ffb50ce3,libtracing-9eee97829e9a368b,libtracing_core-7449bfa1ce7df632,libonce_cell-a797e138cdc25e52,libportable_atomic-b2c3e87a13df7d23,libguess-94b73b8152b9c0f9,librustls-62eb76871b3abe5a,libsubtle-9600f7efd1e82d97,libwebpki-edbab75ae002b2ce,libuntrusted-b2f816886faf2178,libaws_lc_rs-55ad0734d15807f3,libuntrusted-a7f0f384c8611dea,libaws_lc_sys-451f66b99c1d0ce0,libipnet-a72c624ee022d91c,libserde-cb5621b10015751b,libtokio_util-f5538d57ed41cc25,libfutures_core-1121ff913ed87f93,libfutures_sink-3971bde37bb30e19,libx509_parser-8ea53169f631f697,libdata_encoding-b17abe9da7ed756a,liblazy_static-3674be3f4245d19b,liboid_registry-7eb6c3eb548c3c25,libder_parser-004dac534278b197,libnum_bigint-914061b6a0c2b743,libnum_integer-e1dae9bde9b8ffd5,libasn1_rs-df615cbc976cb316,librusticata_macros-9b9d49d877d1a304,libnom-0c9803b862b97aa1,libthiserror-5e90adc18491a337,libnum_traits-61451ab850bd490d,libtime-028f82f5a26f646c,libtime_core-031b6ab885a7634b,libnum_conv-4e1233169d5eeba7,libderanged-d0114085ae3b02c5,libpowerfmt-f6019a2766e431f7,librustls_pki_types-fc5637970849fdde,libzeroize-7f213bea776ca5b6,libsha2-2edbde05afa56c65,libcpufeatures-6c1f78f4142e3013,libdigest-37911128cb3f988e,libctutils-b2e5e258ecc152e8,libcmov-3d0df6e9cd307b98,libconst_oid-58507ca40e062d76,libcrypto_common-d9a1919ab7df7cce,libgetrandom-e6b3974be7983fd3,librand_core-8437d288e8d1265c,libblock_buffer-343c6ba6311efb0a,libhybrid_array-e12d984bfbd21bdf,libtypenum-16ceaa0b6a024548,libbase64-32787b0325ea6df8,libserde_json-762fbe83a97b98d1,libmemchr-5cfa70d22cb32987,libzmij-ef63f1da73704b4c,libserde_core-97f4500d60ef6bf8,libhttp_body-8d8f9f8398f09fa7,libhttp-563f2cb150350555,libitoa-5de11b3b23bfe572,libtokio-589d705d0cdc1bd2,libsignal_hook_registry-97fb91977beb15cc,liberrno-40a43d7c8a9b8122,libsocket2-2367bcf2eb96355a,libbytes-2ed9460101f17bbf,libmio-755c4a8c7ad19644,liblog-f16ce4b64309590f,libparking_lot-080783593a730975,libparking_lot_core-bccd0786fb787739,liblibc-612664c2206eec43,libcfg_if-83060ec5685761ae,libsmallvec-bc3128fdd57228fc,liblock_api-16d46fed645f7bff,libscopeguard-7ec2214574194454,libpin_project_lite-0a15d51c77964692,libarc_swap-1b0c7080be28b8c0}.rlib" "<sysroot>/lib/rustlib/x86_64-unknown-linux-gnu/lib/{libstd-*,libpanic_unwind-*,libobject-*,libmemchr-*,libaddr2line-*,libgimli-*,libcfg_if-*,librustc_demangle-*,libstd_detect-*,libhashbrown-*,librustc_std_workspace_alloc-*,libminiz_oxide-*,libadler2-*,libunwind-*,liblibc-*,librustc_std_workspace_core-*,liballoc-*,libcore-*,libcompiler_builtins-*}.rlib" "-Wl,-Bdynamic" "-lgcc_s" "-lutil" "-lrt" "-lpthread" "-lm" "-ldl" "-lc" "-L" "/opt/rustwide/target/debug/deps/rustchGwbXK/raw-dylibs" "-B<sysroot>/lib/rustlib/x86_64-unknown-linux-gnu/bin/gcc-ld" "-fuse-ld=lld" "-Wl,--eh-frame-hdr" "-Wl,-z,noexecstack" "-L" "/opt/rustwide/target/debug/build/aws-lc-sys-7e5edd11d2cfc1da/out" "-L" "/opt/rustwide/target/debug/build/ring-89b5f15aa5b4fe1f/out" "-L" "<sysroot>/lib/rustlib/x86_64-unknown-linux-gnu/lib" "-o" "/opt/rustwide/target/debug/deps/udp_forward-120aba6a63a4c641" "-Wl,--gc-sections" "-pie" "-Wl,-z,relro,-z,now" "-nodefaultlibs"
[INFO] [stdout]   = note: some arguments are omitted. use `--verbose` to show all linker arguments
[INFO] [stdout]   = note: collect2: fatal error: ld terminated with signal 9 [Killed]
[INFO] [stdout]           compilation terminated.
[INFO] [stdout]           
[INFO] [stdout] 
[INFO] [stdout] 
[INFO] [stderr] error: could not compile `vane-engine` (test "udp_forward") due to 1 previous error
[INFO] running `Command { std: "docker" "inspect" "e6f4083b66ff41f3e4f8009f3267520ff5930c3650eeebd58b17dbb0142e4674", kill_on_drop: false }`
[INFO] running `Command { std: "docker" "rm" "-f" "e6f4083b66ff41f3e4f8009f3267520ff5930c3650eeebd58b17dbb0142e4674", kill_on_drop: false }`
[INFO] [stdout] e6f4083b66ff41f3e4f8009f3267520ff5930c3650eeebd58b17dbb0142e4674
