[INFO] fetching crate vampiro-seam-analysis 0.6.0...
[INFO] testing vampiro-seam-analysis-0.6.0 against 1.99.0-beta.8 for beta-1.100-2
[INFO] extracting crate vampiro-seam-analysis 0.6.0 into /workspace/builds/worker-0-tc1/source
[INFO] started tweaking crates.io crate vampiro-seam-analysis 0.6.0
[INFO] removed 0 missing tests
[INFO] finished tweaking crates.io crate vampiro-seam-analysis 0.6.0
[INFO] tweaked toml for crates.io crate vampiro-seam-analysis 0.6.0 written to /workspace/builds/worker-0-tc1/source/Cargo.toml
[INFO] validating manifest of crates.io crate vampiro-seam-analysis 0.6.0 on toolchain 1.99.0-beta.8
[INFO] running `Command { std: CARGO_HOME="/workspace/cargo-home" RUSTUP_HOME="/workspace/rustup-home" "/workspace/cargo-home/bin/cargo" "+1.99.0-beta.8" "metadata" "--manifest-path" "Cargo.toml" "--no-deps", kill_on_drop: false }`
[INFO] crate crates.io crate vampiro-seam-analysis 0.6.0 already has a lockfile, it will not be regenerated
[INFO] running `Command { std: CARGO_HOME="/workspace/cargo-home" RUSTUP_HOME="/workspace/rustup-home" "/workspace/cargo-home/bin/cargo" "+1.99.0-beta.8" "fetch" "--manifest-path" "Cargo.toml", kill_on_drop: false }`
[INFO] [stderr]     Updating crates.io index
[INFO] [stderr]  Downloading crates ...
[INFO] [stderr]   Downloaded vampiro-cir v0.6.0
[INFO] running `Command { std: "docker" "create" "-v" "/var/lib/crater-agent-workspace/builds/worker-0-tc1/source:/opt/rustwide/workdir:ro,Z" "-v" "/var/lib/crater-agent-workspace/builds/worker-0-tc1/target:/opt/rustwide/target:rw,Z" "-v" "/var/lib/crater-agent-workspace/cargo-home:/opt/rustwide/cargo-home:ro,Z" "-v" "/var/lib/crater-agent-workspace/rustup-home:/opt/rustwide/rustup-home:ro,Z" "-m" "1610612736" "--network" "none" "ghcr.io/rust-lang/crates-build-env/linux@sha256:3111399a4047eeb3a02b7a90e478d715f38a8c6669b5c4b49d30a17385265909" "sleep" "infinity", kill_on_drop: false }`
[INFO] [stdout] 9e7c9b15a83ddd1afe10112236f15f1ffcfd221744b60db5596ea7ed02224a2c
[INFO] running `Command { std: "docker" "start" "9e7c9b15a83ddd1afe10112236f15f1ffcfd221744b60db5596ea7ed02224a2c", kill_on_drop: false }`
[INFO] running `Command { std: "docker" "inspect" "9e7c9b15a83ddd1afe10112236f15f1ffcfd221744b60db5596ea7ed02224a2c", kill_on_drop: false }`
[INFO] running `Command { std: "docker" "exec" "-e" "SOURCE_DIR=/opt/rustwide/workdir" "-e" "CARGO_HOME=/opt/rustwide/cargo-home" "-e" "RUSTUP_HOME=/opt/rustwide/rustup-home" "-e" "CARGO_TARGET_DIR=/opt/rustwide/target" "-w" "/opt/rustwide/workdir" "--user" "0:0" "9e7c9b15a83ddd1afe10112236f15f1ffcfd221744b60db5596ea7ed02224a2c" "/opt/rustwide/cargo-home/bin/cargo" "+1.99.0-beta.8" "metadata" "--no-deps" "--format-version=1", kill_on_drop: false }`
[INFO] running `Command { std: "docker" "inspect" "9e7c9b15a83ddd1afe10112236f15f1ffcfd221744b60db5596ea7ed02224a2c", kill_on_drop: false }`
[INFO] running `Command { std: "docker" "exec" "-e" "SOURCE_DIR=/opt/rustwide/workdir" "-e" "CARGO_HOME=/opt/rustwide/cargo-home" "-e" "RUSTUP_HOME=/opt/rustwide/rustup-home" "-e" "CARGO_TARGET_DIR=/opt/rustwide/target" "-e" "CARGO_INCREMENTAL=0" "-e" "RUST_BACKTRACE=full" "-e" "RUSTFLAGS=--cap-lints=warn" "-e" "RUSTDOCFLAGS=--cap-lints=warn" "-w" "/opt/rustwide/workdir" "--user" "0:0" "9e7c9b15a83ddd1afe10112236f15f1ffcfd221744b60db5596ea7ed02224a2c" "/opt/rustwide/cargo-home/bin/cargo" "+1.99.0-beta.8" "build" "--frozen" "--message-format=json", kill_on_drop: false }`
[INFO] [stderr]    Compiling generic-array v0.14.7
[INFO] [stderr]    Compiling proc-macro2 v1.0.107
[INFO] [stderr]    Compiling typenum v1.20.1
[INFO] [stderr]    Compiling quote v1.0.47
[INFO] [stderr]    Compiling serde v1.0.229
[INFO] [stderr]    Compiling cpufeatures v0.2.17
[INFO] [stderr]    Compiling serde_core v1.0.229
[INFO] [stderr]    Compiling syn v3.0.3
[INFO] [stderr]    Compiling crypto-common v0.1.7
[INFO] [stderr]    Compiling block-buffer v0.10.4
[INFO] [stderr]    Compiling digest v0.10.7
[INFO] [stderr]    Compiling sha2 v0.10.9
[INFO] [stderr]    Compiling serde_json v1.0.151
[INFO] [stderr]    Compiling serde_derive v1.0.229
[INFO] [stderr]    Compiling vampiro-cir v0.6.0
[INFO] [stderr]    Compiling vampiro-seam-analysis v0.6.0 (/opt/rustwide/workdir)
[INFO] [stderr]     Finished `dev` profile [unoptimized + debuginfo] target(s) in 10.49s
[INFO] running `Command { std: "docker" "inspect" "9e7c9b15a83ddd1afe10112236f15f1ffcfd221744b60db5596ea7ed02224a2c", kill_on_drop: false }`
[INFO] running `Command { std: "docker" "exec" "-e" "SOURCE_DIR=/opt/rustwide/workdir" "-e" "CARGO_HOME=/opt/rustwide/cargo-home" "-e" "RUSTUP_HOME=/opt/rustwide/rustup-home" "-e" "CARGO_TARGET_DIR=/opt/rustwide/target" "-e" "CARGO_INCREMENTAL=0" "-e" "RUST_BACKTRACE=full" "-e" "RUSTFLAGS=--cap-lints=warn" "-e" "RUSTDOCFLAGS=--cap-lints=warn" "-w" "/opt/rustwide/workdir" "--user" "0:0" "9e7c9b15a83ddd1afe10112236f15f1ffcfd221744b60db5596ea7ed02224a2c" "/opt/rustwide/cargo-home/bin/cargo" "+1.99.0-beta.8" "test" "--frozen" "--no-run" "--message-format=json", kill_on_drop: false }`
[INFO] [stderr]    Compiling vampiro-seam-analysis v0.6.0 (/opt/rustwide/workdir)
[INFO] [stdout] error[E0432]: unresolved import `vampiro_rust_frontend`
[INFO] [stdout]   --> tests/composition_e2e.rs:12:5
[INFO] [stdout]    |
[INFO] [stdout] 12 | use vampiro_rust_frontend::RustFrontend;
[INFO] [stdout]    |     ^^^^^^^^^^^^^^^^^^^^^ use of unresolved module or unlinked crate `vampiro_rust_frontend`
[INFO] [stdout]    |
[INFO] [stdout]    = help: if you wanted to use a crate named `vampiro_rust_frontend`, use `cargo add vampiro_rust_frontend` to add it to your `Cargo.toml`
[INFO] [stdout] 
[INFO] [stdout] 
[INFO] [stdout] error[E0433]: cannot find module or crate `vampiro_rust_frontend` in this scope
[INFO] [stdout]   --> tests/modularity_e2e.rs:16:5
[INFO] [stdout]    |
[INFO] [stdout] 16 | use vampiro_rust_frontend::visibility_adapter::to_visibility_facts;
[INFO] [stdout]    |     ^^^^^^^^^^^^^^^^^^^^^ use of unresolved module or unlinked crate `vampiro_rust_frontend`
[INFO] [stdout]    |
[INFO] [stdout]    = help: if you wanted to use a crate named `vampiro_rust_frontend`, use `cargo add vampiro_rust_frontend` to add it to your `Cargo.toml`
[INFO] [stdout] 
[INFO] [stdout] 
[INFO] [stdout] error[E0432]: unresolved import `vampiro_rust_frontend`
[INFO] [stdout]   --> tests/modularity_e2e.rs:17:5
[INFO] [stdout]    |
[INFO] [stdout] 17 | use vampiro_rust_frontend::RustFrontend;
[INFO] [stdout]    |     ^^^^^^^^^^^^^^^^^^^^^ use of unresolved module or unlinked crate `vampiro_rust_frontend`
[INFO] [stdout]    |
[INFO] [stdout]    = help: if you wanted to use a crate named `vampiro_rust_frontend`, use `cargo add vampiro_rust_frontend` to add it to your `Cargo.toml`
[INFO] [stdout] 
[INFO] [stdout] 
[INFO] [stdout] error[E0432]: unresolved import `vampiro_rust_frontend`
[INFO] [stdout]   --> tests/stress_seeded_fixtures.rs:38:5
[INFO] [stdout]    |
[INFO] [stdout] 38 | use vampiro_rust_frontend::RustFrontend;
[INFO] [stdout]    |     ^^^^^^^^^^^^^^^^^^^^^ use of unresolved module or unlinked crate `vampiro_rust_frontend`
[INFO] [stdout]    |
[INFO] [stdout]    = help: if you wanted to use a crate named `vampiro_rust_frontend`, use `cargo add vampiro_rust_frontend` to add it to your `Cargo.toml`
[INFO] [stdout] 
[INFO] [stdout] 
[INFO] [stdout] For more information about this error, try `rustc --explain E0432`.
[INFO] [stdout] 
[INFO] [stderr] error: could not compile `vampiro-seam-analysis` (test "composition_e2e") due to 1 previous error
[INFO] [stderr] warning: build failed, waiting for other jobs to finish...
[INFO] [stdout] error[E0433]: cannot find module or crate `vampiro_rust_frontend` in this scope
[INFO] [stdout]    --> tests/stress_seeded_fixtures.rs:334:15
[INFO] [stdout]     |
[INFO] [stdout] 334 |     let vis = vampiro_rust_frontend::visibility_adapter::to_visibility_facts(&out);
[INFO] [stdout]     |               ^^^^^^^^^^^^^^^^^^^^^ use of unresolved module or unlinked crate `vampiro_rust_frontend`
[INFO] [stdout]     |
[INFO] [stdout]     = help: if you wanted to use a crate named `vampiro_rust_frontend`, use `cargo add vampiro_rust_frontend` to add it to your `Cargo.toml`
[INFO] [stdout] 
[INFO] [stdout] 
[INFO] [stdout] error[E0433]: cannot find module or crate `vampiro_rust_frontend` in this scope
[INFO] [stdout]    --> tests/stress_seeded_fixtures.rs:407:15
[INFO] [stdout]     |
[INFO] [stdout] 407 |     let vis = vampiro_rust_frontend::visibility_adapter::to_visibility_facts(&out);
[INFO] [stdout]     |               ^^^^^^^^^^^^^^^^^^^^^ use of unresolved module or unlinked crate `vampiro_rust_frontend`
[INFO] [stdout]     |
[INFO] [stdout]     = help: if you wanted to use a crate named `vampiro_rust_frontend`, use `cargo add vampiro_rust_frontend` to add it to your `Cargo.toml`
[INFO] [stdout] 
[INFO] [stdout] 
[INFO] [stdout] Some errors have detailed explanations: E0432, E0433.
[INFO] [stdout] 
[INFO] [stdout] For more information about an error, try `rustc --explain E0432`.
[INFO] [stdout] 
[INFO] [stderr] error: could not compile `vampiro-seam-analysis` (test "modularity_e2e") due to 2 previous errors
[INFO] [stdout] Some errors have detailed explanations: E0432, E0433.
[INFO] [stdout] 
[INFO] [stdout] For more information about an error, try `rustc --explain E0432`.
[INFO] [stdout] 
[INFO] [stderr] error: could not compile `vampiro-seam-analysis` (test "stress_seeded_fixtures") due to 3 previous errors
[INFO] running `Command { std: "docker" "inspect" "9e7c9b15a83ddd1afe10112236f15f1ffcfd221744b60db5596ea7ed02224a2c", kill_on_drop: false }`
[INFO] running `Command { std: "docker" "rm" "-f" "9e7c9b15a83ddd1afe10112236f15f1ffcfd221744b60db5596ea7ed02224a2c", kill_on_drop: false }`
[INFO] [stdout] 9e7c9b15a83ddd1afe10112236f15f1ffcfd221744b60db5596ea7ed02224a2c
