[INFO] fetching crate vade-sidetree-client 0.1.0...
[INFO] testing vade-sidetree-client-0.1.0 against 1.100.0-beta.1 for beta-1.100-2
[INFO] extracting crate vade-sidetree-client 0.1.0 into /workspace/builds/worker-0-tc2/source
[INFO] started tweaking crates.io crate vade-sidetree-client 0.1.0
[INFO] finished tweaking crates.io crate vade-sidetree-client 0.1.0
[INFO] tweaked toml for crates.io crate vade-sidetree-client 0.1.0 written to /workspace/builds/worker-0-tc2/source/Cargo.toml
[INFO] validating manifest of crates.io crate vade-sidetree-client 0.1.0 on toolchain 1.100.0-beta.1
[INFO] running `Command { std: CARGO_HOME="/workspace/cargo-home" RUSTUP_HOME="/workspace/rustup-home" "/workspace/cargo-home/bin/cargo" "+1.100.0-beta.1" "metadata" "--manifest-path" "Cargo.toml" "--no-deps", kill_on_drop: false }`
[INFO] running `Command { std: CARGO_HOME="/workspace/cargo-home" RUSTUP_HOME="/workspace/rustup-home" "/workspace/cargo-home/bin/cargo" "+1.100.0-beta.1" "generate-lockfile" "--manifest-path" "Cargo.toml", kill_on_drop: false }`
[INFO] [stderr]     Updating crates.io index
[INFO] [stderr]      Locking 95 packages to highest compatible versions
[INFO] [stderr]       Adding base64 v0.13.1 (available: v0.23.1)
[INFO] [stderr]       Adding bitflags v1.3.2 (available: v2.13.2)
[INFO] [stderr]       Adding getrandom v0.2.17 (available: v0.4.3)
[INFO] [stderr]       Adding libsecp256k1 v0.3.5 (available: v0.7.2)
[INFO] [stderr]       Adding multihash v0.13.2 (available: v0.19.5)
[INFO] [stderr]       Adding serde_jcs v0.1.0 (available: v0.2.0)
[INFO] [stderr]       Adding sha2 v0.9.9 (available: v0.11.0)
[INFO] running `Command { std: CARGO_HOME="/workspace/cargo-home" RUSTUP_HOME="/workspace/rustup-home" "/workspace/cargo-home/bin/cargo" "+1.100.0-beta.1" "fetch" "--manifest-path" "Cargo.toml", kill_on_drop: false }`
[INFO] running `Command { std: "docker" "create" "-v" "/var/lib/crater-agent-workspace/builds/worker-0-tc2/source:/opt/rustwide/workdir:ro,Z" "-v" "/var/lib/crater-agent-workspace/builds/worker-0-tc2/target:/opt/rustwide/target:rw,Z" "-v" "/var/lib/crater-agent-workspace/cargo-home:/opt/rustwide/cargo-home:ro,Z" "-v" "/var/lib/crater-agent-workspace/rustup-home:/opt/rustwide/rustup-home:ro,Z" "-m" "1610612736" "--network" "none" "ghcr.io/rust-lang/crates-build-env/linux@sha256:3111399a4047eeb3a02b7a90e478d715f38a8c6669b5c4b49d30a17385265909" "sleep" "infinity", kill_on_drop: false }`
[INFO] [stdout] 5edacee213fc33811d2e455b39467c2b4cb5c5399a13de6faaac0ef4130d17b7
[INFO] running `Command { std: "docker" "start" "5edacee213fc33811d2e455b39467c2b4cb5c5399a13de6faaac0ef4130d17b7", kill_on_drop: false }`
[INFO] running `Command { std: "docker" "inspect" "5edacee213fc33811d2e455b39467c2b4cb5c5399a13de6faaac0ef4130d17b7", kill_on_drop: false }`
[INFO] running `Command { std: "docker" "exec" "-e" "SOURCE_DIR=/opt/rustwide/workdir" "-e" "CARGO_HOME=/opt/rustwide/cargo-home" "-e" "RUSTUP_HOME=/opt/rustwide/rustup-home" "-e" "CARGO_TARGET_DIR=/opt/rustwide/target" "-w" "/opt/rustwide/workdir" "--user" "0:0" "5edacee213fc33811d2e455b39467c2b4cb5c5399a13de6faaac0ef4130d17b7" "/opt/rustwide/cargo-home/bin/cargo" "+1.100.0-beta.1" "metadata" "--no-deps" "--format-version=1", kill_on_drop: false }`
[INFO] running `Command { std: "docker" "inspect" "5edacee213fc33811d2e455b39467c2b4cb5c5399a13de6faaac0ef4130d17b7", kill_on_drop: false }`
[INFO] running `Command { std: "docker" "exec" "-e" "SOURCE_DIR=/opt/rustwide/workdir" "-e" "CARGO_HOME=/opt/rustwide/cargo-home" "-e" "RUSTUP_HOME=/opt/rustwide/rustup-home" "-e" "CARGO_TARGET_DIR=/opt/rustwide/target" "-e" "CARGO_INCREMENTAL=0" "-e" "RUST_BACKTRACE=full" "-e" "RUSTFLAGS=--cap-lints=warn" "-e" "RUSTDOCFLAGS=--cap-lints=warn" "-w" "/opt/rustwide/workdir" "--user" "0:0" "5edacee213fc33811d2e455b39467c2b4cb5c5399a13de6faaac0ef4130d17b7" "/opt/rustwide/cargo-home/bin/cargo" "+1.100.0-beta.1" "build" "--frozen" "--message-format=json", kill_on_drop: false }`
[INFO] [stderr]    Compiling generic-array v0.14.9
[INFO] [stderr]    Compiling cfg-if v1.0.5
[INFO] [stderr]    Compiling generic-array v0.12.4
[INFO] [stderr]    Compiling zerocopy v0.8.60
[INFO] [stderr]    Compiling syn v1.0.109
[INFO] [stderr]    Compiling getrandom v0.1.16
[INFO] [stderr]    Compiling proc-macro2 v1.0.107
[INFO] [stderr]    Compiling libc v0.2.190
[INFO] [stderr]    Compiling constant_time_eq v0.1.5
[INFO] [stderr]    Compiling cc v1.6.0
[INFO] [stderr]    Compiling subtle v2.6.1
[INFO] [stderr]    Compiling byte-tools v0.3.1
[INFO] [stderr]    Compiling arrayvec v0.5.2
[INFO] [stderr]    Compiling block-padding v0.2.1
[INFO] [stderr]    Compiling subtle v1.0.0
[INFO] [stderr]    Compiling toml_edit v0.19.15
[INFO] [stderr]    Compiling serde_json v1.0.151
[INFO] [stderr]    Compiling crunchy v0.2.4
[INFO] [stderr]    Compiling block-padding v0.1.5
[INFO] [stderr]    Compiling byteorder v1.5.0
[INFO] [stderr]    Compiling serde v1.0.229
[INFO] [stderr]    Compiling opaque-debug v0.2.3
[INFO] [stderr]    Compiling fake-simd v0.1.2
[INFO] [stderr]    Compiling unsigned-varint v0.5.1
[INFO] [stderr]    Compiling ryu-js v0.2.2
[INFO] [stderr]    Compiling bitflags v1.3.2
[INFO] [stderr]    Compiling base64 v0.13.1
[INFO] [stderr]    Compiling digest v0.8.1
[INFO] [stderr]    Compiling crypto-mac v0.7.0
[INFO] [stderr]    Compiling block-buffer v0.7.3
[INFO] [stderr]    Compiling hmac v0.7.1
[INFO] [stderr]    Compiling blake2b_simd v0.5.11
[INFO] [stderr]    Compiling sha2 v0.8.2
[INFO] [stderr]    Compiling blake2s_simd v0.5.11
[INFO] [stderr]    Compiling hmac-drbg v0.2.0
[INFO] [stderr]    Compiling digest v0.9.0
[INFO] [stderr]    Compiling block-buffer v0.9.0
[INFO] [stderr]    Compiling crypto-mac v0.8.0
[INFO] [stderr]    Compiling sha2 v0.9.9
[INFO] [stderr]    Compiling sha3 v0.9.1
[INFO] [stderr]    Compiling quote v1.0.47
[INFO] [stderr]    Compiling getrandom v0.2.17
[INFO] [stderr]    Compiling syn v3.0.6
[INFO] [stderr]    Compiling rand_core v0.5.1
[INFO] [stderr]    Compiling proc-macro-error-attr v1.0.4
[INFO] [stderr]    Compiling proc-macro-crate v1.3.1
[INFO] [stderr]    Compiling blake3 v0.3.8
[INFO] [stderr]    Compiling synstructure v0.12.6
[INFO] [stderr]    Compiling proc-macro-error v1.0.4
[INFO] [stderr]    Compiling multihash-derive v0.7.2
[INFO] [stderr]    Compiling multihash v0.13.2
[INFO] [stderr]    Compiling ppv-lite86 v0.2.21
[INFO] [stderr]    Compiling rand_chacha v0.2.2
[INFO] [stderr]    Compiling rand v0.7.3
[INFO] [stderr]    Compiling libsecp256k1 v0.3.5
[INFO] [stderr]    Compiling serde_derive v1.0.229
[INFO] [stderr]    Compiling serde_jcs v0.1.0
[INFO] [stderr]    Compiling vade-sidetree-client v0.1.0 (/opt/rustwide/workdir)
[INFO] [stdout] error[E0433]: cannot find `TaggedContentVisitor` in `de`
[INFO] [stdout]   --> src/lib.rs:63:28
[INFO] [stdout]    |
[INFO] [stdout] 63 | #[derive(Debug, Serialize, Deserialize, Clone)]
[INFO] [stdout]    |                            ^^^^^^^^^^^ could not find `TaggedContentVisitor` in `de`
[INFO] [stdout]    |
[INFO] [stdout] note: found an item that was configured out
[INFO] [stdout]   --> /opt/rustwide/cargo-home/registry/src/index.crates.io-1949cf8c6b5b557f/serde-1.0.229/src/private/de.rs:16:79
[INFO] [stdout]    |
[INFO] [stdout] 12 | #[cfg(any(feature = "std", feature = "alloc"))]
[INFO] [stdout]    |          ------------------------------------ the item is gated here
[INFO] [stdout] ...
[INFO] [stdout] 16 |     TagContentOtherFieldVisitor, TagOrContentField, TagOrContentFieldVisitor, TaggedContentVisitor,
[INFO] [stdout]    |                                                                               ^^^^^^^^^^^^^^^^^^^^
[INFO] [stdout]    = note: this error originates in the derive macro `Deserialize` (in Nightly builds, run with -Z macro-backtrace for more info)
[INFO] [stdout] 
[INFO] [stdout] 
[INFO] [stdout] error[E0433]: cannot find `ContentDeserializer` in `de`
[INFO] [stdout]   --> src/lib.rs:63:28
[INFO] [stdout]    |
[INFO] [stdout] 63 | #[derive(Debug, Serialize, Deserialize, Clone)]
[INFO] [stdout]    |                            ^^^^^^^^^^^ could not find `ContentDeserializer` in `de`
[INFO] [stdout]    |
[INFO] [stdout] note: found an item that was configured out
[INFO] [stdout]   --> /opt/rustwide/cargo-home/registry/src/index.crates.io-1949cf8c6b5b557f/serde-1.0.229/src/private/de.rs:14:30
[INFO] [stdout]    |
[INFO] [stdout] 12 | #[cfg(any(feature = "std", feature = "alloc"))]
[INFO] [stdout]    |          ------------------------------------ the item is gated here
[INFO] [stdout] 13 | pub use self::content::{
[INFO] [stdout] 14 |     content_as_str, Content, ContentDeserializer, ContentRefDeserializer, ContentVisitor,
[INFO] [stdout]    |                              ^^^^^^^^^^^^^^^^^^^
[INFO] [stdout]    = note: this error originates in the derive macro `Deserialize` (in Nightly builds, run with -Z macro-backtrace for more info)
[INFO] [stdout] 
[INFO] [stdout] 
[INFO] [stdout] error[E0433]: cannot find `InternallyTaggedUnitVisitor` in `de`
[INFO] [stdout]   --> src/lib.rs:63:28
[INFO] [stdout]    |
[INFO] [stdout] 63 | #[derive(Debug, Serialize, Deserialize, Clone)]
[INFO] [stdout]    |                            ^^^^^^^^^^^ could not find `InternallyTaggedUnitVisitor` in `de`
[INFO] [stdout]    |
[INFO] [stdout] note: found an item that was configured out
[INFO] [stdout]   --> /opt/rustwide/cargo-home/registry/src/index.crates.io-1949cf8c6b5b557f/serde-1.0.229/src/private/de.rs:15:23
[INFO] [stdout]    |
[INFO] [stdout] 12 | #[cfg(any(feature = "std", feature = "alloc"))]
[INFO] [stdout]    |          ------------------------------------ the item is gated here
[INFO] [stdout] ...
[INFO] [stdout] 15 |     EnumDeserializer, InternallyTaggedUnitVisitor, TagContentOtherField,
[INFO] [stdout]    |                       ^^^^^^^^^^^^^^^^^^^^^^^^^^^
[INFO] [stdout]    = note: this error originates in the derive macro `Deserialize` (in Nightly builds, run with -Z macro-backtrace for more info)
[INFO] [stdout] 
[INFO] [stdout] 
[INFO] [stdout] warning: use of deprecated method `sha2::digest::generic_array::GenericArray::<T, N>::as_slice`: please upgrade to generic-array 1.x
[INFO] [stdout]    --> src/operations.rs:326:61
[INFO] [stdout]     |
[INFO] [stdout] 326 |     let (signed_data, _) = update_keypair.sign(message_hash.as_slice());
[INFO] [stdout]     |                                                             ^^^^^^^^
[INFO] [stdout]     |
[INFO] [stdout]     = note: `#[warn(deprecated)]` on by default
[INFO] [stdout] 
[INFO] [stdout] 
[INFO] [stdout] warning: use of deprecated method `sha2::digest::generic_array::GenericArray::<T, N>::as_slice`: please upgrade to generic-array 1.x
[INFO] [stdout]    --> src/operations.rs:405:63
[INFO] [stdout]     |
[INFO] [stdout] 405 |     let (signed_data, _) = recovery_keypair.sign(message_hash.as_slice());
[INFO] [stdout]     |                                                               ^^^^^^^^
[INFO] [stdout] 
[INFO] [stdout] 
[INFO] [stdout] warning: use of deprecated method `sha2::digest::generic_array::GenericArray::<T, N>::as_slice`: please upgrade to generic-array 1.x
[INFO] [stdout]    --> src/operations.rs:473:63
[INFO] [stdout]     |
[INFO] [stdout] 473 |     let (signed_data, _) = recovery_keypair.sign(message_hash.as_slice());
[INFO] [stdout]     |                                                               ^^^^^^^^
[INFO] [stdout] 
[INFO] [stdout] 
[INFO] [stdout] For more information about this error, try `rustc --explain E0433`.
[INFO] [stdout] 
[INFO] [stderr] error: could not compile `vade-sidetree-client` (lib) due to 3 previous errors; 3 warnings emitted
[INFO] [stderr] warning: unused dependency `bitflags`
[INFO] [stderr]  --> Cargo.toml:4:15
[INFO] [stderr]   |
[INFO] [stderr] 4 | [dependencies.bitflags]
[INFO] [stderr]   |               ^^^^^^^^^
[INFO] [stderr]   |
[INFO] [stderr]   = note: `cargo::unused_dependencies` is set to `warn` by default
[INFO] [stderr] help: consider removing the dependency on `bitflags`
[INFO] [stderr] warning: `vade-sidetree-client` (manifest) generated 1 warning
[INFO] running `Command { std: "docker" "inspect" "5edacee213fc33811d2e455b39467c2b4cb5c5399a13de6faaac0ef4130d17b7", kill_on_drop: false }`
[INFO] running `Command { std: "docker" "rm" "-f" "5edacee213fc33811d2e455b39467c2b4cb5c5399a13de6faaac0ef4130d17b7", kill_on_drop: false }`
[INFO] [stdout] 5edacee213fc33811d2e455b39467c2b4cb5c5399a13de6faaac0ef4130d17b7
