[INFO] fetching crate vade-evan 0.3.0...
[INFO] testing vade-evan-0.3.0 against 1.100.0-beta.1 for beta-1.100-2
[INFO] extracting crate vade-evan 0.3.0 into /workspace/builds/worker-6-tc2/source
[INFO] removed /workspace/builds/worker-6-tc2/source/.cargo/config
[INFO] started tweaking crates.io crate vade-evan 0.3.0
[INFO] finished tweaking crates.io crate vade-evan 0.3.0
[INFO] tweaked toml for crates.io crate vade-evan 0.3.0 written to /workspace/builds/worker-6-tc2/source/Cargo.toml
[INFO] validating manifest of crates.io crate vade-evan 0.3.0 on toolchain 1.100.0-beta.1
[INFO] running `Command { std: CARGO_HOME="/workspace/cargo-home" RUSTUP_HOME="/workspace/rustup-home" "/workspace/cargo-home/bin/cargo" "+1.100.0-beta.1" "metadata" "--manifest-path" "Cargo.toml" "--no-deps", kill_on_drop: false }`
[INFO] crate crates.io crate vade-evan 0.3.0 already has a lockfile, it will not be regenerated
[INFO] running `Command { std: CARGO_HOME="/workspace/cargo-home" RUSTUP_HOME="/workspace/rustup-home" "/workspace/cargo-home/bin/cargo" "+1.100.0-beta.1" "fetch" "--manifest-path" "Cargo.toml", kill_on_drop: false }`
[INFO] [stderr] warning: `package.homepage` is redundant with `package.repository`
[INFO] [stderr]    --> Cargo.toml:98:12
[INFO] [stderr]     |
[INFO] [stderr]  98 | homepage = "https://github.com/evannetwork/vade-evan"
[INFO] [stderr]     |            ^^^^^^^^^^^^^^^^^^^^^^^^^^^^^^^^^^^^^^^^^^
[INFO] [stderr] ...
[INFO] [stderr] 103 | repository = "https://github.com/evannetwork/vade-evan"
[INFO] [stderr]     |              ------------------------------------------
[INFO] [stderr]     |
[INFO] [stderr]     = note: `cargo::redundant_homepage` is set to `warn` by default
[INFO] [stderr] help: consider removing `package.homepage`
[INFO] [stderr] warning: `vade-evan` (manifest) generated 1 warning
[INFO] running `Command { std: "docker" "create" "-v" "/var/lib/crater-agent-workspace/builds/worker-6-tc2/source:/opt/rustwide/workdir:ro,Z" "-v" "/var/lib/crater-agent-workspace/builds/worker-6-tc2/target:/opt/rustwide/target:rw,Z" "-v" "/var/lib/crater-agent-workspace/cargo-home:/opt/rustwide/cargo-home:ro,Z" "-v" "/var/lib/crater-agent-workspace/rustup-home:/opt/rustwide/rustup-home:ro,Z" "-m" "1610612736" "--network" "none" "ghcr.io/rust-lang/crates-build-env/linux@sha256:3111399a4047eeb3a02b7a90e478d715f38a8c6669b5c4b49d30a17385265909" "sleep" "infinity", kill_on_drop: false }`
[INFO] [stdout] d2d44f8f3319e7c9567a6c60c3f3c43b65ecbec6e2644c0a393d35285262efe7
[INFO] running `Command { std: "docker" "start" "d2d44f8f3319e7c9567a6c60c3f3c43b65ecbec6e2644c0a393d35285262efe7", kill_on_drop: false }`
[INFO] running `Command { std: "docker" "inspect" "d2d44f8f3319e7c9567a6c60c3f3c43b65ecbec6e2644c0a393d35285262efe7", kill_on_drop: false }`
[INFO] running `Command { std: "docker" "exec" "-e" "SOURCE_DIR=/opt/rustwide/workdir" "-e" "CARGO_HOME=/opt/rustwide/cargo-home" "-e" "RUSTUP_HOME=/opt/rustwide/rustup-home" "-e" "CARGO_TARGET_DIR=/opt/rustwide/target" "-w" "/opt/rustwide/workdir" "--user" "0:0" "d2d44f8f3319e7c9567a6c60c3f3c43b65ecbec6e2644c0a393d35285262efe7" "/opt/rustwide/cargo-home/bin/cargo" "+1.100.0-beta.1" "metadata" "--no-deps" "--format-version=1", kill_on_drop: false }`
[INFO] running `Command { std: "docker" "inspect" "d2d44f8f3319e7c9567a6c60c3f3c43b65ecbec6e2644c0a393d35285262efe7", kill_on_drop: false }`
[INFO] running `Command { std: "docker" "exec" "-e" "SOURCE_DIR=/opt/rustwide/workdir" "-e" "CARGO_HOME=/opt/rustwide/cargo-home" "-e" "RUSTUP_HOME=/opt/rustwide/rustup-home" "-e" "CARGO_TARGET_DIR=/opt/rustwide/target" "-e" "CARGO_INCREMENTAL=0" "-e" "RUST_BACKTRACE=full" "-e" "RUSTFLAGS=--cap-lints=warn" "-e" "RUSTDOCFLAGS=--cap-lints=warn" "-w" "/opt/rustwide/workdir" "--user" "0:0" "d2d44f8f3319e7c9567a6c60c3f3c43b65ecbec6e2644c0a393d35285262efe7" "/opt/rustwide/cargo-home/bin/cargo" "+1.100.0-beta.1" "build" "--frozen" "--message-format=json", kill_on_drop: false }`
[INFO] [stderr] warning: `package.homepage` is redundant with `package.repository`
[INFO] [stderr]    --> Cargo.toml:98:12
[INFO] [stderr]     |
[INFO] [stderr]  98 | homepage = "https://github.com/evannetwork/vade-evan"
[INFO] [stderr]     |            ^^^^^^^^^^^^^^^^^^^^^^^^^^^^^^^^^^^^^^^^^^
[INFO] [stderr] ...
[INFO] [stderr] 103 | repository = "https://github.com/evannetwork/vade-evan"
[INFO] [stderr]     |              ------------------------------------------
[INFO] [stderr]     |
[INFO] [stderr]     = note: `cargo::redundant_homepage` is set to `warn` by default
[INFO] [stderr] help: consider removing `package.homepage`
[INFO] [stderr] warning: `vade-evan` (manifest) generated 1 warning
[INFO] [stderr]    Compiling libc v0.2.108
[INFO] [stderr]    Compiling proc-macro2 v1.0.27
[INFO] [stderr]    Compiling unicode-xid v0.2.2
[INFO] [stderr]    Compiling syn v1.0.73
[INFO] [stderr]    Compiling autocfg v1.0.1
[INFO] [stderr]    Compiling version_check v0.9.3
[INFO] [stderr]    Compiling typenum v1.13.0
[INFO] [stderr]    Compiling serde_derive v1.0.126
[INFO] [stderr]    Compiling serde v1.0.126
[INFO] [stderr]    Compiling memchr v2.4.0
[INFO] [stderr]    Compiling log v0.4.14
[INFO] [stderr]    Compiling subtle v2.4.0
[INFO] [stderr]    Compiling byteorder v1.4.3
[INFO] [stderr]    Compiling pin-project-lite v0.2.7
[INFO] [stderr]    Compiling itoa v0.4.7
[INFO] [stderr]    Compiling futures-core v0.3.15
[INFO] [stderr]    Compiling bitflags v1.2.1
[INFO] [stderr]    Compiling bytes v1.0.1
[INFO] [stderr]    Compiling slab v0.4.3
[INFO] [stderr]    Compiling getrandom v0.1.16
[INFO] [stderr]    Compiling crunchy v0.2.2
[INFO] [stderr]    Compiling hashbrown v0.11.2
[INFO] [stderr]    Compiling arrayvec v0.5.2
[INFO] [stderr]    Compiling once_cell v1.8.0
[INFO] [stderr]    Compiling proc-macro-hack v0.5.19
[INFO] [stderr]    Compiling futures-sink v0.3.15
[INFO] [stderr]    Compiling indexmap v1.7.0
[INFO] [stderr]    Compiling num-traits v0.2.11
[INFO] [stderr]    Compiling generic-array v0.14.4
[INFO] [stderr]    Compiling cfg-if v0.1.10
[INFO] [stderr]    Compiling futures-macro v0.3.15
[INFO] [stderr]    Compiling regex-syntax v0.6.25
[INFO] [stderr]    Compiling futures-channel v0.3.15
[INFO] [stderr]    Compiling futures-task v0.3.15
[INFO] [stderr]    Compiling opaque-debug v0.3.0
[INFO] [stderr]    Compiling proc-macro-nested v0.1.7
[INFO] [stderr]    Compiling ryu v1.0.5
[INFO] [stderr]    Compiling num-integer v0.1.42
[INFO] [stderr]    Compiling jobserver v0.1.24
[INFO] [stderr]    Compiling num_cpus v1.13.0
[INFO] [stderr]    Compiling getrandom v0.2.3
[INFO] [stderr]    Compiling futures-util v0.3.15
[INFO] [stderr]    Compiling ppv-lite86 v0.2.10
[INFO] [stderr]    Compiling rand_core v0.5.1
[INFO] [stderr]    Compiling aho-corasick v0.7.18
[INFO] [stderr]    Compiling cc v1.0.73
[INFO] [stderr]    Compiling tracing-core v0.1.18
[INFO] [stderr]    Compiling quote v1.0.9
[INFO] [stderr]    Compiling either v1.6.1
[INFO] [stderr]    Compiling futures-io v0.3.15
[INFO] [stderr]    Compiling matches v0.1.8
[INFO] [stderr]    Compiling spin v0.5.2
[INFO] [stderr]    Compiling arrayref v0.3.6
[INFO] [stderr]    Compiling untrusted v0.7.1
[INFO] [stderr]    Compiling byte-tools v0.3.1
[INFO] [stderr]    Compiling c2-chacha v0.2.4
[INFO] [stderr]    Compiling rand_core v0.6.3
[INFO] [stderr]    Compiling percent-encoding v2.1.0
[INFO] [stderr]    Compiling serde_json v1.0.64
[INFO] [stderr]    Compiling base64 v0.13.0
[INFO] [stderr]    Compiling http v0.2.4
[INFO] [stderr]    Compiling generic-array v0.12.4
[INFO] [stderr]    Compiling tracing v0.1.26
[INFO] [stderr]    Compiling form_urlencoded v1.0.1
[INFO] [stderr]    Compiling rand_chacha v0.2.1
[INFO] [stderr]    Compiling pkg-config v0.3.19
[INFO] [stderr]    Compiling opaque-debug v0.2.3
[INFO] [stderr]    Compiling subtle v1.0.0
[INFO] [stderr]    Compiling digest v0.8.1
[INFO] [stderr]    Compiling rand v0.7.3
[INFO] [stderr]    Compiling tokio v1.7.1
[INFO] [stderr]    Compiling num-bigint v0.2.6
[INFO] [stderr]    Compiling block-padding v0.2.1
[INFO] [stderr]    Compiling crypto-mac v0.7.0
[INFO] [stderr]    Compiling httparse v1.4.1
[INFO] [stderr]    Compiling digest v0.9.0
[INFO] [stderr]    Compiling constant_time_eq v0.1.5
[INFO] [stderr]    Compiling crossbeam-utils v0.8.5
[INFO] [stderr]    Compiling block-buffer v0.9.0
[INFO] [stderr]    Compiling iovec v0.1.4
[INFO] [stderr]    Compiling mio v0.7.13
[INFO] [stderr]    Compiling memoffset v0.6.4
[INFO] [stderr]    Compiling tinyvec_macros v0.1.0
[INFO] [stderr]    Compiling scopeguard v1.1.0
[INFO] [stderr]    Compiling tinyvec v1.2.0
[INFO] [stderr]    Compiling hmac v0.7.1
[INFO] [stderr]    Compiling crypto-mac v0.8.0
[INFO] [stderr]    Compiling block-padding v0.1.5
[INFO] [stderr]    Compiling net2 v0.2.37
[INFO] [stderr]    Compiling try-lock v0.2.3
[INFO] [stderr]    Compiling radium v0.3.0
[INFO] [stderr]    Compiling cpufeatures v0.1.5
[INFO] [stderr]    Compiling crossbeam-epoch v0.9.5
[INFO] [stderr]    Compiling sha2 v0.9.5
[INFO] [stderr]    Compiling ring v0.16.20
[INFO] [stderr]    Compiling openssl-sys v0.9.65
[INFO] [stderr]    Compiling bitvec v0.17.4
[INFO] [stderr]    Compiling want v0.3.0
[INFO] [stderr]    Compiling mio v0.6.23
[INFO] [stderr]    Compiling block-buffer v0.7.3
[INFO] [stderr]    Compiling unicode-bidi v0.3.5
[INFO] [stderr]    Compiling miniz_oxide v0.4.4
[INFO] [stderr]    Compiling const-oid v0.6.2
[INFO] [stderr]    Compiling openssl v0.10.35
[INFO] [stderr]    Compiling tower-service v0.3.1
[INFO] [stderr]    Compiling keccak v0.1.0
[INFO] [stderr]    Compiling byte-slice-cast v0.3.5
[INFO] [stderr]    Compiling der v0.4.5
[INFO] [stderr]    Compiling atty v0.2.14
[INFO] [stderr]    Compiling lazycell v1.3.0
[INFO] [stderr]    Compiling fake-simd v0.1.2
[INFO] [stderr]    Compiling nodrop v0.1.14
[INFO] [stderr]    Compiling adler v1.0.2
[INFO] [stderr]    Compiling signature v1.3.2
[INFO] [stderr]    Compiling crypto-mac v0.11.1
[INFO] [stderr]    Compiling ff v0.10.1
[INFO] [stderr]    Compiling rand v0.4.6
[INFO] [stderr]    Compiling async-trait v0.1.50
[INFO] [stderr]    Compiling crc32fast v1.2.1
[INFO] [stderr]    Compiling glob v0.3.0
[INFO] [stderr]    Compiling termcolor v1.1.2
[INFO] [stderr]    Compiling native-tls v0.2.7
[INFO] [stderr]    Compiling base64 v0.12.3
[INFO] [stderr]    Compiling rayon-core v1.9.1
[INFO] [stderr]    Compiling unicode-normalization v0.1.19
[INFO] [stderr]    Compiling spki v0.4.1
[INFO] [stderr]    Compiling group v0.10.0
[INFO] [stderr]    Compiling hmac v0.11.0
[INFO] [stderr]    Compiling pkcs8 v0.7.6
[INFO] [stderr]    Compiling libsecp256k1-core v0.2.2
[INFO] [stderr]    Compiling socket2 v0.4.0
[INFO] [stderr]    Compiling nom v7.1.0
[INFO] [stderr]    Compiling bytes v0.5.6
[INFO] [stderr]    Compiling quick-error v1.2.3
[INFO] [stderr]    Compiling clang-sys v1.2.0
[INFO] [stderr]    Compiling httpdate v1.0.1
[INFO] [stderr]    Compiling cpufeatures v0.2.1
[INFO] [stderr]    Compiling encoding_rs v0.8.28
[INFO] [stderr]    Compiling openssl-probe v0.1.4
[INFO] [stderr]    Compiling gimli v0.23.0
[INFO] [stderr]    Compiling humantime v1.3.0
[INFO] [stderr]    Compiling crossbeam-deque v0.8.0
[INFO] [stderr]    Compiling sha2 v0.8.2
[INFO] [stderr]    Compiling crossbeam-channel v0.5.1
[INFO] [stderr]    Compiling time v0.1.43
[INFO] [stderr]    Compiling num-rational v0.2.4
[INFO] [stderr]    Compiling http-body v0.4.2
[INFO] [stderr]    Compiling num-iter v0.1.42
[INFO] [stderr]    Compiling regex v1.5.4
[INFO] [stderr]    Compiling num-complex v0.2.4
[INFO] [stderr]    Compiling rayon v1.5.1
[INFO] [stderr]    Compiling parking_lot_core v0.8.5
[INFO] [stderr]    Compiling pin-project-lite v0.1.12
[INFO] [stderr]    Compiling idna v0.2.3
[INFO] [stderr]    Compiling ref-cast v1.0.6
[INFO] [stderr]    Compiling object v0.23.0
[INFO] [stderr]    Compiling rustc-demangle v0.1.20
[INFO] [stderr]    Compiling maybe-uninit v2.0.0
[INFO] [stderr]    Compiling sp-std v2.0.1
[INFO] [stderr]    Compiling rustc-hex v2.1.0
[INFO] [stderr]    Compiling mime v0.3.16
[INFO] [stderr]    Compiling minimal-lexical v0.2.1
[INFO] [stderr]    Compiling uint v0.8.5
[INFO] [stderr]    Compiling libsecp256k1-gen-ecmult v0.2.1
[INFO] [stderr]    Compiling libsecp256k1-gen-genmult v0.2.1
[INFO] [stderr]    Compiling url v2.2.2
[INFO] [stderr]    Compiling sha3 v0.9.1
[INFO] [stderr]    Compiling cipher v0.3.0
[INFO] [stderr]    Compiling universal-hash v0.4.0
[INFO] [stderr]    Compiling fixed-hash v0.6.1
[INFO] [stderr]    Compiling rand_xorshift v0.2.0
[INFO] [stderr]    Compiling unicase v2.6.0
[INFO] [stderr]    Compiling proc-macro-error-attr v1.0.4
[INFO] [stderr]    Compiling libloading v0.7.0
[INFO] [stderr]    Compiling instant v0.1.9
[INFO] [stderr]    Compiling ipnet v2.3.1
[INFO] [stderr]    Compiling az v1.2.0
[INFO] [stderr]    Compiling lexical-core v0.7.6
[INFO] [stderr]    Compiling smallvec v1.6.1
[INFO] [stderr]    Compiling bindgen v0.59.2
[INFO] [stderr]    Compiling env_logger v0.7.1
[INFO] [stderr]    Compiling Inflector v0.11.4
[INFO] [stderr]    Compiling synstructure v0.12.4
[INFO] [stderr]    Compiling addr2line v0.14.1
[INFO] [stderr]    Compiling webpki v0.21.2
[INFO] [stderr]    Compiling sct v0.6.0
[INFO] [stderr]    Compiling rustls v0.19.1
[INFO] [stderr]    Compiling webpki-roots v0.21.1
[INFO] [stderr]    Compiling libsecp256k1 v0.5.0
[INFO] [stderr]    Compiling ed25519 v1.1.1
[INFO] [stderr]    Compiling blake3 v1.3.1
[INFO] [stderr]    Compiling hmac v0.8.1
[INFO] [stderr]    Compiling hkdf v0.8.0
[INFO] [stderr]    Compiling hmac-drbg v0.2.0
[INFO] [stderr]    Compiling lock_api v0.4.6
[INFO] [stderr]    Compiling blake2 v0.8.1
[INFO] [stderr]    Compiling nom v5.1.2
[INFO] [stderr]    Compiling proc-macro-error v1.0.4
[INFO] [stderr]    Compiling rustc-hash v1.1.0
[INFO] [stderr]    Compiling arrayvec v0.4.12
[INFO] [stderr]    Compiling peeking_take_while v0.1.2
[INFO] [stderr]    Compiling half v1.8.2
[INFO] [stderr]    Compiling shlex v1.1.0
[INFO] [stderr]    Compiling parity-util-mem v0.7.0
[INFO] [stderr]    Compiling fixed v1.10.0
[INFO] [stderr]    Compiling parking_lot v0.11.2
[INFO] [stderr]    Compiling libsecp256k1 v0.3.5
[INFO] [stderr]    Compiling hmac-drbg v0.3.0
[INFO] [stderr]    Compiling smallvec v0.6.14
[INFO] [stderr]    Compiling backtrace v0.3.57
[INFO] [stderr]    Compiling array-init v0.0.4
[INFO] [stderr]    Compiling blake3 v0.3.8
[INFO] [stderr]    Compiling cexpr v0.6.0
[INFO] [stderr]    Compiling rmp v0.8.9
[INFO] [stderr]    Compiling fs2 v0.4.3
[INFO] [stderr]    Compiling fxhash v0.2.1
[INFO] [stderr]    Compiling convert_case v0.4.0
[INFO] [stderr]    Compiling arrayvec v0.7.2
[INFO] [stderr]    Compiling bytemuck v1.8.0
[INFO] [stderr]    Compiling bs58 v0.4.0
[INFO] [stderr]    Compiling ryu-js v0.2.1
[INFO] [stderr]    Compiling sled v0.34.7
[INFO] [stderr]    Compiling mime_guess v2.0.3
[INFO] [stderr]    Compiling rustls v0.18.1
[INFO] [stderr]    Compiling polyval v0.5.3
[INFO] [stderr]    Compiling http-body v0.3.1
[INFO] [stderr]    Compiling zeroize_derive v1.1.0
[INFO] [stderr]    Compiling tokio-macros v1.3.0
[INFO] [stderr]    Compiling thiserror-impl v1.0.26
[INFO] [stderr]    Compiling tokio-macros v0.2.6
[INFO] [stderr]    Compiling zeroize v1.3.0
[INFO] [stderr]    Compiling tokio v0.2.25
[INFO] [stderr]    Compiling ref-cast-impl v1.0.6
[INFO] [stderr]    Compiling crypto-bigint v0.2.11
[INFO] [stderr]    Compiling curve25519-dalek v3.1.0
[INFO] [stderr]    Compiling impl-trait-for-tuples v0.1.3
[INFO] [stderr]    Compiling thiserror v1.0.26
[INFO] [stderr]    Compiling failure_derive v0.1.8
[INFO] [stderr]    Compiling pin-project-internal v1.0.7
[INFO] [stderr]    Compiling failure v0.1.8
[INFO] [stderr]    Compiling elliptic-curve v0.10.6
[INFO] [stderr]    Compiling ecdsa v0.12.4
[INFO] [stderr]    Compiling sp-debug-derive v2.0.1
[INFO] [stderr]    Compiling parity-util-mem-derive v0.1.0
[INFO] [stderr]    Compiling secrecy v0.6.0
[INFO] [stderr] error: could not compile `libsecp256k1` (lib)
[INFO] [stderr] 
[INFO] [stderr] Caused by:
[INFO] [stderr]   process didn't exit successfully: `/opt/rustwide/rustup-home/toolchains/1.100.0-beta.1-x86_64-unknown-linux-gnu/bin/rustc --crate-name secp256k1 --edition=2018 /opt/rustwide/cargo-home/registry/src/index.crates.io-1949cf8c6b5b557f/libsecp256k1-0.3.5/src/lib.rs --error-format=json --json=diagnostic-rendered-ansi,artifacts,future-incompat,unused-externs-silent --crate-type lib --emit=dep-info,metadata,link -C embed-bitcode=no -C debuginfo=2 --cfg 'feature="default"' --cfg 'feature="hmac"' --cfg 'feature="hmac-drbg"' --cfg 'feature="sha2"' --cfg 'feature="std"' --cfg 'feature="typenum"' --check-cfg 'cfg(docsrs,test)' --check-cfg 'cfg(feature, values("default", "hmac", "hmac-drbg", "sha2", "std", "typenum"))' -C metadata=686b20ae0f381ceb -C extra-filename=-f26ce06b96c7f235 --out-dir /opt/rustwide/target/debug/build/libsecp256k1/f26ce06b96c7f235/out -L dependency=/opt/rustwide/target/debug/build/block-buffer/f5bfb9c0bc0e623c/out -L dependency=/opt/rustwide/target/debug/build/block-padding/8ca575b6e87f8ff8/out -L dependency=/opt/rustwide/target/debug/build/byte-tools/59202f0f965332e3/out -L dependency=/opt/rustwide/target/debug/build/byteorder/e34f84c2083a6685/out -L dependency=/opt/rustwide/target/debug/build/c2-chacha/c4f373aade15aced/out -L dependency=/opt/rustwide/target/debug/build/cfg-if/3e7fc4e38d4a72b5/out -L dependency=/opt/rustwide/target/debug/build/crypto-mac/ade65ed3c3785701/out -L dependency=/opt/rustwide/target/debug/build/digest/dd71bd53485ed9a5/out -L dependency=/opt/rustwide/target/debug/build/fake-simd/17e3862452e60c28/out -L dependency=/opt/rustwide/target/debug/build/generic-array/0a288d63624261ba/out -L dependency=/opt/rustwide/target/debug/build/getrandom/e3cc0a35240d235c/out -L dependency=/opt/rustwide/target/debug/build/hmac/53618f3cdfa1316d/out -L dependency=/opt/rustwide/target/debug/build/libc/c8655ec9de44562c/out -L dependency=/opt/rustwide/target/debug/build/opaque-debug/89e52fcacc4e834f/out -L dependency=/opt/rustwide/target/debug/build/ppv-lite86/c6f18da16586a8ed/out -L dependency=/opt/rustwide/target/debug/build/rand_chacha/7fab1bb7d458dfae/out -L dependency=/opt/rustwide/target/debug/build/rand_core/5a6f955a45c518a6/out -L dependency=/opt/rustwide/target/debug/build/subtle/046265c652fdb4cb/out -L dependency=/opt/rustwide/target/debug/build/typenum/4f98fad70dee0913/out --extern arrayref=/opt/rustwide/target/debug/build/arrayref/25c9fb6ef5409f9c/out/libarrayref-25c9fb6ef5409f9c.rmeta --extern crunchy=/opt/rustwide/target/debug/build/crunchy/2c5f954be171a150/out/libcrunchy-2c5f954be171a150.rmeta --extern digest=/opt/rustwide/target/debug/build/digest/dd71bd53485ed9a5/out/libdigest-dd71bd53485ed9a5.rmeta --extern hmac_drbg=/opt/rustwide/target/debug/build/hmac-drbg/883ba9007bc0f26b/out/libhmac_drbg-883ba9007bc0f26b.rmeta --extern rand=/opt/rustwide/target/debug/build/rand/22b3eb1329023e11/out/librand-22b3eb1329023e11.rmeta --extern sha2=/opt/rustwide/target/debug/build/sha2/fa15edb0e39a1b45/out/libsha2-fa15edb0e39a1b45.rmeta --extern subtle=/opt/rustwide/target/debug/build/subtle/ffa44e1aa52090da/out/libsubtle-ffa44e1aa52090da.rmeta --extern typenum=/opt/rustwide/target/debug/build/typenum/4f98fad70dee0913/out/libtypenum-4f98fad70dee0913.rmeta --cap-lints allow --cap-lints=warn --force-warn=unused_crate_dependencies` (signal: 9, SIGKILL: kill)
[INFO] [stderr] warning: build failed, waiting for other jobs to finish...
[INFO] [stdout] error[E0061]: this method takes 2 arguments but 1 argument was supplied
[INFO] [stdout]    --> /opt/rustwide/cargo-home/registry/src/index.crates.io-1949cf8c6b5b557f/fixed-1.10.0/src/arith.rs:830:61
[INFO] [stdout]     |
[INFO] [stdout] 812 | / macro_rules! mul_div_fallback {
[INFO] [stdout] 813 | |     ($Single:ty, $Uns:ty, $Signedness:tt) => {
[INFO] [stdout] 814 | |         impl MulDivOverflow for $Single {
[INFO] [stdout] 815 | |             #[inline]
[INFO] [stdout] ...   |
[INFO] [stdout] 830 | |                     let (col12, carry_col3) = partial_col12.carrying_add(ll_rh);
[INFO] [stdout]     | |                                                             ^^^^^^^^^^^^------- argument #2 of type `bool` is missing
[INFO] [stdout] ...   |
[INFO] [stdout] 907 | |     };
[INFO] [stdout] 908 | | }
[INFO] [stdout]     | |_- this error originates in the macro `mul_div_fallback` which comes from the expansion of the macro `uint_impl`
[INFO] [stdout] ...
[INFO] [stdout] 914 |   mul_div_fallback! { u128, u128, Unsigned }
[INFO] [stdout]     |   ------------------------------------------ in this macro invocation
[INFO] [stdout]     |
[INFO] [stdout] note: the `carrying_add` call is resolved to the method in `core::num::<impl u128>`, shadowing the method of the same name on trait `arith::FallbackHelper`
[INFO] [stdout]    --> /opt/rustwide/cargo-home/registry/src/index.crates.io-1949cf8c6b5b557f/fixed-1.10.0/src/arith.rs:830:61
[INFO] [stdout]     |
[INFO] [stdout] 830 |                     let (col12, carry_col3) = partial_col12.carrying_add(ll_rh);
[INFO] [stdout]     |                                                             ^^^^^^^^^^^^ refers to `core::num::<impl u128>::carrying_add`
[INFO] [stdout] ...
[INFO] [stdout] 914 | mul_div_fallback! { u128, u128, Unsigned }
[INFO] [stdout]     | ------------------------------------------ in this macro invocation
[INFO] [stdout] note: method defined here
[INFO] [stdout]    --> /rustc/e3feeb59cd1bdd011a2bfcc0747b55125d9b8527/library/core/src/num/uint_macros.rs:3064:21
[INFO] [stdout]    --> /rustc/e3feeb59cd1bdd011a2bfcc0747b55125d9b8527/library/core/src/num/mod.rs:1359:4
[INFO] [stdout]    ::: /rustc/e3feeb59cd1bdd011a2bfcc0747b55125d9b8527/library/core/src/num/mod.rs:1385:5
[INFO] [stdout]     |
[INFO] [stdout]     = note: in this macro invocation
[INFO] [stdout] help: you might have meant to call the other method; you can use the fully-qualified path to call it explicitly
[INFO] [stdout]     |
[INFO] [stdout] 830 -                     let (col12, carry_col3) = partial_col12.carrying_add(ll_rh);
[INFO] [stdout] 830 +                     let (col12, carry_col3) = <_ as arith::FallbackHelper>::carrying_add(partial_col12, ll_rh);
[INFO] [stdout]     |
[INFO] [stdout] help: provide the argument
[INFO] [stdout]     |
[INFO] [stdout] 830 |                     let (col12, carry_col3) = partial_col12.carrying_add(ll_rh, /* bool */);
[INFO] [stdout]     |                                                                               ++++++++++++
[INFO] [stdout] 
[INFO] [stdout] 
[INFO] [stdout] error[E0599]: no method named `hi_lo` found for type `bool` in the current scope
[INFO] [stdout]    --> /opt/rustwide/cargo-home/registry/src/index.crates.io-1949cf8c6b5b557f/fixed-1.10.0/src/arith.rs:832:57
[INFO] [stdout]     |
[INFO] [stdout] 812 | macro_rules! mul_div_fallback {
[INFO] [stdout] ...
[INFO] [stdout] 832 |                     let (_, carry_col3_lo) = carry_col3.hi_lo();
[INFO] [stdout]     |                                                         ^^^^^ method not found in `bool`
[INFO] [stdout] ...
[INFO] [stdout] 914 | mul_div_fallback! { u128, u128, Unsigned }
[INFO] [stdout]     | ------------------------------------------ in this macro invocation
[INFO] [stdout]     |
[INFO] [stdout]     = help: items from traits can only be used if the trait is implemented and in scope
[INFO] [stdout] note: `FallbackHelper` defines an item `hi_lo`, perhaps you need to implement it
[INFO] [stdout]    --> /opt/rustwide/cargo-home/registry/src/index.crates.io-1949cf8c6b5b557f/fixed-1.10.0/src/arith.rs:673:1
[INFO] [stdout]     |
[INFO] [stdout] 673 | trait FallbackHelper: Sized {
[INFO] [stdout]     | ^^^^^^^^^^^^^^^^^^^^^^^^^^^
[INFO] [stdout] 
[INFO] [stdout] 
[INFO] [stdout] error[E0061]: this method takes 2 arguments but 1 argument was supplied
[INFO] [stdout]    --> /opt/rustwide/cargo-home/registry/src/index.crates.io-1949cf8c6b5b557f/fixed-1.10.0/src/arith.rs:859:57
[INFO] [stdout]     |
[INFO] [stdout] 812 | / macro_rules! mul_div_fallback {
[INFO] [stdout] 813 | |     ($Single:ty, $Uns:ty, $Signedness:tt) => {
[INFO] [stdout] 814 | |         impl MulDivOverflow for $Single {
[INFO] [stdout] 815 | |             #[inline]
[INFO] [stdout] ...   |
[INFO] [stdout] 859 | |                 let (col12, carry_col3) = partial_col12.carrying_add(ll_rh);
[INFO] [stdout]     | |                                                         ^^^^^^^^^^^^------- argument #2 of type `bool` is missing
[INFO] [stdout] ...   |
[INFO] [stdout] 907 | |     };
[INFO] [stdout] 908 | | }
[INFO] [stdout]     | |_- this error originates in the macro `mul_div_fallback` which comes from the expansion of the macro `uint_impl`
[INFO] [stdout] ...
[INFO] [stdout] 914 |   mul_div_fallback! { u128, u128, Unsigned }
[INFO] [stdout]     |   ------------------------------------------ in this macro invocation
[INFO] [stdout]     |
[INFO] [stdout] note: the `carrying_add` call is resolved to the method in `core::num::<impl u128>`, shadowing the method of the same name on trait `arith::FallbackHelper`
[INFO] [stdout]    --> /opt/rustwide/cargo-home/registry/src/index.crates.io-1949cf8c6b5b557f/fixed-1.10.0/src/arith.rs:859:57
[INFO] [stdout]     |
[INFO] [stdout] 859 |                 let (col12, carry_col3) = partial_col12.carrying_add(ll_rh);
[INFO] [stdout]     |                                                         ^^^^^^^^^^^^ refers to `core::num::<impl u128>::carrying_add`
[INFO] [stdout] ...
[INFO] [stdout] 914 | mul_div_fallback! { u128, u128, Unsigned }
[INFO] [stdout]     | ------------------------------------------ in this macro invocation
[INFO] [stdout] note: method defined here
[INFO] [stdout]    --> /rustc/e3feeb59cd1bdd011a2bfcc0747b55125d9b8527/library/core/src/num/uint_macros.rs:3064:21
[INFO] [stdout]    --> /rustc/e3feeb59cd1bdd011a2bfcc0747b55125d9b8527/library/core/src/num/mod.rs:1359:4
[INFO] [stdout]    ::: /rustc/e3feeb59cd1bdd011a2bfcc0747b55125d9b8527/library/core/src/num/mod.rs:1385:5
[INFO] [stdout]     |
[INFO] [stdout]     = note: in this macro invocation
[INFO] [stdout] help: you might have meant to call the other method; you can use the fully-qualified path to call it explicitly
[INFO] [stdout]     |
[INFO] [stdout] 859 -                 let (col12, carry_col3) = partial_col12.carrying_add(ll_rh);
[INFO] [stdout] 859 +                 let (col12, carry_col3) = <_ as arith::FallbackHelper>::carrying_add(partial_col12, ll_rh);
[INFO] [stdout]     |
[INFO] [stdout] help: provide the argument
[INFO] [stdout]     |
[INFO] [stdout] 859 |                 let (col12, carry_col3) = partial_col12.carrying_add(ll_rh, /* bool */);
[INFO] [stdout]     |                                                                           ++++++++++++
[INFO] [stdout] 
[INFO] [stdout] 
[INFO] [stdout] error[E0599]: no method named `hi_lo` found for type `bool` in the current scope
[INFO] [stdout]    --> /opt/rustwide/cargo-home/registry/src/index.crates.io-1949cf8c6b5b557f/fixed-1.10.0/src/arith.rs:861:53
[INFO] [stdout]     |
[INFO] [stdout] 812 | macro_rules! mul_div_fallback {
[INFO] [stdout] ...
[INFO] [stdout] 861 |                 let (_, carry_col3_lo) = carry_col3.hi_lo();
[INFO] [stdout]     |                                                     ^^^^^ method not found in `bool`
[INFO] [stdout] ...
[INFO] [stdout] 914 | mul_div_fallback! { u128, u128, Unsigned }
[INFO] [stdout]     | ------------------------------------------ in this macro invocation
[INFO] [stdout]     |
[INFO] [stdout]     = help: items from traits can only be used if the trait is implemented and in scope
[INFO] [stdout] note: `FallbackHelper` defines an item `hi_lo`, perhaps you need to implement it
[INFO] [stdout]    --> /opt/rustwide/cargo-home/registry/src/index.crates.io-1949cf8c6b5b557f/fixed-1.10.0/src/arith.rs:673:1
[INFO] [stdout]     |
[INFO] [stdout] 673 | trait FallbackHelper: Sized {
[INFO] [stdout]     | ^^^^^^^^^^^^^^^^^^^^^^^^^^^
[INFO] [stdout] 
[INFO] [stdout] 
[INFO] [stdout] Some errors have detailed explanations: E0061, E0599.
[INFO] [stdout] 
[INFO] [stdout] For more information about an error, try `rustc --explain E0061`.
[INFO] [stdout] 
[INFO] [stderr] error: could not compile `fixed` (lib) due to 4 previous errors
[INFO] running `Command { std: "docker" "inspect" "d2d44f8f3319e7c9567a6c60c3f3c43b65ecbec6e2644c0a393d35285262efe7", kill_on_drop: false }`
[INFO] running `Command { std: "docker" "rm" "-f" "d2d44f8f3319e7c9567a6c60c3f3c43b65ecbec6e2644c0a393d35285262efe7", kill_on_drop: false }`
[INFO] [stdout] d2d44f8f3319e7c9567a6c60c3f3c43b65ecbec6e2644c0a393d35285262efe7
