[INFO] fetching crate uor-matmul-gemm 0.1.0...
[INFO] testing uor-matmul-gemm-0.1.0 against 1.100.0-beta.1 for beta-1.100-2
[INFO] extracting crate uor-matmul-gemm 0.1.0 into /workspace/builds/worker-7-tc2/source
[INFO] started tweaking crates.io crate uor-matmul-gemm 0.1.0
[INFO] finished tweaking crates.io crate uor-matmul-gemm 0.1.0
[INFO] tweaked toml for crates.io crate uor-matmul-gemm 0.1.0 written to /workspace/builds/worker-7-tc2/source/Cargo.toml
[INFO] validating manifest of crates.io crate uor-matmul-gemm 0.1.0 on toolchain 1.100.0-beta.1
[INFO] running `Command { std: CARGO_HOME="/workspace/cargo-home" RUSTUP_HOME="/workspace/rustup-home" "/workspace/cargo-home/bin/cargo" "+1.100.0-beta.1" "metadata" "--manifest-path" "Cargo.toml" "--no-deps", kill_on_drop: false }`
[INFO] crate crates.io crate uor-matmul-gemm 0.1.0 already has a lockfile, it will not be regenerated
[INFO] running `Command { std: CARGO_HOME="/workspace/cargo-home" RUSTUP_HOME="/workspace/rustup-home" "/workspace/cargo-home/bin/cargo" "+1.100.0-beta.1" "fetch" "--manifest-path" "Cargo.toml", kill_on_drop: false }`
[INFO] [stderr] warning: `package.homepage` is redundant with `package.repository`
[INFO] [stderr]   --> Cargo.toml:52:12
[INFO] [stderr]    |
[INFO] [stderr] 52 | homepage = "https://github.com/UOR-Foundation/uor-matmul"
[INFO] [stderr]    |            ^^^^^^^^^^^^^^^^^^^^^^^^^^^^^^^^^^^^^^^^^^^^^^
[INFO] [stderr] ...
[INFO] [stderr] 57 | repository = "https://github.com/UOR-Foundation/uor-matmul"
[INFO] [stderr]    |              ----------------------------------------------
[INFO] [stderr]    |
[INFO] [stderr]    = note: `cargo::redundant_homepage` is set to `warn` by default
[INFO] [stderr] help: consider removing `package.homepage`
[INFO] [stderr] warning: `uor-matmul-gemm` (manifest) generated 1 warning
[INFO] running `Command { std: "docker" "create" "-v" "/var/lib/crater-agent-workspace/builds/worker-7-tc2/source:/opt/rustwide/workdir:ro,Z" "-v" "/var/lib/crater-agent-workspace/builds/worker-7-tc2/target:/opt/rustwide/target:rw,Z" "-v" "/var/lib/crater-agent-workspace/cargo-home:/opt/rustwide/cargo-home:ro,Z" "-v" "/var/lib/crater-agent-workspace/rustup-home:/opt/rustwide/rustup-home:ro,Z" "-m" "1610612736" "--network" "none" "ghcr.io/rust-lang/crates-build-env/linux@sha256:3111399a4047eeb3a02b7a90e478d715f38a8c6669b5c4b49d30a17385265909" "sleep" "infinity", kill_on_drop: false }`
[INFO] [stdout] ba8c8221f7d41d821b4539f0273eeb73ef6cf87f24698ad1646a614050b03b1a
[INFO] running `Command { std: "docker" "start" "ba8c8221f7d41d821b4539f0273eeb73ef6cf87f24698ad1646a614050b03b1a", kill_on_drop: false }`
[INFO] running `Command { std: "docker" "inspect" "ba8c8221f7d41d821b4539f0273eeb73ef6cf87f24698ad1646a614050b03b1a", kill_on_drop: false }`
[INFO] running `Command { std: "docker" "exec" "-e" "SOURCE_DIR=/opt/rustwide/workdir" "-e" "CARGO_HOME=/opt/rustwide/cargo-home" "-e" "RUSTUP_HOME=/opt/rustwide/rustup-home" "-e" "CARGO_TARGET_DIR=/opt/rustwide/target" "-w" "/opt/rustwide/workdir" "--user" "0:0" "ba8c8221f7d41d821b4539f0273eeb73ef6cf87f24698ad1646a614050b03b1a" "/opt/rustwide/cargo-home/bin/cargo" "+1.100.0-beta.1" "metadata" "--no-deps" "--format-version=1", kill_on_drop: false }`
[INFO] running `Command { std: "docker" "inspect" "ba8c8221f7d41d821b4539f0273eeb73ef6cf87f24698ad1646a614050b03b1a", kill_on_drop: false }`
[INFO] running `Command { std: "docker" "exec" "-e" "SOURCE_DIR=/opt/rustwide/workdir" "-e" "CARGO_HOME=/opt/rustwide/cargo-home" "-e" "RUSTUP_HOME=/opt/rustwide/rustup-home" "-e" "CARGO_TARGET_DIR=/opt/rustwide/target" "-e" "CARGO_INCREMENTAL=0" "-e" "RUST_BACKTRACE=full" "-e" "RUSTFLAGS=--cap-lints=warn" "-e" "RUSTDOCFLAGS=--cap-lints=warn" "-w" "/opt/rustwide/workdir" "--user" "0:0" "ba8c8221f7d41d821b4539f0273eeb73ef6cf87f24698ad1646a614050b03b1a" "/opt/rustwide/cargo-home/bin/cargo" "+1.100.0-beta.1" "build" "--frozen" "--message-format=json", kill_on_drop: false }`
[INFO] [stderr] warning: `package.homepage` is redundant with `package.repository`
[INFO] [stderr]   --> Cargo.toml:52:12
[INFO] [stderr]    |
[INFO] [stderr] 52 | homepage = "https://github.com/UOR-Foundation/uor-matmul"
[INFO] [stderr]    |            ^^^^^^^^^^^^^^^^^^^^^^^^^^^^^^^^^^^^^^^^^^^^^^
[INFO] [stderr] ...
[INFO] [stderr] 57 | repository = "https://github.com/UOR-Foundation/uor-matmul"
[INFO] [stderr]    |              ----------------------------------------------
[INFO] [stderr]    |
[INFO] [stderr]    = note: `cargo::redundant_homepage` is set to `warn` by default
[INFO] [stderr] help: consider removing `package.homepage`
[INFO] [stderr] warning: `uor-matmul-gemm` (manifest) generated 1 warning
[INFO] [stderr]    Compiling syn v2.0.119
[INFO] [stderr]    Compiling bytemuck_derive v1.11.0
[INFO] [stderr]    Compiling bytemuck v1.25.2
[INFO] [stderr]    Compiling uor-matmul-core v0.1.0
[INFO] [stderr]    Compiling uor-matmul-codec v0.1.0
[INFO] [stderr]    Compiling uor-matmul-kernels v0.1.0
[INFO] [stderr]    Compiling uor-matmul-gemm v0.1.0 (/opt/rustwide/workdir)
[INFO] [stderr]     Finished `dev` profile [unoptimized + debuginfo] target(s) in 27.09s
[INFO] running `Command { std: "docker" "inspect" "ba8c8221f7d41d821b4539f0273eeb73ef6cf87f24698ad1646a614050b03b1a", kill_on_drop: false }`
[INFO] running `Command { std: "docker" "exec" "-e" "SOURCE_DIR=/opt/rustwide/workdir" "-e" "CARGO_HOME=/opt/rustwide/cargo-home" "-e" "RUSTUP_HOME=/opt/rustwide/rustup-home" "-e" "CARGO_TARGET_DIR=/opt/rustwide/target" "-e" "CARGO_INCREMENTAL=0" "-e" "RUST_BACKTRACE=full" "-e" "RUSTFLAGS=--cap-lints=warn" "-e" "RUSTDOCFLAGS=--cap-lints=warn" "-w" "/opt/rustwide/workdir" "--user" "0:0" "ba8c8221f7d41d821b4539f0273eeb73ef6cf87f24698ad1646a614050b03b1a" "/opt/rustwide/cargo-home/bin/cargo" "+1.100.0-beta.1" "test" "--frozen" "--no-run" "--message-format=json", kill_on_drop: false }`
[INFO] [stderr] warning: `package.homepage` is redundant with `package.repository`
[INFO] [stderr]   --> Cargo.toml:52:12
[INFO] [stderr]    |
[INFO] [stderr] 52 | homepage = "https://github.com/UOR-Foundation/uor-matmul"
[INFO] [stderr]    |            ^^^^^^^^^^^^^^^^^^^^^^^^^^^^^^^^^^^^^^^^^^^^^^
[INFO] [stderr] ...
[INFO] [stderr] 57 | repository = "https://github.com/UOR-Foundation/uor-matmul"
[INFO] [stderr]    |              ----------------------------------------------
[INFO] [stderr]    |
[INFO] [stderr]    = note: `cargo::redundant_homepage` is set to `warn` by default
[INFO] [stderr] help: consider removing `package.homepage`
[INFO] [stderr] warning: `uor-matmul-gemm` (manifest) generated 1 warning
[INFO] [stderr]    Compiling uor-matmul-kernels v0.1.0
[INFO] [stderr]    Compiling uor-matmul-gemm v0.1.0 (/opt/rustwide/workdir)
[INFO] [stdout] error[E0433]: cannot find module or crate `uor_matmul_model` in this scope
[INFO] [stdout]    --> src/driver.rs:224:24
[INFO] [stdout]     |
[INFO] [stdout] 224 |         let expected = uor_matmul_model::derive::dense_reference_census(3, 7, 5, panel);
[INFO] [stdout]     |                        ^^^^^^^^^^^^^^^^ use of unresolved module or unlinked crate `uor_matmul_model`
[INFO] [stdout]     |
[INFO] [stdout] help: there is a crate or module with a similar name
[INFO] [stdout]     |
[INFO] [stdout] 224 -         let expected = uor_matmul_model::derive::dense_reference_census(3, 7, 5, panel);
[INFO] [stdout] 224 +         let expected = uor_matmul_codec::derive::dense_reference_census(3, 7, 5, panel);
[INFO] [stdout]     |
[INFO] [stdout] 
[INFO] [stdout] 
[INFO] [stdout] error[E0433]: cannot find module or crate `uor_matmul_model` in this scope
[INFO] [stdout]     --> src/float.rs:3092:13
[INFO] [stdout]      |
[INFO] [stdout] 3092 |             uor_matmul_model::derive::atlas_executed_work(
[INFO] [stdout]      |             ^^^^^^^^^^^^^^^^ use of unresolved module or unlinked crate `uor_matmul_model`
[INFO] [stdout]      |
[INFO] [stdout] help: there is a crate or module with a similar name
[INFO] [stdout]      |
[INFO] [stdout] 3092 -             uor_matmul_model::derive::atlas_executed_work(
[INFO] [stdout] 3092 +             uor_matmul_codec::derive::atlas_executed_work(
[INFO] [stdout]      |
[INFO] [stdout] 
[INFO] [stdout] 
[INFO] [stdout] error[E0433]: cannot find module or crate `uor_matmul_model` in this scope
[INFO] [stdout]     --> src/float.rs:3285:28
[INFO] [stdout]      |
[INFO] [stdout] 3285 |             let expected = uor_matmul_model::derive::atlas_uniform_census(
[INFO] [stdout]      |                            ^^^^^^^^^^^^^^^^ use of unresolved module or unlinked crate `uor_matmul_model`
[INFO] [stdout]      |
[INFO] [stdout] help: there is a crate or module with a similar name
[INFO] [stdout]      |
[INFO] [stdout] 3285 -             let expected = uor_matmul_model::derive::atlas_uniform_census(
[INFO] [stdout] 3285 +             let expected = uor_matmul_codec::derive::atlas_uniform_census(
[INFO] [stdout]      |
[INFO] [stdout] 
[INFO] [stdout] 
[INFO] [stdout] error[E0433]: cannot find module or crate `uor_matmul_model` in this scope
[INFO] [stdout]     --> src/float.rs:3840:31
[INFO] [stdout]      |
[INFO] [stdout] 3840 |                 let modeled = uor_matmul_model::derive::atlas_executed_work(
[INFO] [stdout]      |                               ^^^^^^^^^^^^^^^^ use of unresolved module or unlinked crate `uor_matmul_model`
[INFO] [stdout]      |
[INFO] [stdout] help: there is a crate or module with a similar name
[INFO] [stdout]      |
[INFO] [stdout] 3840 -                 let modeled = uor_matmul_model::derive::atlas_executed_work(
[INFO] [stdout] 3840 +                 let modeled = uor_matmul_codec::derive::atlas_executed_work(
[INFO] [stdout]      |
[INFO] [stdout] 
[INFO] [stdout] 
[INFO] [stdout] error[E0433]: cannot find module or crate `uor_matmul_model` in this scope
[INFO] [stdout]     --> src/tabulated.rs:6711:13
[INFO] [stdout]      |
[INFO] [stdout] 6711 |             uor_matmul_model::derive::f32_q_lane_capacity(
[INFO] [stdout]      |             ^^^^^^^^^^^^^^^^ use of unresolved module or unlinked crate `uor_matmul_model`
[INFO] [stdout]      |
[INFO] [stdout] help: there is a crate or module with a similar name
[INFO] [stdout]      |
[INFO] [stdout] 6711 -             uor_matmul_model::derive::f32_q_lane_capacity(
[INFO] [stdout] 6711 +             uor_matmul_codec::derive::f32_q_lane_capacity(
[INFO] [stdout]      |
[INFO] [stdout] 
[INFO] [stdout] 
[INFO] [stdout] For more information about this error, try `rustc --explain E0433`.
[INFO] [stdout] 
[INFO] [stderr] error: could not compile `uor-matmul-gemm` (lib test) due to 5 previous errors
[INFO] [stderr] warning: build failed, waiting for other jobs to finish...
[INFO] running `Command { std: "docker" "inspect" "ba8c8221f7d41d821b4539f0273eeb73ef6cf87f24698ad1646a614050b03b1a", kill_on_drop: false }`
[INFO] running `Command { std: "docker" "rm" "-f" "ba8c8221f7d41d821b4539f0273eeb73ef6cf87f24698ad1646a614050b03b1a", kill_on_drop: false }`
[INFO] [stdout] ba8c8221f7d41d821b4539f0273eeb73ef6cf87f24698ad1646a614050b03b1a
