[INFO] fetching crate unigraph_web_service 0.1.1-alpha.0...
[INFO] testing unigraph_web_service-0.1.1-alpha.0 against 1.99.0-beta.8 for beta-1.100-2
[INFO] extracting crate unigraph_web_service 0.1.1-alpha.0 into /workspace/builds/worker-1-tc1/source
[INFO] started tweaking crates.io crate unigraph_web_service 0.1.1-alpha.0
[INFO] finished tweaking crates.io crate unigraph_web_service 0.1.1-alpha.0
[INFO] tweaked toml for crates.io crate unigraph_web_service 0.1.1-alpha.0 written to /workspace/builds/worker-1-tc1/source/Cargo.toml
[INFO] validating manifest of crates.io crate unigraph_web_service 0.1.1-alpha.0 on toolchain 1.99.0-beta.8
[INFO] running `Command { std: CARGO_HOME="/workspace/cargo-home" RUSTUP_HOME="/workspace/rustup-home" "/workspace/cargo-home/bin/cargo" "+1.99.0-beta.8" "metadata" "--manifest-path" "Cargo.toml" "--no-deps", kill_on_drop: false }`
[INFO] crate crates.io crate unigraph_web_service 0.1.1-alpha.0 already has a lockfile, it will not be regenerated
[INFO] running `Command { std: CARGO_HOME="/workspace/cargo-home" RUSTUP_HOME="/workspace/rustup-home" "/workspace/cargo-home/bin/cargo" "+1.99.0-beta.8" "fetch" "--manifest-path" "Cargo.toml", kill_on_drop: false }`
[INFO] [stderr]     Updating crates.io index
[INFO] [stderr]  Downloading crates ...
[INFO] [stderr]   Downloaded unigraph_timestamp v0.1.1-alpha.0
[INFO] [stderr]   Downloaded unicode-ident v1.0.18
[INFO] [stderr]   Downloaded windows-interface v0.59.1
[INFO] [stderr]   Downloaded unigraph_storage_sqlite v0.1.1-alpha.0
[INFO] [stderr]   Downloaded iana-time-zone v0.1.63
[INFO] [stderr]   Downloaded parking_lot_core v0.9.11
[INFO] [stderr]   Downloaded ll v10.0.0
[INFO] [stderr]   Downloaded http-range-header v0.4.2
[INFO] [stderr]   Downloaded compression-core v0.4.31
[INFO] [stderr]   Downloaded typegen_derive v0.1.1-alpha.0
[INFO] [stderr]   Downloaded unigraph_delta_derive v0.1.1-alpha.0
[INFO] [stderr]   Downloaded unigraph_rpc v0.1.1-alpha.0
[INFO] [stderr]   Downloaded readonly v0.2.13
[INFO] [stderr]   Downloaded typegen v0.1.1-alpha.0
[INFO] [stderr]   Downloaded ll_macros v10.0.0
[INFO] [stderr]   Downloaded unigraph_serialization v0.1.1-alpha.0
[INFO] [stderr]   Downloaded multer v3.1.0
[INFO] [stderr]   Downloaded unigraph_delta v0.1.1-alpha.0
[INFO] [stderr]   Downloaded hashlink v0.10.0
[INFO] [stderr]   Downloaded redox_syscall v0.5.17
[INFO] [stderr]   Downloaded windows-implement v0.60.0
[INFO] [stderr]   Downloaded unigraph_storage_core v0.1.1-alpha.0
[INFO] [stderr]   Downloaded unigraph_metric_history v0.1.1-alpha.0
[INFO] [stderr]   Downloaded lru v0.16.4
[INFO] [stderr]   Downloaded simd-adler32 v0.3.8
[INFO] [stderr]   Downloaded tokio-tungstenite v0.29.0
[INFO] [stderr]   Downloaded parking_lot v0.12.4
[INFO] [stderr]   Downloaded data-encoding v2.10.0
[INFO] [stderr]   Downloaded lock_api v0.4.13
[INFO] [stderr]   Downloaded compression-codecs v0.4.37
[INFO] [stderr]   Downloaded axum-macros v0.5.1
[INFO] [stderr]   Downloaded toml_parser v1.0.9+spec-1.1.0
[INFO] [stderr]   Downloaded unigraph_db v0.1.1-alpha.0
[INFO] [stderr]   Downloaded unigraph_app v0.1.1-alpha.0
[INFO] [stderr]   Downloaded wit-bindgen v0.45.0
[INFO] [stderr]   Downloaded tungstenite v0.29.0
[INFO] [stderr]   Downloaded indexmap v2.12.0
[INFO] [stderr]   Downloaded zerocopy-derive v0.8.26
[INFO] [stderr]   Downloaded async-compression v0.4.41
[INFO] [stderr]   Downloaded cc v1.2.34
[INFO] [stderr]   Downloaded wasi v0.14.3+wasi-0.2.4
[INFO] [stderr]   Downloaded unigraph_core v0.1.1-alpha.0
[INFO] [stderr]   Downloaded futures v0.1.31
[INFO] [stderr]   Downloaded axum v0.8.9
[INFO] [stderr]   Downloaded winnow v0.7.13
[INFO] [stderr]   Downloaded rusqlite v0.37.0
[INFO] [stderr]   Downloaded brotli-decompressor v5.0.0
[INFO] [stderr]   Downloaded zerocopy v0.8.26
[INFO] [stderr]   Downloaded brotli v8.0.2
[INFO] [stderr]   Downloaded zstd-sys v2.0.15+zstd.1.5.7
[INFO] [stderr]   Downloaded libc v0.2.185
[INFO] [stderr]   Downloaded fst v0.4.7
[INFO] [stderr]   Downloaded libsqlite3-sys v0.35.0
[INFO] running `Command { std: "docker" "create" "-v" "/var/lib/crater-agent-workspace/builds/worker-1-tc1/source:/opt/rustwide/workdir:ro,Z" "-v" "/var/lib/crater-agent-workspace/builds/worker-1-tc1/target:/opt/rustwide/target:rw,Z" "-v" "/var/lib/crater-agent-workspace/cargo-home:/opt/rustwide/cargo-home:ro,Z" "-v" "/var/lib/crater-agent-workspace/rustup-home:/opt/rustwide/rustup-home:ro,Z" "-m" "1610612736" "--network" "none" "ghcr.io/rust-lang/crates-build-env/linux@sha256:3111399a4047eeb3a02b7a90e478d715f38a8c6669b5c4b49d30a17385265909" "sleep" "infinity", kill_on_drop: false }`
[INFO] [stdout] bd738defb16128879cc9a3acf31fdc0f19e07751cd5d52d9b484e34b9ce5c512
[INFO] running `Command { std: "docker" "start" "bd738defb16128879cc9a3acf31fdc0f19e07751cd5d52d9b484e34b9ce5c512", kill_on_drop: false }`
[INFO] running `Command { std: "docker" "inspect" "bd738defb16128879cc9a3acf31fdc0f19e07751cd5d52d9b484e34b9ce5c512", kill_on_drop: false }`
[INFO] running `Command { std: "docker" "exec" "-e" "SOURCE_DIR=/opt/rustwide/workdir" "-e" "CARGO_HOME=/opt/rustwide/cargo-home" "-e" "RUSTUP_HOME=/opt/rustwide/rustup-home" "-e" "CARGO_TARGET_DIR=/opt/rustwide/target" "-w" "/opt/rustwide/workdir" "--user" "0:0" "bd738defb16128879cc9a3acf31fdc0f19e07751cd5d52d9b484e34b9ce5c512" "/opt/rustwide/cargo-home/bin/cargo" "+1.99.0-beta.8" "metadata" "--no-deps" "--format-version=1", kill_on_drop: false }`
[INFO] running `Command { std: "docker" "inspect" "bd738defb16128879cc9a3acf31fdc0f19e07751cd5d52d9b484e34b9ce5c512", kill_on_drop: false }`
[INFO] running `Command { std: "docker" "exec" "-e" "SOURCE_DIR=/opt/rustwide/workdir" "-e" "CARGO_HOME=/opt/rustwide/cargo-home" "-e" "RUSTUP_HOME=/opt/rustwide/rustup-home" "-e" "CARGO_TARGET_DIR=/opt/rustwide/target" "-e" "CARGO_INCREMENTAL=0" "-e" "RUST_BACKTRACE=full" "-e" "RUSTFLAGS=--cap-lints=warn" "-e" "RUSTDOCFLAGS=--cap-lints=warn" "-w" "/opt/rustwide/workdir" "--user" "0:0" "bd738defb16128879cc9a3acf31fdc0f19e07751cd5d52d9b484e34b9ce5c512" "/opt/rustwide/cargo-home/bin/cargo" "+1.99.0-beta.8" "build" "--frozen" "--message-format=json", kill_on_drop: false }`
[INFO] [stderr]    Compiling proc-macro2 v1.0.106
[INFO] [stderr]    Compiling unicode-ident v1.0.18
[INFO] [stderr]    Compiling libc v0.2.185
[INFO] [stderr]    Compiling serde_core v1.0.228
[INFO] [stderr]    Compiling memchr v2.7.5
[INFO] [stderr]    Compiling serde v1.0.228
[INFO] [stderr]    Compiling lock_api v0.4.13
[INFO] [stderr]    Compiling parking_lot_core v0.9.11
[INFO] [stderr]    Compiling zstd-safe v7.2.4
[INFO] [stderr]    Compiling indexmap v2.12.0
[INFO] [stderr]    Compiling slab v0.4.11
[INFO] [stderr]    Compiling futures-channel v0.3.32
[INFO] [stderr]    Compiling futures-task v0.3.32
[INFO] [stderr]    Compiling winnow v0.7.13
[INFO] [stderr]    Compiling futures v0.1.31
[INFO] [stderr]    Compiling serde_json v1.0.143
[INFO] [stderr]    Compiling futures-io v0.3.32
[INFO] [stderr]    Compiling log v0.4.29
[INFO] [stderr]    Compiling toml_writer v1.0.6+spec-1.1.0
[INFO] [stderr]    Compiling tracing-core v0.1.36
[INFO] [stderr]    Compiling getrandom v0.3.3
[INFO] [stderr]    Compiling regex-syntax v0.8.6
[INFO] [stderr]    Compiling web-time v1.1.0
[INFO] [stderr]    Compiling iana-time-zone v0.1.63
[INFO] [stderr]    Compiling fst v0.4.7
[INFO] [stderr]    Compiling zerocopy v0.8.26
[INFO] [stderr]    Compiling rayon-core v1.13.0
[INFO] [stderr]    Compiling either v1.15.0
[INFO] [stderr]    Compiling xxhash-rust v0.8.15
[INFO] [stderr]    Compiling alloc-no-stdlib v2.0.4
[INFO] [stderr]    Compiling alloc-stdlib v0.2.2
[INFO] [stderr]    Compiling thiserror v2.0.16
[INFO] [stderr]    Compiling aho-corasick v1.1.3
[INFO] [stderr]    Compiling simd-adler32 v0.3.8
[INFO] [stderr]    Compiling miniz_oxide v0.8.9
[INFO] [stderr]    Compiling brotli-decompressor v5.0.0
[INFO] [stderr]    Compiling quote v1.0.45
[INFO] [stderr]    Compiling digest v0.10.7
[INFO] [stderr]    Compiling syn v2.0.117
[INFO] [stderr]    Compiling rayon v1.11.0
[INFO] [stderr]    Compiling foldhash v0.1.5
[INFO] [stderr]    Compiling sha1 v0.10.6
[INFO] [stderr]    Compiling brotli v8.0.2
[INFO] [stderr]    Compiling toml_parser v1.0.9+spec-1.1.0
[INFO] [stderr]    Compiling flate2 v1.1.9
[INFO] [stderr]    Compiling hashbrown v0.15.5
[INFO] [stderr]    Compiling mime_guess v2.0.5
[INFO] [stderr]    Compiling http-body-util v0.1.3
[INFO] [stderr]    Compiling multer v3.1.0
[INFO] [stderr]    Compiling paste v1.0.15
[INFO] [stderr]    Compiling jobserver v0.1.34
[INFO] [stderr]    Compiling mio v1.2.0
[INFO] [stderr]    Compiling signal-hook-registry v1.4.6
[INFO] [stderr]    Compiling socket2 v0.6.3
[INFO] [stderr]    Compiling cc v1.2.34
[INFO] [stderr]    Compiling parking_lot v0.12.4
[INFO] [stderr]    Compiling ppv-lite86 v0.2.21
[INFO] [stderr]    Compiling data-encoding v2.10.0
[INFO] [stderr]    Compiling regex-automata v0.4.14
[INFO] [stderr]    Compiling rand_core v0.9.5
[INFO] [stderr]    Compiling compression-core v0.4.31
[INFO] [stderr]    Compiling hashlink v0.10.0
[INFO] [stderr]    Compiling encoding_rs v0.8.35
[INFO] [stderr]    Compiling fallible-iterator v0.3.0
[INFO] [stderr]    Compiling rand_chacha v0.9.0
[INFO] [stderr]    Compiling spin v0.9.8
[INFO] [stderr]    Compiling rand v0.9.2
[INFO] [stderr]    Compiling fallible-streaming-iterator v0.1.9
[INFO] [stderr]    Compiling http-range-header v0.4.2
[INFO] [stderr]    Compiling matchit v0.8.4
[INFO] [stderr]    Compiling lru v0.16.4
[INFO] [stderr]    Compiling toml_datetime v0.7.5+spec-1.1.0
[INFO] [stderr]    Compiling serde_spanned v1.0.4
[INFO] [stderr]    Compiling bitflags v2.11.1
[INFO] [stderr]    Compiling serde_path_to_error v0.1.20
[INFO] [stderr]    Compiling zstd-sys v2.0.15+zstd.1.5.7
[INFO] [stderr]    Compiling libsqlite3-sys v0.35.0
[INFO] [stderr]    Compiling toml v0.9.12+spec-1.1.0
[INFO] [stderr]    Compiling regex v1.12.3
[INFO] [stderr]    Compiling serde_derive v1.0.228
[INFO] [stderr]    Compiling tokio-macros v2.7.0
[INFO] [stderr]    Compiling futures-macro v0.3.32
[INFO] [stderr]    Compiling typegen_derive v0.1.1-alpha.0
[INFO] [stderr]    Compiling tracing-attributes v0.1.31
[INFO] [stderr]    Compiling ll_macros v10.0.0
[INFO] [stderr]    Compiling bytemuck_derive v1.10.2
[INFO] [stderr]    Compiling unigraph_delta_derive v0.1.1-alpha.0
[INFO] [stderr]    Compiling readonly v0.2.13
[INFO] [stderr]    Compiling async-trait v0.1.89
[INFO] [stderr]    Compiling thiserror-impl v2.0.16
[INFO] [stderr]    Compiling axum-macros v0.5.1
[INFO] [stderr]    Compiling ll v10.0.0
[INFO] [stderr]    Compiling futures-util v0.3.32
[INFO] [stderr]    Compiling tokio v1.52.3
[INFO] [stderr]    Compiling zstd v0.13.3
[INFO] [stderr]    Compiling compression-codecs v0.4.37
[INFO] [stderr]    Compiling tungstenite v0.29.0
[INFO] [stderr]    Compiling bytemuck v1.25.0
[INFO] [stderr]    Compiling tracing v0.1.44
[INFO] [stdout] error[E0425]: cannot find type `LaneCount` in module `core::simd`
[INFO] [stdout]    --> /opt/rustwide/cargo-home/registry/src/index.crates.io-1949cf8c6b5b557f/bytemuck-1.25.0/src/zeroable.rs:234:15
[INFO] [stdout]     |
[INFO] [stdout] 234 |   core::simd::LaneCount<N>: core::simd::SupportedLaneCount,
[INFO] [stdout]     |               ^^^^^^^^^ not found in `core::simd`
[INFO] [stdout] 
[INFO] [stdout] 
[INFO] [stdout] error[E0405]: cannot find trait `SupportedLaneCount` in module `core::simd`
[INFO] [stdout]    --> /opt/rustwide/cargo-home/registry/src/index.crates.io-1949cf8c6b5b557f/bytemuck-1.25.0/src/zeroable.rs:234:41
[INFO] [stdout]     |
[INFO] [stdout] 234 |   core::simd::LaneCount<N>: core::simd::SupportedLaneCount,
[INFO] [stdout]     |                                         ^^^^^^^^^^^^^^^^^^ not found in `core::simd`
[INFO] [stdout] 
[INFO] [stdout] 
[INFO] [stdout] error[E0425]: cannot find type `LaneCount` in module `core::simd`
[INFO] [stdout]    --> /opt/rustwide/cargo-home/registry/src/index.crates.io-1949cf8c6b5b557f/bytemuck-1.25.0/src/pod.rs:155:15
[INFO] [stdout]     |
[INFO] [stdout] 155 |   core::simd::LaneCount<N>: core::simd::SupportedLaneCount,
[INFO] [stdout]     |               ^^^^^^^^^ not found in `core::simd`
[INFO] [stdout] 
[INFO] [stdout] 
[INFO] [stdout] error[E0405]: cannot find trait `SupportedLaneCount` in module `core::simd`
[INFO] [stdout]    --> /opt/rustwide/cargo-home/registry/src/index.crates.io-1949cf8c6b5b557f/bytemuck-1.25.0/src/pod.rs:155:41
[INFO] [stdout]     |
[INFO] [stdout] 155 |   core::simd::LaneCount<N>: core::simd::SupportedLaneCount,
[INFO] [stdout]     |                                         ^^^^^^^^^^^^^^^^^^ not found in `core::simd`
[INFO] [stdout] 
[INFO] [stdout] 
[INFO] [stdout] error[E0554]: `#![feature]` may not be used on the beta release channel
[INFO] [stdout]   --> /opt/rustwide/cargo-home/registry/src/index.crates.io-1949cf8c6b5b557f/bytemuck-1.25.0/src/lib.rs:10:48
[INFO] [stdout]    |
[INFO] [stdout] 10 | #![cfg_attr(feature = "nightly_portable_simd", feature(portable_simd))]
[INFO] [stdout]    |                                                ^^^^^^^^^^^^^^^^^^^^^^
[INFO] [stdout] 
[INFO] [stdout] 
[INFO] [stdout] Some errors have detailed explanations: E0405, E0425, E0554.
[INFO] [stdout] 
[INFO] [stdout] For more information about an error, try `rustc --explain E0405`.
[INFO] [stdout] 
[INFO] [stderr] error: could not compile `bytemuck` (lib) due to 5 previous errors
[INFO] [stderr] warning: build failed, waiting for other jobs to finish...
[INFO] running `Command { std: "docker" "inspect" "bd738defb16128879cc9a3acf31fdc0f19e07751cd5d52d9b484e34b9ce5c512", kill_on_drop: false }`
[INFO] running `Command { std: "docker" "rm" "-f" "bd738defb16128879cc9a3acf31fdc0f19e07751cd5d52d9b484e34b9ce5c512", kill_on_drop: false }`
[INFO] [stdout] bd738defb16128879cc9a3acf31fdc0f19e07751cd5d52d9b484e34b9ce5c512
