[INFO] fetching crate unigraph_ingestion 0.1.1-alpha.0...
[INFO] testing unigraph_ingestion-0.1.1-alpha.0 against 1.99.0-beta.8 for beta-1.100-2
[INFO] extracting crate unigraph_ingestion 0.1.1-alpha.0 into /workspace/builds/worker-6-tc1/source
[INFO] started tweaking crates.io crate unigraph_ingestion 0.1.1-alpha.0
[INFO] finished tweaking crates.io crate unigraph_ingestion 0.1.1-alpha.0
[INFO] tweaked toml for crates.io crate unigraph_ingestion 0.1.1-alpha.0 written to /workspace/builds/worker-6-tc1/source/Cargo.toml
[INFO] validating manifest of crates.io crate unigraph_ingestion 0.1.1-alpha.0 on toolchain 1.99.0-beta.8
[INFO] running `Command { std: CARGO_HOME="/workspace/cargo-home" RUSTUP_HOME="/workspace/rustup-home" "/workspace/cargo-home/bin/cargo" "+1.99.0-beta.8" "metadata" "--manifest-path" "Cargo.toml" "--no-deps", kill_on_drop: false }`
[INFO] crate crates.io crate unigraph_ingestion 0.1.1-alpha.0 already has a lockfile, it will not be regenerated
[INFO] running `Command { std: CARGO_HOME="/workspace/cargo-home" RUSTUP_HOME="/workspace/rustup-home" "/workspace/cargo-home/bin/cargo" "+1.99.0-beta.8" "fetch" "--manifest-path" "Cargo.toml", kill_on_drop: false }`
[INFO] [stderr]     Updating crates.io index
[INFO] [stderr]  Downloading crates ...
[INFO] [stderr]   Downloaded windows-interface v0.59.1
[INFO] [stderr]   Downloaded windows-implement v0.60.0
[INFO] [stderr]   Downloaded unigraph_timestamp v0.1.1-alpha.0
[INFO] [stderr]   Downloaded iana-time-zone v0.1.63
[INFO] [stderr]   Downloaded toml_writer v1.0.6+spec-1.1.0
[INFO] [stderr]   Downloaded unicode-ident v1.0.18
[INFO] [stderr]   Downloaded wasm-bindgen-shared v0.2.100
[INFO] [stderr]   Downloaded cc v1.2.34
[INFO] [stderr]   Downloaded wit-bindgen v0.45.0
[INFO] [stderr]   Downloaded wasm-bindgen-macro v0.2.100
[INFO] [stderr]   Downloaded serde_spanned v1.0.4
[INFO] [stderr]   Downloaded typegen v0.1.1-alpha.0
[INFO] [stderr]   Downloaded readonly v0.2.13
[INFO] [stderr]   Downloaded camino v1.2.2
[INFO] [stderr]   Downloaded ll v10.0.0
[INFO] [stderr]   Downloaded openssl-probe v0.1.6
[INFO] [stderr]   Downloaded unigraph_metric_history v0.1.1-alpha.0
[INFO] [stderr]   Downloaded cargo-platform v0.3.2
[INFO] [stderr]   Downloaded wasm-bindgen-backend v0.2.100
[INFO] [stderr]   Downloaded unigraph_delta v0.1.1-alpha.0
[INFO] [stderr]   Downloaded unigraph_delta_derive v0.1.1-alpha.0
[INFO] [stderr]   Downloaded redox_syscall v0.5.17
[INFO] [stderr]   Downloaded thiserror v2.0.16
[INFO] [stderr]   Downloaded wasm-bindgen-macro-support v0.2.100
[INFO] [stderr]   Downloaded typegen_derive v0.1.1-alpha.0
[INFO] [stderr]   Downloaded toml_parser v1.0.9+spec-1.1.0
[INFO] [stderr]   Downloaded unigraph_git v0.1.1-alpha.0
[INFO] [stderr]   Downloaded parking_lot_core v0.9.11
[INFO] [stderr]   Downloaded unigraph_cargo v0.1.1-alpha.0
[INFO] [stderr]   Downloaded unigraph_serialization v0.1.1-alpha.0
[INFO] [stderr]   Downloaded toml_datetime v0.7.5+spec-1.1.0
[INFO] [stderr]   Downloaded ll_macros v10.0.0
[INFO] [stderr]   Downloaded lock_api v0.4.13
[INFO] [stderr]   Downloaded unigraph_storage_core v0.1.1-alpha.0
[INFO] [stderr]   Downloaded unigraph_db v0.1.1-alpha.0
[INFO] [stderr]   Downloaded thiserror-impl v2.0.16
[INFO] [stderr]   Downloaded wasm-bindgen v0.2.100
[INFO] [stderr]   Downloaded zstd-safe v7.2.4
[INFO] [stderr]   Downloaded bytemuck_derive v1.10.2
[INFO] [stderr]   Downloaded zstd v0.13.3
[INFO] [stderr]   Downloaded parking_lot v0.12.4
[INFO] [stderr]   Downloaded cargo_metadata v0.23.1
[INFO] [stderr]   Downloaded js-sys v0.3.77
[INFO] [stderr]   Downloaded memchr v2.7.5
[INFO] [stderr]   Downloaded toml v0.9.12+spec-1.1.0
[INFO] [stderr]   Downloaded openssl-sys v0.9.111
[INFO] [stderr]   Downloaded unigraph_core v0.1.1-alpha.0
[INFO] [stderr]   Downloaded futures v0.1.31
[INFO] [stderr]   Downloaded wasi v0.14.3+wasi-0.2.4
[INFO] [stderr]   Downloaded git2 v0.20.4
[INFO] [stderr]   Downloaded regex-syntax v0.8.6
[INFO] [stderr]   Downloaded libssh2-sys v0.3.1
[INFO] [stderr]   Downloaded zstd-sys v2.0.15+zstd.1.5.7
[INFO] [stderr]   Downloaded libz-sys v1.1.24
[INFO] [stderr]   Downloaded fst v0.4.7
[INFO] [stderr]   Downloaded libgit2-sys v0.18.3+1.9.2
[INFO] running `Command { std: "docker" "create" "-v" "/var/lib/crater-agent-workspace/builds/worker-6-tc1/source:/opt/rustwide/workdir:ro,Z" "-v" "/var/lib/crater-agent-workspace/builds/worker-6-tc1/target:/opt/rustwide/target:rw,Z" "-v" "/var/lib/crater-agent-workspace/cargo-home:/opt/rustwide/cargo-home:ro,Z" "-v" "/var/lib/crater-agent-workspace/rustup-home:/opt/rustwide/rustup-home:ro,Z" "-m" "1610612736" "--network" "none" "ghcr.io/rust-lang/crates-build-env/linux@sha256:3111399a4047eeb3a02b7a90e478d715f38a8c6669b5c4b49d30a17385265909" "sleep" "infinity", kill_on_drop: false }`
[INFO] [stdout] 8442b4874faeaca5292c5fa86c34ea215cfeb49cc36833ac1b82832160c92a4e
[INFO] running `Command { std: "docker" "start" "8442b4874faeaca5292c5fa86c34ea215cfeb49cc36833ac1b82832160c92a4e", kill_on_drop: false }`
[INFO] running `Command { std: "docker" "inspect" "8442b4874faeaca5292c5fa86c34ea215cfeb49cc36833ac1b82832160c92a4e", kill_on_drop: false }`
[INFO] running `Command { std: "docker" "exec" "-e" "SOURCE_DIR=/opt/rustwide/workdir" "-e" "CARGO_HOME=/opt/rustwide/cargo-home" "-e" "RUSTUP_HOME=/opt/rustwide/rustup-home" "-e" "CARGO_TARGET_DIR=/opt/rustwide/target" "-w" "/opt/rustwide/workdir" "--user" "0:0" "8442b4874faeaca5292c5fa86c34ea215cfeb49cc36833ac1b82832160c92a4e" "/opt/rustwide/cargo-home/bin/cargo" "+1.99.0-beta.8" "metadata" "--no-deps" "--format-version=1", kill_on_drop: false }`
[INFO] running `Command { std: "docker" "inspect" "8442b4874faeaca5292c5fa86c34ea215cfeb49cc36833ac1b82832160c92a4e", kill_on_drop: false }`
[INFO] running `Command { std: "docker" "exec" "-e" "SOURCE_DIR=/opt/rustwide/workdir" "-e" "CARGO_HOME=/opt/rustwide/cargo-home" "-e" "RUSTUP_HOME=/opt/rustwide/rustup-home" "-e" "CARGO_TARGET_DIR=/opt/rustwide/target" "-e" "CARGO_INCREMENTAL=0" "-e" "RUST_BACKTRACE=full" "-e" "RUSTFLAGS=--cap-lints=warn" "-e" "RUSTDOCFLAGS=--cap-lints=warn" "-w" "/opt/rustwide/workdir" "--user" "0:0" "8442b4874faeaca5292c5fa86c34ea215cfeb49cc36833ac1b82832160c92a4e" "/opt/rustwide/cargo-home/bin/cargo" "+1.99.0-beta.8" "build" "--frozen" "--message-format=json", kill_on_drop: false }`
[INFO] [stderr]    Compiling proc-macro2 v1.0.106
[INFO] [stderr]    Compiling unicode-ident v1.0.18
[INFO] [stderr]    Compiling libc v0.2.185
[INFO] [stderr]    Compiling shlex v1.3.0
[INFO] [stderr]    Compiling pkg-config v0.3.32
[INFO] [stderr]    Compiling serde_core v1.0.228
[INFO] [stderr]    Compiling serde v1.0.228
[INFO] [stderr]    Compiling memchr v2.7.5
[INFO] [stderr]    Compiling anyhow v1.0.102
[INFO] [stderr]    Compiling vcpkg v0.2.15
[INFO] [stderr]    Compiling crossbeam-utils v0.8.21
[INFO] [stderr]    Compiling smallvec v1.15.1
[INFO] [stderr]    Compiling serde_json v1.0.143
[INFO] [stderr]    Compiling litemap v0.8.1
[INFO] [stderr]    Compiling quote v1.0.45
[INFO] [stderr]    Compiling winnow v0.7.13
[INFO] [stderr]    Compiling zstd-safe v7.2.4
[INFO] [stderr]    Compiling writeable v0.6.2
[INFO] [stderr]    Compiling indexmap v2.12.0
[INFO] [stderr]    Compiling syn v2.0.117
[INFO] [stderr]    Compiling rayon-core v1.13.0
[INFO] [stderr]    Compiling rustversion v1.0.22
[INFO] [stderr]    Compiling icu_normalizer_data v2.1.1
[INFO] [stderr]    Compiling iana-time-zone v0.1.63
[INFO] [stderr]    Compiling crossbeam-epoch v0.9.18
[INFO] [stderr]    Compiling icu_properties_data v2.1.2
[INFO] [stderr]    Compiling toml_writer v1.0.6+spec-1.1.0
[INFO] [stderr]    Compiling aho-corasick v1.1.3
[INFO] [stderr]    Compiling crossbeam-deque v0.8.6
[INFO] [stderr]    Compiling jobserver v0.1.34
[INFO] [stderr]    Compiling fst v0.4.7
[INFO] [stderr]    Compiling regex-syntax v0.8.6
[INFO] [stderr]    Compiling cc v1.2.34
[INFO] [stderr]    Compiling either v1.15.0
[INFO] [stderr]    Compiling web-time v1.1.0
[INFO] [stderr]    Compiling base64 v0.22.1
[INFO] [stderr]    Compiling rayon v1.11.0
[INFO] [stderr]    Compiling toml_parser v1.0.9+spec-1.1.0
[INFO] [stderr]    Compiling zstd-sys v2.0.15+zstd.1.5.7
[INFO] [stderr]    Compiling libz-sys v1.1.24
[INFO] [stderr]    Compiling openssl-sys v0.9.111
[INFO] [stderr]    Compiling toml_datetime v0.7.5+spec-1.1.0
[INFO] [stderr]    Compiling serde_spanned v1.0.4
[INFO] [stderr]    Compiling bitflags v2.11.1
[INFO] [stderr]    Compiling regex-automata v0.4.14
[INFO] [stderr]    Compiling toml v0.9.12+spec-1.1.0
[INFO] [stderr]    Compiling libssh2-sys v0.3.1
[INFO] [stderr]    Compiling serde_path_to_error v0.1.20
[INFO] [stderr]    Compiling lock_api v0.4.13
[INFO] [stderr]    Compiling parking_lot_core v0.9.11
[INFO] [stderr]    Compiling futures-core v0.3.32
[INFO] [stderr]    Compiling futures-sink v0.3.32
[INFO] [stderr]    Compiling xxhash-rust v0.8.15
[INFO] [stderr]    Compiling futures-channel v0.3.32
[INFO] [stderr]    Compiling libgit2-sys v0.18.3+1.9.2
[INFO] [stderr]    Compiling futures-task v0.3.32
[INFO] [stderr]    Compiling percent-encoding v2.3.2
[INFO] [stderr]    Compiling camino v1.2.2
[INFO] [stderr]    Compiling cfg-if v1.0.3
[INFO] [stderr]    Compiling futures-io v0.3.32
[INFO] [stderr]    Compiling thiserror v2.0.16
[INFO] [stderr]    Compiling futures v0.1.31
[INFO] [stderr]    Compiling slab v0.4.11
[INFO] [stderr]    Compiling synstructure v0.13.2
[INFO] [stderr]    Compiling regex v1.12.3
[INFO] [stderr]    Compiling form_urlencoded v1.2.2
[INFO] [stderr]    Compiling parking_lot v0.12.4
[INFO] [stderr]    Compiling semver v1.0.27
[INFO] [stderr]    Compiling cargo-platform v0.3.2
[INFO] [stderr]    Compiling socket2 v0.6.3
[INFO] [stderr]    Compiling mio v1.2.0
[INFO] [stderr]    Compiling signal-hook-registry v1.4.6
[INFO] [stderr]    Compiling openssl-probe v0.1.6
[INFO] [stderr]    Compiling log v0.4.29
[INFO] [stderr]    Compiling zerofrom-derive v0.1.6
[INFO] [stderr]    Compiling yoke-derive v0.8.1
[INFO] [stderr]    Compiling serde_derive v1.0.228
[INFO] [stderr]    Compiling zerovec-derive v0.11.2
[INFO] [stderr]    Compiling displaydoc v0.2.5
[INFO] [stderr]    Compiling typegen_derive v0.1.1-alpha.0
[INFO] [stderr]    Compiling ll_macros v10.0.0
[INFO] [stderr]    Compiling zerofrom v0.1.6
[INFO] [stderr]    Compiling yoke v0.8.1
[INFO] [stderr]    Compiling zerotrie v0.2.3
[INFO] [stderr]    Compiling zerovec v0.11.5
[INFO] [stderr]    Compiling unigraph_delta_derive v0.1.1-alpha.0
[INFO] [stderr]    Compiling bytemuck_derive v1.10.2
[INFO] [stderr]    Compiling ll v10.0.0
[INFO] [stderr]    Compiling readonly v0.2.13
[INFO] [stderr]    Compiling futures-macro v0.3.32
[INFO] [stderr]    Compiling tinystr v0.8.2
[INFO] [stderr]    Compiling icu_locale_core v2.1.1
[INFO] [stderr]    Compiling potential_utf v0.1.4
[INFO] [stderr]    Compiling icu_collections v2.1.1
[INFO] [stderr]    Compiling futures-util v0.3.32
[INFO] [stderr]    Compiling icu_provider v2.1.1
[INFO] [stderr]    Compiling icu_normalizer v2.1.1
[INFO] [stderr]    Compiling icu_properties v2.1.2
[INFO] [stderr]    Compiling bytemuck v1.25.0
[INFO] [stdout] error[E0425]: cannot find type `LaneCount` in module `core::simd`
[INFO] [stdout]    --> /opt/rustwide/cargo-home/registry/src/index.crates.io-1949cf8c6b5b557f/bytemuck-1.25.0/src/zeroable.rs:234:15
[INFO] [stdout]     |
[INFO] [stdout] 234 |   core::simd::LaneCount<N>: core::simd::SupportedLaneCount,
[INFO] [stdout]     |               ^^^^^^^^^ not found in `core::simd`
[INFO] [stdout] 
[INFO] [stdout] 
[INFO] [stdout] error[E0405]: cannot find trait `SupportedLaneCount` in module `core::simd`
[INFO] [stdout]    --> /opt/rustwide/cargo-home/registry/src/index.crates.io-1949cf8c6b5b557f/bytemuck-1.25.0/src/zeroable.rs:234:41
[INFO] [stdout]     |
[INFO] [stdout] 234 |   core::simd::LaneCount<N>: core::simd::SupportedLaneCount,
[INFO] [stdout]     |                                         ^^^^^^^^^^^^^^^^^^ not found in `core::simd`
[INFO] [stdout] 
[INFO] [stdout] 
[INFO] [stdout] error[E0425]: cannot find type `LaneCount` in module `core::simd`
[INFO] [stdout]    --> /opt/rustwide/cargo-home/registry/src/index.crates.io-1949cf8c6b5b557f/bytemuck-1.25.0/src/pod.rs:155:15
[INFO] [stdout]     |
[INFO] [stdout] 155 |   core::simd::LaneCount<N>: core::simd::SupportedLaneCount,
[INFO] [stdout]     |               ^^^^^^^^^ not found in `core::simd`
[INFO] [stdout] 
[INFO] [stdout] 
[INFO] [stdout] error[E0405]: cannot find trait `SupportedLaneCount` in module `core::simd`
[INFO] [stdout]    --> /opt/rustwide/cargo-home/registry/src/index.crates.io-1949cf8c6b5b557f/bytemuck-1.25.0/src/pod.rs:155:41
[INFO] [stdout]     |
[INFO] [stdout] 155 |   core::simd::LaneCount<N>: core::simd::SupportedLaneCount,
[INFO] [stdout]     |                                         ^^^^^^^^^^^^^^^^^^ not found in `core::simd`
[INFO] [stdout] 
[INFO] [stdout] 
[INFO] [stdout] error[E0554]: `#![feature]` may not be used on the beta release channel
[INFO] [stdout]   --> /opt/rustwide/cargo-home/registry/src/index.crates.io-1949cf8c6b5b557f/bytemuck-1.25.0/src/lib.rs:10:48
[INFO] [stdout]    |
[INFO] [stdout] 10 | #![cfg_attr(feature = "nightly_portable_simd", feature(portable_simd))]
[INFO] [stdout]    |                                                ^^^^^^^^^^^^^^^^^^^^^^
[INFO] [stdout] 
[INFO] [stdout] 
[INFO] [stderr] error: could not compile `bytemuck` (lib) due to 5 previous errors
[INFO] [stdout] Some errors have detailed explanations: E0405, E0425, E0554.
[INFO] [stdout] 
[INFO] [stderr] warning: build failed, waiting for other jobs to finish...
[INFO] [stdout] For more information about an error, try `rustc --explain E0405`.
[INFO] [stdout] 
[INFO] running `Command { std: "docker" "inspect" "8442b4874faeaca5292c5fa86c34ea215cfeb49cc36833ac1b82832160c92a4e", kill_on_drop: false }`
[INFO] running `Command { std: "docker" "rm" "-f" "8442b4874faeaca5292c5fa86c34ea215cfeb49cc36833ac1b82832160c92a4e", kill_on_drop: false }`
[INFO] [stdout] 8442b4874faeaca5292c5fa86c34ea215cfeb49cc36833ac1b82832160c92a4e
