[INFO] fetching crate uf-valence-core 0.1.5...
[INFO] testing uf-valence-core-0.1.5 against 1.100.0-beta.1 for beta-1.100-2
[INFO] extracting crate uf-valence-core 0.1.5 into /workspace/builds/worker-1-tc2/source
[INFO] started tweaking crates.io crate uf-valence-core 0.1.5
[INFO] removed 0 missing tests
[INFO] finished tweaking crates.io crate uf-valence-core 0.1.5
[INFO] tweaked toml for crates.io crate uf-valence-core 0.1.5 written to /workspace/builds/worker-1-tc2/source/Cargo.toml
[INFO] validating manifest of crates.io crate uf-valence-core 0.1.5 on toolchain 1.100.0-beta.1
[INFO] running `Command { std: CARGO_HOME="/workspace/cargo-home" RUSTUP_HOME="/workspace/rustup-home" "/workspace/cargo-home/bin/cargo" "+1.100.0-beta.1" "metadata" "--manifest-path" "Cargo.toml" "--no-deps", kill_on_drop: false }`
[INFO] crate crates.io crate uf-valence-core 0.1.5 already has a lockfile, it will not be regenerated
[INFO] running `Command { std: CARGO_HOME="/workspace/cargo-home" RUSTUP_HOME="/workspace/rustup-home" "/workspace/cargo-home/bin/cargo" "+1.100.0-beta.1" "fetch" "--manifest-path" "Cargo.toml", kill_on_drop: false }`
[INFO] [stderr] warning: `package.homepage` is redundant with `package.repository`
[INFO] [stderr]    --> Cargo.toml:148:12
[INFO] [stderr]     |
[INFO] [stderr] 148 | homepage = "https://github.com/unified-field-dev/valence"
[INFO] [stderr]     |            ^^^^^^^^^^^^^^^^^^^^^^^^^^^^^^^^^^^^^^^^^^^^^^
[INFO] [stderr] ...
[INFO] [stderr] 153 | repository = "https://github.com/unified-field-dev/valence"
[INFO] [stderr]     |              ----------------------------------------------
[INFO] [stderr]     |
[INFO] [stderr]     = note: `cargo::redundant_homepage` is set to `warn` by default
[INFO] [stderr] help: consider removing `package.homepage`
[INFO] [stderr] warning: `uf-valence-core` (manifest) generated 1 warning
[INFO] running `Command { std: "docker" "create" "-v" "/var/lib/crater-agent-workspace/builds/worker-1-tc2/source:/opt/rustwide/workdir:ro,Z" "-v" "/var/lib/crater-agent-workspace/builds/worker-1-tc2/target:/opt/rustwide/target:rw,Z" "-v" "/var/lib/crater-agent-workspace/cargo-home:/opt/rustwide/cargo-home:ro,Z" "-v" "/var/lib/crater-agent-workspace/rustup-home:/opt/rustwide/rustup-home:ro,Z" "-m" "1610612736" "--network" "none" "ghcr.io/rust-lang/crates-build-env/linux@sha256:3111399a4047eeb3a02b7a90e478d715f38a8c6669b5c4b49d30a17385265909" "sleep" "infinity", kill_on_drop: false }`
[INFO] [stdout] 6e3e0c94b63d50af541a92e1d35a842560846a5e8c0105b21937ab81d66718c3
[INFO] running `Command { std: "docker" "start" "6e3e0c94b63d50af541a92e1d35a842560846a5e8c0105b21937ab81d66718c3", kill_on_drop: false }`
[INFO] running `Command { std: "docker" "inspect" "6e3e0c94b63d50af541a92e1d35a842560846a5e8c0105b21937ab81d66718c3", kill_on_drop: false }`
[INFO] running `Command { std: "docker" "exec" "-e" "SOURCE_DIR=/opt/rustwide/workdir" "-e" "CARGO_HOME=/opt/rustwide/cargo-home" "-e" "RUSTUP_HOME=/opt/rustwide/rustup-home" "-e" "CARGO_TARGET_DIR=/opt/rustwide/target" "-w" "/opt/rustwide/workdir" "--user" "0:0" "6e3e0c94b63d50af541a92e1d35a842560846a5e8c0105b21937ab81d66718c3" "/opt/rustwide/cargo-home/bin/cargo" "+1.100.0-beta.1" "metadata" "--no-deps" "--format-version=1", kill_on_drop: false }`
[INFO] running `Command { std: "docker" "inspect" "6e3e0c94b63d50af541a92e1d35a842560846a5e8c0105b21937ab81d66718c3", kill_on_drop: false }`
[INFO] running `Command { std: "docker" "exec" "-e" "SOURCE_DIR=/opt/rustwide/workdir" "-e" "CARGO_HOME=/opt/rustwide/cargo-home" "-e" "RUSTUP_HOME=/opt/rustwide/rustup-home" "-e" "CARGO_TARGET_DIR=/opt/rustwide/target" "-e" "CARGO_INCREMENTAL=0" "-e" "RUST_BACKTRACE=full" "-e" "RUSTFLAGS=--cap-lints=warn" "-e" "RUSTDOCFLAGS=--cap-lints=warn" "-w" "/opt/rustwide/workdir" "--user" "0:0" "6e3e0c94b63d50af541a92e1d35a842560846a5e8c0105b21937ab81d66718c3" "/opt/rustwide/cargo-home/bin/cargo" "+1.100.0-beta.1" "build" "--frozen" "--message-format=json", kill_on_drop: false }`
[INFO] [stderr] warning: `package.homepage` is redundant with `package.repository`
[INFO] [stderr]    --> Cargo.toml:148:12
[INFO] [stderr]     |
[INFO] [stderr] 148 | homepage = "https://github.com/unified-field-dev/valence"
[INFO] [stderr]     |            ^^^^^^^^^^^^^^^^^^^^^^^^^^^^^^^^^^^^^^^^^^^^^^
[INFO] [stderr] ...
[INFO] [stderr] 153 | repository = "https://github.com/unified-field-dev/valence"
[INFO] [stderr]     |              ----------------------------------------------
[INFO] [stderr]     |
[INFO] [stderr]     = note: `cargo::redundant_homepage` is set to `warn` by default
[INFO] [stderr] help: consider removing `package.homepage`
[INFO] [stderr] warning: `uf-valence-core` (manifest) generated 1 warning
[INFO] [stderr]    Compiling getrandom v0.3.4
[INFO] [stderr]    Compiling zerocopy v0.8.53
[INFO] [stderr]    Compiling syn v2.0.118
[INFO] [stderr]    Compiling num-traits v0.2.19
[INFO] [stderr]    Compiling parking_lot_core v0.9.12
[INFO] [stderr]    Compiling regex-automata v0.4.14
[INFO] [stderr]    Compiling serde_json v1.0.150
[INFO] [stderr]    Compiling sha1_smol v1.0.1
[INFO] [stderr]    Compiling parking_lot v0.12.5
[INFO] [stderr]    Compiling hashbrown v0.16.1
[INFO] [stderr]    Compiling uuid v1.23.4
[INFO] [stderr]    Compiling inventory v0.3.24
[INFO] [stderr]    Compiling uf-valence-telemetry v0.1.5
[INFO] [stderr]    Compiling regex v1.12.4
[INFO] [stderr]    Compiling serde_derive v1.0.228
[INFO] [stderr]    Compiling tokio-macros v2.7.0
[INFO] [stderr]    Compiling tracing-attributes v0.1.31
[INFO] [stderr]    Compiling thiserror-impl v2.0.18
[INFO] [stderr]    Compiling async-trait v0.1.89
[INFO] [stderr]    Compiling ahash v0.8.12
[INFO] [stderr]    Compiling quick_cache v0.6.24
[INFO] [stderr]    Compiling tokio v1.52.3
[INFO] [stderr]    Compiling thiserror v2.0.18
[INFO] [stderr]    Compiling tracing v0.1.44
[INFO] [stderr]    Compiling serde v1.0.228
[INFO] [stderr]    Compiling chrono v0.4.45
[INFO] [stderr]    Compiling uf-valence-core v0.1.5 (/opt/rustwide/workdir)
[INFO] [stderr]     Finished `dev` profile [unoptimized + debuginfo] target(s) in 41.18s
[INFO] running `Command { std: "docker" "inspect" "6e3e0c94b63d50af541a92e1d35a842560846a5e8c0105b21937ab81d66718c3", kill_on_drop: false }`
[INFO] running `Command { std: "docker" "exec" "-e" "SOURCE_DIR=/opt/rustwide/workdir" "-e" "CARGO_HOME=/opt/rustwide/cargo-home" "-e" "RUSTUP_HOME=/opt/rustwide/rustup-home" "-e" "CARGO_TARGET_DIR=/opt/rustwide/target" "-e" "CARGO_INCREMENTAL=0" "-e" "RUST_BACKTRACE=full" "-e" "RUSTFLAGS=--cap-lints=warn" "-e" "RUSTDOCFLAGS=--cap-lints=warn" "-w" "/opt/rustwide/workdir" "--user" "0:0" "6e3e0c94b63d50af541a92e1d35a842560846a5e8c0105b21937ab81d66718c3" "/opt/rustwide/cargo-home/bin/cargo" "+1.100.0-beta.1" "test" "--frozen" "--no-run" "--message-format=json", kill_on_drop: false }`
[INFO] [stderr] warning: `package.homepage` is redundant with `package.repository`
[INFO] [stderr]    --> Cargo.toml:148:12
[INFO] [stderr]     |
[INFO] [stderr] 148 | homepage = "https://github.com/unified-field-dev/valence"
[INFO] [stderr]     |            ^^^^^^^^^^^^^^^^^^^^^^^^^^^^^^^^^^^^^^^^^^^^^^
[INFO] [stderr] ...
[INFO] [stderr] 153 | repository = "https://github.com/unified-field-dev/valence"
[INFO] [stderr]     |              ----------------------------------------------
[INFO] [stderr]     |
[INFO] [stderr]     = note: `cargo::redundant_homepage` is set to `warn` by default
[INFO] [stderr] help: consider removing `package.homepage`
[INFO] [stderr] warning: `uf-valence-core` (manifest) generated 1 warning
[INFO] [stderr]    Compiling uf-valence-core v0.1.5 (/opt/rustwide/workdir)
[INFO] [stdout] error[E0432]: unresolved import `valence_backend_mem`
[INFO] [stdout]  --> tests/register_logical.rs:7:5
[INFO] [stdout]   |
[INFO] [stdout] 7 | use valence_backend_mem::InMemoryBackend;
[INFO] [stdout]   |     ^^^^^^^^^^^^^^^^^^^ use of unresolved module or unlinked crate `valence_backend_mem`
[INFO] [stdout]   |
[INFO] [stdout]   = help: if you wanted to use a crate named `valence_backend_mem`, use `cargo add valence_backend_mem` to add it to your `Cargo.toml`
[INFO] [stdout] 
[INFO] [stdout] 
[INFO] [stdout] error[E0432]: unresolved import `valence_backend_mem`
[INFO] [stdout]  --> tests/deletion_set_null_apply.rs:8:5
[INFO] [stdout]   |
[INFO] [stdout] 8 | use valence_backend_mem::InMemoryBackend;
[INFO] [stdout]   |     ^^^^^^^^^^^^^^^^^^^ use of unresolved module or unlinked crate `valence_backend_mem`
[INFO] [stdout]   |
[INFO] [stdout]   = help: if you wanted to use a crate named `valence_backend_mem`, use `cargo add valence_backend_mem` to add it to your `Cargo.toml`
[INFO] [stdout] 
[INFO] [stdout] 
[INFO] [stdout] error[E0432]: unresolved import `valence_backend_mem`
[INFO] [stdout]   --> tests/typed_field_roundtrip_mem.rs:10:5
[INFO] [stdout]    |
[INFO] [stdout] 10 | use valence_backend_mem::InMemoryBackend;
[INFO] [stdout]    |     ^^^^^^^^^^^^^^^^^^^ use of unresolved module or unlinked crate `valence_backend_mem`
[INFO] [stdout]    |
[INFO] [stdout]    = help: if you wanted to use a crate named `valence_backend_mem`, use `cargo add valence_backend_mem` to add it to your `Cargo.toml`
[INFO] [stdout] 
[INFO] [stdout] 
[INFO] [stdout] error[E0432]: unresolved import `valence_backend_mem`
[INFO] [stdout]  --> tests/dag_privacy.rs:5:5
[INFO] [stdout]   |
[INFO] [stdout] 5 | use valence_backend_mem::InMemoryBackend;
[INFO] [stdout]   |     ^^^^^^^^^^^^^^^^^^^ use of unresolved module or unlinked crate `valence_backend_mem`
[INFO] [stdout]   |
[INFO] [stdout]   = help: if you wanted to use a crate named `valence_backend_mem`, use `cargo add valence_backend_mem` to add it to your `Cargo.toml`
[INFO] [stdout] 
[INFO] [stdout] 
[INFO] [stdout] error[E0433]: cannot find module or crate `valence_backend_mem` in this scope
[INFO] [stdout]    --> tests/register_logical.rs:103:42
[INFO] [stdout]     |
[INFO] [stdout] 103 |         Database::from_engine("billing", valence_backend_mem::ENGINE_ID);
[INFO] [stdout]     |                                          ^^^^^^^^^^^^^^^^^^^ use of unresolved module or unlinked crate `valence_backend_mem`
[INFO] [stdout]     |
[INFO] [stdout]     = help: if you wanted to use a crate named `valence_backend_mem`, use `cargo add valence_backend_mem` to add it to your `Cargo.toml`
[INFO] [stdout] 
[INFO] [stdout] 
[INFO] [stdout] Some errors have detailed explanations: E0432, E0433.
[INFO] [stdout] 
[INFO] [stdout] For more information about an error, try `rustc --explain E0432`.
[INFO] [stdout] 
[INFO] [stdout] error[E0432]: unresolved import `valence_backend_mem`
[INFO] [stdout]  --> tests/delete_side_effects.rs:8:5
[INFO] [stdout]   |
[INFO] [stdout] 8 | use valence_backend_mem::InMemoryBackend;
[INFO] [stdout]   |     ^^^^^^^^^^^^^^^^^^^ use of unresolved module or unlinked crate `valence_backend_mem`
[INFO] [stdout]   |
[INFO] [stdout]   = help: if you wanted to use a crate named `valence_backend_mem`, use `cargo add valence_backend_mem` to add it to your `Cargo.toml`
[INFO] [stdout] 
[INFO] [stdout] 
[INFO] [stderr] error: could not compile `uf-valence-core` (test "register_logical") due to 2 previous errors
[INFO] [stderr] warning: build failed, waiting for other jobs to finish...
[INFO] [stdout] For more information about this error, try `rustc --explain E0432`.
[INFO] [stdout] 
[INFO] [stderr] error: could not compile `uf-valence-core` (test "typed_field_roundtrip_mem") due to 1 previous error
[INFO] [stderr] error: could not compile `uf-valence-core` (test "deletion_set_null_apply") due to 1 previous error
[INFO] [stdout] For more information about this error, try `rustc --explain E0432`.
[INFO] [stdout] 
[INFO] [stdout] For more information about this error, try `rustc --explain E0432`.
[INFO] [stdout] 
[INFO] [stderr] error: could not compile `uf-valence-core` (test "delete_side_effects") due to 1 previous error
[INFO] [stdout] For more information about this error, try `rustc --explain E0432`.
[INFO] [stdout] 
[INFO] [stderr] error: could not compile `uf-valence-core` (test "dag_privacy") due to 1 previous error
[INFO] running `Command { std: "docker" "inspect" "6e3e0c94b63d50af541a92e1d35a842560846a5e8c0105b21937ab81d66718c3", kill_on_drop: false }`
[INFO] running `Command { std: "docker" "rm" "-f" "6e3e0c94b63d50af541a92e1d35a842560846a5e8c0105b21937ab81d66718c3", kill_on_drop: false }`
[INFO] [stdout] 6e3e0c94b63d50af541a92e1d35a842560846a5e8c0105b21937ab81d66718c3
