[INFO] fetching crate udiffx 0.3.1...
[INFO] testing udiffx-0.3.1 against 1.100.0-beta.1 for beta-1.100-2
[INFO] extracting crate udiffx 0.3.1 into /workspace/builds/worker-1-tc2/source
[INFO] started tweaking crates.io crate udiffx 0.3.1
[INFO] removed 0 missing examples
[INFO] removed 0 missing tests
[INFO] finished tweaking crates.io crate udiffx 0.3.1
[INFO] tweaked toml for crates.io crate udiffx 0.3.1 written to /workspace/builds/worker-1-tc2/source/Cargo.toml
[INFO] validating manifest of crates.io crate udiffx 0.3.1 on toolchain 1.100.0-beta.1
[INFO] running `Command { std: CARGO_HOME="/workspace/cargo-home" RUSTUP_HOME="/workspace/rustup-home" "/workspace/cargo-home/bin/cargo" "+1.100.0-beta.1" "metadata" "--manifest-path" "Cargo.toml" "--no-deps", kill_on_drop: false }`
[INFO] crate crates.io crate udiffx 0.3.1 already has a lockfile, it will not be regenerated
[INFO] running `Command { std: CARGO_HOME="/workspace/cargo-home" RUSTUP_HOME="/workspace/rustup-home" "/workspace/cargo-home/bin/cargo" "+1.100.0-beta.1" "fetch" "--manifest-path" "Cargo.toml", kill_on_drop: false }`
[INFO] [stderr] warning: `package.homepage` is redundant with `package.repository`
[INFO] [stderr]   --> Cargo.toml:49:12
[INFO] [stderr]    |
[INFO] [stderr] 49 | homepage = "https://github.com/zcoder-run/rust-udiffx"
[INFO] [stderr]    |            ^^^^^^^^^^^^^^^^^^^^^^^^^^^^^^^^^^^^^^^^^^^
[INFO] [stderr] ...
[INFO] [stderr] 54 | repository = "https://github.com/zcoder-run/rust-udiffx"
[INFO] [stderr]    |              -------------------------------------------
[INFO] [stderr]    |
[INFO] [stderr]    = note: `cargo::redundant_homepage` is set to `warn` by default
[INFO] [stderr] help: consider removing `package.homepage`
[INFO] [stderr] warning: `udiffx` (manifest) generated 1 warning
[INFO] [stderr]     Blocking waiting for file lock on package cache
[INFO] [stderr]     Blocking waiting for file lock on package cache
[INFO] running `Command { std: "docker" "create" "-v" "/var/lib/crater-agent-workspace/builds/worker-1-tc2/source:/opt/rustwide/workdir:ro,Z" "-v" "/var/lib/crater-agent-workspace/builds/worker-1-tc2/target:/opt/rustwide/target:rw,Z" "-v" "/var/lib/crater-agent-workspace/cargo-home:/opt/rustwide/cargo-home:ro,Z" "-v" "/var/lib/crater-agent-workspace/rustup-home:/opt/rustwide/rustup-home:ro,Z" "-m" "1610612736" "--network" "none" "ghcr.io/rust-lang/crates-build-env/linux@sha256:3111399a4047eeb3a02b7a90e478d715f38a8c6669b5c4b49d30a17385265909" "sleep" "infinity", kill_on_drop: false }`
[INFO] [stdout] 237aa798cf7ed42e0ee8dfd817a2d3ac8bd61f0d382bcac2254e76c90686cf5a
[INFO] running `Command { std: "docker" "start" "237aa798cf7ed42e0ee8dfd817a2d3ac8bd61f0d382bcac2254e76c90686cf5a", kill_on_drop: false }`
[INFO] running `Command { std: "docker" "inspect" "237aa798cf7ed42e0ee8dfd817a2d3ac8bd61f0d382bcac2254e76c90686cf5a", kill_on_drop: false }`
[INFO] running `Command { std: "docker" "exec" "-e" "SOURCE_DIR=/opt/rustwide/workdir" "-e" "CARGO_HOME=/opt/rustwide/cargo-home" "-e" "RUSTUP_HOME=/opt/rustwide/rustup-home" "-e" "CARGO_TARGET_DIR=/opt/rustwide/target" "-w" "/opt/rustwide/workdir" "--user" "0:0" "237aa798cf7ed42e0ee8dfd817a2d3ac8bd61f0d382bcac2254e76c90686cf5a" "/opt/rustwide/cargo-home/bin/cargo" "+1.100.0-beta.1" "metadata" "--no-deps" "--format-version=1", kill_on_drop: false }`
[INFO] running `Command { std: "docker" "inspect" "237aa798cf7ed42e0ee8dfd817a2d3ac8bd61f0d382bcac2254e76c90686cf5a", kill_on_drop: false }`
[INFO] running `Command { std: "docker" "exec" "-e" "SOURCE_DIR=/opt/rustwide/workdir" "-e" "CARGO_HOME=/opt/rustwide/cargo-home" "-e" "RUSTUP_HOME=/opt/rustwide/rustup-home" "-e" "CARGO_TARGET_DIR=/opt/rustwide/target" "-e" "CARGO_INCREMENTAL=0" "-e" "RUST_BACKTRACE=full" "-e" "RUSTFLAGS=--cap-lints=warn" "-e" "RUSTDOCFLAGS=--cap-lints=warn" "-w" "/opt/rustwide/workdir" "--user" "0:0" "237aa798cf7ed42e0ee8dfd817a2d3ac8bd61f0d382bcac2254e76c90686cf5a" "/opt/rustwide/cargo-home/bin/cargo" "+1.100.0-beta.1" "build" "--frozen" "--message-format=json", kill_on_drop: false }`
[INFO] [stderr] warning: `package.homepage` is redundant with `package.repository`
[INFO] [stderr]   --> Cargo.toml:49:12
[INFO] [stderr]    |
[INFO] [stderr] 49 | homepage = "https://github.com/zcoder-run/rust-udiffx"
[INFO] [stderr]    |            ^^^^^^^^^^^^^^^^^^^^^^^^^^^^^^^^^^^^^^^^^^^
[INFO] [stderr] ...
[INFO] [stderr] 54 | repository = "https://github.com/zcoder-run/rust-udiffx"
[INFO] [stderr]    |              -------------------------------------------
[INFO] [stderr]    |
[INFO] [stderr]    = note: `cargo::redundant_homepage` is set to `warn` by default
[INFO] [stderr] help: consider removing `package.homepage`
[INFO] [stderr] warning: `udiffx` (manifest) generated 1 warning
[INFO] [stderr]    Compiling inotify-sys v0.1.8
[INFO] [stderr]    Compiling unicode-segmentation v1.13.3
[INFO] [stderr]    Compiling bitflags v2.13.1
[INFO] [stderr]    Compiling scopeguard v1.2.0
[INFO] [stderr]    Compiling camino v1.2.5
[INFO] [stderr]    Compiling unicode-xid v0.2.6
[INFO] [stderr]    Compiling unicase v2.9.0
[INFO] [stderr]    Compiling regex-syntax v0.8.11
[INFO] [stderr]    Compiling num-traits v0.2.19
[INFO] [stderr]    Compiling aho-corasick v1.1.5
[INFO] [stderr]    Compiling iana-time-zone v0.1.65
[INFO] [stderr]    Compiling syn v2.0.119
[INFO] [stderr]    Compiling lock_api v0.4.14
[INFO] [stderr]    Compiling notify-types v2.1.0
[INFO] [stderr]    Compiling mio v1.2.2
[INFO] [stderr]    Compiling bstr v1.13.1
[INFO] [stderr]    Compiling urlencoding v2.1.3
[INFO] [stderr]    Compiling foldhash v0.2.0
[INFO] [stderr]    Compiling file-id v0.2.3
[INFO] [stderr]    Compiling futures-sink v0.3.34
[INFO] [stderr]    Compiling fastrand v2.5.0
[INFO] [stderr]    Compiling inotify v0.11.5
[INFO] [stderr]    Compiling spin v0.9.9
[INFO] [stderr]    Compiling futures-core v0.3.34
[INFO] [stderr]    Compiling serde v1.0.229
[INFO] [stderr]    Compiling hashbrown v0.17.1
[INFO] [stderr]    Compiling path-clean v1.0.1
[INFO] [stderr]    Compiling pathdiff v0.2.3
[INFO] [stderr]    Compiling flume v0.12.0
[INFO] [stderr]    Compiling mime_guess v2.0.5
[INFO] [stderr]    Compiling convert_case v0.10.0
[INFO] [stderr]    Compiling notify v8.2.0
[INFO] [stderr]    Compiling notify-debouncer-full v0.7.0
[INFO] [stderr]    Compiling regex-automata v0.4.18
[INFO] [stderr]    Compiling diffy v0.5.2
[INFO] [stderr]    Compiling chrono v0.4.45
[INFO] [stderr]    Compiling trash v5.2.6
[INFO] [stderr]    Compiling globset v0.4.20
[INFO] [stderr]    Compiling derive_more-impl v2.1.1
[INFO] [stderr]    Compiling tracing-attributes v0.1.31
[INFO] [stderr]    Compiling tracing v0.1.44
[INFO] [stderr]    Compiling derive_more v2.1.1
[INFO] [stderr]    Compiling markex v0.3.0
[INFO] [stderr]    Compiling simple-fs v0.12.3
[INFO] [stderr]    Compiling udiffx v0.3.1 (/opt/rustwide/workdir)
[INFO] [stderr] warning: unused dependency `tracing`
[INFO] [stderr]   --> Cargo.toml:14:15
[INFO] [stderr]    |
[INFO] [stderr] 14 | [dependencies.tracing]
[INFO] [stderr]    |               ^^^^^^^^
[INFO] [stderr]    |
[INFO] [stderr]    = note: `cargo::unused_dependencies` is set to `warn` by default
[INFO] [stderr] help: consider removing the dependency on `tracing`
[INFO] [stderr] warning: `udiffx` (manifest) generated 1 warning
[INFO] [stderr]     Finished `dev` profile [unoptimized + debuginfo] target(s) in 19.50s
[INFO] running `Command { std: "docker" "inspect" "237aa798cf7ed42e0ee8dfd817a2d3ac8bd61f0d382bcac2254e76c90686cf5a", kill_on_drop: false }`
[INFO] running `Command { std: "docker" "exec" "-e" "SOURCE_DIR=/opt/rustwide/workdir" "-e" "CARGO_HOME=/opt/rustwide/cargo-home" "-e" "RUSTUP_HOME=/opt/rustwide/rustup-home" "-e" "CARGO_TARGET_DIR=/opt/rustwide/target" "-e" "CARGO_INCREMENTAL=0" "-e" "RUST_BACKTRACE=full" "-e" "RUSTFLAGS=--cap-lints=warn" "-e" "RUSTDOCFLAGS=--cap-lints=warn" "-w" "/opt/rustwide/workdir" "--user" "0:0" "237aa798cf7ed42e0ee8dfd817a2d3ac8bd61f0d382bcac2254e76c90686cf5a" "/opt/rustwide/cargo-home/bin/cargo" "+1.100.0-beta.1" "test" "--frozen" "--no-run" "--message-format=json", kill_on_drop: false }`
[INFO] [stderr] warning: `package.homepage` is redundant with `package.repository`
[INFO] [stderr]   --> Cargo.toml:49:12
[INFO] [stderr]    |
[INFO] [stderr] 49 | homepage = "https://github.com/zcoder-run/rust-udiffx"
[INFO] [stderr]    |            ^^^^^^^^^^^^^^^^^^^^^^^^^^^^^^^^^^^^^^^^^^^
[INFO] [stderr] ...
[INFO] [stderr] 54 | repository = "https://github.com/zcoder-run/rust-udiffx"
[INFO] [stderr]    |              -------------------------------------------
[INFO] [stderr]    |
[INFO] [stderr]    = note: `cargo::redundant_homepage` is set to `warn` by default
[INFO] [stderr] help: consider removing `package.homepage`
[INFO] [stderr] warning: `udiffx` (manifest) generated 1 warning
[INFO] [stderr]    Compiling assertables v10.1.0
[INFO] [stderr]    Compiling udiffx v0.3.1 (/opt/rustwide/workdir)
[INFO] [stdout] error[E0432]: unresolved import `udiffx::for_test`
[INFO] [stdout]   --> tests/tests_patches.rs:5:13
[INFO] [stdout]    |
[INFO] [stdout]  5 | use udiffx::for_test::{apply_patch_incremental, split_raw_hunks};
[INFO] [stdout]    |             ^^^^^^^^ could not find `for_test` in `udiffx`
[INFO] [stdout]    |
[INFO] [stdout] note: found an item that was configured out
[INFO] [stdout]   --> src/lib.rs:32:9
[INFO] [stdout]    |
[INFO] [stdout] 31 | #[cfg(any(test, feature = "test-support"))]
[INFO] [stdout]    |          -------------------------------- the item is gated here
[INFO] [stdout] 32 | pub mod for_test {
[INFO] [stdout]    |         ^^^^^^^^
[INFO] [stdout] 
[INFO] [stdout] 
[INFO] [stdout] error[E0433]: cannot find `for_test` in `udiffx`
[INFO] [stdout]    --> tests/tests_patches.rs:286:15
[INFO] [stdout]     |
[INFO] [stdout] 286 |                         udiffx::for_test::complete(&working, raw_hunk).map_err(|e| e.to_string())?;
[INFO] [stdout]     |                                 ^^^^^^^^ could not find `for_test` in `udiffx`
[INFO] [stdout]     |
[INFO] [stdout] note: found an item that was configured out
[INFO] [stdout]    --> src/lib.rs:32:9
[INFO] [stdout]     |
[INFO] [stdout]  31 | #[cfg(any(test, feature = "test-support"))]
[INFO] [stdout]     |          -------------------------------- the item is gated here
[INFO] [stdout]  32 | pub mod for_test {
[INFO] [stdout]     |         ^^^^^^^^
[INFO] [stdout] 
[INFO] [stdout] 
[INFO] [stdout] error[E0433]: cannot find `for_test` in `udiffx`
[INFO] [stdout]    --> tests/tests_patches.rs:371:15
[INFO] [stdout]     |
[INFO] [stdout] 371 |                         udiffx::for_test::complete(&working, raw_hunk).map_err(|e| e.to_string())?;
[INFO] [stdout]     |                                 ^^^^^^^^ could not find `for_test` in `udiffx`
[INFO] [stdout]     |
[INFO] [stdout] note: found an item that was configured out
[INFO] [stdout]    --> src/lib.rs:32:9
[INFO] [stdout]     |
[INFO] [stdout]  31 | #[cfg(any(test, feature = "test-support"))]
[INFO] [stdout]     |          -------------------------------- the item is gated here
[INFO] [stdout]  32 | pub mod for_test {
[INFO] [stdout]     |         ^^^^^^^^
[INFO] [stdout] 
[INFO] [stdout] 
[INFO] [stdout] Some errors have detailed explanations: E0432, E0433.
[INFO] [stdout] 
[INFO] [stdout] For more information about an error, try `rustc --explain E0432`.
[INFO] [stdout] 
[INFO] [stderr] error: could not compile `udiffx` (test "tests_patches") due to 3 previous errors
[INFO] [stderr] warning: build failed, waiting for other jobs to finish...
[INFO] [stderr] warning: unused dependency `tracing`
[INFO] [stderr]   --> Cargo.toml:14:15
[INFO] [stderr]    |
[INFO] [stderr] 14 | [dependencies.tracing]
[INFO] [stderr]    |               ^^^^^^^^
[INFO] [stderr]    |
[INFO] [stderr]    = note: `cargo::unused_dependencies` is set to `warn` by default
[INFO] [stderr] help: consider removing the dependency on `tracing`
[INFO] [stderr] warning: `udiffx` (manifest) generated 1 warning
[INFO] running `Command { std: "docker" "inspect" "237aa798cf7ed42e0ee8dfd817a2d3ac8bd61f0d382bcac2254e76c90686cf5a", kill_on_drop: false }`
[INFO] running `Command { std: "docker" "rm" "-f" "237aa798cf7ed42e0ee8dfd817a2d3ac8bd61f0d382bcac2254e76c90686cf5a", kill_on_drop: false }`
[INFO] [stdout] 237aa798cf7ed42e0ee8dfd817a2d3ac8bd61f0d382bcac2254e76c90686cf5a
