[INFO] fetching crate ucx-rs 0.1.0+ucx.1.22.0...
[INFO] testing ucx-rs-0.1.0+ucx.1.22.0 against 1.100.0-beta.1 for beta-1.100-2
[INFO] extracting crate ucx-rs 0.1.0+ucx.1.22.0 into /workspace/builds/worker-3-tc2/source
[INFO] started tweaking crates.io crate ucx-rs 0.1.0+ucx.1.22.0
[INFO] removed 0 missing tests
[INFO] finished tweaking crates.io crate ucx-rs 0.1.0+ucx.1.22.0
[INFO] tweaked toml for crates.io crate ucx-rs 0.1.0+ucx.1.22.0 written to /workspace/builds/worker-3-tc2/source/Cargo.toml
[INFO] validating manifest of crates.io crate ucx-rs 0.1.0+ucx.1.22.0 on toolchain 1.100.0-beta.1
[INFO] running `Command { std: CARGO_HOME="/workspace/cargo-home" RUSTUP_HOME="/workspace/rustup-home" "/workspace/cargo-home/bin/cargo" "+1.100.0-beta.1" "metadata" "--manifest-path" "Cargo.toml" "--no-deps", kill_on_drop: false }`
[INFO] crate crates.io crate ucx-rs 0.1.0+ucx.1.22.0 already has a lockfile, it will not be regenerated
[INFO] running `Command { std: CARGO_HOME="/workspace/cargo-home" RUSTUP_HOME="/workspace/rustup-home" "/workspace/cargo-home/bin/cargo" "+1.100.0-beta.1" "fetch" "--manifest-path" "Cargo.toml", kill_on_drop: false }`
[INFO] running `Command { std: "docker" "create" "-v" "/var/lib/crater-agent-workspace/builds/worker-3-tc2/source:/opt/rustwide/workdir:ro,Z" "-v" "/var/lib/crater-agent-workspace/builds/worker-3-tc2/target:/opt/rustwide/target:rw,Z" "-v" "/var/lib/crater-agent-workspace/cargo-home:/opt/rustwide/cargo-home:ro,Z" "-v" "/var/lib/crater-agent-workspace/rustup-home:/opt/rustwide/rustup-home:ro,Z" "-m" "1610612736" "--network" "none" "ghcr.io/rust-lang/crates-build-env/linux@sha256:3111399a4047eeb3a02b7a90e478d715f38a8c6669b5c4b49d30a17385265909" "sleep" "infinity", kill_on_drop: false }`
[INFO] [stdout] e3290f450143f818640054d2cc930a534131c2d5c2502d287fc614bba463a8fd
[INFO] running `Command { std: "docker" "start" "e3290f450143f818640054d2cc930a534131c2d5c2502d287fc614bba463a8fd", kill_on_drop: false }`
[INFO] running `Command { std: "docker" "inspect" "e3290f450143f818640054d2cc930a534131c2d5c2502d287fc614bba463a8fd", kill_on_drop: false }`
[INFO] running `Command { std: "docker" "exec" "-e" "SOURCE_DIR=/opt/rustwide/workdir" "-e" "CARGO_HOME=/opt/rustwide/cargo-home" "-e" "RUSTUP_HOME=/opt/rustwide/rustup-home" "-e" "CARGO_TARGET_DIR=/opt/rustwide/target" "-w" "/opt/rustwide/workdir" "--user" "0:0" "e3290f450143f818640054d2cc930a534131c2d5c2502d287fc614bba463a8fd" "/opt/rustwide/cargo-home/bin/cargo" "+1.100.0-beta.1" "metadata" "--no-deps" "--format-version=1", kill_on_drop: false }`
[INFO] running `Command { std: "docker" "inspect" "e3290f450143f818640054d2cc930a534131c2d5c2502d287fc614bba463a8fd", kill_on_drop: false }`
[INFO] running `Command { std: "docker" "exec" "-e" "SOURCE_DIR=/opt/rustwide/workdir" "-e" "CARGO_HOME=/opt/rustwide/cargo-home" "-e" "RUSTUP_HOME=/opt/rustwide/rustup-home" "-e" "CARGO_TARGET_DIR=/opt/rustwide/target" "-e" "CARGO_INCREMENTAL=0" "-e" "RUST_BACKTRACE=full" "-e" "RUSTFLAGS=--cap-lints=warn" "-e" "RUSTDOCFLAGS=--cap-lints=warn" "-w" "/opt/rustwide/workdir" "--user" "0:0" "e3290f450143f818640054d2cc930a534131c2d5c2502d287fc614bba463a8fd" "/opt/rustwide/cargo-home/bin/cargo" "+1.100.0-beta.1" "build" "--frozen" "--message-format=json", kill_on_drop: false }`
[INFO] [stderr]    Compiling generic-array v0.14.7
[INFO] [stderr]    Compiling cfg-if v1.0.4
[INFO] [stderr]    Compiling typenum v1.20.0
[INFO] [stderr]    Compiling rustix v1.1.4
[INFO] [stderr]    Compiling bitflags v2.11.1
[INFO] [stderr]    Compiling adler2 v2.0.1
[INFO] [stderr]    Compiling simd-adler32 v0.3.10
[INFO] [stderr]    Compiling cpufeatures v0.2.17
[INFO] [stderr]    Compiling libc v0.2.186
[INFO] [stderr]    Compiling crc32fast v1.5.0
[INFO] [stderr]    Compiling miniz_oxide v0.8.9
[INFO] [stderr]    Compiling flate2 v1.1.9
[INFO] [stderr]    Compiling filetime v0.2.29
[INFO] [stderr]    Compiling block-buffer v0.10.4
[INFO] [stderr]    Compiling crypto-common v0.1.7
[INFO] [stderr]    Compiling digest v0.10.7
[INFO] [stderr]    Compiling sha2 v0.10.9
[INFO] [stderr]    Compiling xattr v1.6.1
[INFO] [stderr]    Compiling tar v0.4.46
[INFO] [stderr]    Compiling ucx-rs v0.1.0+ucx.1.22.0 (/opt/rustwide/workdir)
[INFO] [stderr] error: failed to run custom build command for `ucx-rs v0.1.0+ucx.1.22.0 (/opt/rustwide/workdir)`
[INFO] [stderr] note: To improve backtraces for build dependencies, set the CARGO_PROFILE_DEV_BUILD_OVERRIDE_DEBUG=true environment variable to enable debug information generation.
[INFO] [stderr] 
[INFO] [stderr] Caused by:
[INFO] [stderr]   process didn't exit successfully: `/opt/rustwide/target/debug/build/ucx-rs/adf0e18147b73d34/out/build_script_build` (exit status: 101)
[INFO] [stderr]   --- stdout
[INFO] [stderr]   cargo::rustc-check-cfg=cfg(ucx_stub)
[INFO] [stderr]   cargo::rustc-check-cfg=cfg(ucx_vendored)
[INFO] [stderr]   cargo:rerun-if-changed=build.rs
[INFO] [stderr]   cargo:rerun-if-changed=vendor/ucx-1.22.0.tar.gz
[INFO] [stderr]   cargo:rerun-if-env-changed=UCX_DIR
[INFO] [stderr]   cargo:rerun-if-env-changed=UCX_EXTRA_CONFIGURE
[INFO] [stderr]   cargo:rerun-if-env-changed=UCX_RS_REGEN_BINDINGS
[INFO] [stderr]   cargo:rerun-if-env-changed=CC
[INFO] [stderr]   cargo:rerun-if-env-changed=CFLAGS
[INFO] [stderr]   cargo:rerun-if-env-changed=CXXFLAGS
[INFO] [stderr]   cargo:rerun-if-env-changed=AR
[INFO] [stderr]   cargo:rerun-if-env-changed=RANLIB
[INFO] [stderr]   cargo:rerun-if-env-changed=STRIP
[INFO] [stderr]   checking for gcc... gcc
[INFO] [stderr]   checking whether the C compiler works... yes
[INFO] [stderr]   checking for C compiler default output file name... a.out
[INFO] [stderr]   checking for suffix of executables... 
[INFO] [stderr]   checking whether we are cross compiling... no
[INFO] [stderr]   checking for suffix of object files... o
[INFO] [stderr]   checking whether we are using the GNU C compiler... yes
[INFO] [stderr]   checking whether gcc accepts -g... yes
[INFO] [stderr]   checking for gcc option to accept ISO C89... none needed
[INFO] [stderr]   checking how to run the C preprocessor... gcc -E
[INFO] [stderr]   checking for grep that handles long lines and -e... /usr/bin/grep
[INFO] [stderr]   checking for egrep... /usr/bin/grep -E
[INFO] [stderr]   checking for ANSI C header files... yes
[INFO] [stderr]   checking for sys/types.h... yes
[INFO] [stderr]   checking for sys/stat.h... yes
[INFO] [stderr]   checking for stdlib.h... yes
[INFO] [stderr]   checking for string.h... yes
[INFO] [stderr]   checking for memory.h... yes
[INFO] [stderr]   checking for strings.h... yes
[INFO] [stderr]   checking for inttypes.h... yes
[INFO] [stderr]   checking for stdint.h... yes
[INFO] [stderr]   checking for unistd.h... yes
[INFO] [stderr]   checking minix/config.h usability... no
[INFO] [stderr]   checking minix/config.h presence... no
[INFO] [stderr]   checking for minix/config.h... no
[INFO] [stderr]   checking whether it is safe to define __EXTENSIONS__... yes
[INFO] [stderr]   checking for git... yes
[INFO] [stderr]   checking for a BSD-compatible install... /usr/bin/install -c
[INFO] [stderr]   checking whether build environment is sane... yes
[INFO] [stderr]   checking for a thread-safe mkdir -p... /opt/rustwide/target/debug/build/ucx-rs/3c93469b57abf2bb/out/ucx-1.22.0/install-sh -c -d
[INFO] [stderr]   checking for gawk... no
[INFO] [stderr]   checking for mawk... mawk
[INFO] [stderr]   checking whether make sets $(MAKE)... yes
[INFO] [stderr]   checking for style of include used by make... GNU
[INFO] [stderr]   checking whether make supports nested variables... yes
[INFO] [stderr]   checking whether UID '0' is supported by ustar format... yes
[INFO] [stderr]   checking whether GID '0' is supported by ustar format... yes
[INFO] [stderr]   checking how to create a ustar tar archive... gnutar
[INFO] [stderr]   checking dependency style of gcc... gcc3
[INFO] [stderr]   checking whether make supports nested variables... (cached) yes
[INFO] [stderr]   checking whether to enable maintainer-specific portions of Makefiles... no
[INFO] [stderr]   checking for gcc... (cached) gcc
[INFO] [stderr]   checking whether we are using the GNU C compiler... (cached) yes
[INFO] [stderr]   checking whether gcc accepts -g... (cached) yes
[INFO] [stderr]   checking for gcc option to accept ISO C89... (cached) none needed
[INFO] [stderr]   checking for g++... g++
[INFO] [stderr]   checking whether we are using the GNU C++ compiler... yes
[INFO] [stderr]   checking whether g++ accepts -g... yes
[INFO] [stderr]   checking dependency style of g++... gcc3
[INFO] [stderr]   checking for gcc option to support OpenMP... -fopenmp
[INFO] [stderr]   checking dependency style of gcc... gcc3
[INFO] [stderr]   checking whether ln -s works... yes
[INFO] [stderr]   checking for a sed that does not truncate output... /usr/bin/sed
[INFO] [stderr]   checking build system type... x86_64-unknown-linux-gnu
[INFO] [stderr]   checking host system type... x86_64-unknown-linux-gnu
[INFO] [stderr]   checking how to print strings... printf
[INFO] [stderr]   checking for a sed that does not truncate output... (cached) /usr/bin/sed
[INFO] [stderr]   checking for fgrep... /usr/bin/grep -F
[INFO] [stderr]   checking for ld used by gcc... /usr/bin/x86_64-linux-gnu-ld
[INFO] [stderr]   checking if the linker (/usr/bin/x86_64-linux-gnu-ld) is GNU ld... yes
[INFO] [stderr]   checking for BSD- or MS-compatible name lister (nm)... /usr/bin/nm -B
[INFO] [stderr]   checking the name lister (/usr/bin/nm -B) interface... BSD nm
[INFO] [stderr]   checking the maximum length of command line arguments... 1572864
[INFO] [stderr]   checking whether the shell understands some XSI constructs... yes
[INFO] [stderr]   checking whether the shell understands "+="... yes
[INFO] [stderr]   checking how to convert x86_64-unknown-linux-gnu file names to x86_64-unknown-linux-gnu format... func_convert_file_noop
[INFO] [stderr]   checking how to convert x86_64-unknown-linux-gnu file names to toolchain format... func_convert_file_noop
[INFO] [stderr]   checking for /usr/bin/x86_64-linux-gnu-ld option to reload object files... -r
[INFO] [stderr]   checking for objdump... objdump
[INFO] [stderr]   checking how to recognize dependent libraries... pass_all
[INFO] [stderr]   checking for dlltool... no
[INFO] [stderr]   checking how to associate runtime and link libraries... printf %s\n
[INFO] [stderr]   checking for ar... ar
[INFO] [stderr]   checking for archiver @FILE support... @
[INFO] [stderr]   checking for strip... strip
[INFO] [stderr]   checking for ranlib... ranlib
[INFO] [stderr]   checking command to parse /usr/bin/nm -B output from gcc object... ok
[INFO] [stderr]   checking for sysroot... no
[INFO] [stderr]   checking for mt... no
[INFO] [stderr]   checking if : is a manifest tool... no
[INFO] [stderr]   checking for dlfcn.h... yes
[INFO] [stderr]   checking for objdir... .libs
[INFO] [stderr]   checking if gcc supports -fno-rtti -fno-exceptions... no
[INFO] [stderr]   checking for gcc option to produce PIC... -fPIC -DPIC
[INFO] [stderr]   checking if gcc PIC flag -fPIC -DPIC works... yes
[INFO] [stderr]   checking if gcc static flag -static works... yes
[INFO] [stderr]   checking if gcc supports -c -o file.o... yes
[INFO] [stderr]   checking if gcc supports -c -o file.o... (cached) yes
[INFO] [stderr]   checking whether the gcc linker (/usr/bin/x86_64-linux-gnu-ld -m elf_x86_64) supports shared libraries... yes
[INFO] [stderr]   checking dynamic linker characteristics... GNU/Linux ld.so
[INFO] [stderr]   checking how to hardcode library paths into programs... immediate
[INFO] [stderr]   checking whether stripping libraries is possible... yes
[INFO] [stderr]   checking if libtool supports shared libraries... yes
[INFO] [stderr]   checking whether to build shared libraries... no
[INFO] [stderr]   checking whether to build static libraries... yes
[INFO] [stderr]   checking how to run the C++ preprocessor... g++ -E
[INFO] [stderr]   checking for ld used by g++... /usr/bin/x86_64-linux-gnu-ld -m elf_x86_64
[INFO] [stderr]   checking if the linker (/usr/bin/x86_64-linux-gnu-ld -m elf_x86_64) is GNU ld... yes
[INFO] [stderr]   checking whether the g++ linker (/usr/bin/x86_64-linux-gnu-ld -m elf_x86_64) supports shared libraries... yes
[INFO] [stderr]   checking for g++ option to produce PIC... -fPIC -DPIC
[INFO] [stderr]   checking if g++ PIC flag -fPIC -DPIC works... yes
[INFO] [stderr]   checking if g++ static flag -static works... yes
[INFO] [stderr]   checking if g++ supports -c -o file.o... yes
[INFO] [stderr]   checking if g++ supports -c -o file.o... (cached) yes
[INFO] [stderr]   checking whether the g++ linker (/usr/bin/x86_64-linux-gnu-ld -m elf_x86_64) supports shared libraries... yes
[INFO] [stderr]   checking dynamic linker characteristics... (cached) GNU/Linux ld.so
[INFO] [stderr]   checking how to hardcode library paths into programs... immediate
[INFO] [stderr]   checking for cos in -lm... yes
[INFO] [stderr]   checking for C/C++ restrict keyword... __restrict
[INFO] [stderr]   checking whether strerror_r is declared... yes
[INFO] [stderr]   checking for strerror_r... yes
[INFO] [stderr]   checking whether strerror_r returns char *... yes
[INFO] [stderr]   checking for pkg-config... /usr/bin/pkg-config
[INFO] [stderr]   checking if ln -s supports --relative... yes
[INFO] [stderr]   checking for dot... yes
[INFO] [stderr]   checking for size_t... yes
[INFO] [stderr]   checking for nvcc... no
[INFO] [stderr]   checking compiler flag -diag-error 10006... no
[INFO] [stderr]   checking compiler flag -diag-error 10148... no
[INFO] [stderr]   checking whether -diag-disable 1478 overrides deprecated declarations... no
[INFO] [stderr]   checking whether -Wno-deprecated-declarations overrides deprecated declarations... yes
[INFO] [stderr]   checking compiler flag -diag-disable 269... no
[INFO] [stderr]   checking compiler flag -fmax-type-align=16... no
[INFO] [stderr]   checking -mavx... yes
[INFO] [stderr]   configure: Detected CPU implementation: 
[INFO] [stderr]   configure: Detected CPU architecture: 
[INFO] [stderr]   configure: Detected CPU variant: 
[INFO] [stderr]   configure: Detected CPU part: 
[INFO] [stderr]   checking for __attribute__(optimize)... 1
[INFO] [stderr]   checking compiler flag -funwind-tables... yes
[INFO] [stderr]   configure: compiling with unwind tables
[INFO] [stderr]   checking compiler flag stack_usage_check... yes
[INFO] [stderr]   checking if g++ works... yes
[INFO] [stderr]   checking c++11 support... yes
[INFO] [stderr]   checking gnu++11 support... yes
[INFO] [stderr]   checking whether _GLIBCXX_NOTHROW is declared... yes
[INFO] [stderr]   checking compiler flag --display_error_number... no
[INFO] [stderr]   checking compiler flag --diag_suppress 1... no
[INFO] [stderr]   checking compiler flag --diag_suppress 68... no
[INFO] [stderr]   checking compiler flag --diag_suppress 111... no
[INFO] [stderr]   checking compiler flag --diag_suppress 167... no
[INFO] [stderr]   checking compiler flag --diag_suppress 181... no
[INFO] [stderr]   checking compiler flag --diag_suppress 188... no
[INFO] [stderr]   checking compiler flag --diag_suppress 381... no
[INFO] [stderr]   checking compiler flag --diag_suppress 1215... no
[INFO] [stderr]   checking compiler flag --diag_suppress 1626... no
[INFO] [stderr]   checking compiler flag --diag_suppress 1901... no
[INFO] [stderr]   checking compiler flag --diag_suppress 1902... no
[INFO] [stderr]   checking compiler flag -pedantic... yes
[INFO] [stderr]   checking compiler flag -Wl,-dynamic-list-data... yes
[INFO] [stderr]   checking compiler flag -Wno-missing-field-initializers... yes
[INFO] [stderr]   checking compiler flag -Wno-unused-parameter... yes
[INFO] [stderr]   checking compiler flag -Wno-unused-label... yes
[INFO] [stderr]   checking compiler flag -Wno-long-long... yes
[INFO] [stderr]   checking compiler flag -Wno-endif-labels... yes
[INFO] [stderr]   checking compiler flag -Wno-sign-compare... yes
[INFO] [stderr]   checking compiler flag -Wno-multichar... yes
[INFO] [stderr]   checking compiler flag -Wno-deprecated-declarations... yes
[INFO] [stderr]   checking compiler flag -Winvalid-pch... yes
[INFO] [stderr]   checking compiler flag -Wno-pointer-sign... yes
[INFO] [stderr]   checking compiler flag -Werror-implicit-function-declaration... yes
[INFO] [stderr]   checking compiler flag -Wno-format-zero-length... yes
[INFO] [stderr]   checking compiler flag -Wnested-externs... yes
[INFO] [stderr]   checking compiler flag -Wshadow... yes
[INFO] [stderr]   checking compiler flag -Werror=declaration-after-statement... yes
[INFO] [stderr]   checking for working alloca.h... yes
[INFO] [stderr]   checking for alloca... yes
[INFO] [stderr]   checking for shm_open in -lrt... yes
[INFO] [stderr]   checking for timer_create in -lrt... yes
[INFO] [stderr]   checking libgen.h usability... yes
[INFO] [stderr]   checking libgen.h presence... yes
[INFO] [stderr]   checking for libgen.h... yes
[INFO] [stderr]   checking whether asprintf is declared... yes
[INFO] [stderr]   checking whether basename is declared... yes
[INFO] [stderr]   checking whether fmemopen is declared... yes
[INFO] [stderr]   checking sys/cpuset.h usability... no
[INFO] [stderr]   checking sys/cpuset.h presence... no
[INFO] [stderr]   checking for sys/cpuset.h... no
[INFO] [stderr]   checking whether CPU_ZERO is declared... yes
[INFO] [stderr]   checking whether CPU_ISSET is declared... yes
[INFO] [stderr]   checking for cpu_set_t... yes
[INFO] [stderr]   checking for cpuset_t... no
[INFO] [stderr]   checking for sighandler_t... yes
[INFO] [stderr]   checking for __sighandler_t... yes
[INFO] [stderr]   checking pthread_np.h usability... no
[INFO] [stderr]   checking pthread_np.h presence... no
[INFO] [stderr]   checking for pthread_np.h... no
[INFO] [stderr]   checking for library containing pthread_create... none required
[INFO] [stderr]   checking for library containing pthread_atfork... none required
[INFO] [stderr]   checking for clearenv... yes
[INFO] [stderr]   checking for malloc_trim... yes
[INFO] [stderr]   checking for memalign... yes
[INFO] [stderr]   checking for posix_memalign... yes
[INFO] [stderr]   checking for mremap... yes
[INFO] [stderr]   checking for sched_setaffinity... yes
[INFO] [stderr]   checking for sched_getaffinity... yes
[INFO] [stderr]   checking for cpuset_setaffinity... no
[INFO] [stderr]   checking for cpuset_getaffinity... no
[INFO] [stderr]   checking whether F_SETOWN_EX is declared... yes
[INFO] [stderr]   checking whether ethtool_cmd_speed is declared... yes
[INFO] [stderr]   checking whether SPEED_UNKNOWN is declared... yes
[INFO] [stderr]   checking sys/platform/ppc.h usability... no
[INFO] [stderr]   checking sys/platform/ppc.h presence... no
[INFO] [stderr]   checking for sys/platform/ppc.h... no
[INFO] [stderr]   checking whether __ppc_get_timebase_freq is declared... no
[INFO] [stderr]   checking whether __ppc_get_timebase is declared... no
[INFO] [stderr]   checking for using Google C++ Testing Framework... no
[INFO] [stderr]   configure: Valgrind support disabled
[INFO] [stderr]   checking malloc hooks... no
[INFO] [stderr]   checking sys/capability.h usability... yes
[INFO] [stderr]   checking sys/capability.h presence... yes
[INFO] [stderr]   checking for sys/capability.h... yes
[INFO] [stderr]   checking for cap_user_header_t... yes
[INFO] [stderr]   checking for cap_user_data_t... yes
[INFO] [stderr]   checking whether PR_SET_PTRACER is declared... yes
[INFO] [stderr]   checking for struct in6_addr.s6_addr32... yes
[INFO] [stderr]   checking for struct in6_addr.__u6_addr.__u6_addr32... no
[INFO] [stderr]   checking for struct iphdr.daddr.s_addr... no
[INFO] [stderr]   checking for struct ip.ip_dst.s_addr... yes
[INFO] [stderr]   checking for struct sigevent._sigev_un._tid... yes
[INFO] [stderr]   checking for struct sigevent.sigev_notify_thread_id... no
[INFO] [stderr]   checking for struct sigaction.sa_restorer... yes
[INFO] [stderr]   checking sys/epoll.h usability... yes
[INFO] [stderr]   checking sys/epoll.h presence... yes
[INFO] [stderr]   checking for sys/epoll.h... yes
[INFO] [stderr]   checking sys/eventfd.h usability... yes
[INFO] [stderr]   checking sys/eventfd.h presence... yes
[INFO] [stderr]   checking for sys/eventfd.h... yes
[INFO] [stderr]   checking sys/event.h usability... no
[INFO] [stderr]   checking sys/event.h presence... no
[INFO] [stderr]   checking for sys/event.h... no
[INFO] [stderr]   checking sys/thr.h usability... no
[INFO] [stderr]   checking sys/thr.h presence... no
[INFO] [stderr]   checking for sys/thr.h... no
[INFO] [stderr]   checking malloc.h usability... yes
[INFO] [stderr]   checking malloc.h presence... yes
[INFO] [stderr]   checking for malloc.h... yes
[INFO] [stderr]   checking malloc_np.h usability... no
[INFO] [stderr]   checking malloc_np.h presence... no
[INFO] [stderr]   checking for malloc_np.h... no
[INFO] [stderr]   checking endian.h, usability... no
[INFO] [stderr]   checking endian.h, presence... no
[INFO] [stderr]   checking for endian.h,... no
[INFO] [stderr]   checking sys/endian.h usability... no
[INFO] [stderr]   checking sys/endian.h presence... no
[INFO] [stderr]   checking for sys/endian.h... no
[INFO] [stderr]   checking ieee754.h usability... yes
[INFO] [stderr]   checking ieee754.h presence... yes
[INFO] [stderr]   checking for ieee754.h... yes
[INFO] [stderr]   checking linux/mman.h usability... yes
[INFO] [stderr]   checking linux/mman.h presence... yes
[INFO] [stderr]   checking for linux/mman.h... yes
[INFO] [stderr]   checking linux/ip.h usability... yes
[INFO] [stderr]   checking linux/ip.h presence... yes
[INFO] [stderr]   checking for linux/ip.h... yes
[INFO] [stderr]   checking linux/futex.h usability... yes
[INFO] [stderr]   checking linux/futex.h presence... yes
[INFO] [stderr]   checking for linux/futex.h... yes
[INFO] [stderr]   checking for net/ethernet.h... yes
[INFO] [stderr]   checking for netinet/ip.h... yes
[INFO] [stderr]   checking for brk... yes
[INFO] [stderr]   checking for sbrk... yes
[INFO] [stderr]   configure: Memory allocator is ptmalloc-2.8.6 version
[INFO] [stderr]   checking for malloc_get_state... no
[INFO] [stderr]   checking for malloc_set_state... no
[INFO] [stderr]   checking whether MADV_FREE is declared... yes
[INFO] [stderr]   checking whether MADV_REMOVE is declared... yes
[INFO] [stderr]   checking whether POSIX_MADV_DONTNEED is declared... yes
[INFO] [stderr]   checking whether getauxval is declared... yes
[INFO] [stderr]   checking whether SYS_mmap is declared... yes
[INFO] [stderr]   checking whether SYS_munmap is declared... yes
[INFO] [stderr]   checking whether SYS_mremap is declared... yes
[INFO] [stderr]   checking whether SYS_brk is declared... yes
[INFO] [stderr]   checking whether SYS_madvise is declared... yes
[INFO] [stderr]   checking whether SYS_shmat is declared... yes
[INFO] [stderr]   checking whether SYS_shmdt is declared... yes
[INFO] [stderr]   checking whether SYS_ipc is declared... no
[INFO] [stderr]   checking for __curbrk... yes
[INFO] [stderr]   checking for tc_malloc in -ltcmalloc... no
[INFO] [stderr]   configure: Infiniband MAD Path not specified. Guessing ...
[INFO] [stderr]   checking infiniband/mad.h usability... no
[INFO] [stderr]   checking infiniband/mad.h presence... no
[INFO] [stderr]   checking for infiniband/mad.h... no
[INFO] [stderr]   checking infiniband/umad.h usability... no
[INFO] [stderr]   checking infiniband/umad.h presence... no
[INFO] [stderr]   checking for infiniband/umad.h... no
[INFO] [stderr]   checking infiniband/umad_types.h usability... no
[INFO] [stderr]   checking infiniband/umad_types.h presence... no
[INFO] [stderr]   checking for infiniband/umad_types.h... no
[INFO] [stderr]   checking level_zero/ze_api.h usability... no
[INFO] [stderr]   checking level_zero/ze_api.h presence... no
[INFO] [stderr]   checking for level_zero/ze_api.h... no
[INFO] [stderr]   checking whether inotify_init is declared... yes
[INFO] [stderr]   checking whether inotify_add_watch is declared... yes
[INFO] [stderr]   checking whether IN_ATTRIB is declared... yes
[INFO] [stderr]   checking for bfd_openr in -lbfd... no
[INFO] [stderr]   checking for bfd_openr in -lbfd... no
[INFO] [stderr]   checking for bfd_openr in -lbfd... no
[INFO] [stderr]   checking bfd.h usability... no
[INFO] [stderr]   checking bfd.h presence... no
[INFO] [stderr]   checking for bfd.h... no
[INFO] [stderr]   checking for struct dl_phdr_info... yes
[INFO] [stderr]   checking __attribute__((constructor))... yes
[INFO] [stderr]   configure: enabling builtin memcpy
[INFO] [stderr]   checking for __clear_cache... yes
[INFO] [stderr]   checking for __aarch64_sync_cache_range... no
[INFO] [stderr]   checking whether SYS_pidfd_getfd is declared... yes
[INFO] [stderr]   configure: Compiling with verbs support from /usr
[INFO] [stderr]   checking infiniband/verbs.h usability... yes
[INFO] [stderr]   checking infiniband/verbs.h presence... yes
[INFO] [stderr]   checking for infiniband/verbs.h... yes
[INFO] [stderr]   checking for ibv_get_device_list in -libverbs... yes
[INFO] [stderr]   checking whether ibv_wc_status_str is declared... yes
[INFO] [stderr]   checking whether ibv_event_type_str is declared... yes
[INFO] [stderr]   checking whether ibv_query_gid is declared... yes
[INFO] [stderr]   checking whether ibv_get_device_name is declared... yes
[INFO] [stderr]   checking whether ibv_create_srq is declared... yes
[INFO] [stderr]   checking whether ibv_get_async_event is declared... yes
[INFO] [stderr]   checking whether IBV_CREATE_CQ_ATTR_IGNORE_OVERRUN is declared... yes
[INFO] [stderr]   configure: Checking for DV bare-metal support
[INFO] [stderr]   checking for mlx5dv_query_device in -lmlx5-rdmav2... no
[INFO] [stderr]   checking for mlx5dv_query_device in -lmlx5... yes
[INFO] [stderr]   checking for infiniband/mlx5dv.h... yes
[INFO] [stderr]   checking whether mlx5dv_init_obj is declared... yes
[INFO] [stderr]   checking whether mlx5dv_create_qp is declared... yes
[INFO] [stderr]   checking whether mlx5dv_is_supported is declared... yes
[INFO] [stderr]   checking whether mlx5dv_devx_subscribe_devx_event is declared... yes
[INFO] [stderr]   checking whether MLX5DV_CQ_INIT_ATTR_MASK_COMPRESSED_CQE is declared... yes
[INFO] [stderr]   checking whether MLX5DV_CQ_INIT_ATTR_MASK_CQE_SIZE is declared... yes
[INFO] [stderr]   checking whether MLX5DV_QP_CREATE_ALLOW_SCATTER_TO_CQE is declared... yes
[INFO] [stderr]   checking whether MLX5DV_UMEM_MASK_DMABUF is declared... yes
[INFO] [stderr]   checking whether MLX5DV_UAR_ALLOC_TYPE_BF is declared... yes
[INFO] [stderr]   checking whether MLX5DV_UAR_ALLOC_TYPE_NC_DEDICATED is declared... yes
[INFO] [stderr]   checking for struct mlx5dv_cq.cq_uar... yes
[INFO] [stderr]   checking whether MLX5DV_OBJ_AH is declared... yes
[INFO] [stderr]   checking whether MLX5DV_DCTYPE_DCT is declared... yes
[INFO] [stderr]   checking whether ibv_alloc_td is declared... yes
[INFO] [stderr]   checking whether MLX5_OPCODE_MMO is declared... yes
[INFO] [stderr]   checking whether MLX5DV_CONTEXT_FLAGS_DEVX is declared... yes
[INFO] [stderr]   checking whether IBV_LINK_LAYER_INFINIBAND is declared... yes
[INFO] [stderr]   checking whether IBV_LINK_LAYER_ETHERNET is declared... yes
[INFO] [stderr]   checking whether IBV_EVENT_GID_CHANGE is declared... yes
[INFO] [stderr]   checking whether IBV_EVENT_PORT_SPEED_CHANGE is declared... no
[INFO] [stderr]   checking whether IBV_FORK_UNNEEDED is declared... yes
[INFO] [stderr]   checking whether IBV_TRANSPORT_USNIC is declared... yes
[INFO] [stderr]   checking whether IBV_TRANSPORT_USNIC_UDP is declared... yes
[INFO] [stderr]   checking whether IBV_TRANSPORT_UNSPECIFIED is declared... yes
[INFO] [stderr]   checking whether ibv_create_qp_ex is declared... yes
[INFO] [stderr]   checking whether ibv_create_cq_ex is declared... yes
[INFO] [stderr]   checking whether ibv_create_srq_ex is declared... yes
[INFO] [stderr]   checking whether ibv_reg_dmabuf_mr is declared... yes
[INFO] [stderr]   checking whether ibv_query_port_speed is declared... no
[INFO] [stderr]   checking whether ibv_is_fork_initialized is declared... yes
[INFO] [stderr]   checking whether ibv_set_ece is declared... yes
[INFO] [stderr]   checking whether ibv_query_device_ex is declared... yes
[INFO] [stderr]   checking for struct ibv_device_attr_ex.pci_atomic_caps... yes
[INFO] [stderr]   checking for struct ibv_device_attr_ex.odp_caps... yes
[INFO] [stderr]   checking for struct ibv_port_attr.active_speed_ex... yes
[INFO] [stderr]   checking whether IBV_ACCESS_RELAXED_ORDERING is declared... yes
[INFO] [stderr]   checking whether IBV_ACCESS_ON_DEMAND is declared... yes
[INFO] [stderr]   checking whether IBV_QPF_GRH_REQUIRED is declared... yes
[INFO] [stderr]   checking whether ibv_advise_mr is declared... yes
[INFO] [stderr]   checking for struct mlx5_wqe_av.base... no
[INFO] [stderr]   checking for struct mlx5_grh_av.rmac... no
[INFO] [stderr]   checking for struct mlx5_cqe64.ib_stride_index... no
[INFO] [stderr]   checking for struct ibv_tmh.tag... yes
[INFO] [stderr]   checking for struct ibv_tm_caps.flags... yes
[INFO] [stderr]   checking whether ibv_alloc_dm is declared... yes
[INFO] [stderr]   checking whether MLX5DV_CONTEXT_MASK_OOO_RECV_WRS is declared... yes
[INFO] [stderr]   checking whether mlx5dv_get_data_direct_sysfs_path is declared... yes
[INFO] [stderr]   checking whether mlx5dv_reg_dmabuf_mr is declared... yes
[INFO] [stderr]   checking whether NETLINK_RDMA is declared... yes
[INFO] [stderr]   checking whether RDMA_NL_NLDEV is declared... yes
[INFO] [stderr]   checking whether ibv_get_device_index is declared... yes
[INFO] [stderr]   checking whether RDMA_NLDEV_ATTR_DEV_TYPE is declared... yes
[INFO] [stderr]   checking whether RDMA_DEVICE_TYPE_SMI is declared... yes
[INFO] [stderr]   configure: Checking OFED valgrind libs /usr/lib64/mlnx_ofed/valgrind
[INFO] [stderr]   checking /usr/include/rdma/rdma_cma.h usability... yes
[INFO] [stderr]   checking /usr/include/rdma/rdma_cma.h presence... yes
[INFO] [stderr]   checking for /usr/include/rdma/rdma_cma.h... yes
[INFO] [stderr]   checking for rdma_establish in -lrdmacm... yes
[INFO] [stderr]   checking sys/uio.h usability... yes
[INFO] [stderr]   checking sys/uio.h presence... yes
[INFO] [stderr]   checking for sys/uio.h... yes
[INFO] [stderr]   checking for process_vm_readv... yes
[INFO] [stderr]   checking cray-ugni... no
[INFO] [stderr]   checking hlthunk.h usability... no
[INFO] [stderr]   checking hlthunk.h presence... no
[INFO] [stderr]   checking for hlthunk.h... no
[INFO] [stderr]   checking whether IPPROTO_TCP is declared... yes
[INFO] [stderr]   checking whether SOL_SOCKET is declared... yes
[INFO] [stderr]   checking whether SO_KEEPALIVE is declared... yes
[INFO] [stderr]   checking whether TCP_KEEPCNT is declared... yes
[INFO] [stderr]   checking whether TCP_KEEPIDLE is declared... yes
[INFO] [stderr]   checking whether TCP_KEEPINTVL is declared... yes
[INFO] [stderr]   checking compiler flag -fno-exceptions... yes
[INFO] [stderr]   checking compiler flag -fno-rtti... yes
[INFO] [stderr]   checking compiler flag --no_exceptions... no
[INFO] [stderr]   checking compiler flag -fno-tree-vectorize... yes
[INFO] [stderr]   checking compiler flag --diag_suppress 186... no
[INFO] [stderr]   checking compiler flag --diag_suppress 236... no
[INFO] [stderr]   checking compiler flag -Wno-noexcept-type... yes
[INFO] [stderr]   checking that generated files are newer than configure... done
[INFO] [stderr]   configure: creating ./config.status
[INFO] [stderr]   config.status: creating src/ucm/cuda/Makefile
[INFO] [stderr]   config.status: creating src/ucm/rocm/Makefile
[INFO] [stderr]   config.status: creating src/ucm/ze/Makefile
[INFO] [stderr]   config.status: creating src/ucm/Makefile
[INFO] [stderr]   config.status: creating src/ucs/vfs/sock/Makefile
[INFO] [stderr]   config.status: creating src/ucs/vfs/fuse/Makefile
[INFO] [stderr]   config.status: creating src/ucs/vfs/fuse/ucx-fuse.pc
[INFO] [stderr]   config.status: creating src/ucs/Makefile
[INFO] [stderr]   config.status: creating src/ucs/signal/Makefile
[INFO] [stderr]   config.status: creating src/ucs/ucx-ucs.pc
[INFO] [stderr]   config.status: creating src/uct/cuda/gdr_copy/Makefile
[INFO] [stderr]   config.status: creating src/uct/cuda/gdr_copy/ucx-gdrcopy.pc
[INFO] [stderr]   config.status: creating src/uct/cuda/Makefile
[INFO] [stderr]   config.status: creating src/uct/cuda/ucx-cuda.pc
[INFO] [stderr]   config.status: creating src/uct/ib/rdmacm/Makefile
[INFO] [stderr]   config.status: creating src/uct/ib/rdmacm/ucx-rdmacm.pc
[INFO] [stderr]   config.status: creating src/uct/ib/mlx5/Makefile
[INFO] [stderr]   config.status: creating src/uct/ib/mlx5/ucx-ib-mlx5.pc
[INFO] [stderr]   config.status: creating src/uct/ib/mlx5/gdaki/Makefile
[INFO] [stderr]   config.status: creating src/uct/ib/mlx5/gdaki/ucx-ib-mlx5-gda.pc
[INFO] [stderr]   config.status: creating src/uct/ib/efa/Makefile
[INFO] [stderr]   config.status: creating src/uct/ib/efa/ucx-ib-efa.pc
[INFO] [stderr]   config.status: creating src/uct/ib/Makefile
[INFO] [stderr]   config.status: creating src/uct/ib/ucx-ib.pc
[INFO] [stderr]   config.status: creating src/uct/rocm/Makefile
[INFO] [stderr]   config.status: creating src/uct/rocm/ucx-rocm.pc
[INFO] [stderr]   config.status: creating src/uct/sm/scopy/cma/Makefile
[INFO] [stderr]   config.status: creating src/uct/sm/scopy/cma/ucx-cma.pc
[INFO] [stderr]   config.status: creating src/uct/sm/scopy/knem/Makefile
[INFO] [stderr]   config.status: creating src/uct/sm/scopy/knem/ucx-knem.pc
[INFO] [stderr]   config.status: creating src/uct/sm/scopy/Makefile
[INFO] [stderr]   config.status: creating src/uct/sm/mm/xpmem/Makefile
[INFO] [stderr]   config.status: creating src/uct/sm/mm/xpmem/ucx-xpmem.pc
[INFO] [stderr]   config.status: creating src/uct/sm/mm/Makefile
[INFO] [stderr]   config.status: creating src/uct/sm/Makefile
[INFO] [stderr]   config.status: creating src/uct/ugni/Makefile
[INFO] [stderr]   config.status: creating src/uct/ugni/ucx-ugni.pc
[INFO] [stderr]   config.status: creating src/uct/ze/Makefile
[INFO] [stderr]   config.status: creating src/uct/ze/ucx-ze.pc
[INFO] [stderr]   config.status: creating src/uct/gaudi/Makefile
[INFO] [stderr]   config.status: creating src/uct/gaudi/ucx-gaudi.pc
[INFO] [stderr]   config.status: creating src/uct/Makefile
[INFO] [stderr]   config.status: creating src/uct/ucx-uct.pc
[INFO] [stderr]   config.status: creating src/tools/perf/lib/Makefile
[INFO] [stderr]   config.status: creating src/tools/perf/cuda/Makefile
[INFO] [stderr]   config.status: creating src/tools/perf/rocm/Makefile
[INFO] [stderr]   config.status: creating src/tools/perf/ze/Makefile
[INFO] [stderr]   config.status: creating src/tools/perf/mad/Makefile
[INFO] [stderr]   config.status: creating src/tools/perf/Makefile
[INFO] [stderr]   config.status: creating test/gtest/common/googletest/Makefile
[INFO] [stderr]   config.status: creating test/gtest/ucm/test_dlopen/Makefile
[INFO] [stderr]   config.status: creating test/gtest/ucm/test_dlopen/rpath-subdir/Makefile
[INFO] [stderr]   config.status: creating test/gtest/ucs/test_module/Makefile
[INFO] [stderr]   config.status: creating test/gtest/Makefile
[INFO] [stderr]   config.status: creating test/apps/uct_info/Makefile
[INFO] [stderr]   config.status: creating Makefile
[INFO] [stderr]   config.status: creating docs/doxygen/header.tex
[INFO] [stderr]   config.status: creating src/uct/api/version.h
[INFO] [stderr]   config.status: creating ucx.spec
[INFO] [stderr]   config.status: creating ucx.pc
[INFO] [stderr]   config.status: creating contrib/rpmdef.sh
[INFO] [stderr]   config.status: creating contrib/ucx
[INFO] [stderr]   config.status: creating debian/rules
[INFO] [stderr]   config.status: creating debian/control
[INFO] [stderr]   config.status: creating debian/changelog
[INFO] [stderr]   config.status: creating src/ucp/Makefile
[INFO] [stderr]   config.status: creating src/ucp/api/ucp_version.h
[INFO] [stderr]   config.status: creating src/ucp/core/ucp_version.c
[INFO] [stderr]   config.status: creating src/tools/vfs/Makefile
[INFO] [stderr]   config.status: creating src/tools/info/Makefile
[INFO] [stderr]   config.status: creating src/tools/profile/Makefile
[INFO] [stderr]   config.status: creating test/apps/Makefile
[INFO] [stderr]   config.status: creating test/apps/iodemo/Makefile
[INFO] [stderr]   config.status: creating test/apps/profiling/Makefile
[INFO] [stderr]   config.status: creating test/mpi/Makefile
[INFO] [stderr]   config.status: creating bindings/go/Makefile
[INFO] [stderr]   config.status: creating bindings/java/Makefile
[INFO] [stderr]   config.status: creating bindings/java/pom.xml
[INFO] [stderr]   config.status: creating bindings/java/src/main/native/Makefile
[INFO] [stderr]   config.status: creating examples/Makefile
[INFO] [stderr]   config.status: creating cmake/Makefile
[INFO] [stderr]   config.status: creating cmake/ucx-config-version.cmake
[INFO] [stderr]   config.status: creating cmake/ucx-config.cmake
[INFO] [stderr]   config.status: creating cmake/ucx-targets.cmake
[INFO] [stderr]   config.status: creating config/Makefile
[INFO] [stderr]   config.status: creating test/mpi/run_mpi.sh
[INFO] [stderr]   config.status: creating config.h
[INFO] [stderr]   config.status: executing depfiles commands
[INFO] [stderr]   config.status: executing libtool commands
[INFO] [stderr]   configure: =========================================================
[INFO] [stderr]   configure: UCX build configuration:
[INFO] [stderr]   configure:         Build prefix:   /opt/rustwide/target/debug/build/ucx-rs/3c93469b57abf2bb/out/ucx-install
[INFO] [stderr]   configure:    Configuration dir:   ${prefix}/etc/ucx
[INFO] [stderr]   configure:                   CC:   gcc
[INFO] [stderr]   configure:                  CXX:   g++
[INFO] [stderr]   configure:             CPPFLAGS:   -DCPU_FLAGS="|avx" -I${abs_top_srcdir}/src -I${abs_top_builddir} -I${abs_top_builddir}/src 
[INFO] [stderr]   configure:               CFLAGS:   -O3 -g -Wall -Werror -mavx -funwind-tables -Wframe-larger-than=8192 -Wno-missing-field-initializers -Wno-unused-parameter -Wno-unused-label -Wno-long-long -Wno-endif-labels -Wno-sign-compare -Wno-multichar -Wno-deprecated-declarations -Winvalid-pch -Wno-pointer-sign -Werror-implicit-function-declaration -Wno-format-zero-length -Wnested-externs -Wshadow -Werror=declaration-after-statement  -Wno-error
[INFO] [stderr]   configure:             CXXFLAGS:   -O3 -g -Wall -Werror -mavx -funwind-tables -Wframe-larger-than=8192 -Wno-missing-field-initializers -Wno-unused-parameter -Wno-unused-label -Wno-long-long -Wno-endif-labels -Wno-sign-compare -Wno-multichar -Wno-deprecated-declarations -Winvalid-pch -Wno-error
[INFO] [stderr]   configure:           ASAN check:   no
[INFO] [stderr]   configure:         Multi-thread:   enabled
[INFO] [stderr]   configure:            MPI tests:   disabled
[INFO] [stderr]   configure:          VFS support:   no
[INFO] [stderr]   configure:        Devel headers:   no
[INFO] [stderr]   configure:        SONAME suffix:   <disabled>
[INFO] [stderr]   configure:      Module deepbind:   no
[INFO] [stderr]   configure: io_demo CUDA support:   no
[INFO] [stderr]   configure:             Bindings:   < >
[INFO] [stderr]   configure:          UCS modules:   < >
[INFO] [stderr]   configure:          UCT modules:   < ib rdmacm cma >
[INFO] [stderr]   configure:         CUDA modules:   < >
[INFO] [stderr]   configure:         ROCM modules:   < >
[INFO] [stderr]   configure:           IB modules:   < mlx5 >
[INFO] [stderr]   configure:         MLX5 modules:   < >
[INFO] [stderr]   configure:          UCM modules:   < >
[INFO] [stderr]   configure:         Perf modules:   < >
[INFO] [stderr]   configure: =========================================================
[INFO] [stderr]   make: Entering directory '/opt/rustwide/target/debug/build/ucx-rs/3c93469b57abf2bb/out/ucx-build/src/ucm'
[INFO] [stderr]   Making all in .
[INFO] [stderr]   make[1]: Entering directory '/opt/rustwide/target/debug/build/ucx-rs/3c93469b57abf2bb/out/ucx-build/src/ucm'
[INFO] [stderr]     CC       event/libucm_la-event.lo
[INFO] [stderr]     CC       malloc/libucm_la-malloc_hook.lo
[INFO] [stderr]     CC       mmap/libucm_la-install.lo
[INFO] [stderr]     CC       util/libucm_la-replace.lo
[INFO] [stderr]     CC       util/libucm_la-log.lo
[INFO] [stderr]     CC       util/libucm_la-reloc.lo
[INFO] [stderr]     CC       util/libucm_la-sys.lo
[INFO] [stderr]     CC       bistro/libucm_la-bistro.lo
[INFO] [stderr]     CC       ptmalloc286/libucm_la-malloc.lo
[INFO] [stderr]     CC       bistro/libucm_la-bistro_ppc64.lo
[INFO] [stderr]     CC       bistro/libucm_la-bistro_rv64.lo
[INFO] [stderr]     CC       bistro/libucm_la-bistro_x86_64.lo
[INFO] [stderr]     CC       bistro/libucm_la-bistro_aarch64.lo
[INFO] [stderr]     CCLD     libucm.la
[INFO] [stderr]   make[1]: Leaving directory '/opt/rustwide/target/debug/build/ucx-rs/3c93469b57abf2bb/out/ucx-build/src/ucm'
[INFO] [stderr]   Making all in cuda
[INFO] [stderr]   make[1]: Entering directory '/opt/rustwide/target/debug/build/ucx-rs/3c93469b57abf2bb/out/ucx-build/src/ucm/cuda'
[INFO] [stderr]   make[1]: Nothing to be done for 'all'.
[INFO] [stderr]   make[1]: Leaving directory '/opt/rustwide/target/debug/build/ucx-rs/3c93469b57abf2bb/out/ucx-build/src/ucm/cuda'
[INFO] [stderr]   Making all in rocm
[INFO] [stderr]   make[1]: Entering directory '/opt/rustwide/target/debug/build/ucx-rs/3c93469b57abf2bb/out/ucx-build/src/ucm/rocm'
[INFO] [stderr]   make[1]: Nothing to be done for 'all'.
[INFO] [stderr]   make[1]: Leaving directory '/opt/rustwide/target/debug/build/ucx-rs/3c93469b57abf2bb/out/ucx-build/src/ucm/rocm'
[INFO] [stderr]   Making all in ze
[INFO] [stderr]   make[1]: Entering directory '/opt/rustwide/target/debug/build/ucx-rs/3c93469b57abf2bb/out/ucx-build/src/ucm/ze'
[INFO] [stderr]   make[1]: Nothing to be done for 'all'.
[INFO] [stderr]   make[1]: Leaving directory '/opt/rustwide/target/debug/build/ucx-rs/3c93469b57abf2bb/out/ucx-build/src/ucm/ze'
[INFO] [stderr]   make: Leaving directory '/opt/rustwide/target/debug/build/ucx-rs/3c93469b57abf2bb/out/ucx-build/src/ucm'
[INFO] [stderr]   make: Entering directory '/opt/rustwide/target/debug/build/ucx-rs/3c93469b57abf2bb/out/ucx-build/src/ucm'
[INFO] [stderr]   Making install in .
[INFO] [stderr]   make[1]: Entering directory '/opt/rustwide/target/debug/build/ucx-rs/3c93469b57abf2bb/out/ucx-build/src/ucm'
[INFO] [stderr]   make[2]: Entering directory '/opt/rustwide/target/debug/build/ucx-rs/3c93469b57abf2bb/out/ucx-build/src/ucm'
[INFO] [stderr]    /opt/rustwide/target/debug/build/ucx-rs/3c93469b57abf2bb/out/ucx-1.22.0/install-sh -c -d '/opt/rustwide/target/debug/build/ucx-rs/3c93469b57abf2bb/out/ucx-install/lib'
[INFO] [stderr]    /bin/bash ../../libtool   --mode=install /usr/bin/install -c   libucm.la '/opt/rustwide/target/debug/build/ucx-rs/3c93469b57abf2bb/out/ucx-install/lib'
[INFO] [stderr]   libtool: install: /usr/bin/install -c .libs/libucm.lai /opt/rustwide/target/debug/build/ucx-rs/3c93469b57abf2bb/out/ucx-install/lib/libucm.la
[INFO] [stderr]   libtool: install: /usr/bin/install -c .libs/libucm.a /opt/rustwide/target/debug/build/ucx-rs/3c93469b57abf2bb/out/ucx-install/lib/libucm.a
[INFO] [stderr]   libtool: install: chmod 644 /opt/rustwide/target/debug/build/ucx-rs/3c93469b57abf2bb/out/ucx-install/lib/libucm.a
[INFO] [stderr]   libtool: install: ranlib /opt/rustwide/target/debug/build/ucx-rs/3c93469b57abf2bb/out/ucx-install/lib/libucm.a
[INFO] [stderr]   libtool: finish: PATH="/opt/rustwide/cargo-home/bin:/usr/local/sbin:/usr/local/bin:/usr/sbin:/usr/bin:/sbin:/bin:/sbin" ldconfig -n /opt/rustwide/target/debug/build/ucx-rs/3c93469b57abf2bb/out/ucx-install/lib
[INFO] [stderr]   ----------------------------------------------------------------------
[INFO] [stderr]   Libraries have been installed in:
[INFO] [stderr]      /opt/rustwide/target/debug/build/ucx-rs/3c93469b57abf2bb/out/ucx-install/lib
[INFO] [stderr] 
[INFO] [stderr]   If you ever happen to want to link against installed libraries
[INFO] [stderr]   in a given directory, LIBDIR, you must either use libtool, and
[INFO] [stderr]   specify the full pathname of the library, or use the `-LLIBDIR'
[INFO] [stderr]   flag during linking and do at least one of the following:
[INFO] [stderr]      - add LIBDIR to the `LD_LIBRARY_PATH' environment variable
[INFO] [stderr]        during execution
[INFO] [stderr]      - add LIBDIR to the `LD_RUN_PATH' environment variable
[INFO] [stderr]        during linking
[INFO] [stderr]      - use the `-Wl,-rpath -Wl,LIBDIR' linker flag
[INFO] [stderr]      - have your system administrator add LIBDIR to `/etc/ld.so.conf'
[INFO] [stderr] 
[INFO] [stderr]   See any operating system documentation about shared libraries for
[INFO] [stderr]   more information, such as the ld(1) and ld.so(8) manual pages.
[INFO] [stderr]   ----------------------------------------------------------------------
[INFO] [stderr]    /opt/rustwide/target/debug/build/ucx-rs/3c93469b57abf2bb/out/ucx-1.22.0/install-sh -c -d '/opt/rustwide/target/debug/build/ucx-rs/3c93469b57abf2bb/out/ucx-install/include/ucm'
[INFO] [stderr]    /opt/rustwide/target/debug/build/ucx-rs/3c93469b57abf2bb/out/ucx-1.22.0/install-sh -c -d '/opt/rustwide/target/debug/build/ucx-rs/3c93469b57abf2bb/out/ucx-install/include/ucm/api'
[INFO] [stderr]    /usr/bin/install -c -m 644  /opt/rustwide/target/debug/build/ucx-rs/3c93469b57abf2bb/out/ucx-1.22.0/src/ucm/api/ucm.h '/opt/rustwide/target/debug/build/ucx-rs/3c93469b57abf2bb/out/ucx-install/include/ucm/api'
[INFO] [stderr]   make[2]: Leaving directory '/opt/rustwide/target/debug/build/ucx-rs/3c93469b57abf2bb/out/ucx-build/src/ucm'
[INFO] [stderr]   make[1]: Leaving directory '/opt/rustwide/target/debug/build/ucx-rs/3c93469b57abf2bb/out/ucx-build/src/ucm'
[INFO] [stderr]   Making install in cuda
[INFO] [stderr]   make[1]: Entering directory '/opt/rustwide/target/debug/build/ucx-rs/3c93469b57abf2bb/out/ucx-build/src/ucm/cuda'
[INFO] [stderr]   make[2]: Entering directory '/opt/rustwide/target/debug/build/ucx-rs/3c93469b57abf2bb/out/ucx-build/src/ucm/cuda'
[INFO] [stderr]   make[2]: Nothing to be done for 'install-exec-am'.
[INFO] [stderr]   make[2]: Leaving directory '/opt/rustwide/target/debug/build/ucx-rs/3c93469b57abf2bb/out/ucx-build/src/ucm/cuda'
[INFO] [stderr]   make[1]: Leaving directory '/opt/rustwide/target/debug/build/ucx-rs/3c93469b57abf2bb/out/ucx-build/src/ucm/cuda'
[INFO] [stderr]   Making install in rocm
[INFO] [stderr]   make[1]: Entering directory '/opt/rustwide/target/debug/build/ucx-rs/3c93469b57abf2bb/out/ucx-build/src/ucm/rocm'
[INFO] [stderr]   make[2]: Entering directory '/opt/rustwide/target/debug/build/ucx-rs/3c93469b57abf2bb/out/ucx-build/src/ucm/rocm'
[INFO] [stderr]   make[2]: Nothing to be done for 'install-exec-am'.
[INFO] [stderr]   make[2]: Leaving directory '/opt/rustwide/target/debug/build/ucx-rs/3c93469b57abf2bb/out/ucx-build/src/ucm/rocm'
[INFO] [stderr]   make[1]: Leaving directory '/opt/rustwide/target/debug/build/ucx-rs/3c93469b57abf2bb/out/ucx-build/src/ucm/rocm'
[INFO] [stderr]   Making install in ze
[INFO] [stderr]   make[1]: Entering directory '/opt/rustwide/target/debug/build/ucx-rs/3c93469b57abf2bb/out/ucx-build/src/ucm/ze'
[INFO] [stderr]   make[2]: Entering directory '/opt/rustwide/target/debug/build/ucx-rs/3c93469b57abf2bb/out/ucx-build/src/ucm/ze'
[INFO] [stderr]   make[2]: Nothing to be done for 'install-exec-am'.
[INFO] [stderr]   make[2]: Leaving directory '/opt/rustwide/target/debug/build/ucx-rs/3c93469b57abf2bb/out/ucx-build/src/ucm/ze'
[INFO] [stderr]   make[1]: Leaving directory '/opt/rustwide/target/debug/build/ucx-rs/3c93469b57abf2bb/out/ucx-build/src/ucm/ze'
[INFO] [stderr]   make: Leaving directory '/opt/rustwide/target/debug/build/ucx-rs/3c93469b57abf2bb/out/ucx-build/src/ucm'
[INFO] [stderr]   make: Entering directory '/opt/rustwide/target/debug/build/ucx-rs/3c93469b57abf2bb/out/ucx-build/src/ucs'
[INFO] [stderr]   Making all in vfs/sock
[INFO] [stderr]   make[1]: Entering directory '/opt/rustwide/target/debug/build/ucx-rs/3c93469b57abf2bb/out/ucx-build/src/ucs/vfs/sock'
[INFO] [stderr]     CC       libucs_vfs_sock_la-vfs_sock.lo
[INFO] [stderr]     CCLD     libucs_vfs_sock.la
[INFO] [stderr]   make[1]: Leaving directory '/opt/rustwide/target/debug/build/ucx-rs/3c93469b57abf2bb/out/ucx-build/src/ucs/vfs/sock'
[INFO] [stderr]   Making all in .
[INFO] [stderr]   make[1]: Entering directory '/opt/rustwide/target/debug/build/ucx-rs/3c93469b57abf2bb/out/ucx-build/src/ucs'
[INFO] [stderr]     CC       algorithm/libucs_la-crc.lo
[INFO] [stderr]     CC       algorithm/libucs_la-string_distance.lo
[INFO] [stderr]     CC       algorithm/libucs_la-qsort_r.lo
[INFO] [stderr]     CC       arch/aarch64/libucs_la-global_opts.lo
[INFO] [stderr]     CC       arch/aarch64/libucs_la-cpu.lo
[INFO] [stderr]     CC       arch/ppc64/libucs_la-timebase.lo
[INFO] [stderr]     CC       arch/ppc64/libucs_la-global_opts.lo
[INFO] [stderr]     CC       arch/rv64/libucs_la-global_opts.lo
[INFO] [stderr]     CC       arch/rv64/libucs_la-cpu.lo
[INFO] [stderr]     CC       arch/x86_64/libucs_la-cpu.lo
[INFO] [stderr]     CC       arch/x86_64/libucs_la-global_opts.lo
[INFO] [stderr]     CC       async/libucs_la-async.lo
[INFO] [stderr]     CC       async/libucs_la-pipe.lo
[INFO] [stderr]     CC       async/libucs_la-signal.lo
[INFO] [stderr]     CC       arch/libucs_la-cpu.lo
[INFO] [stderr]     CC       async/libucs_la-eventfd.lo
[INFO] [stderr]     CC       async/libucs_la-thread.lo
[INFO] [stderr]     CC       config/libucs_la-global_opts.lo
[INFO] [stderr]     CC       config/libucs_la-ucm_opts.lo
[INFO] [stderr]     CC       config/libucs_la-ini.lo
[INFO] [stderr]     CC       config/libucs_la-parser.lo
[INFO] [stderr]     CC       datastruct/libucs_la-arbiter.lo
[INFO] [stderr]     CC       datastruct/libucs_la-array.lo
[INFO] [stderr]     CC       datastruct/libucs_la-bitmap.lo
[INFO] [stderr]     CC       datastruct/libucs_la-callbackq.lo
[INFO] [stderr]     CC       datastruct/libucs_la-frag_list.lo
[INFO] [stderr]     CC       datastruct/libucs_la-interval_tree.lo
[INFO] [stderr]     CC       datastruct/libucs_la-lru.lo
[INFO] [stderr]     CC       datastruct/libucs_la-mpmc.lo
[INFO] [stderr]     CC       datastruct/libucs_la-mpool.lo
[INFO] [stderr]     CC       datastruct/libucs_la-mpool_set.lo
[INFO] [stderr]     CC       datastruct/libucs_la-pgtable.lo
[INFO] [stderr]     CC       datastruct/libucs_la-piecewise_func.lo
[INFO] [stderr]     CC       datastruct/libucs_la-ptr_array.lo
[INFO] [stderr]     CC       datastruct/libucs_la-ptr_map.lo
[INFO] [stderr]     CC       datastruct/libucs_la-strided_alloc.lo
[INFO] [stderr]     CC       datastruct/libucs_la-string_buffer.lo
[INFO] [stderr]     CC       datastruct/libucs_la-string_set.lo
[INFO] [stderr]     CC       datastruct/libucs_la-usage_tracker.lo
[INFO] [stderr]     CC       datastruct/libucs_la-conn_match.lo
[INFO] [stderr]     CC       debug/libucs_la-assert.lo
[INFO] [stderr]     CC       debug/libucs_la-debug.lo
[INFO] [stderr]     CC       debug/libucs_la-log.lo
[INFO] [stderr]     CC       debug/libucs_la-table.lo
[INFO] [stderr]     CC       debug/libucs_la-memtrack.lo
[INFO] [stderr]     CC       memory/libucs_la-memory_type.lo
[INFO] [stderr]     CC       memory/libucs_la-memtype_cache.lo
[INFO] [stderr]     CC       memory/libucs_la-numa.lo
[INFO] [stderr]     CC       memory/libucs_la-rcache.lo
[INFO] [stderr]     CC       memory/libucs_la-rcache_vfs.lo
[INFO] [stderr]     CC       profile/libucs_la-profile.lo
[INFO] [stderr]     CC       stats/libucs_la-stats.lo
[INFO] [stderr]     CC       sys/libucs_la-event_set.lo
[INFO] [stderr]     CC       sys/libucs_la-init.lo
[INFO] [stderr]     CC       sys/libucs_la-math.lo
[INFO] [stderr]     CC       sys/libucs_la-module.lo
[INFO] [stderr]     CC       sys/libucs_la-string.lo
[INFO] [stderr]     CC       sys/libucs_la-sys.lo
[INFO] [stderr]     CC       sys/libucs_la-iovec.lo
[INFO] [stderr]     CC       sys/libucs_la-lib.lo
[INFO] [stderr]     CC       sys/libucs_la-sock.lo
[INFO] [stderr]     CC       sys/topo/base/libucs_la-topo.lo
[INFO] [stderr]     CC       sys/libucs_la-stubs.lo
[INFO] [stderr]     CC       sys/libucs_la-netlink.lo
[INFO] [stderr]     CC       sys/libucs_la-uid.lo
[INFO] [stderr]     CC       time/libucs_la-time.lo
[INFO] [stderr]     CC       time/libucs_la-timer_wheel.lo
[INFO] [stderr]     CC       time/libucs_la-timerq.lo
[INFO] [stderr]     CC       type/libucs_la-class.lo
[INFO] [stderr]     CC       type/libucs_la-status.lo
[INFO] [stderr]     CC       type/libucs_la-spinlock.lo
[INFO] [stderr]     CC       type/libucs_la-thread_mode.lo
[INFO] [stderr]     CC       vfs/base/libucs_la-vfs_obj.lo
[INFO] [stderr]     CC       vfs/base/libucs_la-vfs_cb.lo
[INFO] [stderr]     CCLD     libucs.la
[INFO] [stderr]   copying selected object files to avoid basename conflicts...
[INFO] [stderr]   make[1]: Leaving directory '/opt/rustwide/target/debug/build/ucx-rs/3c93469b57abf2bb/out/ucx-build/src/ucs'
[INFO] [stderr]   Making all in vfs/fuse
[INFO] [stderr]   make[1]: Entering directory '/opt/rustwide/target/debug/build/ucx-rs/3c93469b57abf2bb/out/ucx-build/src/ucs/vfs/fuse'
[INFO] [stderr]   make[1]: Nothing to be done for 'all'.
[INFO] [stderr]   make[1]: Leaving directory '/opt/rustwide/target/debug/build/ucx-rs/3c93469b57abf2bb/out/ucx-build/src/ucs/vfs/fuse'
[INFO] [stderr]   Making all in signal
[INFO] [stderr]   make[1]: Entering directory '/opt/rustwide/target/debug/build/ucx-rs/3c93469b57abf2bb/out/ucx-build/src/ucs/signal'
[INFO] [stderr]     CC       libucs_signal_la-signal.lo
[INFO] [stderr]     CCLD     libucs_signal.la
[INFO] [stderr]   make[1]: Leaving directory '/opt/rustwide/target/debug/build/ucx-rs/3c93469b57abf2bb/out/ucx-build/src/ucs/signal'
[INFO] [stderr]   make: Leaving directory '/opt/rustwide/target/debug/build/ucx-rs/3c93469b57abf2bb/out/ucx-build/src/ucs'
[INFO] [stderr]   make: Entering directory '/opt/rustwide/target/debug/build/ucx-rs/3c93469b57abf2bb/out/ucx-build/src/ucs'
[INFO] [stderr]   Making install in vfs/sock
[INFO] [stderr]   make[1]: Entering directory '/opt/rustwide/target/debug/build/ucx-rs/3c93469b57abf2bb/out/ucx-build/src/ucs/vfs/sock'
[INFO] [stderr]   make[2]: Entering directory '/opt/rustwide/target/debug/build/ucx-rs/3c93469b57abf2bb/out/ucx-build/src/ucs/vfs/sock'
[INFO] [stderr]   make[2]: Nothing to be done for 'install-exec-am'.
[INFO] [stderr]   make[2]: Nothing to be done for 'install-data-am'.
[INFO] [stderr]   make[2]: Leaving directory '/opt/rustwide/target/debug/build/ucx-rs/3c93469b57abf2bb/out/ucx-build/src/ucs/vfs/sock'
[INFO] [stderr]   make[1]: Leaving directory '/opt/rustwide/target/debug/build/ucx-rs/3c93469b57abf2bb/out/ucx-build/src/ucs/vfs/sock'
[INFO] [stderr]   Making install in .
[INFO] [stderr]   make[1]: Entering directory '/opt/rustwide/target/debug/build/ucx-rs/3c93469b57abf2bb/out/ucx-build/src/ucs'
[INFO] [stderr]   make[2]: Entering directory '/opt/rustwide/target/debug/build/ucx-rs/3c93469b57abf2bb/out/ucx-build/src/ucs'
[INFO] [stderr]    /opt/rustwide/target/debug/build/ucx-rs/3c93469b57abf2bb/out/ucx-1.22.0/install-sh -c -d '/opt/rustwide/target/debug/build/ucx-rs/3c93469b57abf2bb/out/ucx-install/lib'
[INFO] [stderr]    /bin/bash ../../libtool   --mode=install /usr/bin/install -c   libucs.la '/opt/rustwide/target/debug/build/ucx-rs/3c93469b57abf2bb/out/ucx-install/lib'
[INFO] [stderr]   libtool: install: /usr/bin/install -c .libs/libucs.lai /opt/rustwide/target/debug/build/ucx-rs/3c93469b57abf2bb/out/ucx-install/lib/libucs.la
[INFO] [stderr]   libtool: install: /usr/bin/install -c .libs/libucs.a /opt/rustwide/target/debug/build/ucx-rs/3c93469b57abf2bb/out/ucx-install/lib/libucs.a
[INFO] [stderr]   libtool: install: chmod 644 /opt/rustwide/target/debug/build/ucx-rs/3c93469b57abf2bb/out/ucx-install/lib/libucs.a
[INFO] [stderr]   libtool: install: ranlib /opt/rustwide/target/debug/build/ucx-rs/3c93469b57abf2bb/out/ucx-install/lib/libucs.a
[INFO] [stderr]   libtool: finish: PATH="/opt/rustwide/cargo-home/bin:/usr/local/sbin:/usr/local/bin:/usr/sbin:/usr/bin:/sbin:/bin:/sbin" ldconfig -n /opt/rustwide/target/debug/build/ucx-rs/3c93469b57abf2bb/out/ucx-install/lib
[INFO] [stderr]   ----------------------------------------------------------------------
[INFO] [stderr]   Libraries have been installed in:
[INFO] [stderr]      /opt/rustwide/target/debug/build/ucx-rs/3c93469b57abf2bb/out/ucx-install/lib
[INFO] [stderr] 
[INFO] [stderr]   If you ever happen to want to link against installed libraries
[INFO] [stderr]   in a given directory, LIBDIR, you must either use libtool, and
[INFO] [stderr]   specify the full pathname of the library, or use the `-LLIBDIR'
[INFO] [stderr]   flag during linking and do at least one of the following:
[INFO] [stderr]      - add LIBDIR to the `LD_LIBRARY_PATH' environment variable
[INFO] [stderr]        during execution
[INFO] [stderr]      - add LIBDIR to the `LD_RUN_PATH' environment variable
[INFO] [stderr]        during linking
[INFO] [stderr]      - use the `-Wl,-rpath -Wl,LIBDIR' linker flag
[INFO] [stderr]      - have your system administrator add LIBDIR to `/etc/ld.so.conf'
[INFO] [stderr] 
[INFO] [stderr]   See any operating system documentation about shared libraries for
[INFO] [stderr]   more information, such as the ld(1) and ld.so(8) manual pages.
[INFO] [stderr]   ----------------------------------------------------------------------
[INFO] [stderr]    /opt/rustwide/target/debug/build/ucx-rs/3c93469b57abf2bb/out/ucx-1.22.0/install-sh -c -d '/opt/rustwide/target/debug/build/ucx-rs/3c93469b57abf2bb/out/ucx-install/include/ucs'
[INFO] [stderr]    /opt/rustwide/target/debug/build/ucx-rs/3c93469b57abf2bb/out/ucx-1.22.0/install-sh -c -d '/opt/rustwide/target/debug/build/ucx-rs/3c93469b57abf2bb/out/ucx-install/include/ucs/datastruct'
[INFO] [stderr]    /usr/bin/install -c -m 644  /opt/rustwide/target/debug/build/ucx-rs/3c93469b57abf2bb/out/ucx-1.22.0/src/ucs/datastruct/array.h /opt/rustwide/target/debug/build/ucx-rs/3c93469b57abf2bb/out/ucx-1.22.0/src/ucs/datastruct/callbackq.h /opt/rustwide/target/debug/build/ucx-rs/3c93469b57abf2bb/out/ucx-1.22.0/src/ucs/datastruct/callbackq_compat.h /opt/rustwide/target/debug/build/ucx-rs/3c93469b57abf2bb/out/ucx-1.22.0/src/ucs/datastruct/hlist.h /opt/rustwide/target/debug/build/ucx-rs/3c93469b57abf2bb/out/ucx-1.22.0/src/ucs/datastruct/khash.h /opt/rustwide/target/debug/build/ucx-rs/3c93469b57abf2bb/out/ucx-1.22.0/src/ucs/datastruct/linear_func.h /opt/rustwide/target/debug/build/ucx-rs/3c93469b57abf2bb/out/ucx-1.22.0/src/ucs/datastruct/list.h /opt/rustwide/target/debug/build/ucx-rs/3c93469b57abf2bb/out/ucx-1.22.0/src/ucs/datastruct/mpool.h /opt/rustwide/target/debug/build/ucx-rs/3c93469b57abf2bb/out/ucx-1.22.0/src/ucs/datastruct/mpool_set.h /opt/rustwide/target/debug/build/ucx-rs/3c93469b57abf2bb/out/ucx-1.22.0/src/ucs/datastruct/pgtable.h /opt/rustwide/target/debug/build/ucx-rs/3c93469b57abf2bb/out/ucx-1.22.0/src/ucs/datastruct/piecewise_func.h /opt/rustwide/target/debug/build/ucx-rs/3c93469b57abf2bb/out/ucx-1.22.0/src/ucs/datastruct/queue_types.h /opt/rustwide/target/debug/build/ucx-rs/3c93469b57abf2bb/out/ucx-1.22.0/src/ucs/datastruct/strided_alloc.h /opt/rustwide/target/debug/build/ucx-rs/3c93469b57abf2bb/out/ucx-1.22.0/src/ucs/datastruct/string_buffer.h /opt/rustwide/target/debug/build/ucx-rs/3c93469b57abf2bb/out/ucx-1.22.0/src/ucs/datastruct/string_set.h '/opt/rustwide/target/debug/build/ucx-rs/3c93469b57abf2bb/out/ucx-install/include/ucs/datastruct'
[INFO] [stderr]    /opt/rustwide/target/debug/build/ucx-rs/3c93469b57abf2bb/out/ucx-1.22.0/install-sh -c -d '/opt/rustwide/target/debug/build/ucx-rs/3c93469b57abf2bb/out/ucx-install/include/ucs/vfs/base'
[INFO] [stderr]    /usr/bin/install -c -m 644  /opt/rustwide/target/debug/build/ucx-rs/3c93469b57abf2bb/out/ucx-1.22.0/src/ucs/vfs/base/vfs_obj.h /opt/rustwide/target/debug/build/ucx-rs/3c93469b57abf2bb/out/ucx-1.22.0/src/ucs/vfs/base/vfs_cb.h '/opt/rustwide/target/debug/build/ucx-rs/3c93469b57abf2bb/out/ucx-install/include/ucs/vfs/base'
[INFO] [stderr]    /opt/rustwide/target/debug/build/ucx-rs/3c93469b57abf2bb/out/ucx-1.22.0/install-sh -c -d '/opt/rustwide/target/debug/build/ucx-rs/3c93469b57abf2bb/out/ucx-install/include/ucs/config'
[INFO] [stderr]    /usr/bin/install -c -m 644  /opt/rustwide/target/debug/build/ucx-rs/3c93469b57abf2bb/out/ucx-1.22.0/src/ucs/config/global_opts.h /opt/rustwide/target/debug/build/ucx-rs/3c93469b57abf2bb/out/ucx-1.22.0/src/ucs/config/ini.h /opt/rustwide/target/debug/build/ucx-rs/3c93469b57abf2bb/out/ucx-1.22.0/src/ucs/config/parser.h /opt/rustwide/target/debug/build/ucx-rs/3c93469b57abf2bb/out/ucx-1.22.0/src/ucs/config/types.h '/opt/rustwide/target/debug/build/ucx-rs/3c93469b57abf2bb/out/ucx-install/include/ucs/config'
[INFO] [stderr]    /opt/rustwide/target/debug/build/ucx-rs/3c93469b57abf2bb/out/ucx-1.22.0/install-sh -c -d '/opt/rustwide/target/debug/build/ucx-rs/3c93469b57abf2bb/out/ucx-install/include/ucs/arch'
[INFO] [stderr]    /usr/bin/install -c -m 644  /opt/rustwide/target/debug/build/ucx-rs/3c93469b57abf2bb/out/ucx-1.22.0/src/ucs/arch/bitops.h /opt/rustwide/target/debug/build/ucx-rs/3c93469b57abf2bb/out/ucx-1.22.0/src/ucs/arch/atomic.h /opt/rustwide/target/debug/build/ucx-rs/3c93469b57abf2bb/out/ucx-1.22.0/src/ucs/arch/global_opts.h '/opt/rustwide/target/debug/build/ucx-rs/3c93469b57abf2bb/out/ucx-install/include/ucs/arch'
[INFO] [stderr]    /opt/rustwide/target/debug/build/ucx-rs/3c93469b57abf2bb/out/ucx-1.22.0/install-sh -c -d '/opt/rustwide/target/debug/build/ucx-rs/3c93469b57abf2bb/out/ucx-install/include/ucs/type'
[INFO] [stderr]    /usr/bin/install -c -m 644  /opt/rustwide/target/debug/build/ucx-rs/3c93469b57abf2bb/out/ucx-1.22.0/src/ucs/type/class.h /opt/rustwide/target/debug/build/ucx-rs/3c93469b57abf2bb/out/ucx-1.22.0/src/ucs/type/param.h /opt/rustwide/target/debug/build/ucx-rs/3c93469b57abf2bb/out/ucx-1.22.0/src/ucs/type/init_once.h /opt/rustwide/target/debug/build/ucx-rs/3c93469b57abf2bb/out/ucx-1.22.0/src/ucs/type/spinlock.h /opt/rustwide/target/debug/build/ucx-rs/3c93469b57abf2bb/out/ucx-1.22.0/src/ucs/type/status.h /opt/rustwide/target/debug/build/ucx-rs/3c93469b57abf2bb/out/ucx-1.22.0/src/ucs/type/thread_mode.h /opt/rustwide/target/debug/build/ucx-rs/3c93469b57abf2bb/out/ucx-1.22.0/src/ucs/type/cpu_set.h '/opt/rustwide/target/debug/build/ucx-rs/3c93469b57abf2bb/out/ucx-install/include/ucs/type'
[INFO] [stderr]    /opt/rustwide/target/debug/build/ucx-rs/3c93469b57abf2bb/out/ucx-1.22.0/install-sh -c -d '/opt/rustwide/target/debug/build/ucx-rs/3c93469b57abf2bb/out/ucx-install/include/ucs/async'
[INFO] [stderr]    /usr/bin/install -c -m 644  /opt/rustwide/target/debug/build/ucx-rs/3c93469b57abf2bb/out/ucx-1.22.0/src/ucs/async/async_fwd.h '/opt/rustwide/target/debug/build/ucx-rs/3c93469b57abf2bb/out/ucx-install/include/ucs/async'
[INFO] [stderr]    /opt/rustwide/target/debug/build/ucx-rs/3c93469b57abf2bb/out/ucx-1.22.0/install-sh -c -d '/opt/rustwide/target/debug/build/ucx-rs/3c93469b57abf2bb/out/ucx-install/include/ucs/sys'
[INFO] [stderr]    /usr/bin/install -c -m 644  /opt/rustwide/target/debug/build/ucx-rs/3c93469b57abf2bb/out/ucx-1.22.0/src/ucs/sys/event_set.h /opt/rustwide/target/debug/build/ucx-rs/3c93469b57abf2bb/out/ucx-1.22.0/src/ucs/sys/compiler_def.h /opt/rustwide/target/debug/build/ucx-rs/3c93469b57abf2bb/out/ucx-1.22.0/src/ucs/sys/device_code.h /opt/rustwide/target/debug/build/ucx-rs/3c93469b57abf2bb/out/ucx-1.22.0/src/ucs/sys/math.h /opt/rustwide/target/debug/build/ucx-rs/3c93469b57abf2bb/out/ucx-1.22.0/src/ucs/sys/preprocessor.h /opt/rustwide/target/debug/build/ucx-rs/3c93469b57abf2bb/out/ucx-1.22.0/src/ucs/sys/string.h /opt/rustwide/target/debug/build/ucx-rs/3c93469b57abf2bb/out/ucx-1.22.0/src/ucs/sys/sock.h /opt/rustwide/target/debug/build/ucx-rs/3c93469b57abf2bb/out/ucx-1.22.0/src/ucs/sys/stubs.h /opt/rustwide/target/debug/build/ucx-rs/3c93469b57abf2bb/out/ucx-1.22.0/src/ucs/sys/uid.h '/opt/rustwide/target/debug/build/ucx-rs/3c93469b57abf2bb/out/ucx-install/include/ucs/sys'
[INFO] [stderr]    /opt/rustwide/target/debug/build/ucx-rs/3c93469b57abf2bb/out/ucx-1.22.0/install-sh -c -d '/opt/rustwide/target/debug/build/ucx-rs/3c93469b57abf2bb/out/ucx-install/include/ucs/arch/rv64'
[INFO] [stderr]    /usr/bin/install -c -m 644  /opt/rustwide/target/debug/build/ucx-rs/3c93469b57abf2bb/out/ucx-1.22.0/src/ucs/arch/rv64/bitops.h /opt/rustwide/target/debug/build/ucx-rs/3c93469b57abf2bb/out/ucx-1.22.0/src/ucs/arch/rv64/global_opts.h '/opt/rustwide/target/debug/build/ucx-rs/3c93469b57abf2bb/out/ucx-install/include/ucs/arch/rv64'
[INFO] [stderr]    /opt/rustwide/target/debug/build/ucx-rs/3c93469b57abf2bb/out/ucx-1.22.0/install-sh -c -d '/opt/rustwide/target/debug/build/ucx-rs/3c93469b57abf2bb/out/ucx-install/include/ucs/debug'
[INFO] [stderr]    /usr/bin/install -c -m 644  /opt/rustwide/target/debug/build/ucx-rs/3c93469b57abf2bb/out/ucx-1.22.0/src/ucs/debug/log_def.h /opt/rustwide/target/debug/build/ucx-rs/3c93469b57abf2bb/out/ucx-1.22.0/src/ucs/debug/debug.h /opt/rustwide/target/debug/build/ucx-rs/3c93469b57abf2bb/out/ucx-1.22.0/src/ucs/debug/memtrack.h '/opt/rustwide/target/debug/build/ucx-rs/3c93469b57abf2bb/out/ucx-install/include/ucs/debug'
[INFO] [stderr]    /opt/rustwide/target/debug/build/ucx-rs/3c93469b57abf2bb/out/ucx-1.22.0/install-sh -c -d '/opt/rustwide/target/debug/build/ucx-rs/3c93469b57abf2bb/out/ucx-install/include/ucs/arch/x86_64'
[INFO] [stderr]    /usr/bin/install -c -m 644  /opt/rustwide/target/debug/build/ucx-rs/3c93469b57abf2bb/out/ucx-1.22.0/src/ucs/arch/x86_64/bitops.h /opt/rustwide/target/debug/build/ucx-rs/3c93469b57abf2bb/out/ucx-1.22.0/src/ucs/arch/x86_64/global_opts.h /opt/rustwide/target/debug/build/ucx-rs/3c93469b57abf2bb/out/ucx-1.22.0/src/ucs/arch/x86_64/atomic.h '/opt/rustwide/target/debug/build/ucx-rs/3c93469b57abf2bb/out/ucx-install/include/ucs/arch/x86_64'
[INFO] [stderr]    /opt/rustwide/target/debug/build/ucx-rs/3c93469b57abf2bb/out/ucx-1.22.0/install-sh -c -d '/opt/rustwide/target/debug/build/ucx-rs/3c93469b57abf2bb/out/ucx-install/include/ucs/arch/aarch64'
[INFO] [stderr]    /usr/bin/install -c -m 644  /opt/rustwide/target/debug/build/ucx-rs/3c93469b57abf2bb/out/ucx-1.22.0/src/ucs/arch/aarch64/bitops.h /opt/rustwide/target/debug/build/ucx-rs/3c93469b57abf2bb/out/ucx-1.22.0/src/ucs/arch/aarch64/global_opts.h '/opt/rustwide/target/debug/build/ucx-rs/3c93469b57abf2bb/out/ucx-install/include/ucs/arch/aarch64'
[INFO] [stderr]    /opt/rustwide/target/debug/build/ucx-rs/3c93469b57abf2bb/out/ucx-1.22.0/install-sh -c -d '/opt/rustwide/target/debug/build/ucx-rs/3c93469b57abf2bb/out/ucx-install/include/ucs/time'
[INFO] [stderr]    /usr/bin/install -c -m 644  /opt/rustwide/target/debug/build/ucx-rs/3c93469b57abf2bb/out/ucx-1.22.0/src/ucs/time/time_def.h '/opt/rustwide/target/debug/build/ucx-rs/3c93469b57abf2bb/out/ucx-install/include/ucs/time'
[INFO] [stderr]    /opt/rustwide/target/debug/build/ucx-rs/3c93469b57abf2bb/out/ucx-1.22.0/install-sh -c -d '/opt/rustwide/target/debug/build/ucx-rs/3c93469b57abf2bb/out/ucx-install/include/ucs/algorithm'
[INFO] [stderr]    /usr/bin/install -c -m 644  /opt/rustwide/target/debug/build/ucx-rs/3c93469b57abf2bb/out/ucx-1.22.0/src/ucs/algorithm/crc.h /opt/rustwide/target/debug/build/ucx-rs/3c93469b57abf2bb/out/ucx-1.22.0/src/ucs/algorithm/qsort_r.h /opt/rustwide/target/debug/build/ucx-rs/3c93469b57abf2bb/out/ucx-1.22.0/src/ucs/algorithm/string_distance.h '/opt/rustwide/target/debug/build/ucx-rs/3c93469b57abf2bb/out/ucx-install/include/ucs/algorithm'
[INFO] [stderr]    /opt/rustwide/target/debug/build/ucx-rs/3c93469b57abf2bb/out/ucx-1.22.0/install-sh -c -d '/opt/rustwide/target/debug/build/ucx-rs/3c93469b57abf2bb/out/ucx-install/include/ucs/arch/generic'
[INFO] [stderr]    /usr/bin/install -c -m 644  /opt/rustwide/target/debug/build/ucx-rs/3c93469b57abf2bb/out/ucx-1.22.0/src/ucs/arch/generic/atomic.h '/opt/rustwide/target/debug/build/ucx-rs/3c93469b57abf2bb/out/ucx-install/include/ucs/arch/generic'
[INFO] [stderr]    /opt/rustwide/target/debug/build/ucx-rs/3c93469b57abf2bb/out/ucx-1.22.0/install-sh -c -d '/opt/rustwide/target/debug/build/ucx-rs/3c93469b57abf2bb/out/ucx-install/include/ucs/stats'
[INFO] [stderr]    /usr/bin/install -c -m 644  /opt/rustwide/target/debug/build/ucx-rs/3c93469b57abf2bb/out/ucx-1.22.0/src/ucs/stats/stats_fwd.h /opt/rustwide/target/debug/build/ucx-rs/3c93469b57abf2bb/out/ucx-1.22.0/src/ucs/stats/libstats.h '/opt/rustwide/target/debug/build/ucx-rs/3c93469b57abf2bb/out/ucx-install/include/ucs/stats'
[INFO] [stderr]    /opt/rustwide/target/debug/build/ucx-rs/3c93469b57abf2bb/out/ucx-1.22.0/install-sh -c -d '/opt/rustwide/target/debug/build/ucx-rs/3c93469b57abf2bb/out/ucx-install/include/ucs/profile'
[INFO] [stderr]    /usr/bin/install -c -m 644  /opt/rustwide/target/debug/build/ucx-rs/3c93469b57abf2bb/out/ucx-1.22.0/src/ucs/profile/profile_defs.h /opt/rustwide/target/debug/build/ucx-rs/3c93469b57abf2bb/out/ucx-1.22.0/src/ucs/profile/profile_off.h /opt/rustwide/target/debug/build/ucx-rs/3c93469b57abf2bb/out/ucx-1.22.0/src/ucs/profile/profile_on.h '/opt/rustwide/target/debug/build/ucx-rs/3c93469b57abf2bb/out/ucx-install/include/ucs/profile'
[INFO] [stderr]    /opt/rustwide/target/debug/build/ucx-rs/3c93469b57abf2bb/out/ucx-1.22.0/install-sh -c -d '/opt/rustwide/target/debug/build/ucx-rs/3c93469b57abf2bb/out/ucx-install/include/ucs/memory'
[INFO] [stderr]    /usr/bin/install -c -m 644  /opt/rustwide/target/debug/build/ucx-rs/3c93469b57abf2bb/out/ucx-1.22.0/src/ucs/memory/rcache.h /opt/rustwide/target/debug/build/ucx-rs/3c93469b57abf2bb/out/ucx-1.22.0/src/ucs/memory/memory_type.h /opt/rustwide/target/debug/build/ucx-rs/3c93469b57abf2bb/out/ucx-1.22.0/src/ucs/memory/memtype_cache.h /opt/rustwide/target/debug/build/ucx-rs/3c93469b57abf2bb/out/ucx-1.22.0/src/ucs/memory/numa.h '/opt/rustwide/target/debug/build/ucx-rs/3c93469b57abf2bb/out/ucx-install/include/ucs/memory'
[INFO] [stderr]    /opt/rustwide/target/debug/build/ucx-rs/3c93469b57abf2bb/out/ucx-1.22.0/install-sh -c -d '/opt/rustwide/target/debug/build/ucx-rs/3c93469b57abf2bb/out/ucx-install/include/ucs/arch/ppc64'
[INFO] [stderr]    /usr/bin/install -c -m 644  /opt/rustwide/target/debug/build/ucx-rs/3c93469b57abf2bb/out/ucx-1.22.0/src/ucs/arch/ppc64/bitops.h /opt/rustwide/target/debug/build/ucx-rs/3c93469b57abf2bb/out/ucx-1.22.0/src/ucs/arch/ppc64/global_opts.h '/opt/rustwide/target/debug/build/ucx-rs/3c93469b57abf2bb/out/ucx-install/include/ucs/arch/ppc64'
[INFO] [stderr]    /opt/rustwide/target/debug/build/ucx-rs/3c93469b57abf2bb/out/ucx-1.22.0/install-sh -c -d '/opt/rustwide/target/debug/build/ucx-rs/3c93469b57abf2bb/out/ucx-install/include/ucs/sys/topo/base'
[INFO] [stderr]    /usr/bin/install -c -m 644  /opt/rustwide/target/debug/build/ucx-rs/3c93469b57abf2bb/out/ucx-1.22.0/src/ucs/sys/topo/base/topo.h '/opt/rustwide/target/debug/build/ucx-rs/3c93469b57abf2bb/out/ucx-install/include/ucs/sys/topo/base'
[INFO] [stderr]    /opt/rustwide/target/debug/build/ucx-rs/3c93469b57abf2bb/out/ucx-1.22.0/install-sh -c -d '/opt/rustwide/target/debug/build/ucx-rs/3c93469b57abf2bb/out/ucx-install/lib/pkgconfig'
[INFO] [stderr]    /usr/bin/install -c -m 644 ucx-ucs.pc '/opt/rustwide/target/debug/build/ucx-rs/3c93469b57abf2bb/out/ucx-install/lib/pkgconfig'
[INFO] [stderr]   make[2]: Leaving directory '/opt/rustwide/target/debug/build/ucx-rs/3c93469b57abf2bb/out/ucx-build/src/ucs'
[INFO] [stderr]   make[1]: Leaving directory '/opt/rustwide/target/debug/build/ucx-rs/3c93469b57abf2bb/out/ucx-build/src/ucs'
[INFO] [stderr]   Making install in vfs/fuse
[INFO] [stderr]   make[1]: Entering directory '/opt/rustwide/target/debug/build/ucx-rs/3c93469b57abf2bb/out/ucx-build/src/ucs/vfs/fuse'
[INFO] [stderr]   make[2]: Entering directory '/opt/rustwide/target/debug/build/ucx-rs/3c93469b57abf2bb/out/ucx-build/src/ucs/vfs/fuse'
[INFO] [stderr]   make[2]: Nothing to be done for 'install-exec-am'.
[INFO] [stderr]   make[2]: Leaving directory '/opt/rustwide/target/debug/build/ucx-rs/3c93469b57abf2bb/out/ucx-build/src/ucs/vfs/fuse'
[INFO] [stderr]   make[1]: Leaving directory '/opt/rustwide/target/debug/build/ucx-rs/3c93469b57abf2bb/out/ucx-build/src/ucs/vfs/fuse'
[INFO] [stderr]   Making install in signal
[INFO] [stderr]   make[1]: Entering directory '/opt/rustwide/target/debug/build/ucx-rs/3c93469b57abf2bb/out/ucx-build/src/ucs/signal'
[INFO] [stderr]   make[2]: Entering directory '/opt/rustwide/target/debug/build/ucx-rs/3c93469b57abf2bb/out/ucx-build/src/ucs/signal'
[INFO] [stderr]    /opt/rustwide/target/debug/build/ucx-rs/3c93469b57abf2bb/out/ucx-1.22.0/install-sh -c -d '/opt/rustwide/target/debug/build/ucx-rs/3c93469b57abf2bb/out/ucx-install/lib'
[INFO] [stderr]    /bin/bash ../../../libtool   --mode=install /usr/bin/install -c   libucs_signal.la '/opt/rustwide/target/debug/build/ucx-rs/3c93469b57abf2bb/out/ucx-install/lib'
[INFO] [stderr]   libtool: install: /usr/bin/install -c .libs/libucs_signal.lai /opt/rustwide/target/debug/build/ucx-rs/3c93469b57abf2bb/out/ucx-install/lib/libucs_signal.la
[INFO] [stderr]   libtool: install: /usr/bin/install -c .libs/libucs_signal.a /opt/rustwide/target/debug/build/ucx-rs/3c93469b57abf2bb/out/ucx-install/lib/libucs_signal.a
[INFO] [stderr]   libtool: install: chmod 644 /opt/rustwide/target/debug/build/ucx-rs/3c93469b57abf2bb/out/ucx-install/lib/libucs_signal.a
[INFO] [stderr]   libtool: install: ranlib /opt/rustwide/target/debug/build/ucx-rs/3c93469b57abf2bb/out/ucx-install/lib/libucs_signal.a
[INFO] [stderr]   libtool: finish: PATH="/opt/rustwide/cargo-home/bin:/usr/local/sbin:/usr/local/bin:/usr/sbin:/usr/bin:/sbin:/bin:/sbin" ldconfig -n /opt/rustwide/target/debug/build/ucx-rs/3c93469b57abf2bb/out/ucx-install/lib
[INFO] [stderr]   ----------------------------------------------------------------------
[INFO] [stderr]   Libraries have been installed in:
[INFO] [stderr]      /opt/rustwide/target/debug/build/ucx-rs/3c93469b57abf2bb/out/ucx-install/lib
[INFO] [stderr] 
[INFO] [stderr]   If you ever happen to want to link against installed libraries
[INFO] [stderr]   in a given directory, LIBDIR, you must either use libtool, and
[INFO] [stderr]   specify the full pathname of the library, or use the `-LLIBDIR'
[INFO] [stderr]   flag during linking and do at least one of the following:
[INFO] [stderr]      - add LIBDIR to the `LD_LIBRARY_PATH' environment variable
[INFO] [stderr]        during execution
[INFO] [stderr]      - add LIBDIR to the `LD_RUN_PATH' environment variable
[INFO] [stderr]        during linking
[INFO] [stderr]      - use the `-Wl,-rpath -Wl,LIBDIR' linker flag
[INFO] [stderr]      - have your system administrator add LIBDIR to `/etc/ld.so.conf'
[INFO] [stderr] 
[INFO] [stderr]   See any operating system documentation about shared libraries for
[INFO] [stderr]   more information, such as the ld(1) and ld.so(8) manual pages.
[INFO] [stderr]   ----------------------------------------------------------------------
[INFO] [stderr]   make[2]: Nothing to be done for 'install-data-am'.
[INFO] [stderr]   make[2]: Leaving directory '/opt/rustwide/target/debug/build/ucx-rs/3c93469b57abf2bb/out/ucx-build/src/ucs/signal'
[INFO] [stderr]   make[1]: Leaving directory '/opt/rustwide/target/debug/build/ucx-rs/3c93469b57abf2bb/out/ucx-build/src/ucs/signal'
[INFO] [stderr]   make: Leaving directory '/opt/rustwide/target/debug/build/ucx-rs/3c93469b57abf2bb/out/ucx-build/src/ucs'
[INFO] [stderr]   make: Entering directory '/opt/rustwide/target/debug/build/ucx-rs/3c93469b57abf2bb/out/ucx-build/src/uct'
[INFO] [stderr]   Making all in .
[INFO] [stderr]   make[1]: Entering directory '/opt/rustwide/target/debug/build/ucx-rs/3c93469b57abf2bb/out/ucx-build/src/uct'
[INFO] [stderr]     CC       base/libuct_la-uct_md.lo
[INFO] [stderr]     CC       base/libuct_la-uct_md_vfs.lo
[INFO] [stderr]     CC       base/libuct_la-uct_mem.lo
[INFO] [stderr]     CC       base/libuct_la-uct_iface.lo
[INFO] [stderr]     CC       base/libuct_la-uct_iface_vfs.lo
[INFO] [stderr]     CC       base/libuct_la-uct_component.lo
[INFO] [stderr]     CC       base/libuct_la-uct_worker.lo
[INFO] [stderr]     CC       base/libuct_la-uct_cm.lo
[INFO] [stderr]     CC       base/libuct_la-uct_vfs_attr.lo
[INFO] [stderr]     CC       sm/base/libuct_la-sm_ep.lo
[INFO] [stderr]     CC       sm/base/libuct_la-sm_md.lo
[INFO] [stderr]     CC       sm/base/libuct_la-sm_iface.lo
[INFO] [stderr]     CC       sm/mm/base/libuct_la-mm_iface.lo
[INFO] [stderr]     CC       sm/mm/base/libuct_la-mm_ep.lo
[INFO] [stderr]     CC       sm/mm/base/libuct_la-mm_md.lo
[INFO] [stderr]     CC       sm/mm/posix/libuct_la-mm_posix.lo
[INFO] [stderr]     CC       sm/mm/sysv/libuct_la-mm_sysv.lo
[INFO] [stderr]     CC       sm/scopy/base/libuct_la-scopy_iface.lo
[INFO] [stderr]     CC       sm/scopy/base/libuct_la-scopy_ep.lo
[INFO] [stderr]     CC       sm/self/libuct_la-self.lo
[INFO] [stderr]     CC       tcp/libuct_la-tcp_ep.lo
[INFO] [stderr]     CC       tcp/libuct_la-tcp_iface.lo
[INFO] [stderr]     CC       tcp/libuct_la-tcp_md.lo
[INFO] [stderr]     CC       tcp/libuct_la-tcp_net.lo
[INFO] [stderr]     CC       tcp/libuct_la-tcp_cm.lo
[INFO] [stderr]     CC       tcp/libuct_la-tcp_base.lo
[INFO] [stderr]     CC       tcp/libuct_la-tcp_sockcm.lo
[INFO] [stderr]     CC       tcp/libuct_la-tcp_listener.lo
[INFO] [stderr]     CC       tcp/libuct_la-tcp_sockcm_ep.lo
[INFO] [stderr]     CCLD     libuct.la
[INFO] [stderr]   make[1]: Leaving directory '/opt/rustwide/target/debug/build/ucx-rs/3c93469b57abf2bb/out/ucx-build/src/uct'
[INFO] [stderr]   Making all in gaudi
[INFO] [stderr]   make[1]: Entering directory '/opt/rustwide/target/debug/build/ucx-rs/3c93469b57abf2bb/out/ucx-build/src/uct/gaudi'
[INFO] [stderr]   make[2]: Entering directory '/opt/rustwide/target/debug/build/ucx-rs/3c93469b57abf2bb/out/ucx-build/src/uct/gaudi'
[INFO] [stderr]   make[2]: Nothing to be done for 'all-am'.
[INFO] [stderr]   make[2]: Leaving directory '/opt/rustwide/target/debug/build/ucx-rs/3c93469b57abf2bb/out/ucx-build/src/uct/gaudi'
[INFO] [stderr]   make[1]: Leaving directory '/opt/rustwide/target/debug/build/ucx-rs/3c93469b57abf2bb/out/ucx-build/src/uct/gaudi'
[INFO] [stderr]   Making all in cuda
[INFO] [stderr]   make[1]: Entering directory '/opt/rustwide/target/debug/build/ucx-rs/3c93469b57abf2bb/out/ucx-build/src/uct/cuda'
[INFO] [stderr]   make[2]: Entering directory '/opt/rustwide/target/debug/build/ucx-rs/3c93469b57abf2bb/out/ucx-build/src/uct/cuda'
[INFO] [stderr]   make[2]: Nothing to be done for 'all-am'.
[INFO] [stderr]   make[2]: Leaving directory '/opt/rustwide/target/debug/build/ucx-rs/3c93469b57abf2bb/out/ucx-build/src/uct/cuda'
[INFO] [stderr]   make[1]: Leaving directory '/opt/rustwide/target/debug/build/ucx-rs/3c93469b57abf2bb/out/ucx-build/src/uct/cuda'
[INFO] [stderr]   Making all in ib
[INFO] [stderr]   make[1]: Entering directory '/opt/rustwide/target/debug/build/ucx-rs/3c93469b57abf2bb/out/ucx-build/src/uct/ib'
[INFO] [stderr]   Making all in .
[INFO] [stderr]   make[2]: Entering directory '/opt/rustwide/target/debug/build/ucx-rs/3c93469b57abf2bb/out/ucx-build/src/uct/ib'
[INFO] [stderr]     CC       base/libuct_ib_la-ib_device.lo
[INFO] [stderr]     CC       base/libuct_ib_la-ib_iface.lo
[INFO] [stderr]     CC       base/libuct_ib_la-ib_log.lo
[INFO] [stderr]     CC       base/libuct_ib_la-ib_md.lo
[INFO] [stderr]     CC       rc/base/libuct_ib_la-rc_ep.lo
[INFO] [stderr]     CC       rc/base/libuct_ib_la-rc_iface.lo
[INFO] [stderr]     CC       rc/verbs/libuct_ib_la-rc_verbs_ep.lo
[INFO] [stderr]     CC       rc/verbs/libuct_ib_la-rc_verbs_iface.lo
[INFO] [stderr]     CC       ud/base/libuct_ib_la-ud_iface_common.lo
[INFO] [stderr]     CC       ud/base/libuct_ib_la-ud_iface.lo
[INFO] [stderr]     CC       ud/base/libuct_ib_la-ud_ep.lo
[INFO] [stderr]     CC       ud/base/libuct_ib_la-ud_log.lo
[INFO] [stderr]     CC       ud/verbs/libuct_ib_la-ud_verbs.lo
[INFO] [stderr]     CCLD     libuct_ib.la
[INFO] [stderr]     LN       libuct_ib.la
[INFO] [stderr]     LN       .libs/*.so*
[INFO] [stderr]   make[2]: Leaving directory '/opt/rustwide/target/debug/build/ucx-rs/3c93469b57abf2bb/out/ucx-build/src/uct/ib'
[INFO] [stderr]   Making all in mlx5
[INFO] [stderr]   make[2]: Entering directory '/opt/rustwide/target/debug/build/ucx-rs/3c93469b57abf2bb/out/ucx-build/src/uct/ib/mlx5'
[INFO] [stderr]   Making all in .
[INFO] [stderr]   make[3]: Entering directory '/opt/rustwide/target/debug/build/ucx-rs/3c93469b57abf2bb/out/ucx-build/src/uct/ib/mlx5'
[INFO] [stderr]     CC       libuct_ib_mlx5_la-ib_mlx5_log.lo
[INFO] [stderr]     CC       libuct_ib_mlx5_la-ib_mlx5.lo
[INFO] [stderr]     CC       libuct_ib_mlx5_la-ib_mlx5_ext.lo
[INFO] [stderr]     CC       dv/libuct_ib_mlx5_la-ib_mlx5_dv.lo
[INFO] [stderr]     CC       dv/libuct_ib_mlx5_la-ib_mlx5dv_md.lo
[INFO] [stderr]     CC       rc/libuct_ib_mlx5_la-rc_mlx5_ep.lo
[INFO] [stderr]     CC       rc/libuct_ib_mlx5_la-rc_mlx5_common.lo
[INFO] [stderr]     CC       rc/libuct_ib_mlx5_la-rc_mlx5_devx.lo
[INFO] [stderr]     CC       rc/libuct_ib_mlx5_la-rc_mlx5_iface.lo
[INFO] [stderr]     CC       gga/libuct_ib_mlx5_la-gga_mlx5.lo
[INFO] [stderr]     CC       dc/libuct_ib_mlx5_la-dc_mlx5_ep.lo
[INFO] [stderr]     CC       dc/libuct_ib_mlx5_la-dc_mlx5.lo
[INFO] [stderr]     CC       ud/libuct_ib_mlx5_la-ud_mlx5_common.lo
[INFO] [stderr]     CC       dc/libuct_ib_mlx5_la-dc_mlx5_devx.lo
[INFO] [stderr]     CC       ud/libuct_ib_mlx5_la-ud_mlx5.lo
[INFO] [stderr]   make[3]: Leaving directory '/opt/rustwide/target/debug/build/ucx-rs/3c93469b57abf2bb/out/ucx-build/src/uct/ib/mlx5'
[INFO] [stderr]   make[2]: Leaving directory '/opt/rustwide/target/debug/build/ucx-rs/3c93469b57abf2bb/out/ucx-build/src/uct/ib/mlx5'
[INFO] [stderr]   make[1]: Leaving directory '/opt/rustwide/target/debug/build/ucx-rs/3c93469b57abf2bb/out/ucx-build/src/uct/ib'
[INFO] [stderr]   make: Leaving directory '/opt/rustwide/target/debug/build/ucx-rs/3c93469b57abf2bb/out/ucx-build/src/uct'
[INFO] [stderr] 
[INFO] [stderr]   --- stderr
[INFO] [stderr]   configure: WARNING: malloc hooks are not supported
[INFO] [stderr]   configure: WARNING: FUSEv3 was explicitly disabled
[INFO] [stderr]   configure: WARNING: GO support was explicitly disabled.
[INFO] [stderr]   configure: WARNING: Java support was explicitly disabled.
[INFO] [stderr]   configure: WARNING: Disabling support for Infiniband MAD
[INFO] [stderr]   configure: WARNING: LCOV support is not enabled.
[INFO] [stderr]   configure: WARNING: ROCm was explicitly disabled
[INFO] [stderr]   configure: WARNING: ZE not found
[INFO] [stderr]   configure: WARNING: GDR_COPY was explicitly disabled
[INFO] [stderr]   configure: WARNING: KNEM was explicitly disabled
[INFO] [stderr]   configure: WARNING: GAUDI not found
[INFO] [stderr]   ar: `u' modifier ignored since `D' is the default (see `U')
[INFO] [stderr]   ar: `u' modifier ignored since `D' is the default (see `U')
[INFO] [stderr]   ar: `u' modifier ignored since `D' is the default (see `U')
[INFO] [stderr]   ar: `u' modifier ignored since `D' is the default (see `U')
[INFO] [stderr]   ar: `u' modifier ignored since `D' is the default (see `U')
[INFO] [stderr]   ar: `u' modifier ignored since `D' is the default (see `U')
[INFO] [stderr]   gcc: fatal error: Killed signal terminated program cc1
[INFO] [stderr]   compilation terminated.
[INFO] [stderr]   make[3]: *** [Makefile:929: dc/libuct_ib_mlx5_la-dc_mlx5.lo] Error 1
[INFO] [stderr]   make[3]: *** Waiting for unfinished jobs....
[INFO] [stderr]   gcc: fatal error: Killed signal terminated program cc1
[INFO] [stderr]   compilation terminated.
[INFO] [stderr]   make[3]: *** [Makefile:866: libuct_ib_mlx5_la-ib_mlx5_ext.lo] Error 1
[INFO] [stderr]   gcc: fatal error: Killed signal terminated program cc1
[INFO] [stderr]   compilation terminated.
[INFO] [stderr]   make[3]: *** [Makefile:887: rc/libuct_ib_mlx5_la-rc_mlx5_ep.lo] Error 1
[INFO] [stderr]   gcc: fatal error: Killed signal terminated program cc1
[INFO] [stderr]   compilation terminated.
[INFO] [stderr]   make[3]: *** [Makefile:915: gga/libuct_ib_mlx5_la-gga_mlx5.lo] Error 1
[INFO] [stderr]   make[2]: *** [Makefile:995: all-recursive] Error 1
[INFO] [stderr]   make[1]: *** [Makefile:964: all-recursive] Error 1
[INFO] [stderr]   make: *** [Makefile:1179: all-recursive] Error 1
[INFO] [stderr] 
[INFO] [stderr]   thread 'main' (286) panicked at build.rs:567:5:
[INFO] [stderr]   ucx-rs: src/uct failed (exit status: 2)
[INFO] [stderr]   stack backtrace:
[INFO] [stderr]      0:     0x60a5f1b4d1c1 - std[617be2ca0a6fd877]::backtrace_rs::backtrace::libunwind::trace
[INFO] [stderr]                                  at /rustc/e3feeb59cd1bdd011a2bfcc0747b55125d9b8527/library/std/src/../../backtrace/src/backtrace/libunwind.rs:117:9
[INFO] [stderr]      1:     0x60a5f1b4d1c1 - std[617be2ca0a6fd877]::backtrace_rs::backtrace::trace_unsynchronized::<std[617be2ca0a6fd877]::sys::backtrace::_print_fmt::{closure#1}>
[INFO] [stderr]                                  at /rustc/e3feeb59cd1bdd011a2bfcc0747b55125d9b8527/library/std/src/../../backtrace/src/backtrace/mod.rs:66:14
[INFO] [stderr]      2:     0x60a5f1b4d1c1 - std[617be2ca0a6fd877]::sys::backtrace::_print_fmt
[INFO] [stderr]                                  at /rustc/e3feeb59cd1bdd011a2bfcc0747b55125d9b8527/library/std/src/sys/backtrace.rs:74:9
[INFO] [stderr]      3:     0x60a5f1b4d1c1 - <<std[617be2ca0a6fd877]::sys::backtrace::BacktraceLock>::print::DisplayBacktrace as core[a373ad73a504971]::fmt::Display>::fmt
[INFO] [stderr]                                  at /rustc/e3feeb59cd1bdd011a2bfcc0747b55125d9b8527/library/std/src/sys/backtrace.rs:44:26
[INFO] [stderr]      4:     0x60a5f1b5f66a - <core[a373ad73a504971]::fmt::rt::Argument>::fmt
[INFO] [stderr]                                  at /rustc/e3feeb59cd1bdd011a2bfcc0747b55125d9b8527/library/core/src/fmt/rt.rs:152:76
[INFO] [stderr]      5:     0x60a5f1b5f66a - core[a373ad73a504971]::fmt::write
[INFO] [stderr]      6:     0x60a5f1b512ac - core[a373ad73a504971]::io::write::default_write_fmt::<std[617be2ca0a6fd877]::sys::stdio::unix::Stderr>
[INFO] [stderr]                                  at /rustc/e3feeb59cd1bdd011a2bfcc0747b55125d9b8527/library/core/src/io/write.rs:402:11
[INFO] [stderr]      7:     0x60a5f1b512ac - <std[617be2ca0a6fd877]::sys::stdio::unix::Stderr as core[a373ad73a504971]::io::write::Write>::write_fmt
[INFO] [stderr]                                  at /rustc/e3feeb59cd1bdd011a2bfcc0747b55125d9b8527/library/core/src/io/write.rs:335:13
[INFO] [stderr]      8:     0x60a5f1b2c276 - <std[617be2ca0a6fd877]::sys::backtrace::BacktraceLock>::print
[INFO] [stderr]                                  at /rustc/e3feeb59cd1bdd011a2bfcc0747b55125d9b8527/library/std/src/sys/backtrace.rs:47:9
[INFO] [stderr]      9:     0x60a5f1b2c276 - std[617be2ca0a6fd877]::panicking::default_hook::{closure#0}
[INFO] [stderr]                                  at /rustc/e3feeb59cd1bdd011a2bfcc0747b55125d9b8527/library/std/src/panicking.rs:289:27
[INFO] [stderr]     10:     0x60a5f1b477a1 - std[617be2ca0a6fd877]::panicking::default_hook
[INFO] [stderr]                                  at /rustc/e3feeb59cd1bdd011a2bfcc0747b55125d9b8527/library/std/src/panicking.rs:316:9
[INFO] [stderr]     11:     0x60a5f1b4795b - std[617be2ca0a6fd877]::panicking::panic_with_hook
[INFO] [stderr]                                  at /rustc/e3feeb59cd1bdd011a2bfcc0747b55125d9b8527/library/std/src/panicking.rs:811:13
[INFO] [stderr]     12:     0x60a5f1b2c322 - std[617be2ca0a6fd877]::panicking::panic_handler::{closure#0}
[INFO] [stderr]                                  at /rustc/e3feeb59cd1bdd011a2bfcc0747b55125d9b8527/library/std/src/panicking.rs:685:13
[INFO] [stderr]     13:     0x60a5f1b24de9 - std[617be2ca0a6fd877]::sys::backtrace::__rust_end_short_backtrace::<std[617be2ca0a6fd877]::panicking::panic_handler::{closure#0}, !>
[INFO] [stderr]                                  at /rustc/e3feeb59cd1bdd011a2bfcc0747b55125d9b8527/library/std/src/sys/backtrace.rs:182:18
[INFO] [stderr]     14:     0x60a5f1b2cd8d - __rustc[ea4f61d10b84890b]::rust_begin_unwind
[INFO] [stderr]                                  at /rustc/e3feeb59cd1bdd011a2bfcc0747b55125d9b8527/library/std/src/panicking.rs:676:5
[INFO] [stderr]     15:     0x60a5f1b5fe5c - core[a373ad73a504971]::panicking::panic_fmt
[INFO] [stderr]                                  at /rustc/e3feeb59cd1bdd011a2bfcc0747b55125d9b8527/library/core/src/panicking.rs:80:14
[INFO] [stderr]     16:     0x60a5f1ad1008 - build_script_build[7469984b7b1e3d44]::run
[INFO] [stderr]     17:     0x60a5f1aceab0 - build_script_build[7469984b7b1e3d44]::build_vendored
[INFO] [stderr]     18:     0x60a5f1ad1976 - build_script_build[7469984b7b1e3d44]::main
[INFO] [stderr]     19:     0x60a5f1abbb33 - <fn() as core[a373ad73a504971]::ops::function::FnOnce<()>>::call_once
[INFO] [stderr]     20:     0x60a5f1abdeee - std[617be2ca0a6fd877]::sys::backtrace::__rust_begin_short_backtrace::<fn(), ()>
[INFO] [stderr]     21:     0x60a5f1aba719 - std[617be2ca0a6fd877]::rt::lang_start::<()>::{closure#0}
[INFO] [stderr]     22:     0x60a5f1b46898 - <&dyn core[a373ad73a504971]::ops::function::Fn<(), Output = i32> + core[a373ad73a504971]::marker::Sync + core[a373ad73a504971]::panic::unwind_safe::RefUnwindSafe as core[a373ad73a504971]::ops::function::FnOnce<()>>::call_once
[INFO] [stderr]                                  at /rustc/e3feeb59cd1bdd011a2bfcc0747b55125d9b8527/library/core/src/ops/function.rs:287:21
[INFO] [stderr]     23:     0x60a5f1b46898 - std[617be2ca0a6fd877]::panicking::catch_unwind::do_call::<&dyn core[a373ad73a504971]::ops::function::Fn<(), Output = i32> + core[a373ad73a504971]::marker::Sync + core[a373ad73a504971]::panic::unwind_safe::RefUnwindSafe, i32>
[INFO] [stderr]                                  at /rustc/e3feeb59cd1bdd011a2bfcc0747b55125d9b8527/library/std/src/panicking.rs:573:43
[INFO] [stderr]     24:     0x60a5f1b46898 - std[617be2ca0a6fd877]::panicking::catch_unwind::<i32, &dyn core[a373ad73a504971]::ops::function::Fn<(), Output = i32> + core[a373ad73a504971]::marker::Sync + core[a373ad73a504971]::panic::unwind_safe::RefUnwindSafe>
[INFO] [stderr]                                  at /rustc/e3feeb59cd1bdd011a2bfcc0747b55125d9b8527/library/std/src/panicking.rs:541:19
[INFO] [stderr]     25:     0x60a5f1b46898 - std[617be2ca0a6fd877]::panic::catch_unwind::<&dyn core[a373ad73a504971]::ops::function::Fn<(), Output = i32> + core[a373ad73a504971]::marker::Sync + core[a373ad73a504971]::panic::unwind_safe::RefUnwindSafe, i32>
[INFO] [stderr]                                  at /rustc/e3feeb59cd1bdd011a2bfcc0747b55125d9b8527/library/std/src/panic.rs:359:14
[INFO] [stderr]     26:     0x60a5f1b46898 - std[617be2ca0a6fd877]::rt::lang_start_internal::{closure#0}
[INFO] [stderr]                                  at /rustc/e3feeb59cd1bdd011a2bfcc0747b55125d9b8527/library/std/src/rt.rs:175:24
[INFO] [stderr]     27:     0x60a5f1b46898 - std[617be2ca0a6fd877]::panicking::catch_unwind::do_call::<std[617be2ca0a6fd877]::rt::lang_start_internal::{closure#0}, isize>
[INFO] [stderr]                                  at /rustc/e3feeb59cd1bdd011a2bfcc0747b55125d9b8527/library/std/src/panicking.rs:573:43
[INFO] [stderr]     28:     0x60a5f1b46898 - std[617be2ca0a6fd877]::panicking::catch_unwind::<isize, std[617be2ca0a6fd877]::rt::lang_start_internal::{closure#0}>
[INFO] [stderr]                                  at /rustc/e3feeb59cd1bdd011a2bfcc0747b55125d9b8527/library/std/src/panicking.rs:541:19
[INFO] [stderr]     29:     0x60a5f1b46898 - std[617be2ca0a6fd877]::panic::catch_unwind::<std[617be2ca0a6fd877]::rt::lang_start_internal::{closure#0}, isize>
[INFO] [stderr]                                  at /rustc/e3feeb59cd1bdd011a2bfcc0747b55125d9b8527/library/std/src/panic.rs:359:14
[INFO] [stderr]     30:     0x60a5f1b46898 - std[617be2ca0a6fd877]::rt::lang_start_internal
[INFO] [stderr]                                  at /rustc/e3feeb59cd1bdd011a2bfcc0747b55125d9b8527/library/std/src/rt.rs:171:5
[INFO] [stderr]     31:     0x60a5f1ab7ba1 - std[617be2ca0a6fd877]::rt::lang_start::<()>
[INFO] [stderr]     32:     0x60a5f1ad4775 - main
[INFO] [stderr]     33:     0x7458783a1601 - <unknown>
[INFO] [stderr]     34:     0x7458783a1718 - __libc_start_main
[INFO] [stderr]     35:     0x60a5f1ab5445 - _start
[INFO] [stderr]     36:                0x0 - <unknown>
[INFO] running `Command { std: "docker" "inspect" "e3290f450143f818640054d2cc930a534131c2d5c2502d287fc614bba463a8fd", kill_on_drop: false }`
[INFO] running `Command { std: "docker" "rm" "-f" "e3290f450143f818640054d2cc930a534131c2d5c2502d287fc614bba463a8fd", kill_on_drop: false }`
[INFO] [stdout] e3290f450143f818640054d2cc930a534131c2d5c2502d287fc614bba463a8fd
