[INFO] fetching crate uc_client 2.13.0...
[INFO] testing uc_client-2.13.0 against 1.100.0-beta.1 for beta-1.100-2
[INFO] extracting crate uc_client 2.13.0 into /workspace/builds/worker-5-tc2/source
[INFO] started tweaking crates.io crate uc_client 2.13.0
[INFO] removed 0 missing tests
[INFO] finished tweaking crates.io crate uc_client 2.13.0
[INFO] tweaked toml for crates.io crate uc_client 2.13.0 written to /workspace/builds/worker-5-tc2/source/Cargo.toml
[INFO] validating manifest of crates.io crate uc_client 2.13.0 on toolchain 1.100.0-beta.1
[INFO] running `Command { std: CARGO_HOME="/workspace/cargo-home" RUSTUP_HOME="/workspace/rustup-home" "/workspace/cargo-home/bin/cargo" "+1.100.0-beta.1" "metadata" "--manifest-path" "Cargo.toml" "--no-deps", kill_on_drop: false }`
[INFO] crate crates.io crate uc_client 2.13.0 already has a lockfile, it will not be regenerated
[INFO] running `Command { std: CARGO_HOME="/workspace/cargo-home" RUSTUP_HOME="/workspace/rustup-home" "/workspace/cargo-home/bin/cargo" "+1.100.0-beta.1" "fetch" "--manifest-path" "Cargo.toml", kill_on_drop: false }`
[INFO] [stderr] warning: `package.homepage` is redundant with `package.repository`
[INFO] [stderr]   --> Cargo.toml:46:12
[INFO] [stderr]    |
[INFO] [stderr] 46 | homepage = "https://github.com/PeterKnego/ultima_cluster"
[INFO] [stderr]    |            ^^^^^^^^^^^^^^^^^^^^^^^^^^^^^^^^^^^^^^^^^^^^^^
[INFO] [stderr] ...
[INFO] [stderr] 51 | repository = "https://github.com/PeterKnego/ultima_cluster"
[INFO] [stderr]    |              ----------------------------------------------
[INFO] [stderr]    |
[INFO] [stderr]    = note: `cargo::redundant_homepage` is set to `warn` by default
[INFO] [stderr] help: consider removing `package.homepage`
[INFO] [stderr] warning: `uc_client` (manifest) generated 1 warning
[INFO] [stderr]     Blocking waiting for file lock on package cache
[INFO] running `Command { std: "docker" "create" "-v" "/var/lib/crater-agent-workspace/builds/worker-5-tc2/source:/opt/rustwide/workdir:ro,Z" "-v" "/var/lib/crater-agent-workspace/builds/worker-5-tc2/target:/opt/rustwide/target:rw,Z" "-v" "/var/lib/crater-agent-workspace/cargo-home:/opt/rustwide/cargo-home:ro,Z" "-v" "/var/lib/crater-agent-workspace/rustup-home:/opt/rustwide/rustup-home:ro,Z" "-m" "1610612736" "--network" "none" "ghcr.io/rust-lang/crates-build-env/linux@sha256:3111399a4047eeb3a02b7a90e478d715f38a8c6669b5c4b49d30a17385265909" "sleep" "infinity", kill_on_drop: false }`
[INFO] [stdout] 01a7bcd3c0868a470fd3f397358585244f731fb37bf4d977ed1bb82469446493
[INFO] running `Command { std: "docker" "start" "01a7bcd3c0868a470fd3f397358585244f731fb37bf4d977ed1bb82469446493", kill_on_drop: false }`
[INFO] running `Command { std: "docker" "inspect" "01a7bcd3c0868a470fd3f397358585244f731fb37bf4d977ed1bb82469446493", kill_on_drop: false }`
[INFO] running `Command { std: "docker" "exec" "-e" "SOURCE_DIR=/opt/rustwide/workdir" "-e" "CARGO_HOME=/opt/rustwide/cargo-home" "-e" "RUSTUP_HOME=/opt/rustwide/rustup-home" "-e" "CARGO_TARGET_DIR=/opt/rustwide/target" "-w" "/opt/rustwide/workdir" "--user" "0:0" "01a7bcd3c0868a470fd3f397358585244f731fb37bf4d977ed1bb82469446493" "/opt/rustwide/cargo-home/bin/cargo" "+1.100.0-beta.1" "metadata" "--no-deps" "--format-version=1", kill_on_drop: false }`
[INFO] running `Command { std: "docker" "inspect" "01a7bcd3c0868a470fd3f397358585244f731fb37bf4d977ed1bb82469446493", kill_on_drop: false }`
[INFO] running `Command { std: "docker" "exec" "-e" "SOURCE_DIR=/opt/rustwide/workdir" "-e" "CARGO_HOME=/opt/rustwide/cargo-home" "-e" "RUSTUP_HOME=/opt/rustwide/rustup-home" "-e" "CARGO_TARGET_DIR=/opt/rustwide/target" "-e" "CARGO_INCREMENTAL=0" "-e" "RUST_BACKTRACE=full" "-e" "RUSTFLAGS=--cap-lints=warn" "-e" "RUSTDOCFLAGS=--cap-lints=warn" "-w" "/opt/rustwide/workdir" "--user" "0:0" "01a7bcd3c0868a470fd3f397358585244f731fb37bf4d977ed1bb82469446493" "/opt/rustwide/cargo-home/bin/cargo" "+1.100.0-beta.1" "build" "--frozen" "--message-format=json", kill_on_drop: false }`
[INFO] [stderr] warning: `package.homepage` is redundant with `package.repository`
[INFO] [stderr]   --> Cargo.toml:46:12
[INFO] [stderr]    |
[INFO] [stderr] 46 | homepage = "https://github.com/PeterKnego/ultima_cluster"
[INFO] [stderr]    |            ^^^^^^^^^^^^^^^^^^^^^^^^^^^^^^^^^^^^^^^^^^^^^^
[INFO] [stderr] ...
[INFO] [stderr] 51 | repository = "https://github.com/PeterKnego/ultima_cluster"
[INFO] [stderr]    |              ----------------------------------------------
[INFO] [stderr]    |
[INFO] [stderr]    = note: `cargo::redundant_homepage` is set to `warn` by default
[INFO] [stderr] help: consider removing `package.homepage`
[INFO] [stderr] warning: `uc_client` (manifest) generated 1 warning
[INFO] [stderr]    Compiling serde_core v1.0.228
[INFO] [stderr]    Compiling serde v1.0.228
[INFO] [stderr]    Compiling getrandom v0.3.4
[INFO] [stderr]    Compiling zerocopy v0.8.48
[INFO] [stderr]    Compiling crc32fast v1.5.0
[INFO] [stderr]    Compiling thiserror v2.0.18
[INFO] [stderr]    Compiling virtue v0.0.18
[INFO] [stderr]    Compiling parking_lot_core v0.9.12
[INFO] [stderr]    Compiling unty v0.0.4
[INFO] [stderr]    Compiling rustix v1.1.4
[INFO] [stderr]    Compiling smallvec v1.15.1
[INFO] [stderr]    Compiling scopeguard v1.2.0
[INFO] [stderr]    Compiling linux-raw-sys v0.12.1
[INFO] [stderr]    Compiling bitflags v2.11.1
[INFO] [stderr]    Compiling syn v2.0.117
[INFO] [stderr]    Compiling memmap2 v0.9.11
[INFO] [stderr]    Compiling lock_api v0.4.14
[INFO] [stderr]    Compiling page_size v0.6.0
[INFO] [stderr]    Compiling uc_obs v2.13.0
[INFO] [stderr]    Compiling rand_core v0.9.5
[INFO] [stderr]    Compiling parking_lot v0.12.5
[INFO] [stderr]    Compiling bincode_derive v2.0.1
[INFO] [stderr]    Compiling serde_derive v1.0.228
[INFO] [stderr]    Compiling thiserror-impl v2.0.18
[INFO] [stderr]    Compiling ppv-lite86 v0.2.21
[INFO] [stderr]    Compiling rand_chacha v0.9.0
[INFO] [stderr]    Compiling bincode v2.0.1
[INFO] [stderr]    Compiling bytes v1.12.1
[INFO] [stderr]    Compiling rand v0.9.4
[INFO] [stderr]    Compiling uc_protocol v2.13.0
[INFO] [stderr]    Compiling uc_journal v2.13.0
[INFO] [stderr]    Compiling uc_log v2.13.0
[INFO] [stderr]    Compiling uc_client v2.13.0 (/opt/rustwide/workdir)
[INFO] [stderr]     Finished `dev` profile [unoptimized + debuginfo] target(s) in 15.18s
[INFO] running `Command { std: "docker" "inspect" "01a7bcd3c0868a470fd3f397358585244f731fb37bf4d977ed1bb82469446493", kill_on_drop: false }`
[INFO] running `Command { std: "docker" "exec" "-e" "SOURCE_DIR=/opt/rustwide/workdir" "-e" "CARGO_HOME=/opt/rustwide/cargo-home" "-e" "RUSTUP_HOME=/opt/rustwide/rustup-home" "-e" "CARGO_TARGET_DIR=/opt/rustwide/target" "-e" "CARGO_INCREMENTAL=0" "-e" "RUST_BACKTRACE=full" "-e" "RUSTFLAGS=--cap-lints=warn" "-e" "RUSTDOCFLAGS=--cap-lints=warn" "-w" "/opt/rustwide/workdir" "--user" "0:0" "01a7bcd3c0868a470fd3f397358585244f731fb37bf4d977ed1bb82469446493" "/opt/rustwide/cargo-home/bin/cargo" "+1.100.0-beta.1" "test" "--frozen" "--no-run" "--message-format=json", kill_on_drop: false }`
[INFO] [stderr] warning: `package.homepage` is redundant with `package.repository`
[INFO] [stderr]   --> Cargo.toml:46:12
[INFO] [stderr]    |
[INFO] [stderr] 46 | homepage = "https://github.com/PeterKnego/ultima_cluster"
[INFO] [stderr]    |            ^^^^^^^^^^^^^^^^^^^^^^^^^^^^^^^^^^^^^^^^^^^^^^
[INFO] [stderr] ...
[INFO] [stderr] 51 | repository = "https://github.com/PeterKnego/ultima_cluster"
[INFO] [stderr]    |              ----------------------------------------------
[INFO] [stderr]    |
[INFO] [stderr]    = note: `cargo::redundant_homepage` is set to `warn` by default
[INFO] [stderr] help: consider removing `package.homepage`
[INFO] [stderr] warning: `uc_client` (manifest) generated 1 warning
[INFO] [stderr]    Compiling semver v1.0.28
[INFO] [stderr]    Compiling opaque-debug v0.3.1
[INFO] [stderr]    Compiling rand_core v0.6.4
[INFO] [stderr]    Compiling getrandom v0.4.2
[INFO] [stderr]    Compiling fastrand v2.4.1
[INFO] [stderr]    Compiling once_cell v1.21.4
[INFO] [stderr]    Compiling syn v2.0.117
[INFO] [stderr]    Compiling inout v0.1.4
[INFO] [stderr]    Compiling crypto-common v0.1.7
[INFO] [stderr]    Compiling universal-hash v0.5.1
[INFO] [stderr]    Compiling digest v0.10.7
[INFO] [stderr]    Compiling aead v0.5.2
[INFO] [stderr]    Compiling polyval v0.6.2
[INFO] [stderr]    Compiling poly1305 v0.8.0
[INFO] [stderr]    Compiling tempfile v3.27.0
[INFO] [stderr]    Compiling ghash v0.5.1
[INFO] [stderr]    Compiling hmac v0.12.1
[INFO] [stderr]    Compiling sha2 v0.10.9
[INFO] [stderr]    Compiling rustc_version v0.4.1
[INFO] [stderr]    Compiling hkdf v0.12.4
[INFO] [stderr]    Compiling curve25519-dalek v4.1.3
[INFO] [stderr]    Compiling snow v0.10.0
[INFO] [stderr]    Compiling zeroize_derive v1.5.0
[INFO] [stderr]    Compiling serde_derive v1.0.228
[INFO] [stderr]    Compiling thiserror-impl v2.0.18
[INFO] [stderr]    Compiling curve25519-dalek-derive v0.1.1
[INFO] [stderr]    Compiling zeroize v1.9.0
[INFO] [stderr]    Compiling cipher v0.4.4
[INFO] [stderr]    Compiling aes v0.8.4
[INFO] [stderr]    Compiling ctr v0.9.2
[INFO] [stderr]    Compiling chacha20 v0.9.1
[INFO] [stderr]    Compiling chacha20poly1305 v0.10.1
[INFO] [stderr]    Compiling thiserror v2.0.18
[INFO] [stderr]    Compiling aes-gcm v0.10.3
[INFO] [stderr]    Compiling x25519-dalek v2.0.1
[INFO] [stderr]    Compiling serde v1.0.228
[INFO] [stderr]    Compiling bincode v2.0.1
[INFO] [stderr]    Compiling bytes v1.12.1
[INFO] [stderr]    Compiling uc_protocol v2.13.0
[INFO] [stderr]    Compiling uc_journal v2.13.0
[INFO] [stderr]    Compiling uc_crypto v2.13.0
[INFO] [stderr]    Compiling uc_log v2.13.0
[INFO] [stderr]    Compiling uc_net v2.13.0
[INFO] [stderr]    Compiling uc_client v2.13.0 (/opt/rustwide/workdir)
[INFO] [stdout] error[E0432]: unresolved import `uc_node`
[INFO] [stdout]   --> tests/pipelined.rs:18:5
[INFO] [stdout]    |
[INFO] [stdout] 18 | use uc_node::{Node, NodeConfig};
[INFO] [stdout]    |     ^^^^^^^ use of unresolved module or unlinked crate `uc_node`
[INFO] [stdout]    |
[INFO] [stdout]    = help: if you wanted to use a crate named `uc_node`, use `cargo add uc_node` to add it to your `Cargo.toml`
[INFO] [stdout] 
[INFO] [stdout] 
[INFO] [stdout] error[E0432]: unresolved import `uc_service`
[INFO] [stdout]   --> tests/pipelined.rs:19:5
[INFO] [stdout]    |
[INFO] [stdout] 19 | use uc_service::{ApplyCtx, ServiceBuilder, ServiceConfig, StateMachine};
[INFO] [stdout]    |     ^^^^^^^^^^ use of unresolved module or unlinked crate `uc_service`
[INFO] [stdout]    |
[INFO] [stdout]    = help: if you wanted to use a crate named `uc_service`, use `cargo add uc_service` to add it to your `Cargo.toml`
[INFO] [stdout] 
[INFO] [stdout] 
[INFO] [stdout] error[E0433]: cannot find module or crate `uc_node` in this scope
[INFO] [stdout]   --> tests/pipelined.rs:75:16
[INFO] [stdout]    |
[INFO] [stdout] 75 |         purge: uc_node::PurgePolicy::Disabled,
[INFO] [stdout]    |                ^^^^^^^ use of unresolved module or unlinked crate `uc_node`
[INFO] [stdout]    |
[INFO] [stdout]    = help: if you wanted to use a crate named `uc_node`, use `cargo add uc_node` to add it to your `Cargo.toml`
[INFO] [stdout] 
[INFO] [stdout] 
[INFO] [stdout] error[E0433]: cannot find module or crate `uc_node` in this scope
[INFO] [stdout]   --> tests/pipelined.rs:78:17
[INFO] [stdout]    |
[INFO] [stdout] 78 |         crypto: uc_node::CryptoConfig::Disabled,
[INFO] [stdout]    |                 ^^^^^^^ use of unresolved module or unlinked crate `uc_node`
[INFO] [stdout]    |
[INFO] [stdout]    = help: if you wanted to use a crate named `uc_node`, use `cargo add uc_node` to add it to your `Cargo.toml`
[INFO] [stdout] 
[INFO] [stdout] 
[INFO] [stdout] error[E0432]: unresolved import `uc_node`
[INFO] [stdout]   --> tests/roundtrip.rs:27:5
[INFO] [stdout]    |
[INFO] [stdout] 27 | use uc_node::{Node, NodeConfig};
[INFO] [stdout]    |     ^^^^^^^ use of unresolved module or unlinked crate `uc_node`
[INFO] [stdout]    |
[INFO] [stdout]    = help: if you wanted to use a crate named `uc_node`, use `cargo add uc_node` to add it to your `Cargo.toml`
[INFO] [stdout] 
[INFO] [stdout] 
[INFO] [stdout] error[E0432]: unresolved import `uc_service`
[INFO] [stdout]   --> tests/roundtrip.rs:28:5
[INFO] [stdout]    |
[INFO] [stdout] 28 | use uc_service::{ApplyCtx, ServiceBuilder, ServiceConfig, StateMachine};
[INFO] [stdout]    |     ^^^^^^^^^^ use of unresolved module or unlinked crate `uc_service`
[INFO] [stdout]    |
[INFO] [stdout]    = help: if you wanted to use a crate named `uc_service`, use `cargo add uc_service` to add it to your `Cargo.toml`
[INFO] [stdout] 
[INFO] [stdout] 
[INFO] [stdout] error[E0433]: cannot find module or crate `uc_node` in this scope
[INFO] [stdout]   --> tests/pipelined.rs:79:19
[INFO] [stdout]    |
[INFO] [stdout] 79 |         services: uc_node::ServicesConfig::single(CountSm::NAME),
[INFO] [stdout]    |                   ^^^^^^^ use of unresolved module or unlinked crate `uc_node`
[INFO] [stdout]    |
[INFO] [stdout]    = help: if you wanted to use a crate named `uc_node`, use `cargo add uc_node` to add it to your `Cargo.toml`
[INFO] [stdout] 
[INFO] [stdout] 
[INFO] [stdout] error[E0433]: cannot find module or crate `uc_node` in this scope
[INFO] [stdout]   --> tests/pipelined.rs:77:32
[INFO] [stdout]    |
[INFO] [stdout] 77 |         journal_segment_bytes: uc_node::DEFAULT_JOURNAL_SEGMENT_BYTES,
[INFO] [stdout]    |                                ^^^^^^^ use of unresolved module or unlinked crate `uc_node`
[INFO] [stdout]    |
[INFO] [stdout]    = help: if you wanted to use a crate named `uc_node`, use `cargo add uc_node` to add it to your `Cargo.toml`
[INFO] [stdout] 
[INFO] [stdout] 
[INFO] [stdout] Some errors have detailed explanations: E0432, E0433.
[INFO] [stdout] 
[INFO] [stdout] For more information about an error, try `rustc --explain E0432`.
[INFO] [stdout] 
[INFO] [stderr] error: could not compile `uc_client` (test "pipelined") due to 6 previous errors
[INFO] [stderr] warning: build failed, waiting for other jobs to finish...
[INFO] [stdout] error[E0433]: cannot find module or crate `uc_node` in this scope
[INFO] [stdout]   --> tests/roundtrip.rs:85:16
[INFO] [stdout]    |
[INFO] [stdout] 85 |         purge: uc_node::PurgePolicy::Disabled,
[INFO] [stdout]    |                ^^^^^^^ use of unresolved module or unlinked crate `uc_node`
[INFO] [stdout]    |
[INFO] [stdout]    = help: if you wanted to use a crate named `uc_node`, use `cargo add uc_node` to add it to your `Cargo.toml`
[INFO] [stdout] 
[INFO] [stdout] 
[INFO] [stdout] error[E0433]: cannot find module or crate `uc_node` in this scope
[INFO] [stdout]   --> tests/roundtrip.rs:88:17
[INFO] [stdout]    |
[INFO] [stdout] 88 |         crypto: uc_node::CryptoConfig::Disabled,
[INFO] [stdout]    |                 ^^^^^^^ use of unresolved module or unlinked crate `uc_node`
[INFO] [stdout]    |
[INFO] [stdout]    = help: if you wanted to use a crate named `uc_node`, use `cargo add uc_node` to add it to your `Cargo.toml`
[INFO] [stdout] 
[INFO] [stdout] 
[INFO] [stdout] error[E0433]: cannot find module or crate `uc_node` in this scope
[INFO] [stdout]   --> tests/roundtrip.rs:89:19
[INFO] [stdout]    |
[INFO] [stdout] 89 |         services: uc_node::ServicesConfig::single(CountSm::NAME),
[INFO] [stdout]    |                   ^^^^^^^ use of unresolved module or unlinked crate `uc_node`
[INFO] [stdout]    |
[INFO] [stdout]    = help: if you wanted to use a crate named `uc_node`, use `cargo add uc_node` to add it to your `Cargo.toml`
[INFO] [stdout] 
[INFO] [stdout] 
[INFO] [stdout] error[E0433]: cannot find module or crate `uc_node` in this scope
[INFO] [stdout]   --> tests/roundtrip.rs:87:32
[INFO] [stdout]    |
[INFO] [stdout] 87 |         journal_segment_bytes: uc_node::DEFAULT_JOURNAL_SEGMENT_BYTES,
[INFO] [stdout]    |                                ^^^^^^^ use of unresolved module or unlinked crate `uc_node`
[INFO] [stdout]    |
[INFO] [stdout]    = help: if you wanted to use a crate named `uc_node`, use `cargo add uc_node` to add it to your `Cargo.toml`
[INFO] [stdout] 
[INFO] [stdout] 
[INFO] [stdout] Some errors have detailed explanations: E0432, E0433.
[INFO] [stdout] 
[INFO] [stdout] For more information about an error, try `rustc --explain E0432`.
[INFO] [stdout] 
[INFO] [stderr] error: could not compile `uc_client` (test "roundtrip") due to 6 previous errors
[INFO] running `Command { std: "docker" "inspect" "01a7bcd3c0868a470fd3f397358585244f731fb37bf4d977ed1bb82469446493", kill_on_drop: false }`
[INFO] running `Command { std: "docker" "rm" "-f" "01a7bcd3c0868a470fd3f397358585244f731fb37bf4d977ed1bb82469446493", kill_on_drop: false }`
[INFO] [stdout] 01a7bcd3c0868a470fd3f397358585244f731fb37bf4d977ed1bb82469446493
