[INFO] fetching crate ubiquity-database 0.1.1...
[INFO] testing ubiquity-database-0.1.1 against 1.99.0-beta.8 for beta-1.100-2
[INFO] extracting crate ubiquity-database 0.1.1 into /workspace/builds/worker-2-tc1/source
[INFO] started tweaking crates.io crate ubiquity-database 0.1.1
[INFO] removed 0 missing examples
[INFO] finished tweaking crates.io crate ubiquity-database 0.1.1
[INFO] tweaked toml for crates.io crate ubiquity-database 0.1.1 written to /workspace/builds/worker-2-tc1/source/Cargo.toml
[INFO] validating manifest of crates.io crate ubiquity-database 0.1.1 on toolchain 1.99.0-beta.8
[INFO] running `Command { std: CARGO_HOME="/workspace/cargo-home" RUSTUP_HOME="/workspace/rustup-home" "/workspace/cargo-home/bin/cargo" "+1.99.0-beta.8" "metadata" "--manifest-path" "Cargo.toml" "--no-deps", kill_on_drop: false }`
[INFO] crate crates.io crate ubiquity-database 0.1.1 already has a lockfile, it will not be regenerated
[INFO] running `Command { std: CARGO_HOME="/workspace/cargo-home" RUSTUP_HOME="/workspace/rustup-home" "/workspace/cargo-home/bin/cargo" "+1.99.0-beta.8" "fetch" "--manifest-path" "Cargo.toml", kill_on_drop: false }`
[INFO] [stderr]     Updating crates.io index
[INFO] [stderr]  Downloading crates ...
[INFO] [stderr]   Downloaded wit-bindgen-rt v0.39.0
[INFO] [stderr]   Downloaded uuid v1.16.0
[INFO] [stderr]   Downloaded wasm-bindgen-shared v0.2.86
[INFO] [stderr]   Downloaded proc-macro2 v1.0.95
[INFO] [stderr]   Downloaded utf-8 v0.7.6
[INFO] [stderr]   Downloaded potential_utf v0.1.2
[INFO] [stderr]   Downloaded cfg-if v1.0.1
[INFO] [stderr]   Downloaded wasm-bindgen-macro v0.2.86
[INFO] [stderr]   Downloaded wasm-bindgen-futures v0.4.36
[INFO] [stderr]   Downloaded signal-hook-registry v1.4.5
[INFO] [stderr]   Downloaded windows-strings v0.1.0
[INFO] [stderr]   Downloaded windows-result v0.2.0
[INFO] [stderr]   Downloaded windows-targets v0.53.2
[INFO] [stderr]   Downloaded openssl-probe v0.1.6
[INFO] [stderr]   Downloaded wasm-bindgen-macro-support v0.2.86
[INFO] [stderr]   Downloaded rustc-demangle v0.1.25
[INFO] [stderr]   Downloaded data-encoding v2.9.0
[INFO] [stderr]   Downloaded wasm-bindgen-backend v0.2.86
[INFO] [stderr]   Downloaded tokio-tungstenite v0.20.1
[INFO] [stderr]   Downloaded windows-registry v0.2.0
[INFO] [stderr]   Downloaded redox_syscall v0.5.15
[INFO] [stderr]   Downloaded native-tls v0.2.14
[INFO] [stderr]   Downloaded wasi v0.14.2+wasi-0.2.4
[INFO] [stderr]   Downloaded security-framework-sys v2.14.0
[INFO] [stderr]   Downloaded slab v0.4.10
[INFO] [stderr]   Downloaded tempfile v3.20.0
[INFO] [stderr]   Downloaded tokio-rustls v0.26.2
[INFO] [stderr]   Downloaded bitflags v2.9.1
[INFO] [stderr]   Downloaded tungstenite v0.20.1
[INFO] [stderr]   Downloaded ubiquity-core v0.1.1
[INFO] [stderr]   Downloaded js-sys v0.3.63
[INFO] [stderr]   Downloaded schannel v0.1.27
[INFO] [stderr]   Downloaded iana-time-zone v0.1.60
[INFO] [stderr]   Downloaded async-trait v0.1.88
[INFO] [stderr]   Downloaded security-framework v2.11.1
[INFO] [stderr]   Downloaded openssl-sys v0.9.109
[INFO] [stderr]   Downloaded indexmap v2.10.0
[INFO] [stderr]   Downloaded windows-core v0.52.0
[INFO] [stderr]   Downloaded anyhow v1.0.98
[INFO] [stderr]   Downloaded io-uring v0.7.9
[INFO] [stderr]   Downloaded zerovec v0.11.2
[INFO] [stderr]   Downloaded cc v1.2.30
[INFO] [stderr]   Downloaded hyper-util v0.1.16
[INFO] [stderr]   Downloaded fancy-regex v0.12.0
[INFO] [stderr]   Downloaded serde_json v1.0.141
[INFO] [stderr]   Downloaded hyper v1.6.0
[INFO] [stderr]   Downloaded hashbrown v0.15.4
[INFO] [stderr]   Downloaded wasm-bindgen v0.2.86
[INFO] [stderr]   Downloaded reqwest v0.12.7
[INFO] [stderr]   Downloaded syn v2.0.104
[INFO] [stderr]   Downloaded tokio-util v0.7.15
[INFO] [stderr]   Downloaded openssl v0.10.73
[INFO] [stderr]   Downloaded h2 v0.4.11
[INFO] [stderr]   Downloaded chrono v0.4.41
[INFO] [stderr]   Downloaded thiserror v2.0.12
[INFO] [stderr]   Downloaded rustls v0.23.29
[INFO] [stderr]   Downloaded thiserror-impl v2.0.12
[INFO] [stderr]   Downloaded bstr v1.12.0
[INFO] [stderr]   Downloaded event-listener v5.4.0
[INFO] [stderr]   Downloaded whoami v1.6.0
[INFO] [stderr]   Downloaded web-sys v0.3.63
[INFO] [stderr]   Downloaded libc v0.2.174
[INFO] [stderr]   Downloaded tinyvec v1.9.0
[INFO] [stderr]   Downloaded tokio v1.46.1
[INFO] [stderr]   Downloaded tiktoken-rs v0.5.9
[INFO] [stderr]   Downloaded rsa v0.9.8
[INFO] [stderr]   Downloaded sqlx-mysql v0.8.6
[INFO] [stderr]   Downloaded pkcs1 v0.7.5
[INFO] [stderr]   Downloaded num-bigint-dig v0.8.4
[INFO] [stderr]   Downloaded pem-rfc7468 v0.7.0
[INFO] running `Command { std: "docker" "create" "-v" "/var/lib/crater-agent-workspace/builds/worker-2-tc1/source:/opt/rustwide/workdir:ro,Z" "-v" "/var/lib/crater-agent-workspace/builds/worker-2-tc1/target:/opt/rustwide/target:rw,Z" "-v" "/var/lib/crater-agent-workspace/cargo-home:/opt/rustwide/cargo-home:ro,Z" "-v" "/var/lib/crater-agent-workspace/rustup-home:/opt/rustwide/rustup-home:ro,Z" "-m" "1610612736" "--network" "none" "ghcr.io/rust-lang/crates-build-env/linux@sha256:3111399a4047eeb3a02b7a90e478d715f38a8c6669b5c4b49d30a17385265909" "sleep" "infinity", kill_on_drop: false }`
[INFO] [stdout] 18d6ae8a7d124f4bf4a7634cab171bd3745b48f4ef412f7705c6a03156db6d8a
[INFO] running `Command { std: "docker" "start" "18d6ae8a7d124f4bf4a7634cab171bd3745b48f4ef412f7705c6a03156db6d8a", kill_on_drop: false }`
[INFO] running `Command { std: "docker" "inspect" "18d6ae8a7d124f4bf4a7634cab171bd3745b48f4ef412f7705c6a03156db6d8a", kill_on_drop: false }`
[INFO] running `Command { std: "docker" "exec" "-e" "SOURCE_DIR=/opt/rustwide/workdir" "-e" "CARGO_HOME=/opt/rustwide/cargo-home" "-e" "RUSTUP_HOME=/opt/rustwide/rustup-home" "-e" "CARGO_TARGET_DIR=/opt/rustwide/target" "-w" "/opt/rustwide/workdir" "--user" "0:0" "18d6ae8a7d124f4bf4a7634cab171bd3745b48f4ef412f7705c6a03156db6d8a" "/opt/rustwide/cargo-home/bin/cargo" "+1.99.0-beta.8" "metadata" "--no-deps" "--format-version=1", kill_on_drop: false }`
[INFO] running `Command { std: "docker" "inspect" "18d6ae8a7d124f4bf4a7634cab171bd3745b48f4ef412f7705c6a03156db6d8a", kill_on_drop: false }`
[INFO] running `Command { std: "docker" "exec" "-e" "SOURCE_DIR=/opt/rustwide/workdir" "-e" "CARGO_HOME=/opt/rustwide/cargo-home" "-e" "RUSTUP_HOME=/opt/rustwide/rustup-home" "-e" "CARGO_TARGET_DIR=/opt/rustwide/target" "-e" "CARGO_INCREMENTAL=0" "-e" "RUST_BACKTRACE=full" "-e" "RUSTFLAGS=--cap-lints=warn" "-e" "RUSTDOCFLAGS=--cap-lints=warn" "-w" "/opt/rustwide/workdir" "--user" "0:0" "18d6ae8a7d124f4bf4a7634cab171bd3745b48f4ef412f7705c6a03156db6d8a" "/opt/rustwide/cargo-home/bin/cargo" "+1.99.0-beta.8" "build" "--frozen" "--message-format=json", kill_on_drop: false }`
[INFO] [stderr]    Compiling proc-macro2 v1.0.95
[INFO] [stderr]    Compiling unicode-ident v1.0.18
[INFO] [stderr]    Compiling libc v0.2.174
[INFO] [stderr]    Compiling cfg-if v1.0.1
[INFO] [stderr]    Compiling autocfg v1.5.0
[INFO] [stderr]    Compiling futures-core v0.3.31
[INFO] [stderr]    Compiling pin-project-lite v0.2.16
[INFO] [stderr]    Compiling stable_deref_trait v1.2.0
[INFO] [stderr]    Compiling bytes v1.10.1
[INFO] [stderr]    Compiling parking_lot_core v0.9.11
[INFO] [stderr]    Compiling writeable v0.6.1
[INFO] [stderr]    Compiling smallvec v1.15.1
[INFO] [stderr]    Compiling litemap v0.8.0
[INFO] [stderr]    Compiling shlex v1.3.0
[INFO] [stderr]    Compiling itoa v1.0.15
[INFO] [stderr]    Compiling lock_api v0.4.13
[INFO] [stderr]    Compiling cc v1.2.30
[INFO] [stderr]    Compiling icu_normalizer_data v2.0.0
[INFO] [stderr]    Compiling pkg-config v0.3.32
[INFO] [stderr]    Compiling icu_properties_data v2.0.1
[INFO] [stderr]    Compiling version_check v0.9.5
[INFO] [stderr]    Compiling memchr v2.7.5
[INFO] [stderr]    Compiling typenum v1.18.0
[INFO] [stderr]    Compiling quote v1.0.40
[INFO] [stderr]    Compiling slab v0.4.10
[INFO] [stderr]    Compiling generic-array v0.14.7
[INFO] [stderr]    Compiling futures-io v0.3.31
[INFO] [stderr]    Compiling syn v2.0.104
[INFO] [stderr]    Compiling mio v1.0.4
[INFO] [stderr]    Compiling socket2 v0.5.10
[INFO] [stderr]    Compiling once_cell v1.21.3
[INFO] [stderr]    Compiling log v0.4.27
[INFO] [stderr]    Compiling futures-task v0.3.31
[INFO] [stderr]    Compiling pin-utils v0.1.0
[INFO] [stderr]    Compiling futures-sink v0.3.31
[INFO] [stderr]    Compiling serde v1.0.219
[INFO] [stderr]    Compiling foldhash v0.1.5
[INFO] [stderr]    Compiling allocator-api2 v0.2.21
[INFO] [stderr]    Compiling parking_lot v0.12.4
[INFO] [stderr]    Compiling percent-encoding v2.3.1
[INFO] [stderr]    Compiling tracing-core v0.1.34
[INFO] [stderr]    Compiling form_urlencoded v1.2.1
[INFO] [stderr]    Compiling signal-hook-registry v1.4.5
[INFO] [stderr]    Compiling openssl v0.10.73
[INFO] [stderr]    Compiling hashbrown v0.15.4
[INFO] [stderr]    Compiling bitflags v2.9.1
[INFO] [stderr]    Compiling openssl-sys v0.9.109
[INFO] [stderr]    Compiling cpufeatures v0.2.17
[INFO] [stderr]    Compiling native-tls v0.2.14
[INFO] [stderr]    Compiling futures-channel v0.3.31
[INFO] [stderr]    Compiling crossbeam-utils v0.8.21
[INFO] [stderr]    Compiling openssl-probe v0.1.6
[INFO] [stderr]    Compiling serde_json v1.0.141
[INFO] [stderr]    Compiling ryu v1.0.20
[INFO] [stderr]    Compiling num-traits v0.2.19
[INFO] [stderr]    Compiling thiserror v2.0.12
[INFO] [stderr]    Compiling http v1.3.1
[INFO] [stderr]    Compiling crc-catalog v2.4.0
[INFO] [stderr]    Compiling block-buffer v0.10.4
[INFO] [stderr]    Compiling crypto-common v0.1.6
[INFO] [stderr]    Compiling zerocopy v0.8.26
[INFO] [stderr]    Compiling digest v0.10.7
[INFO] [stderr]    Compiling indexmap v2.10.0
[INFO] [stderr]    Compiling concurrent-queue v2.5.0
[INFO] [stderr]    Compiling parking v2.2.1
[INFO] [stderr]    Compiling crossbeam-queue v0.3.12
[INFO] [stderr]    Compiling event-listener v5.4.0
[INFO] [stderr]    Compiling hashlink v0.10.0
[INFO] [stderr]    Compiling crc v3.3.0
[INFO] [stderr]    Compiling libsqlite3-sys v0.30.1
[INFO] [stderr]    Compiling spin v0.9.8
[INFO] [stderr]    Compiling futures-util v0.3.31
[INFO] [stderr]    Compiling tokio v1.46.1
[INFO] [stderr]    Compiling http-body v1.0.1
[INFO] [stderr]    Compiling getrandom v0.2.16
[INFO] [stderr]    Compiling atomic-waker v1.1.2
[INFO] [stderr]    Compiling want v0.3.1
[INFO] [stderr]    Compiling rand_core v0.6.4
[INFO] [stderr]    Compiling futures-intrusive v0.5.0
[INFO] [stderr]    Compiling atoi v2.0.0
[INFO] [stderr]    Compiling sha2 v0.10.9
[INFO] [stderr]    Compiling base64 v0.22.1
[INFO] [stderr]    Compiling thiserror v1.0.69
[INFO] [stderr]    Compiling flume v0.11.1
[INFO] [stderr]    Compiling getrandom v0.3.3
[INFO] [stderr]    Compiling zeroize v1.8.1
[INFO] [stderr]    Compiling http-body-util v0.1.3
[INFO] [stderr]    Compiling rustls-pki-types v1.12.0
[INFO] [stderr]    Compiling sha1 v0.10.6
[INFO] [stderr]    Compiling synstructure v0.13.2
[INFO] [stderr]    Compiling ppv-lite86 v0.2.21
[INFO] [stderr]    Compiling http v0.2.12
[INFO] [stderr]    Compiling rand_chacha v0.3.1
[INFO] [stderr]    Compiling data-encoding v2.9.0
[INFO] [stderr]    Compiling rand v0.8.5
[INFO] [stderr]    Compiling futures-executor v0.3.31
[INFO] [stderr]    Compiling dotenvy v0.15.7
[INFO] [stderr]    Compiling utf-8 v0.7.6
[INFO] [stderr]    Compiling anyhow v1.0.98
[INFO] [stderr]    Compiling byteorder v1.5.0
[INFO] [stderr]    Compiling heck v0.5.0
[INFO] [stderr]    Compiling hex v0.4.3
[INFO] [stderr]    Compiling rustls-pemfile v2.2.0
[INFO] [stderr]    Compiling sync_wrapper v1.0.2
[INFO] [stderr]    Compiling encoding_rs v0.8.35
[INFO] [stderr]    Compiling ipnet v2.11.0
[INFO] [stderr]    Compiling iana-time-zone v0.1.60
[INFO] [stderr]    Compiling zerofrom-derive v0.1.6
[INFO] [stderr]    Compiling yoke-derive v0.8.0
[INFO] [stderr]    Compiling zerovec-derive v0.11.1
[INFO] [stderr]    Compiling displaydoc v0.2.5
[INFO] [stderr]    Compiling serde_derive v1.0.219
[INFO] [stderr]    Compiling tokio-macros v2.5.0
[INFO] [stderr]    Compiling tracing-attributes v0.1.30
[INFO] [stderr]    Compiling zerofrom v0.1.6
[INFO] [stderr]    Compiling yoke v0.8.0
[INFO] [stderr]    Compiling openssl-macros v0.1.1
[INFO] [stderr]    Compiling zerovec v0.11.2
[INFO] [stderr]    Compiling zerotrie v0.2.2
[INFO] [stderr]    Compiling futures-macro v0.3.31
[INFO] [stderr]    Compiling thiserror-impl v2.0.12
[INFO] [stderr]    Compiling tracing v0.1.41
[INFO] [stderr]    Compiling tokio-stream v0.1.17
[INFO] [stderr]    Compiling tinystr v0.8.1
[INFO] [stderr]    Compiling icu_locale_core v2.0.0
[INFO] [stderr]    Compiling potential_utf v0.1.2
[INFO] [stderr]    Compiling icu_collections v2.0.0
[INFO] [stderr]    Compiling thiserror-impl v1.0.69
[INFO] [stderr]    Compiling icu_provider v2.0.0
[INFO] [stderr]    Compiling async-trait v0.1.88
[INFO] [stderr]    Compiling icu_properties v2.0.1
[INFO] [stderr]    Compiling icu_normalizer v2.0.0
[INFO] [stderr]    Compiling idna_adapter v1.2.1
[INFO] [stderr]    Compiling idna v1.0.3
[INFO] [stderr]    Compiling url v2.5.4
[INFO] [stderr]    Compiling tungstenite v0.20.1
[INFO] [stderr]    Compiling futures v0.3.31
[INFO] [stderr]    Compiling tokio-util v0.7.15
[INFO] [stderr]    Compiling tokio-native-tls v0.3.1
[INFO] [stderr]    Compiling tokio-tungstenite v0.20.1
[INFO] [stderr]    Compiling serde_urlencoded v0.7.1
[INFO] [stderr]    Compiling either v1.15.0
[INFO] [stderr]    Compiling uuid v1.16.0
[INFO] [stderr]    Compiling chrono v0.4.41
[INFO] [stderr]    Compiling h2 v0.4.11
[INFO] [stderr]    Compiling sqlx-core v0.8.6
[INFO] [stderr]    Compiling sqlx-sqlite v0.8.6
[INFO] [stderr]    Compiling hyper v1.6.0
[INFO] [stderr]    Compiling hyper-util v0.1.16
[INFO] [stderr]    Compiling sqlx-macros-core v0.8.6
[INFO] [stderr]    Compiling hyper-tls v0.6.0
[INFO] [stderr]    Compiling reqwest v0.12.7
[INFO] [stderr]    Compiling sqlx-macros v0.8.6
[INFO] [stderr]    Compiling sqlx v0.8.6
[INFO] [stderr]    Compiling ubiquity-core v0.1.1
[INFO] [stderr]    Compiling ubiquity-database v0.1.1 (/opt/rustwide/workdir)
[INFO] [stdout] warning: unused import: `std::collections::HashMap`
[INFO] [stdout]  --> src/memory_pools.rs:4:5
[INFO] [stdout]   |
[INFO] [stdout] 4 | use std::collections::HashMap;
[INFO] [stdout]   |     ^^^^^^^^^^^^^^^^^^^^^^^^^
[INFO] [stdout]   |
[INFO] [stdout]   = note: `#[warn(unused_imports)]` (part of `#[warn(unused)]`) on by default
[INFO] [stdout] 
[INFO] [stdout] 
[INFO] [stdout] warning: unused import: `async_trait::async_trait`
[INFO] [stdout]   --> src/lib.rs:28:5
[INFO] [stdout]    |
[INFO] [stdout] 28 | use async_trait::async_trait;
[INFO] [stdout]    |     ^^^^^^^^^^^^^^^^^^^^^^^^
[INFO] [stdout] 
[INFO] [stdout] 
[INFO] [stdout] warning: field `config` is never read
[INFO] [stdout]   --> src/sqlite.rs:16:5
[INFO] [stdout]    |
[INFO] [stdout] 14 | pub struct SqliteDatabase {
[INFO] [stdout]    |            -------------- field in this struct
[INFO] [stdout] 15 |     pool: Arc<SqlitePool>,
[INFO] [stdout] 16 |     config: DatabaseConfig,
[INFO] [stdout]    |     ^^^^^^
[INFO] [stdout]    |
[INFO] [stdout]    = note: `#[warn(dead_code)]` (part of `#[warn(unused)]`) on by default
[INFO] [stdout] 
[INFO] [stdout] 
[INFO] [stdout] warning: function `f32_vec_to_bytes` is never used
[INFO] [stdout]    --> src/sqlite.rs:463:4
[INFO] [stdout]     |
[INFO] [stdout] 463 | fn f32_vec_to_bytes(vec: &[f32]) -> Vec<u8> {
[INFO] [stdout]     |    ^^^^^^^^^^^^^^^^
[INFO] [stdout] 
[INFO] [stdout] 
[INFO] [stdout] warning: field `config` is never read
[INFO] [stdout]   --> src/memory_pools.rs:13:5
[INFO] [stdout]    |
[INFO] [stdout] 11 | pub struct SqliteMemoryPools {
[INFO] [stdout]    |            ----------------- field in this struct
[INFO] [stdout] 12 |     pools: Vec<Arc<SqliteMemoryPool>>,
[INFO] [stdout] 13 |     config: DatabaseConfig,
[INFO] [stdout]    |     ^^^^^^
[INFO] [stdout] 
[INFO] [stdout] 
[INFO] [stderr]     Finished `dev` profile [unoptimized + debuginfo] target(s) in 2m 49s
[INFO] running `Command { std: "docker" "inspect" "18d6ae8a7d124f4bf4a7634cab171bd3745b48f4ef412f7705c6a03156db6d8a", kill_on_drop: false }`
[INFO] running `Command { std: "docker" "exec" "-e" "SOURCE_DIR=/opt/rustwide/workdir" "-e" "CARGO_HOME=/opt/rustwide/cargo-home" "-e" "RUSTUP_HOME=/opt/rustwide/rustup-home" "-e" "CARGO_TARGET_DIR=/opt/rustwide/target" "-e" "CARGO_INCREMENTAL=0" "-e" "RUST_BACKTRACE=full" "-e" "RUSTFLAGS=--cap-lints=warn" "-e" "RUSTDOCFLAGS=--cap-lints=warn" "-w" "/opt/rustwide/workdir" "--user" "0:0" "18d6ae8a7d124f4bf4a7634cab171bd3745b48f4ef412f7705c6a03156db6d8a" "/opt/rustwide/cargo-home/bin/cargo" "+1.99.0-beta.8" "test" "--frozen" "--no-run" "--message-format=json", kill_on_drop: false }`
[INFO] [stderr]    Compiling tokio v1.46.1
[INFO] [stderr]    Compiling bitflags v2.9.1
[INFO] [stderr]    Compiling rustix v1.0.8
[INFO] [stderr]    Compiling linux-raw-sys v0.9.4
[INFO] [stderr]    Compiling fastrand v2.3.0
[INFO] [stderr]    Compiling openssl v0.10.73
[INFO] [stderr]    Compiling tempfile v3.20.0
[INFO] [stderr]    Compiling native-tls v0.2.14
[INFO] [stderr]    Compiling sqlx-core v0.8.6
[INFO] [stderr]    Compiling tokio-util v0.7.15
[INFO] [stderr]    Compiling tokio-native-tls v0.3.1
[INFO] [stderr]    Compiling tokio-tungstenite v0.20.1
[INFO] [stderr]    Compiling h2 v0.4.11
[INFO] [stderr]    Compiling tokio-stream v0.1.17
[INFO] [stderr]    Compiling sqlx-sqlite v0.8.6
[INFO] [stderr]    Compiling sqlx-macros-core v0.8.6
[INFO] [stderr]    Compiling sqlx-macros v0.8.6
[INFO] [stderr]    Compiling hyper v1.6.0
[INFO] [stderr]    Compiling hyper-util v0.1.16
[INFO] [stderr]    Compiling sqlx v0.8.6
[INFO] [stderr]    Compiling hyper-tls v0.6.0
[INFO] [stderr]    Compiling reqwest v0.12.7
[INFO] [stderr]    Compiling ubiquity-core v0.1.1
[INFO] [stderr]    Compiling ubiquity-database v0.1.1 (/opt/rustwide/workdir)
[INFO] [stdout] warning: unused import: `std::collections::HashMap`
[INFO] [stdout]  --> src/memory_pools.rs:4:5
[INFO] [stdout]   |
[INFO] [stdout] 4 | use std::collections::HashMap;
[INFO] [stdout]   |     ^^^^^^^^^^^^^^^^^^^^^^^^^
[INFO] [stdout]   |
[INFO] [stdout]   = note: `#[warn(unused_imports)]` (part of `#[warn(unused)]`) on by default
[INFO] [stdout] 
[INFO] [stdout] 
[INFO] [stdout] warning: unused import: `async_trait::async_trait`
[INFO] [stdout]   --> src/lib.rs:28:5
[INFO] [stdout]    |
[INFO] [stdout] 28 | use async_trait::async_trait;
[INFO] [stdout]    |     ^^^^^^^^^^^^^^^^^^^^^^^^
[INFO] [stdout] 
[INFO] [stdout] 
[INFO] [stdout] warning: field `config` is never read
[INFO] [stdout]   --> src/sqlite.rs:16:5
[INFO] [stdout]    |
[INFO] [stdout] 14 | pub struct SqliteDatabase {
[INFO] [stdout]    |            -------------- field in this struct
[INFO] [stdout] 15 |     pool: Arc<SqlitePool>,
[INFO] [stdout] 16 |     config: DatabaseConfig,
[INFO] [stdout]    |     ^^^^^^
[INFO] [stdout]    |
[INFO] [stdout]    = note: `#[warn(dead_code)]` (part of `#[warn(unused)]`) on by default
[INFO] [stdout] 
[INFO] [stdout] 
[INFO] [stdout] warning: function `f32_vec_to_bytes` is never used
[INFO] [stdout]    --> src/sqlite.rs:463:4
[INFO] [stdout]     |
[INFO] [stdout] 463 | fn f32_vec_to_bytes(vec: &[f32]) -> Vec<u8> {
[INFO] [stdout]     |    ^^^^^^^^^^^^^^^^
[INFO] [stdout] 
[INFO] [stdout] 
[INFO] [stdout] warning: field `config` is never read
[INFO] [stdout]   --> src/memory_pools.rs:13:5
[INFO] [stdout]    |
[INFO] [stdout] 11 | pub struct SqliteMemoryPools {
[INFO] [stdout]    |            ----------------- field in this struct
[INFO] [stdout] 12 |     pools: Vec<Arc<SqliteMemoryPool>>,
[INFO] [stdout] 13 |     config: DatabaseConfig,
[INFO] [stdout]    |     ^^^^^^
[INFO] [stdout] 
[INFO] [stdout] 
[INFO] [stdout] error[E0433]: cannot find type `Arc` in this scope
[INFO] [stdout]    --> src/tests.rs:256:21
[INFO] [stdout]     |
[INFO] [stdout] 256 |         let pools = Arc::new(create_memory_pools(config).await.unwrap());
[INFO] [stdout]     |                     ^^^ use of undeclared type `Arc`
[INFO] [stdout]     |
[INFO] [stdout] help: consider importing one of these structs
[INFO] [stdout]     |
[INFO] [stdout]   5 +     use crate::Arc;
[INFO] [stdout]     |
[INFO] [stdout]   5 +     use std::sync::Arc;
[INFO] [stdout]     |
[INFO] [stdout] 
[INFO] [stdout] 
[INFO] [stdout] warning: unused import: `std::collections::HashMap`
[INFO] [stdout]  --> src/memory_pools.rs:4:5
[INFO] [stdout]   |
[INFO] [stdout] 4 | use std::collections::HashMap;
[INFO] [stdout]   |     ^^^^^^^^^^^^^^^^^^^^^^^^^
[INFO] [stdout]   |
[INFO] [stdout]   = note: `#[warn(unused_imports)]` (part of `#[warn(unused)]`) on by default
[INFO] [stdout] 
[INFO] [stdout] 
[INFO] [stdout] warning: unused import: `async_trait::async_trait`
[INFO] [stdout]   --> src/lib.rs:28:5
[INFO] [stdout]    |
[INFO] [stdout] 28 | use async_trait::async_trait;
[INFO] [stdout]    |     ^^^^^^^^^^^^^^^^^^^^^^^^
[INFO] [stdout] 
[INFO] [stdout] 
[INFO] [stdout] warning: unused import: `super::*`
[INFO] [stdout]  --> src/tests.rs:5:9
[INFO] [stdout]   |
[INFO] [stdout] 5 |     use super::*;
[INFO] [stdout]   |         ^^^^^^^^
[INFO] [stdout] 
[INFO] [stdout] 
[INFO] [stdout] error[E0433]: cannot find module or crate `tracing_subscriber` in this scope
[INFO] [stdout]   --> examples/database_demo.rs:17:5
[INFO] [stdout]    |
[INFO] [stdout] 17 |     tracing_subscriber::fmt::init();
[INFO] [stdout]    |     ^^^^^^^^^^^^^^^^^^ use of unresolved module or unlinked crate `tracing_subscriber`
[INFO] [stdout]    |
[INFO] [stdout]    = help: if you wanted to use a crate named `tracing_subscriber`, use `cargo add tracing_subscriber` to add it to your `Cargo.toml`
[INFO] [stdout] 
[INFO] [stdout] 
[INFO] [stdout] error[E0599]: no variant, associated function, or constant named `Astra` found for enum `DatabaseBackend` in the current scope
[INFO] [stdout]   --> examples/database_demo.rs:25:43
[INFO] [stdout]    |
[INFO] [stdout] 25 |         config.backend = DatabaseBackend::Astra;
[INFO] [stdout]    |                                           ^^^^^ variant, associated function, or constant not found in `DatabaseBackend`
[INFO] [stdout] 
[INFO] [stdout] 
[INFO] [stdout] error[E0609]: no field `astra` on type `DatabaseConfig`
[INFO] [stdout]   --> examples/database_demo.rs:26:16
[INFO] [stdout]    |
[INFO] [stdout] 26 |         config.astra.endpoint = std::env::var("ASTRA_DB_ENDPOINT")?;
[INFO] [stdout]    |                ^^^^^ unknown field
[INFO] [stdout]    |
[INFO] [stdout]    = note: available fields are: `backend`, `sqlite`, `embeddings`, `memory_pools`
[INFO] [stdout] 
[INFO] [stdout] 
[INFO] [stdout] error[E0609]: no field `astra` on type `DatabaseConfig`
[INFO] [stdout]   --> examples/database_demo.rs:27:16
[INFO] [stdout]    |
[INFO] [stdout] 27 |         config.astra.token = std::env::var("ASTRA_DB_TOKEN")?;
[INFO] [stdout]    |                ^^^^^ unknown field
[INFO] [stdout]    |
[INFO] [stdout]    = note: available fields are: `backend`, `sqlite`, `embeddings`, `memory_pools`
[INFO] [stdout] 
[INFO] [stdout] 
[INFO] [stdout] Some errors have detailed explanations: E0433, E0599, E0609.
[INFO] [stdout] 
[INFO] [stdout] For more information about an error, try `rustc --explain E0433`.
[INFO] [stdout] 
[INFO] [stderr] error: could not compile `ubiquity-database` (example "database_demo") due to 4 previous errors
[INFO] [stderr] warning: build failed, waiting for other jobs to finish...
[INFO] [stdout] warning: variable does not need to be mutable
[INFO] [stdout]    --> src/tests.rs:168:13
[INFO] [stdout]     |
[INFO] [stdout] 168 |         let mut pool_counts = vec![0; config.memory_pools.pool_count];
[INFO] [stdout]     |             ----^^^^^^^^^^^
[INFO] [stdout]     |             |
[INFO] [stdout]     |             help: remove this `mut`
[INFO] [stdout]     |
[INFO] [stdout]     = note: `#[warn(unused_mut)]` (part of `#[warn(unused)]`) on by default
[INFO] [stdout] 
[INFO] [stdout] 
[INFO] [stdout] warning: unused variable: `pool_counts`
[INFO] [stdout]    --> src/tests.rs:168:13
[INFO] [stdout]     |
[INFO] [stdout] 168 |         let mut pool_counts = vec![0; config.memory_pools.pool_count];
[INFO] [stdout]     |             ^^^^^^^^^^^^^^^ help: if this is intentional, prefix it with an underscore: `_pool_counts`
[INFO] [stdout]     |
[INFO] [stdout]     = note: `#[warn(unused_variables)]` (part of `#[warn(unused)]`) on by default
[INFO] [stdout] 
[INFO] [stdout] 
[INFO] [stdout] For more information about this error, try `rustc --explain E0433`.
[INFO] [stdout] 
[INFO] [stderr] error: could not compile `ubiquity-database` (lib test) due to 1 previous error; 5 warnings emitted
[INFO] running `Command { std: "docker" "inspect" "18d6ae8a7d124f4bf4a7634cab171bd3745b48f4ef412f7705c6a03156db6d8a", kill_on_drop: false }`
[INFO] running `Command { std: "docker" "rm" "-f" "18d6ae8a7d124f4bf4a7634cab171bd3745b48f4ef412f7705c6a03156db6d8a", kill_on_drop: false }`
[INFO] [stdout] 18d6ae8a7d124f4bf4a7634cab171bd3745b48f4ef412f7705c6a03156db6d8a
