[INFO] fetching crate u-os-hub-client 0.3.0...
[INFO] testing u-os-hub-client-0.3.0 against 1.99.0-beta.8 for beta-1.100-2
[INFO] extracting crate u-os-hub-client 0.3.0 into /workspace/builds/worker-1-tc1/source
[INFO] removed /workspace/builds/worker-1-tc1/source/.cargo/config.toml
[INFO] started tweaking crates.io crate u-os-hub-client 0.3.0
[INFO] removed 0 missing examples
[INFO] removed 0 missing tests
[INFO] finished tweaking crates.io crate u-os-hub-client 0.3.0
[INFO] tweaked toml for crates.io crate u-os-hub-client 0.3.0 written to /workspace/builds/worker-1-tc1/source/Cargo.toml
[INFO] validating manifest of crates.io crate u-os-hub-client 0.3.0 on toolchain 1.99.0-beta.8
[INFO] running `Command { std: CARGO_HOME="/workspace/cargo-home" RUSTUP_HOME="/workspace/rustup-home" "/workspace/cargo-home/bin/cargo" "+1.99.0-beta.8" "metadata" "--manifest-path" "Cargo.toml" "--no-deps", kill_on_drop: false }`
[INFO] crate crates.io crate u-os-hub-client 0.3.0 already has a lockfile, it will not be regenerated
[INFO] running `Command { std: CARGO_HOME="/workspace/cargo-home" RUSTUP_HOME="/workspace/rustup-home" "/workspace/cargo-home/bin/cargo" "+1.99.0-beta.8" "fetch" "--manifest-path" "Cargo.toml", kill_on_drop: false }`
[INFO] [stderr]     Blocking waiting for file lock on package cache
[INFO] [stderr]     Updating crates.io index
[INFO] [stderr]     Blocking waiting for file lock on package cache
[INFO] [stderr]  Downloading crates ...
[INFO] [stderr]   Downloaded serial_test v3.4.0
[INFO] [stderr]   Downloaded serial_test_derive v3.4.0
[INFO] [stderr]   Downloaded flatc-rust v0.2.0
[INFO] [stderr]   Downloaded flatbuffers v23.5.26
[INFO] [stderr]   Downloaded serde_nanos v0.1.4
[INFO] [stderr]   Downloaded tryhard v0.5.2
[INFO] [stderr]   Downloaded nuid v0.5.0
[INFO] [stderr]   Downloaded rustls-native-certs v0.7.3
[INFO] [stderr]   Downloaded nkeys v0.4.5
[INFO] [stderr]   Downloaded signatory v0.27.1
[INFO] [stderr]   Downloaded tokio-websockets v0.10.1
[INFO] [stderr]   Downloaded async-nats v0.45.0
[INFO] [stderr]   Downloaded rustls-webpki v0.102.8
[INFO] running `Command { std: "docker" "create" "-v" "/var/lib/crater-agent-workspace/builds/worker-1-tc1/source:/opt/rustwide/workdir:ro,Z" "-v" "/var/lib/crater-agent-workspace/builds/worker-1-tc1/target:/opt/rustwide/target:rw,Z" "-v" "/var/lib/crater-agent-workspace/cargo-home:/opt/rustwide/cargo-home:ro,Z" "-v" "/var/lib/crater-agent-workspace/rustup-home:/opt/rustwide/rustup-home:ro,Z" "-m" "1610612736" "--network" "none" "ghcr.io/rust-lang/crates-build-env/linux@sha256:3111399a4047eeb3a02b7a90e478d715f38a8c6669b5c4b49d30a17385265909" "sleep" "infinity", kill_on_drop: false }`
[INFO] [stdout] d9c61e3d780972b00747fbaa594c627e5dadd6533d4c03ee31d62d59859fdd78
[INFO] running `Command { std: "docker" "start" "d9c61e3d780972b00747fbaa594c627e5dadd6533d4c03ee31d62d59859fdd78", kill_on_drop: false }`
[INFO] running `Command { std: "docker" "inspect" "d9c61e3d780972b00747fbaa594c627e5dadd6533d4c03ee31d62d59859fdd78", kill_on_drop: false }`
[INFO] running `Command { std: "docker" "exec" "-e" "SOURCE_DIR=/opt/rustwide/workdir" "-e" "CARGO_HOME=/opt/rustwide/cargo-home" "-e" "RUSTUP_HOME=/opt/rustwide/rustup-home" "-e" "CARGO_TARGET_DIR=/opt/rustwide/target" "-w" "/opt/rustwide/workdir" "--user" "0:0" "d9c61e3d780972b00747fbaa594c627e5dadd6533d4c03ee31d62d59859fdd78" "/opt/rustwide/cargo-home/bin/cargo" "+1.99.0-beta.8" "metadata" "--no-deps" "--format-version=1", kill_on_drop: false }`
[INFO] running `Command { std: "docker" "inspect" "d9c61e3d780972b00747fbaa594c627e5dadd6533d4c03ee31d62d59859fdd78", kill_on_drop: false }`
[INFO] running `Command { std: "docker" "exec" "-e" "SOURCE_DIR=/opt/rustwide/workdir" "-e" "CARGO_HOME=/opt/rustwide/cargo-home" "-e" "RUSTUP_HOME=/opt/rustwide/rustup-home" "-e" "CARGO_TARGET_DIR=/opt/rustwide/target" "-e" "CARGO_INCREMENTAL=0" "-e" "RUST_BACKTRACE=full" "-e" "RUSTFLAGS=--cap-lints=warn" "-e" "RUSTDOCFLAGS=--cap-lints=warn" "-w" "/opt/rustwide/workdir" "--user" "0:0" "d9c61e3d780972b00747fbaa594c627e5dadd6533d4c03ee31d62d59859fdd78" "/opt/rustwide/cargo-home/bin/cargo" "+1.99.0-beta.8" "build" "--frozen" "--message-format=json", kill_on_drop: false }`
[INFO] [stderr]    Compiling typenum v1.20.0
[INFO] [stderr]    Compiling rustls-pki-types v1.14.1
[INFO] [stderr]    Compiling cc v1.2.62
[INFO] [stderr]    Compiling zerovec-derive v0.11.3
[INFO] [stderr]    Compiling tokio-macros v2.7.0
[INFO] [stderr]    Compiling rustc_version v0.4.1
[INFO] [stderr]    Compiling zerofrom-derive v0.1.7
[INFO] [stderr]    Compiling yoke-derive v0.8.2
[INFO] [stderr]    Compiling getrandom v0.2.17
[INFO] [stderr]    Compiling socket2 v0.6.3
[INFO] [stderr]    Compiling mio v1.2.0
[INFO] [stderr]    Compiling bytes v1.11.1
[INFO] [stderr]    Compiling futures-util v0.3.32
[INFO] [stderr]    Compiling base64ct v1.8.3
[INFO] [stderr]    Compiling rustls v0.23.40
[INFO] [stderr]    Compiling ppv-lite86 v0.2.21
[INFO] [stderr]    Compiling rand_core v0.6.4
[INFO] [stderr]    Compiling tracing v0.1.44
[INFO] [stderr]    Compiling curve25519-dalek v4.1.3
[INFO] [stderr]    Compiling pem-rfc7468 v0.7.0
[INFO] [stderr]    Compiling rand_chacha v0.3.1
[INFO] [stderr]    Compiling der v0.7.10
[INFO] [stderr]    Compiling curve25519-dalek-derive v0.1.1
[INFO] [stderr]    Compiling aho-corasick v1.1.4
[INFO] [stderr]    Compiling portable-atomic v1.13.1
[INFO] [stderr]    Compiling http v1.4.0
[INFO] [stderr]    Compiling deranged v0.5.8
[INFO] [stderr]    Compiling tokio v1.52.3
[INFO] [stderr]    Compiling rand v0.8.6
[INFO] [stderr]    Compiling serde_json v1.0.149
[INFO] [stderr]    Compiling webpki-roots v1.0.7
[INFO] [stderr]    Compiling rustls-pemfile v2.2.0
[INFO] [stderr]    Compiling flatbuffers v23.5.26
[INFO] [stderr]    Compiling pin-project-internal v1.1.13
[INFO] [stderr]    Compiling time-core v0.1.8
[INFO] [stderr]    Compiling openssl-probe v0.1.6
[INFO] [stderr]    Compiling generic-array v0.14.7
[INFO] [stderr]    Compiling bitflags v2.11.1
[INFO] [stderr]    Compiling data-encoding v2.11.0
[INFO] [stderr]    Compiling zerofrom v0.1.8
[INFO] [stderr]    Compiling yoke v0.8.2
[INFO] [stderr]    Compiling nuid v0.5.0
[INFO] [stderr]    Compiling rustls-native-certs v0.7.3
[INFO] [stderr]    Compiling const_format_proc_macros v0.2.34
[INFO] [stderr]    Compiling serde_urlencoded v0.7.1
[INFO] [stderr]    Compiling spki v0.7.3
[INFO] [stderr]    Compiling zerovec v0.11.6
[INFO] [stderr]    Compiling zerotrie v0.2.4
[INFO] [stderr]    Compiling ring v0.17.14
[INFO] [stderr]    Compiling http-body v1.0.1
[INFO] [stderr]    Compiling pkcs8 v0.10.2
[INFO] [stderr]    Compiling regex-automata v0.4.14
[INFO] [stderr]    Compiling crypto-common v0.1.7
[INFO] [stderr]    Compiling block-buffer v0.10.4
[INFO] [stderr]    Compiling http-body-util v0.1.3
[INFO] [stderr]    Compiling rustls-webpki v0.102.8
[INFO] [stderr]    Compiling time v0.3.47
[INFO] [stderr]    Compiling tinystr v0.8.3
[INFO] [stderr]    Compiling potential_utf v0.1.5
[INFO] [stderr]    Compiling digest v0.10.7
[INFO] [stderr]    Compiling serde_nanos v0.1.4
[INFO] [stderr]    Compiling futures-io v0.3.32
[INFO] [stderr]    Compiling icu_collections v2.2.0
[INFO] [stderr]    Compiling const_format v0.2.36
[INFO] [stderr]    Compiling urlencoding v2.1.3
[INFO] [stderr]    Compiling icu_locale_core v2.2.0
[INFO] [stderr]    Compiling signature v2.2.0
[INFO] [stderr]    Compiling ed25519 v2.2.3
[INFO] [stderr]    Compiling sha2 v0.10.9
[INFO] [stderr]    Compiling signatory v0.27.1
[INFO] [stderr]    Compiling pin-project v1.1.13
[INFO] [stderr]    Compiling rustc-hash v2.1.2
[INFO] [stderr]    Compiling futures v0.3.32
[INFO] [stderr]    Compiling icu_provider v2.2.0
[INFO] [stderr]    Compiling ed25519-dalek v2.2.0
[INFO] [stderr]    Compiling icu_normalizer v2.2.0
[INFO] [stderr]    Compiling icu_properties v2.2.0
[INFO] [stderr]    Compiling nkeys v0.4.5
[INFO] [stderr]    Compiling regex v1.12.3
[INFO] [stderr]    Compiling idna_adapter v1.2.2
[INFO] [stderr]    Compiling idna v1.1.0
[INFO] [stderr]    Compiling url v2.5.8
[INFO] [stderr]    Compiling hyper v1.9.0
[INFO] [stderr]    Compiling tower v0.5.3
[INFO] [stderr]    Compiling tokio-stream v0.1.18
[INFO] [stderr]    Compiling tryhard v0.5.2
[INFO] [stderr]    Compiling tokio-util v0.7.18
[INFO] [stderr]    Compiling tower-http v0.6.11
[INFO] [stderr]    Compiling rustls-webpki v0.103.13
[INFO] [stderr]    Compiling hyper-util v0.1.20
[INFO] [stderr]    Compiling tokio-rustls v0.26.4
[INFO] [stderr]    Compiling hyper-rustls v0.27.9
[INFO] [stderr]    Compiling async-nats v0.45.0
[INFO] [stderr]    Compiling reqwest v0.12.28
[INFO] [stderr]    Compiling u-os-hub-client v0.3.0 (/opt/rustwide/workdir)
[INFO] [stdout] warning: unused import: `tracing::error`
[INFO] [stdout]   --> src/consumer/connected_dh_provider.rs:13:5
[INFO] [stdout]    |
[INFO] [stdout] 13 | use tracing::error;
[INFO] [stdout]    |     ^^^^^^^^^^^^^^
[INFO] [stdout]    |
[INFO] [stdout]    = note: `#[warn(unused_imports)]` (part of `#[warn(unused)]`) on by default
[INFO] [stdout] 
[INFO] [stdout] 
[INFO] [stdout] warning: unused import: `error`
[INFO] [stdout]  --> src/provider/provider_builder/mod.rs:9:22
[INFO] [stdout]   |
[INFO] [stdout] 9 | use tracing::{debug, error};
[INFO] [stdout]   |                      ^^^^^
[INFO] [stdout] 
[INFO] [stdout] 
[INFO] [stderr]     Finished `dev` profile [unoptimized + debuginfo] target(s) in 44.66s
[INFO] running `Command { std: "docker" "inspect" "d9c61e3d780972b00747fbaa594c627e5dadd6533d4c03ee31d62d59859fdd78", kill_on_drop: false }`
[INFO] running `Command { std: "docker" "exec" "-e" "SOURCE_DIR=/opt/rustwide/workdir" "-e" "CARGO_HOME=/opt/rustwide/cargo-home" "-e" "RUSTUP_HOME=/opt/rustwide/rustup-home" "-e" "CARGO_TARGET_DIR=/opt/rustwide/target" "-e" "CARGO_INCREMENTAL=0" "-e" "RUST_BACKTRACE=full" "-e" "RUSTFLAGS=--cap-lints=warn" "-e" "RUSTDOCFLAGS=--cap-lints=warn" "-w" "/opt/rustwide/workdir" "--user" "0:0" "d9c61e3d780972b00747fbaa594c627e5dadd6533d4c03ee31d62d59859fdd78" "/opt/rustwide/cargo-home/bin/cargo" "+1.99.0-beta.8" "test" "--frozen" "--no-run" "--message-format=json", kill_on_drop: false }`
[INFO] [stderr]    Compiling futures-util v0.3.32
[INFO] [stderr]    Compiling log v0.4.29
[INFO] [stderr]    Compiling winnow v1.0.3
[INFO] [stderr]    Compiling aho-corasick v1.1.4
[INFO] [stderr]    Compiling indexmap v2.14.0
[INFO] [stderr]    Compiling rstest_macros v0.21.0
[INFO] [stderr]    Compiling parking_lot_core v0.9.12
[INFO] [stderr]    Compiling glob v0.3.3
[INFO] [stderr]    Compiling relative-path v1.9.3
[INFO] [stderr]    Compiling clap_derive v4.6.1
[INFO] [stderr]    Compiling serial_test_derive v3.4.0
[INFO] [stderr]    Compiling futures-timer v3.0.4
[INFO] [stderr]    Compiling nkeys v0.4.5
[INFO] [stderr]    Compiling tracing-log v0.2.0
[INFO] [stderr]    Compiling parking_lot v0.12.5
[INFO] [stderr]    Compiling tracing-subscriber v0.3.23
[INFO] [stderr]    Compiling toml_parser v1.1.2+spec-1.1.0
[INFO] [stderr]    Compiling clap v4.6.1
[INFO] [stderr]    Compiling regex-automata v0.4.14
[INFO] [stderr]    Compiling toml_edit v0.25.11+spec-1.1.0
[INFO] [stderr]    Compiling proc-macro-crate v3.5.0
[INFO] [stderr]    Compiling futures-executor v0.3.32
[INFO] [stderr]    Compiling hyper-util v0.1.20
[INFO] [stderr]    Compiling tower v0.5.3
[INFO] [stderr]    Compiling async-nats v0.45.0
[INFO] [stderr]    Compiling futures v0.3.32
[INFO] [stderr]    Compiling serial_test v3.4.0
[INFO] [stderr]    Compiling regex v1.12.3
[INFO] [stderr]    Compiling tower-http v0.6.11
[INFO] [stderr]    Compiling hyper-rustls v0.27.9
[INFO] [stderr]    Compiling reqwest v0.12.28
[INFO] [stderr]    Compiling rstest v0.21.0
[INFO] [stderr]    Compiling u-os-hub-client v0.3.0 (/opt/rustwide/workdir)
[INFO] [stdout] warning: unused import: `tracing::error`
[INFO] [stdout]   --> src/consumer/connected_dh_provider.rs:13:5
[INFO] [stdout]    |
[INFO] [stdout] 13 | use tracing::error;
[INFO] [stdout]    |     ^^^^^^^^^^^^^^
[INFO] [stdout]    |
[INFO] [stdout]    = note: `#[warn(unused_imports)]` (part of `#[warn(unused)]`) on by default
[INFO] [stdout] 
[INFO] [stdout] 
[INFO] [stdout] warning: unused import: `error`
[INFO] [stdout]  --> src/provider/provider_builder/mod.rs:9:22
[INFO] [stdout]   |
[INFO] [stdout] 9 | use tracing::{debug, error};
[INFO] [stdout]   |                      ^^^^^
[INFO] [stdout] 
[INFO] [stdout] 
[INFO] [stdout] warning: unused import: `tracing::error`
[INFO] [stdout]   --> src/consumer/connected_dh_provider.rs:13:5
[INFO] [stdout]    |
[INFO] [stdout] 13 | use tracing::error;
[INFO] [stdout]    |     ^^^^^^^^^^^^^^
[INFO] [stdout]    |
[INFO] [stdout]    = note: `#[warn(unused_imports)]` (part of `#[warn(unused)]`) on by default
[INFO] [stdout] 
[INFO] [stdout] 
[INFO] [stdout] warning: unused import: `error`
[INFO] [stdout]  --> src/provider/provider_builder/mod.rs:9:22
[INFO] [stdout]   |
[INFO] [stdout] 9 | use tracing::{debug, error};
[INFO] [stdout]   |                      ^^^^^
[INFO] [stdout] 
[INFO] [stdout] 
[INFO] [stdout] error[E0603]: module `connected_nats_provider` is private
[INFO] [stdout]   --> examples/nats_consumer.rs:16:16
[INFO] [stdout]    |
[INFO] [stdout] 16 |     consumer::{connected_nats_provider::ConnectedNatsProvider, nats_consumer::NatsConsumer},
[INFO] [stdout]    |                ^^^^^^^^^^^^^^^^^^^^^^^  --------------------- struct `ConnectedNatsProvider` is not publicly re-exported
[INFO] [stdout]    |                |
[INFO] [stdout]    |                private module
[INFO] [stdout]    |
[INFO] [stdout] note: the module `connected_nats_provider` is defined here
[INFO] [stdout]   --> src/consumer/mod.rs:91:1
[INFO] [stdout]    |
[INFO] [stdout] 91 | mod connected_nats_provider;
[INFO] [stdout]    | ^^^^^^^^^^^^^^^^^^^^^^^^^^^
[INFO] [stdout] 
[INFO] [stdout] 
[INFO] [stdout] error[E0603]: module `generated` is private
[INFO] [stdout]   --> tests/auth_nats_con/../utils/fake_registry.rs:14:5
[INFO] [stdout]    |
[INFO] [stdout] 14 |     generated::weidmueller::ucontrol::hub::{
[INFO] [stdout]    |     ^^^^^^^^^ private module
[INFO] [stdout] 15 |         ProviderDefinitionChangedEvent, ProviderDefinitionState, ProviderDefinitionT,
[INFO] [stdout]    |         ------------------------------ struct `ProviderDefinitionChangedEvent` is not publicly re-exported
[INFO] [stdout]    |
[INFO] [stdout] note: the module `generated` is defined here
[INFO] [stdout]   --> src/lib.rs:22:1
[INFO] [stdout]    |
[INFO] [stdout] 22 | mod generated;
[INFO] [stdout]    | ^^^^^^^^^^^^^
[INFO] [stdout] 
[INFO] [stdout] 
[INFO] [stdout] error[E0603]: module `generated` is private
[INFO] [stdout]   --> tests/auth_nats_con/../utils/fake_registry.rs:14:5
[INFO] [stdout]    |
[INFO] [stdout] 14 |     generated::weidmueller::ucontrol::hub::{
[INFO] [stdout]    |     ^^^^^^^^^ private module
[INFO] [stdout] 15 |         ProviderDefinitionChangedEvent, ProviderDefinitionState, ProviderDefinitionT,
[INFO] [stdout]    |                                         ----------------------- struct `ProviderDefinitionState` is not publicly re-exported
[INFO] [stdout]    |
[INFO] [stdout] note: the module `generated` is defined here
[INFO] [stdout]   --> src/lib.rs:22:1
[INFO] [stdout]    |
[INFO] [stdout] 22 | mod generated;
[INFO] [stdout]    | ^^^^^^^^^^^^^
[INFO] [stdout] 
[INFO] [stdout] 
[INFO] [stdout] error[E0603]: module `nats_consumer` is private
[INFO] [stdout]   --> examples/nats_consumer.rs:16:64
[INFO] [stdout]    |
[INFO] [stdout] 16 |     consumer::{connected_nats_provider::ConnectedNatsProvider, nats_consumer::NatsConsumer},
[INFO] [stdout]    |                                                                ^^^^^^^^^^^^^  ------------ struct `NatsConsumer` is not publicly re-exported
[INFO] [stdout]    |                                                                |
[INFO] [stdout]    |                                                                private module
[INFO] [stdout]    |
[INFO] [stdout] note: the module `nats_consumer` is defined here
[INFO] [stdout]   --> src/consumer/mod.rs:95:1
[INFO] [stdout]    |
[INFO] [stdout] 95 | mod nats_consumer;
[INFO] [stdout]    | ^^^^^^^^^^^^^^^^^
[INFO] [stdout] 
[INFO] [stdout] 
[INFO] [stdout] error[E0603]: module `generated` is private
[INFO] [stdout]   --> tests/auth_nats_con/../utils/fake_registry.rs:14:5
[INFO] [stdout]    |
[INFO] [stdout] 14 |     generated::weidmueller::ucontrol::hub::{
[INFO] [stdout]    |     ^^^^^^^^^ private module
[INFO] [stdout] 15 |         ProviderDefinitionChangedEvent, ProviderDefinitionState, ProviderDefinitionT,
[INFO] [stdout]    |                                                                  ------------------- struct `ProviderDefinitionT` is not publicly re-exported
[INFO] [stdout]    |
[INFO] [stdout] note: the module `generated` is defined here
[INFO] [stdout]   --> src/lib.rs:22:1
[INFO] [stdout]    |
[INFO] [stdout] 22 | mod generated;
[INFO] [stdout]    | ^^^^^^^^^^^^^
[INFO] [stdout] 
[INFO] [stdout] 
[INFO] [stdout] error[E0603]: module `generated` is private
[INFO] [stdout]   --> examples/nats_consumer.rs:17:5
[INFO] [stdout]    |
[INFO] [stdout] 17 |     generated::weidmueller::ucontrol::hub::{
[INFO] [stdout]    |     ^^^^^^^^^ private module
[INFO] [stdout] 18 |         ProviderDefinitionState, ReadVariablesQueryRequestT, VariableListT, VariableT,
[INFO] [stdout]    |         ----------------------- struct `ProviderDefinitionState` is not publicly re-exported
[INFO] [stdout]    |
[INFO] [stdout] note: the module `generated` is defined here
[INFO] [stdout]   --> src/lib.rs:22:1
[INFO] [stdout]    |
[INFO] [stdout] 22 | mod generated;
[INFO] [stdout]    | ^^^^^^^^^^^^^
[INFO] [stdout] 
[INFO] [stdout] 
[INFO] [stdout] error[E0603]: module `generated` is private
[INFO] [stdout]   --> examples/nats_consumer.rs:17:5
[INFO] [stdout]    |
[INFO] [stdout] 17 |     generated::weidmueller::ucontrol::hub::{
[INFO] [stdout]    |     ^^^^^^^^^ private module
[INFO] [stdout] 18 |         ProviderDefinitionState, ReadVariablesQueryRequestT, VariableListT, VariableT,
[INFO] [stdout]    |                                  -------------------------- struct `ReadVariablesQueryRequestT` is not publicly re-exported
[INFO] [stdout]    |
[INFO] [stdout] note: the module `generated` is defined here
[INFO] [stdout]   --> src/lib.rs:22:1
[INFO] [stdout]    |
[INFO] [stdout] 22 | mod generated;
[INFO] [stdout]    | ^^^^^^^^^^^^^
[INFO] [stdout] 
[INFO] [stdout] 
[INFO] [stdout] error[E0603]: module `generated` is private
[INFO] [stdout]   --> examples/nats_consumer.rs:17:5
[INFO] [stdout]    |
[INFO] [stdout] 17 |     generated::weidmueller::ucontrol::hub::{
[INFO] [stdout]    |     ^^^^^^^^^ private module
[INFO] [stdout] 18 |         ProviderDefinitionState, ReadVariablesQueryRequestT, VariableListT, VariableT,
[INFO] [stdout]    |                                                              ------------- struct `VariableListT` is not publicly re-exported
[INFO] [stdout]    |
[INFO] [stdout] note: the module `generated` is defined here
[INFO] [stdout]   --> src/lib.rs:22:1
[INFO] [stdout]    |
[INFO] [stdout] 22 | mod generated;
[INFO] [stdout]    | ^^^^^^^^^^^^^
[INFO] [stdout] 
[INFO] [stdout] 
[INFO] [stdout] error[E0603]: module `generated` is private
[INFO] [stdout]   --> examples/nats_consumer.rs:17:5
[INFO] [stdout]    |
[INFO] [stdout] 17 |     generated::weidmueller::ucontrol::hub::{
[INFO] [stdout]    |     ^^^^^^^^^ private module
[INFO] [stdout] 18 |         ProviderDefinitionState, ReadVariablesQueryRequestT, VariableListT, VariableT,
[INFO] [stdout]    |                                                                             --------- struct `VariableT` is not publicly re-exported
[INFO] [stdout]    |
[INFO] [stdout] note: the module `generated` is defined here
[INFO] [stdout]   --> src/lib.rs:22:1
[INFO] [stdout]    |
[INFO] [stdout] 22 | mod generated;
[INFO] [stdout]    | ^^^^^^^^^^^^^
[INFO] [stdout] 
[INFO] [stdout] 
[INFO] [stdout] error[E0603]: module `generated` is private
[INFO] [stdout]   --> examples/nats_consumer.rs:17:5
[INFO] [stdout]    |
[INFO] [stdout] 17 |     generated::weidmueller::ucontrol::hub::{
[INFO] [stdout]    |     ^^^^^^^^^ private module
[INFO] [stdout] 18 |         ProviderDefinitionState, ReadVariablesQueryRequestT, VariableListT, VariableT,
[INFO] [stdout] 19 |         VariableValueStringT, VariableValueT, WriteVariablesCommandT,
[INFO] [stdout]    |         -------------------- struct `VariableValueStringT` is not publicly re-exported
[INFO] [stdout]    |
[INFO] [stdout] note: the module `generated` is defined here
[INFO] [stdout]   --> src/lib.rs:22:1
[INFO] [stdout]    |
[INFO] [stdout] 22 | mod generated;
[INFO] [stdout]    | ^^^^^^^^^^^^^
[INFO] [stdout] 
[INFO] [stdout] 
[INFO] [stdout] error[E0603]: module `generated` is private
[INFO] [stdout]   --> examples/nats_consumer.rs:17:5
[INFO] [stdout]    |
[INFO] [stdout] 17 |     generated::weidmueller::ucontrol::hub::{
[INFO] [stdout]    |     ^^^^^^^^^ private module
[INFO] [stdout] 18 |         ProviderDefinitionState, ReadVariablesQueryRequestT, VariableListT, VariableT,
[INFO] [stdout] 19 |         VariableValueStringT, VariableValueT, WriteVariablesCommandT,
[INFO] [stdout]    |                               -------------- enum `VariableValueT` is not publicly re-exported
[INFO] [stdout]    |
[INFO] [stdout] note: the module `generated` is defined here
[INFO] [stdout]   --> src/lib.rs:22:1
[INFO] [stdout]    |
[INFO] [stdout] 22 | mod generated;
[INFO] [stdout]    | ^^^^^^^^^^^^^
[INFO] [stdout] 
[INFO] [stdout] 
[INFO] [stdout] error[E0603]: module `generated` is private
[INFO] [stdout]   --> examples/nats_consumer.rs:17:5
[INFO] [stdout]    |
[INFO] [stdout] 17 |     generated::weidmueller::ucontrol::hub::{
[INFO] [stdout]    |     ^^^^^^^^^ private module
[INFO] [stdout] 18 |         ProviderDefinitionState, ReadVariablesQueryRequestT, VariableListT, VariableT,
[INFO] [stdout] 19 |         VariableValueStringT, VariableValueT, WriteVariablesCommandT,
[INFO] [stdout]    |                                               ---------------------- struct `WriteVariablesCommandT` is not publicly re-exported
[INFO] [stdout]    |
[INFO] [stdout] note: the module `generated` is defined here
[INFO] [stdout]   --> src/lib.rs:22:1
[INFO] [stdout]    |
[INFO] [stdout] 22 | mod generated;
[INFO] [stdout]    | ^^^^^^^^^^^^^
[INFO] [stdout] 
[INFO] [stdout] 
[INFO] [stdout] error[E0603]: module `generated` is private
[INFO] [stdout]   --> tests/consumer/../utils/fake_registry.rs:14:5
[INFO] [stdout]    |
[INFO] [stdout] 14 |     generated::weidmueller::ucontrol::hub::{
[INFO] [stdout]    |     ^^^^^^^^^ private module
[INFO] [stdout] 15 |         ProviderDefinitionChangedEvent, ProviderDefinitionState, ProviderDefinitionT,
[INFO] [stdout]    |         ------------------------------ struct `ProviderDefinitionChangedEvent` is not publicly re-exported
[INFO] [stdout]    |
[INFO] [stdout] note: the module `generated` is defined here
[INFO] [stdout]   --> src/lib.rs:22:1
[INFO] [stdout]    |
[INFO] [stdout] 22 | mod generated;
[INFO] [stdout]    | ^^^^^^^^^^^^^
[INFO] [stdout] 
[INFO] [stdout] 
[INFO] [stdout] error[E0603]: module `generated` is private
[INFO] [stdout]   --> tests/provider_only/../utils/fake_registry.rs:14:5
[INFO] [stdout]    |
[INFO] [stdout] 14 |     generated::weidmueller::ucontrol::hub::{
[INFO] [stdout]    |     ^^^^^^^^^ private module
[INFO] [stdout] 15 |         ProviderDefinitionChangedEvent, ProviderDefinitionState, ProviderDefinitionT,
[INFO] [stdout]    |         ------------------------------ struct `ProviderDefinitionChangedEvent` is not publicly re-exported
[INFO] [stdout]    |
[INFO] [stdout] note: the module `generated` is defined here
[INFO] [stdout]   --> src/lib.rs:22:1
[INFO] [stdout]    |
[INFO] [stdout] 22 | mod generated;
[INFO] [stdout]    | ^^^^^^^^^^^^^
[INFO] [stdout] 
[INFO] [stdout] 
[INFO] [stdout] error[E0603]: module `generated` is private
[INFO] [stdout]   --> tests/consumer/../utils/fake_registry.rs:14:5
[INFO] [stdout]    |
[INFO] [stdout] 14 |     generated::weidmueller::ucontrol::hub::{
[INFO] [stdout]    |     ^^^^^^^^^ private module
[INFO] [stdout] 15 |         ProviderDefinitionChangedEvent, ProviderDefinitionState, ProviderDefinitionT,
[INFO] [stdout]    |                                         ----------------------- struct `ProviderDefinitionState` is not publicly re-exported
[INFO] [stdout]    |
[INFO] [stdout] note: the module `generated` is defined here
[INFO] [stdout]   --> src/lib.rs:22:1
[INFO] [stdout]    |
[INFO] [stdout] 22 | mod generated;
[INFO] [stdout]    | ^^^^^^^^^^^^^
[INFO] [stdout] 
[INFO] [stdout] 
[INFO] [stdout] error[E0603]: module `generated` is private
[INFO] [stdout]   --> tests/provider_only/../utils/fake_registry.rs:14:5
[INFO] [stdout]    |
[INFO] [stdout] 14 |     generated::weidmueller::ucontrol::hub::{
[INFO] [stdout]    |     ^^^^^^^^^ private module
[INFO] [stdout] 15 |         ProviderDefinitionChangedEvent, ProviderDefinitionState, ProviderDefinitionT,
[INFO] [stdout]    |                                         ----------------------- struct `ProviderDefinitionState` is not publicly re-exported
[INFO] [stdout]    |
[INFO] [stdout] note: the module `generated` is defined here
[INFO] [stdout]   --> src/lib.rs:22:1
[INFO] [stdout]    |
[INFO] [stdout] 22 | mod generated;
[INFO] [stdout]    | ^^^^^^^^^^^^^
[INFO] [stdout] 
[INFO] [stdout] 
[INFO] [stdout] error[E0603]: module `generated` is private
[INFO] [stdout]   --> tests/consumer/../utils/fake_registry.rs:14:5
[INFO] [stdout]    |
[INFO] [stdout] 14 |     generated::weidmueller::ucontrol::hub::{
[INFO] [stdout]    |     ^^^^^^^^^ private module
[INFO] [stdout] 15 |         ProviderDefinitionChangedEvent, ProviderDefinitionState, ProviderDefinitionT,
[INFO] [stdout]    |                                                                  ------------------- struct `ProviderDefinitionT` is not publicly re-exported
[INFO] [stdout]    |
[INFO] [stdout] note: the module `generated` is defined here
[INFO] [stdout]   --> src/lib.rs:22:1
[INFO] [stdout]    |
[INFO] [stdout] 22 | mod generated;
[INFO] [stdout]    | ^^^^^^^^^^^^^
[INFO] [stdout] 
[INFO] [stdout] 
[INFO] [stdout] error[E0603]: module `connected_nats_provider` is private
[INFO] [stdout]   --> tests/consumer/dh_provider_con.rs:16:9
[INFO] [stdout]    |
[INFO] [stdout] 16 |         connected_nats_provider,
[INFO] [stdout]    |         ^^^^^^^^^^^^^^^^^^^^^^^ private module
[INFO] [stdout]    |
[INFO] [stdout] note: the module `connected_nats_provider` is defined here
[INFO] [stdout]   --> src/consumer/mod.rs:91:1
[INFO] [stdout]    |
[INFO] [stdout] 91 | mod connected_nats_provider;
[INFO] [stdout]    | ^^^^^^^^^^^^^^^^^^^^^^^^^^^
[INFO] [stdout] 
[INFO] [stdout] 
[INFO] [stdout] error[E0603]: module `generated` is private
[INFO] [stdout]   --> tests/consumer/incompatible_provider.rs:13:5
[INFO] [stdout]    |
[INFO] [stdout] 13 |     generated::weidmueller::ucontrol::hub::{
[INFO] [stdout]    |     ^^^^^^^^^ private module
[INFO] [stdout] 14 |         ProviderDefinitionChangedEvent, ProviderDefinitionState, ProviderDefinitionT,
[INFO] [stdout]    |         ------------------------------ struct `ProviderDefinitionChangedEvent` is not publicly re-exported
[INFO] [stdout]    |
[INFO] [stdout] note: the module `generated` is defined here
[INFO] [stdout]   --> src/lib.rs:22:1
[INFO] [stdout]    |
[INFO] [stdout] 22 | mod generated;
[INFO] [stdout]    | ^^^^^^^^^^^^^
[INFO] [stdout] 
[INFO] [stdout] 
[INFO] [stdout] error[E0603]: module `generated` is private
[INFO] [stdout]   --> tests/provider_only/../utils/fake_registry.rs:14:5
[INFO] [stdout]    |
[INFO] [stdout] 14 |     generated::weidmueller::ucontrol::hub::{
[INFO] [stdout]    |     ^^^^^^^^^ private module
[INFO] [stdout] 15 |         ProviderDefinitionChangedEvent, ProviderDefinitionState, ProviderDefinitionT,
[INFO] [stdout]    |                                                                  ------------------- struct `ProviderDefinitionT` is not publicly re-exported
[INFO] [stdout]    |
[INFO] [stdout] note: the module `generated` is defined here
[INFO] [stdout]   --> src/lib.rs:22:1
[INFO] [stdout]    |
[INFO] [stdout] 22 | mod generated;
[INFO] [stdout]    | ^^^^^^^^^^^^^
[INFO] [stdout] 
[INFO] [stdout] 
[INFO] [stdout] error[E0603]: module `generated` is private
[INFO] [stdout]   --> tests/provider_only/add_variable_test.rs:11:5
[INFO] [stdout]    |
[INFO] [stdout] 11 |     generated::weidmueller::ucontrol::hub::root_as_read_provider_definition_query_response,
[INFO] [stdout]    |     ^^^^^^^^^ private module               ----------------------------------------------- function `root_as_read_provider_definition_query_response` is not publicly re-exported
[INFO] [stdout]    |
[INFO] [stdout] note: the module `generated` is defined here
[INFO] [stdout]   --> src/lib.rs:22:1
[INFO] [stdout]    |
[INFO] [stdout] 22 | mod generated;
[INFO] [stdout]    | ^^^^^^^^^^^^^
[INFO] [stdout] 
[INFO] [stdout] 
[INFO] [stdout] error[E0603]: module `generated` is private
[INFO] [stdout]   --> tests/consumer/incompatible_provider.rs:13:5
[INFO] [stdout]    |
[INFO] [stdout] 13 |     generated::weidmueller::ucontrol::hub::{
[INFO] [stdout]    |     ^^^^^^^^^ private module
[INFO] [stdout] 14 |         ProviderDefinitionChangedEvent, ProviderDefinitionState, ProviderDefinitionT,
[INFO] [stdout]    |                                         ----------------------- struct `ProviderDefinitionState` is not publicly re-exported
[INFO] [stdout]    |
[INFO] [stdout] note: the module `generated` is defined here
[INFO] [stdout]   --> src/lib.rs:22:1
[INFO] [stdout]    |
[INFO] [stdout] 22 | mod generated;
[INFO] [stdout]    | ^^^^^^^^^^^^^
[INFO] [stdout] 
[INFO] [stdout] 
[INFO] [stdout] error[E0603]: module `generated` is private
[INFO] [stdout]   --> tests/consumer/incompatible_provider.rs:13:5
[INFO] [stdout]    |
[INFO] [stdout] 13 |     generated::weidmueller::ucontrol::hub::{
[INFO] [stdout]    |     ^^^^^^^^^ private module
[INFO] [stdout] 14 |         ProviderDefinitionChangedEvent, ProviderDefinitionState, ProviderDefinitionT,
[INFO] [stdout]    |                                                                  ------------------- struct `ProviderDefinitionT` is not publicly re-exported
[INFO] [stdout]    |
[INFO] [stdout] note: the module `generated` is defined here
[INFO] [stdout]   --> src/lib.rs:22:1
[INFO] [stdout]    |
[INFO] [stdout] 22 | mod generated;
[INFO] [stdout]    | ^^^^^^^^^^^^^
[INFO] [stdout] 
[INFO] [stdout] 
[INFO] [stdout] error[E0603]: module `generated` is private
[INFO] [stdout]   --> tests/provider_only/read_variable_test.rs:8:5
[INFO] [stdout]    |
[INFO] [stdout]  8 |     generated::weidmueller::ucontrol::hub::root_as_read_variables_query_response,
[INFO] [stdout]    |     ^^^^^^^^^ private module               ------------------------------------- function `root_as_read_variables_query_response` is not publicly re-exported
[INFO] [stdout]    |
[INFO] [stdout] note: the module `generated` is defined here
[INFO] [stdout]   --> src/lib.rs:22:1
[INFO] [stdout]    |
[INFO] [stdout] 22 | mod generated;
[INFO] [stdout]    | ^^^^^^^^^^^^^
[INFO] [stdout] 
[INFO] [stdout] 
[INFO] [stdout] error[E0603]: module `generated` is private
[INFO] [stdout]   --> tests/provider_only/register_provider_test.rs:11:5
[INFO] [stdout]    |
[INFO] [stdout] 11 |     generated::weidmueller::ucontrol::hub::{
[INFO] [stdout]    |     ^^^^^^^^^ private module
[INFO] [stdout] 12 |         root_as_read_provider_definition_query_response, State,
[INFO] [stdout]    |         ----------------------------------------------- function `root_as_read_provider_definition_query_response` is not publicly re-exported
[INFO] [stdout]    |
[INFO] [stdout] note: the module `generated` is defined here
[INFO] [stdout]   --> src/lib.rs:22:1
[INFO] [stdout]    |
[INFO] [stdout] 22 | mod generated;
[INFO] [stdout]    | ^^^^^^^^^^^^^
[INFO] [stdout] 
[INFO] [stdout] 
[INFO] [stdout] error[E0603]: module `generated` is private
[INFO] [stdout]   --> tests/consumer/incompatible_provider.rs:13:5
[INFO] [stdout]    |
[INFO] [stdout] 13 |     generated::weidmueller::ucontrol::hub::{
[INFO] [stdout]    |     ^^^^^^^^^ private module
[INFO] [stdout] 14 |         ProviderDefinitionChangedEvent, ProviderDefinitionState, ProviderDefinitionT,
[INFO] [stdout] 15 |         ReadVariablesQueryResponse, ReadVariablesQueryResponseArgs, TimestampT, Variable,
[INFO] [stdout]    |         -------------------------- struct `ReadVariablesQueryResponse` is not publicly re-exported
[INFO] [stdout]    |
[INFO] [stdout] note: the module `generated` is defined here
[INFO] [stdout]   --> src/lib.rs:22:1
[INFO] [stdout]    |
[INFO] [stdout] 22 | mod generated;
[INFO] [stdout]    | ^^^^^^^^^^^^^
[INFO] [stdout] 
[INFO] [stdout] 
[INFO] [stdout] error[E0603]: module `generated` is private
[INFO] [stdout]   --> tests/provider_only/register_provider_test.rs:11:5
[INFO] [stdout]    |
[INFO] [stdout] 11 |     generated::weidmueller::ucontrol::hub::{
[INFO] [stdout]    |     ^^^^^^^^^ private module
[INFO] [stdout] 12 |         root_as_read_provider_definition_query_response, State,
[INFO] [stdout]    |                                                          ----- struct `State` is not publicly re-exported
[INFO] [stdout]    |
[INFO] [stdout] note: the module `generated` is defined here
[INFO] [stdout]   --> src/lib.rs:22:1
[INFO] [stdout]    |
[INFO] [stdout] 22 | mod generated;
[INFO] [stdout]    | ^^^^^^^^^^^^^
[INFO] [stdout] 
[INFO] [stdout] 
[INFO] [stdout] error[E0603]: module `generated` is private
[INFO] [stdout]   --> tests/consumer/incompatible_provider.rs:13:5
[INFO] [stdout]    |
[INFO] [stdout] 13 |     generated::weidmueller::ucontrol::hub::{
[INFO] [stdout]    |     ^^^^^^^^^ private module
[INFO] [stdout] 14 |         ProviderDefinitionChangedEvent, ProviderDefinitionState, ProviderDefinitionT,
[INFO] [stdout] 15 |         ReadVariablesQueryResponse, ReadVariablesQueryResponseArgs, TimestampT, Variable,
[INFO] [stdout]    |                                     ------------------------------ struct `ReadVariablesQueryResponseArgs` is not publicly re-exported
[INFO] [stdout]    |
[INFO] [stdout] note: the module `generated` is defined here
[INFO] [stdout]   --> src/lib.rs:22:1
[INFO] [stdout]    |
[INFO] [stdout] 22 | mod generated;
[INFO] [stdout]    | ^^^^^^^^^^^^^
[INFO] [stdout] 
[INFO] [stdout] 
[INFO] [stdout] warning: method call on a diverging inference variable
[INFO] [stdout]   --> examples/nats_consumer.rs:65:40
[INFO] [stdout]    |
[INFO] [stdout] 65 |     let mut registry_events = consumer.subscribe_registry_state().await?;
[INFO] [stdout]    |                                        ^^^^^^^^^^^^^^^^^^^^^^^^
[INFO] [stdout]    |
[INFO] [stdout]    = help: consider providing a type annotation
[INFO] [stdout]    = warning: this was previously accepted by the compiler but is being phased out; it will become a hard error in a future release!
[INFO] [stdout]    = note: for more information, see issue #156047 <https://github.com/rust-lang/rust/issues/156047>
[INFO] [stdout]    = note: `#[warn(method_call_on_diverging_infer_var)]` (part of `#[warn(future_incompatible)]`) on by default
[INFO] [stdout] 
[INFO] [stdout] 
[INFO] [stdout] error[E0603]: module `generated` is private
[INFO] [stdout]   --> tests/provider_only/remove_variable_test.rs:11:5
[INFO] [stdout]    |
[INFO] [stdout] 11 |     generated::weidmueller::ucontrol::hub::root_as_read_provider_definition_query_response,
[INFO] [stdout]    |     ^^^^^^^^^ private module               ----------------------------------------------- function `root_as_read_provider_definition_query_response` is not publicly re-exported
[INFO] [stdout]    |
[INFO] [stdout] note: the module `generated` is defined here
[INFO] [stdout]   --> src/lib.rs:22:1
[INFO] [stdout]    |
[INFO] [stdout] 22 | mod generated;
[INFO] [stdout]    | ^^^^^^^^^^^^^
[INFO] [stdout] 
[INFO] [stdout] 
[INFO] [stdout] error[E0603]: module `generated` is private
[INFO] [stdout]   --> tests/consumer/incompatible_provider.rs:13:5
[INFO] [stdout]    |
[INFO] [stdout] 13 |     generated::weidmueller::ucontrol::hub::{
[INFO] [stdout]    |     ^^^^^^^^^ private module
[INFO] [stdout] 14 |         ProviderDefinitionChangedEvent, ProviderDefinitionState, ProviderDefinitionT,
[INFO] [stdout] 15 |         ReadVariablesQueryResponse, ReadVariablesQueryResponseArgs, TimestampT, Variable,
[INFO] [stdout]    |                                                                     ---------- struct `TimestampT` is not publicly re-exported
[INFO] [stdout]    |
[INFO] [stdout] note: the module `generated` is defined here
[INFO] [stdout]   --> src/lib.rs:22:1
[INFO] [stdout]    |
[INFO] [stdout] 22 | mod generated;
[INFO] [stdout]    | ^^^^^^^^^^^^^
[INFO] [stdout] 
[INFO] [stdout] 
[INFO] [stdout] error[E0603]: module `connected_nats_provider` is private
[INFO] [stdout]   --> tests/provider_only/update_variable_value_test.rs:14:9
[INFO] [stdout]    |
[INFO] [stdout] 14 |         connected_nats_provider::ConnectedNatsProvider, dh_consumer::DataHubConsumer,
[INFO] [stdout]    |         ^^^^^^^^^^^^^^^^^^^^^^^  --------------------- struct `ConnectedNatsProvider` is not publicly re-exported
[INFO] [stdout]    |         |
[INFO] [stdout]    |         private module
[INFO] [stdout]    |
[INFO] [stdout] note: the module `connected_nats_provider` is defined here
[INFO] [stdout]   --> src/consumer/mod.rs:91:1
[INFO] [stdout]    |
[INFO] [stdout] 91 | mod connected_nats_provider;
[INFO] [stdout]    | ^^^^^^^^^^^^^^^^^^^^^^^^^^^
[INFO] [stdout] 
[INFO] [stdout] 
[INFO] [stdout] error[E0603]: module `nats_consumer` is private
[INFO] [stdout]   --> tests/provider_only/update_variable_value_test.rs:15:9
[INFO] [stdout]    |
[INFO] [stdout] 15 |         nats_consumer::NatsConsumer, variable_key::VariableKey,
[INFO] [stdout]    |         ^^^^^^^^^^^^^  ------------ struct `NatsConsumer` is not publicly re-exported
[INFO] [stdout]    |         |
[INFO] [stdout]    |         private module
[INFO] [stdout]    |
[INFO] [stdout] note: the module `nats_consumer` is defined here
[INFO] [stdout]   --> src/consumer/mod.rs:95:1
[INFO] [stdout]    |
[INFO] [stdout] 95 | mod nats_consumer;
[INFO] [stdout]    | ^^^^^^^^^^^^^^^^^
[INFO] [stdout] 
[INFO] [stdout] 
[INFO] [stdout] error[E0603]: module `generated` is private
[INFO] [stdout]   --> tests/consumer/incompatible_provider.rs:13:5
[INFO] [stdout]    |
[INFO] [stdout] 13 |     generated::weidmueller::ucontrol::hub::{
[INFO] [stdout]    |     ^^^^^^^^^ private module
[INFO] [stdout] 14 |         ProviderDefinitionChangedEvent, ProviderDefinitionState, ProviderDefinitionT,
[INFO] [stdout] 15 |         ReadVariablesQueryResponse, ReadVariablesQueryResponseArgs, TimestampT, Variable,
[INFO] [stdout]    |                                                                                 -------- struct `Variable` is not publicly re-exported
[INFO] [stdout]    |
[INFO] [stdout] note: the module `generated` is defined here
[INFO] [stdout]   --> src/lib.rs:22:1
[INFO] [stdout]    |
[INFO] [stdout] 22 | mod generated;
[INFO] [stdout]    | ^^^^^^^^^^^^^
[INFO] [stdout] 
[INFO] [stdout] 
[INFO] [stdout] error[E0603]: module `generated` is private
[INFO] [stdout]   --> tests/provider_only/write_variable_test.rs:12:5
[INFO] [stdout]    |
[INFO] [stdout] 12 |     generated::weidmueller::ucontrol::hub::root_as_read_provider_definition_query_response,
[INFO] [stdout]    |     ^^^^^^^^^ private module               ----------------------------------------------- function `root_as_read_provider_definition_query_response` is not publicly re-exported
[INFO] [stdout]    |
[INFO] [stdout] note: the module `generated` is defined here
[INFO] [stdout]   --> src/lib.rs:22:1
[INFO] [stdout]    |
[INFO] [stdout] 22 | mod generated;
[INFO] [stdout]    | ^^^^^^^^^^^^^
[INFO] [stdout] 
[INFO] [stdout] 
[INFO] [stdout] error[E0603]: module `generated` is private
[INFO] [stdout]   --> tests/consumer/incompatible_provider.rs:13:5
[INFO] [stdout]    |
[INFO] [stdout] 13 |     generated::weidmueller::ucontrol::hub::{
[INFO] [stdout]    |     ^^^^^^^^^ private module
[INFO] [stdout] ...
[INFO] [stdout] 16 |         VariableAccessType, VariableArgs, VariableDataType, VariableDefinitionT, VariableList,
[INFO] [stdout]    |         ------------------ struct `VariableAccessType` is not publicly re-exported
[INFO] [stdout]    |
[INFO] [stdout] note: the module `generated` is defined here
[INFO] [stdout]   --> src/lib.rs:22:1
[INFO] [stdout]    |
[INFO] [stdout] 22 | mod generated;
[INFO] [stdout]    | ^^^^^^^^^^^^^
[INFO] [stdout] 
[INFO] [stdout] 
[INFO] [stdout] error[E0603]: module `generated` is private
[INFO] [stdout]   --> tests/consumer/incompatible_provider.rs:13:5
[INFO] [stdout]    |
[INFO] [stdout] 13 |     generated::weidmueller::ucontrol::hub::{
[INFO] [stdout]    |     ^^^^^^^^^ private module
[INFO] [stdout] ...
[INFO] [stdout] 16 |         VariableAccessType, VariableArgs, VariableDataType, VariableDefinitionT, VariableList,
[INFO] [stdout]    |                             ------------ struct `VariableArgs` is not publicly re-exported
[INFO] [stdout]    |
[INFO] [stdout] note: the module `generated` is defined here
[INFO] [stdout]   --> src/lib.rs:22:1
[INFO] [stdout]    |
[INFO] [stdout] 22 | mod generated;
[INFO] [stdout]    | ^^^^^^^^^^^^^
[INFO] [stdout] 
[INFO] [stdout] 
[INFO] [stdout] error[E0603]: module `generated` is private
[INFO] [stdout]   --> tests/consumer/incompatible_provider.rs:13:5
[INFO] [stdout]    |
[INFO] [stdout] 13 |     generated::weidmueller::ucontrol::hub::{
[INFO] [stdout]    |     ^^^^^^^^^ private module
[INFO] [stdout] ...
[INFO] [stdout] 16 |         VariableAccessType, VariableArgs, VariableDataType, VariableDefinitionT, VariableList,
[INFO] [stdout]    |                                           ---------------- struct `VariableDataType` is not publicly re-exported
[INFO] [stdout]    |
[INFO] [stdout] note: the module `generated` is defined here
[INFO] [stdout]   --> src/lib.rs:22:1
[INFO] [stdout]    |
[INFO] [stdout] 22 | mod generated;
[INFO] [stdout]    | ^^^^^^^^^^^^^
[INFO] [stdout] 
[INFO] [stdout] 
[INFO] [stdout] error[E0603]: module `generated` is private
[INFO] [stdout]   --> tests/consumer/incompatible_provider.rs:13:5
[INFO] [stdout]    |
[INFO] [stdout] 13 |     generated::weidmueller::ucontrol::hub::{
[INFO] [stdout]    |     ^^^^^^^^^ private module
[INFO] [stdout] ...
[INFO] [stdout] 16 |         VariableAccessType, VariableArgs, VariableDataType, VariableDefinitionT, VariableList,
[INFO] [stdout]    |                                                             ------------------- struct `VariableDefinitionT` is not publicly re-exported
[INFO] [stdout]    |
[INFO] [stdout] note: the module `generated` is defined here
[INFO] [stdout]   --> src/lib.rs:22:1
[INFO] [stdout]    |
[INFO] [stdout] 22 | mod generated;
[INFO] [stdout]    | ^^^^^^^^^^^^^
[INFO] [stdout] 
[INFO] [stdout] 
[INFO] [stdout] error[E0603]: module `generated` is private
[INFO] [stdout]   --> tests/consumer/incompatible_provider.rs:13:5
[INFO] [stdout]    |
[INFO] [stdout] 13 |     generated::weidmueller::ucontrol::hub::{
[INFO] [stdout]    |     ^^^^^^^^^ private module
[INFO] [stdout] ...
[INFO] [stdout] 16 |         VariableAccessType, VariableArgs, VariableDataType, VariableDefinitionT, VariableList,
[INFO] [stdout]    |                                                                                  ------------ struct `VariableList` is not publicly re-exported
[INFO] [stdout]    |
[INFO] [stdout] note: the module `generated` is defined here
[INFO] [stdout]   --> src/lib.rs:22:1
[INFO] [stdout]    |
[INFO] [stdout] 22 | mod generated;
[INFO] [stdout]    | ^^^^^^^^^^^^^
[INFO] [stdout] 
[INFO] [stdout] 
[INFO] [stdout] error[E0603]: module `generated` is private
[INFO] [stdout]   --> tests/consumer/incompatible_provider.rs:13:5
[INFO] [stdout]    |
[INFO] [stdout] 13 |     generated::weidmueller::ucontrol::hub::{
[INFO] [stdout]    |     ^^^^^^^^^ private module
[INFO] [stdout] ...
[INFO] [stdout] 17 |         VariableListArgs, VariableQuality, VariableValue, VariableValueInt64,
[INFO] [stdout]    |         ---------------- struct `VariableListArgs` is not publicly re-exported
[INFO] [stdout]    |
[INFO] [stdout] note: the module `generated` is defined here
[INFO] [stdout]   --> src/lib.rs:22:1
[INFO] [stdout]    |
[INFO] [stdout] 22 | mod generated;
[INFO] [stdout]    | ^^^^^^^^^^^^^
[INFO] [stdout] 
[INFO] [stdout] 
[INFO] [stdout] error[E0603]: module `generated` is private
[INFO] [stdout]   --> tests/consumer/incompatible_provider.rs:13:5
[INFO] [stdout]    |
[INFO] [stdout] 13 |     generated::weidmueller::ucontrol::hub::{
[INFO] [stdout]    |     ^^^^^^^^^ private module
[INFO] [stdout] ...
[INFO] [stdout] 17 |         VariableListArgs, VariableQuality, VariableValue, VariableValueInt64,
[INFO] [stdout]    |                           --------------- struct `VariableQuality` is not publicly re-exported
[INFO] [stdout]    |
[INFO] [stdout] note: the module `generated` is defined here
[INFO] [stdout]   --> src/lib.rs:22:1
[INFO] [stdout]    |
[INFO] [stdout] 22 | mod generated;
[INFO] [stdout]    | ^^^^^^^^^^^^^
[INFO] [stdout] 
[INFO] [stdout] 
[INFO] [stdout] error[E0603]: module `generated` is private
[INFO] [stdout]   --> tests/consumer/incompatible_provider.rs:13:5
[INFO] [stdout]    |
[INFO] [stdout] 13 |     generated::weidmueller::ucontrol::hub::{
[INFO] [stdout]    |     ^^^^^^^^^ private module
[INFO] [stdout] ...
[INFO] [stdout] 17 |         VariableListArgs, VariableQuality, VariableValue, VariableValueInt64,
[INFO] [stdout]    |                                            ------------- struct `VariableValue` is not publicly re-exported
[INFO] [stdout]    |
[INFO] [stdout] note: the module `generated` is defined here
[INFO] [stdout]   --> src/lib.rs:22:1
[INFO] [stdout]    |
[INFO] [stdout] 22 | mod generated;
[INFO] [stdout]    | ^^^^^^^^^^^^^
[INFO] [stdout] 
[INFO] [stdout] 
[INFO] [stdout] error[E0603]: module `generated` is private
[INFO] [stdout]   --> tests/consumer/incompatible_provider.rs:13:5
[INFO] [stdout]    |
[INFO] [stdout] 13 |     generated::weidmueller::ucontrol::hub::{
[INFO] [stdout]    |     ^^^^^^^^^ private module
[INFO] [stdout] ...
[INFO] [stdout] 17 |         VariableListArgs, VariableQuality, VariableValue, VariableValueInt64,
[INFO] [stdout]    |                                                           ------------------ struct `VariableValueInt64` is not publicly re-exported
[INFO] [stdout]    |
[INFO] [stdout] note: the module `generated` is defined here
[INFO] [stdout]   --> src/lib.rs:22:1
[INFO] [stdout]    |
[INFO] [stdout] 22 | mod generated;
[INFO] [stdout]    | ^^^^^^^^^^^^^
[INFO] [stdout] 
[INFO] [stdout] 
[INFO] [stdout] error[E0603]: module `generated` is private
[INFO] [stdout]   --> tests/consumer/incompatible_provider.rs:13:5
[INFO] [stdout]    |
[INFO] [stdout] 13 |     generated::weidmueller::ucontrol::hub::{
[INFO] [stdout]    |     ^^^^^^^^^ private module
[INFO] [stdout] ...
[INFO] [stdout] 18 |         VariableValueInt64Args, VariableValueT, VariablesChangedEvent, VariablesChangedEventArgs,
[INFO] [stdout]    |         ---------------------- struct `VariableValueInt64Args` is not publicly re-exported
[INFO] [stdout]    |
[INFO] [stdout] note: the module `generated` is defined here
[INFO] [stdout]   --> src/lib.rs:22:1
[INFO] [stdout]    |
[INFO] [stdout] 22 | mod generated;
[INFO] [stdout]    | ^^^^^^^^^^^^^
[INFO] [stdout] 
[INFO] [stdout] 
[INFO] [stdout] error[E0603]: module `generated` is private
[INFO] [stdout]   --> tests/consumer/incompatible_provider.rs:13:5
[INFO] [stdout]    |
[INFO] [stdout] 13 |     generated::weidmueller::ucontrol::hub::{
[INFO] [stdout]    |     ^^^^^^^^^ private module
[INFO] [stdout] ...
[INFO] [stdout] 18 |         VariableValueInt64Args, VariableValueT, VariablesChangedEvent, VariablesChangedEventArgs,
[INFO] [stdout]    |                                 -------------- enum `VariableValueT` is not publicly re-exported
[INFO] [stdout]    |
[INFO] [stdout] note: the module `generated` is defined here
[INFO] [stdout]   --> src/lib.rs:22:1
[INFO] [stdout]    |
[INFO] [stdout] 22 | mod generated;
[INFO] [stdout]    | ^^^^^^^^^^^^^
[INFO] [stdout] 
[INFO] [stdout] 
[INFO] [stdout] error[E0603]: module `generated` is private
[INFO] [stdout]   --> tests/consumer/incompatible_provider.rs:13:5
[INFO] [stdout]    |
[INFO] [stdout] 13 |     generated::weidmueller::ucontrol::hub::{
[INFO] [stdout]    |     ^^^^^^^^^ private module
[INFO] [stdout] ...
[INFO] [stdout] 18 |         VariableValueInt64Args, VariableValueT, VariablesChangedEvent, VariablesChangedEventArgs,
[INFO] [stdout]    |                                                 --------------------- struct `VariablesChangedEvent` is not publicly re-exported
[INFO] [stdout]    |
[INFO] [stdout] note: the module `generated` is defined here
[INFO] [stdout]   --> src/lib.rs:22:1
[INFO] [stdout]    |
[INFO] [stdout] 22 | mod generated;
[INFO] [stdout]    | ^^^^^^^^^^^^^
[INFO] [stdout] 
[INFO] [stdout] 
[INFO] [stdout] error[E0603]: module `generated` is private
[INFO] [stdout]   --> tests/consumer/incompatible_provider.rs:13:5
[INFO] [stdout]    |
[INFO] [stdout] 13 |     generated::weidmueller::ucontrol::hub::{
[INFO] [stdout]    |     ^^^^^^^^^ private module
[INFO] [stdout] ...
[INFO] [stdout] 18 |         VariableValueInt64Args, VariableValueT, VariablesChangedEvent, VariablesChangedEventArgs,
[INFO] [stdout]    |                                                                        ------------------------- struct `VariablesChangedEventArgs` is not publicly re-exported
[INFO] [stdout]    |
[INFO] [stdout] note: the module `generated` is defined here
[INFO] [stdout]   --> src/lib.rs:22:1
[INFO] [stdout]    |
[INFO] [stdout] 22 | mod generated;
[INFO] [stdout]    | ^^^^^^^^^^^^^
[INFO] [stdout] 
[INFO] [stdout] 
[INFO] [stdout] error[E0603]: module `connected_nats_provider` is private
[INFO] [stdout]    --> tests/consumer/dh_provider_con.rs:639:36
[INFO] [stdout]     |
[INFO] [stdout] 639 |     use u_os_hub_client::consumer::connected_nats_provider;
[INFO] [stdout]     |                                    ^^^^^^^^^^^^^^^^^^^^^^^ private module
[INFO] [stdout]     |
[INFO] [stdout] note: the module `connected_nats_provider` is defined here
[INFO] [stdout]    --> src/consumer/mod.rs:91:1
[INFO] [stdout]     |
[INFO] [stdout]  91 | mod connected_nats_provider;
[INFO] [stdout]     | ^^^^^^^^^^^^^^^^^^^^^^^^^^^
[INFO] [stdout] 
[INFO] [stdout] 
[INFO] [stdout] For more information about this error, try `rustc --explain E0603`.
[INFO] [stdout] 
[INFO] [stderr] error: could not compile `u-os-hub-client` (test "auth_nats_con") due to 3 previous errors
[INFO] [stderr] warning: build failed, waiting for other jobs to finish...
[INFO] [stdout] For more information about this error, try `rustc --explain E0603`.
[INFO] [stdout] 
[INFO] [stderr] error: could not compile `u-os-hub-client` (test "provider_only") due to 11 previous errors
[INFO] [stdout] error[E0599]: no method named `subscribe_registry_state` found for struct `Arc<_>` in the current scope
[INFO] [stdout]   --> examples/nats_consumer.rs:65:40
[INFO] [stdout]    |
[INFO] [stdout] 65 |     let mut registry_events = consumer.subscribe_registry_state().await?;
[INFO] [stdout]    |                                        ^^^^^^^^^^^^^^^^^^^^^^^^ method not found in `Arc<_>`
[INFO] [stdout] 
[INFO] [stdout] 
[INFO] [stdout] error[E0599]: no method named `subscribe_provider_ids` found for struct `Arc<!>` in the current scope
[INFO] [stdout]   --> examples/nats_consumer.rs:66:40
[INFO] [stdout]    |
[INFO] [stdout] 66 |     let mut provider_events = consumer.subscribe_provider_ids().await?;
[INFO] [stdout]    |                                        ^^^^^^^^^^^^^^^^^^^^^^ method not found in `Arc<!>`
[INFO] [stdout] 
[INFO] [stdout] 
[INFO] [stdout] warning: method call on a diverging inference variable
[INFO] [stdout]   --> examples/nats_consumer.rs:71:48
[INFO] [stdout]    |
[INFO] [stdout] 71 |                 Some(revent) = registry_events.next() => {
[INFO] [stdout]    |                                                ^^^^
[INFO] [stdout]    |
[INFO] [stdout]    = help: consider providing a type annotation
[INFO] [stdout]    = warning: this was previously accepted by the compiler but is being phased out; it will become a hard error in a future release!
[INFO] [stdout]    = note: for more information, see issue #156047 <https://github.com/rust-lang/rust/issues/156047>
[INFO] [stdout] 
[INFO] [stdout] 
[INFO] [stdout] error[E0599]: the method `next` exists for type `!`, but its trait bounds were not satisfied
[INFO] [stdout]   --> examples/nats_consumer.rs:71:48
[INFO] [stdout]    |
[INFO] [stdout] 71 |                 Some(revent) = registry_events.next() => {
[INFO] [stdout]    |                                                ^^^^
[INFO] [stdout]    |
[INFO] [stdout]    = note: the following trait bounds were not satisfied:
[INFO] [stdout]            `!: Stream`
[INFO] [stdout]            which is required by `!: StreamExt`
[INFO] [stdout] 
[INFO] [stdout] 
[INFO] [stdout] warning: method call on a diverging inference variable
[INFO] [stdout]   --> examples/nats_consumer.rs:74:48
[INFO] [stdout]    |
[INFO] [stdout] 74 |                 Some(pevent) = provider_events.next() => {
[INFO] [stdout]    |                                                ^^^^
[INFO] [stdout]    |
[INFO] [stdout]    = help: consider providing a type annotation
[INFO] [stdout]    = warning: this was previously accepted by the compiler but is being phased out; it will become a hard error in a future release!
[INFO] [stdout]    = note: for more information, see issue #156047 <https://github.com/rust-lang/rust/issues/156047>
[INFO] [stdout] 
[INFO] [stdout] 
[INFO] [stdout] error[E0599]: the method `next` exists for type `!`, but its trait bounds were not satisfied
[INFO] [stdout]   --> examples/nats_consumer.rs:74:48
[INFO] [stdout]    |
[INFO] [stdout] 74 |                 Some(pevent) = provider_events.next() => {
[INFO] [stdout]    |                                                ^^^^
[INFO] [stdout]    |
[INFO] [stdout]    = note: the following trait bounds were not satisfied:
[INFO] [stdout]            `!: Stream`
[INFO] [stdout]            which is required by `!: StreamExt`
[INFO] [stdout] 
[INFO] [stdout] 
[INFO] [stdout] error[E0599]: no method named `read_provider_ids` found for struct `Arc<!>` in the current scope
[INFO] [stdout]   --> examples/nats_consumer.rs:85:10
[INFO] [stdout]    |
[INFO] [stdout] 84 |       for prov_id in consumer
[INFO] [stdout]    |  ____________________-
[INFO] [stdout] 85 | |         .read_provider_ids()
[INFO] [stdout]    | |         -^^^^^^^^^^^^^^^^^ method not found in `Arc<!>`
[INFO] [stdout]    | |_________|
[INFO] [stdout]    |
[INFO] [stdout] 
[INFO] [stdout] 
[INFO] [stdout] error[E0599]: no method named `wait_for_provider` found for struct `Arc<!>` in the current scope
[INFO] [stdout]   --> examples/nats_consumer.rs:96:14
[INFO] [stdout]    |
[INFO] [stdout] 96 |     consumer.wait_for_provider(test_provider_id).await?;
[INFO] [stdout]    |              ^^^^^^^^^^^^^^^^^ method not found in `Arc<!>`
[INFO] [stdout] 
[INFO] [stdout] 
[INFO] [stdout] warning: method call on a diverging inference variable
[INFO] [stdout]    --> examples/nats_consumer.rs:103:52
[INFO] [stdout]     |
[INFO] [stdout] 103 |     let mut provider_def_evt_stream = provider_con.subscribe_provider_definition().await?;
[INFO] [stdout]     |                                                    ^^^^^^^^^^^^^^^^^^^^^^^^^^^^^
[INFO] [stdout]     |
[INFO] [stdout]     = help: consider providing a type annotation
[INFO] [stdout]     = warning: this was previously accepted by the compiler but is being phased out; it will become a hard error in a future release!
[INFO] [stdout]     = note: for more information, see issue #156047 <https://github.com/rust-lang/rust/issues/156047>
[INFO] [stdout] 
[INFO] [stdout] 
[INFO] [stdout] error[E0599]: no method named `subscribe_provider_definition` found for type `!` in the current scope
[INFO] [stdout]    --> examples/nats_consumer.rs:103:52
[INFO] [stdout]     |
[INFO] [stdout] 103 |     let mut provider_def_evt_stream = provider_con.subscribe_provider_definition().await?;
[INFO] [stdout]     |                                                    ^^^^^^^^^^^^^^^^^^^^^^^^^^^^^ method not found in `!`
[INFO] [stdout] 
[INFO] [stdout] 
[INFO] [stdout] error[E0599]: no method named `get_all_variable_definitions` found for type `!` in the current scope
[INFO] [stdout]    --> examples/nats_consumer.rs:104:21
[INFO] [stdout]     |
[INFO] [stdout] 104 |     if provider_con.get_all_variable_definitions().len() < 6 {
[INFO] [stdout]     |                     ^^^^^^^^^^^^^^^^^^^^^^^^^^^^ method not found in `!`
[INFO] [stdout] 
[INFO] [stdout] 
[INFO] [stdout] warning: unreachable call
[INFO] [stdout]    --> examples/nats_consumer.rs:104:21
[INFO] [stdout]     |
[INFO] [stdout] 104 |     if provider_con.get_all_variable_definitions().len() < 6 {
[INFO] [stdout]     |        ------------ ^^^^^^^^^^^^^^^^^^^^^^^^^^^^ unreachable call
[INFO] [stdout]     |        |
[INFO] [stdout]     |        any code following this expression is unreachable
[INFO] [stdout]     |
[INFO] [stdout]     = note: `#[warn(unreachable_code)]` (part of `#[warn(unused)]`) on by default
[INFO] [stdout] 
[INFO] [stdout] 
[INFO] [stdout] warning: method call on a diverging inference variable
[INFO] [stdout]    --> examples/nats_consumer.rs:106:68
[INFO] [stdout]     |
[INFO] [stdout] 106 |         while let Some(provider_def_evt) = provider_def_evt_stream.next().await {
[INFO] [stdout]     |                                                                    ^^^^
[INFO] [stdout]     |
[INFO] [stdout]     = help: consider providing a type annotation
[INFO] [stdout]     = warning: this was previously accepted by the compiler but is being phased out; it will become a hard error in a future release!
[INFO] [stdout]     = note: for more information, see issue #156047 <https://github.com/rust-lang/rust/issues/156047>
[INFO] [stdout] 
[INFO] [stdout] 
[INFO] [stdout] error[E0599]: the method `next` exists for type `!`, but its trait bounds were not satisfied
[INFO] [stdout]    --> examples/nats_consumer.rs:106:68
[INFO] [stdout]     |
[INFO] [stdout] 106 |         while let Some(provider_def_evt) = provider_def_evt_stream.next().await {
[INFO] [stdout]     |                                                                    ^^^^
[INFO] [stdout]     |
[INFO] [stdout]     = note: the following trait bounds were not satisfied:
[INFO] [stdout]             `!: Stream`
[INFO] [stdout]             which is required by `!: StreamExt`
[INFO] [stdout] 
[INFO] [stdout] 
[INFO] [stdout] For more information about this error, try `rustc --explain E0603`.
[INFO] [stdout] 
[INFO] [stdout] error[E0599]: no method named `get_variable_ids` found for type `!` in the current scope
[INFO] [stdout]    --> examples/nats_consumer.rs:125:32
[INFO] [stdout]     |
[INFO] [stdout] 125 |     let var_ids = provider_con.get_variable_ids();
[INFO] [stdout]     |                                ^^^^^^^^^^^^^^^^ method not found in `!`
[INFO] [stdout] 
[INFO] [stdout] 
[INFO] [stdout] warning: unreachable call
[INFO] [stdout]    --> examples/nats_consumer.rs:125:32
[INFO] [stdout]     |
[INFO] [stdout] 125 |     let var_ids = provider_con.get_variable_ids();
[INFO] [stdout]     |                   ------------ ^^^^^^^^^^^^^^^^ unreachable call
[INFO] [stdout]     |                   |
[INFO] [stdout]     |                   any code following this expression is unreachable
[INFO] [stdout] 
[INFO] [stdout] 
[INFO] [stderr] error: could not compile `u-os-hub-client` (test "consumer") due to 25 previous errors
[INFO] [stdout] error[E0599]: no method named `get_variable_definition` found for type `!` in the current scope
[INFO] [stdout]    --> examples/nats_consumer.rs:127:32
[INFO] [stdout]     |
[INFO] [stdout] 127 |         let def = provider_con.get_variable_definition(*id)?;
[INFO] [stdout]     |                                ^^^^^^^^^^^^^^^^^^^^^^^ method not found in `!`
[INFO] [stdout] 
[INFO] [stdout] 
[INFO] [stdout] warning: unreachable expression
[INFO] [stdout]    --> examples/nats_consumer.rs:127:56
[INFO] [stdout]     |
[INFO] [stdout] 127 |         let def = provider_con.get_variable_definition(*id)?;
[INFO] [stdout]     |                   ------------                         ^^^ unreachable expression
[INFO] [stdout]     |                   |
[INFO] [stdout]     |                   any code following this expression is unreachable
[INFO] [stdout] 
[INFO] [stdout] 
[INFO] [stdout] error[E0599]: no method named `read_variables` found for type `!` in the current scope
[INFO] [stdout]    --> examples/nats_consumer.rs:134:35
[INFO] [stdout]     |
[INFO] [stdout] 134 |     let var_states = provider_con.read_variables(&request).await?;
[INFO] [stdout]     |                                   ^^^^^^^^^^^^^^ method not found in `!`
[INFO] [stdout] 
[INFO] [stdout] 
[INFO] [stdout] warning: unreachable expression
[INFO] [stdout]    --> examples/nats_consumer.rs:134:50
[INFO] [stdout]     |
[INFO] [stdout] 134 |     let var_states = provider_con.read_variables(&request).await?;
[INFO] [stdout]     |                      ------------                ^^^^^^^^ unreachable expression
[INFO] [stdout]     |                      |
[INFO] [stdout]     |                      any code following this expression is unreachable
[INFO] [stdout] 
[INFO] [stdout] 
[INFO] [stdout] error[E0599]: no method named `subscribe_variables` found for type `!` in the current scope
[INFO] [stdout]    --> examples/nats_consumer.rs:141:44
[INFO] [stdout]     |
[INFO] [stdout] 141 |     let mut variable_events = provider_con.subscribe_variables().await?;
[INFO] [stdout]     |                                            ^^^^^^^^^^^^^^^^^^^ method not found in `!`
[INFO] [stdout] 
[INFO] [stdout] 
[INFO] [stdout] warning: unreachable call
[INFO] [stdout]    --> examples/nats_consumer.rs:141:44
[INFO] [stdout]     |
[INFO] [stdout] 141 |     let mut variable_events = provider_con.subscribe_variables().await?;
[INFO] [stdout]     |                               ------------ ^^^^^^^^^^^^^^^^^^^ unreachable call
[INFO] [stdout]     |                               |
[INFO] [stdout]     |                               any code following this expression is unreachable
[INFO] [stdout] 
[INFO] [stdout] 
[INFO] [stdout] warning: method call on a diverging inference variable
[INFO] [stdout]    --> examples/nats_consumer.rs:143:49
[INFO] [stdout]     |
[INFO] [stdout] 143 |         while let Some(event) = variable_events.next().await {
[INFO] [stdout]     |                                                 ^^^^
[INFO] [stdout]     |
[INFO] [stdout]     = help: consider providing a type annotation
[INFO] [stdout]     = warning: this was previously accepted by the compiler but is being phased out; it will become a hard error in a future release!
[INFO] [stdout]     = note: for more information, see issue #156047 <https://github.com/rust-lang/rust/issues/156047>
[INFO] [stdout] 
[INFO] [stdout] 
[INFO] [stdout] error[E0599]: the method `next` exists for type `!`, but its trait bounds were not satisfied
[INFO] [stdout]    --> examples/nats_consumer.rs:143:49
[INFO] [stdout]     |
[INFO] [stdout] 143 |         while let Some(event) = variable_events.next().await {
[INFO] [stdout]     |                                                 ^^^^
[INFO] [stdout]     |
[INFO] [stdout]     = note: the following trait bounds were not satisfied:
[INFO] [stdout]             `!: Stream`
[INFO] [stdout]             which is required by `!: StreamExt`
[INFO] [stdout] 
[INFO] [stdout] 
[INFO] [stdout] error[E0599]: no method named `variable_id_from_key` found for type `!` in the current scope
[INFO] [stdout]    --> examples/nats_consumer.rs:151:47
[INFO] [stdout]     |
[INFO] [stdout] 151 |     let writable_string_var_id = provider_con.variable_id_from_key("folder2.writable_string")?;
[INFO] [stdout]     |                                               ^^^^^^^^^^^^^^^^^^^^ method not found in `!`
[INFO] [stdout] 
[INFO] [stdout] 
[INFO] [stdout] warning: unreachable expression
[INFO] [stdout]    --> examples/nats_consumer.rs:151:68
[INFO] [stdout]     |
[INFO] [stdout] 151 |     let writable_string_var_id = provider_con.variable_id_from_key("folder2.writable_string")?;
[INFO] [stdout]     |                                  ------------                      ^^^^^^^^^^^^^^^^^^^^^^^^^ unreachable expression
[INFO] [stdout]     |                                  |
[INFO] [stdout]     |                                  any code following this expression is unreachable
[INFO] [stdout] 
[INFO] [stdout] 
[INFO] [stdout] error[E0599]: no method named `get_fingerprint` found for type `!` in the current scope
[INFO] [stdout]    --> examples/nats_consumer.rs:162:10
[INFO] [stdout]     |
[INFO] [stdout] 161 |       variables.provider_definition_fingerprint = provider_con
[INFO] [stdout]     |  _________________________________________________-
[INFO] [stdout] 162 | |         .get_fingerprint()
[INFO] [stdout]     | |         -^^^^^^^^^^^^^^^ method not found in `!`
[INFO] [stdout]     | |_________|
[INFO] [stdout]     |
[INFO] [stdout] 
[INFO] [stdout] 
[INFO] [stdout] warning: unreachable call
[INFO] [stdout]    --> examples/nats_consumer.rs:162:10
[INFO] [stdout]     |
[INFO] [stdout] 161 |     variables.provider_definition_fingerprint = provider_con
[INFO] [stdout]     |                                                 ------------ any code following this expression is unreachable
[INFO] [stdout] 162 |         .get_fingerprint()
[INFO] [stdout]     |          ^^^^^^^^^^^^^^^ unreachable call
[INFO] [stdout] 
[INFO] [stdout] 
[INFO] [stdout] error[E0599]: no method named `write_variables` found for type `!` in the current scope
[INFO] [stdout]    --> examples/nats_consumer.rs:171:18
[INFO] [stdout]     |
[INFO] [stdout] 171 |     provider_con.write_variables(&write_vars_cmd).await?;
[INFO] [stdout]     |                  ^^^^^^^^^^^^^^^ method not found in `!`
[INFO] [stdout] 
[INFO] [stdout] 
[INFO] [stdout] warning: unreachable expression
[INFO] [stdout]    --> examples/nats_consumer.rs:171:34
[INFO] [stdout]     |
[INFO] [stdout] 171 |     provider_con.write_variables(&write_vars_cmd).await?;
[INFO] [stdout]     |     ------------                 ^^^^^^^^^^^^^^^ unreachable expression
[INFO] [stdout]     |     |
[INFO] [stdout]     |     any code following this expression is unreachable
[INFO] [stdout] 
[INFO] [stdout] 
[INFO] [stdout] Some errors have detailed explanations: E0599, E0603.
[INFO] [stdout] 
[INFO] [stdout] For more information about an error, try `rustc --explain E0599`.
[INFO] [stdout] 
[INFO] [stderr] error: could not compile `u-os-hub-client` (example "nats_consumer") due to 26 previous errors; 20 warnings emitted
[INFO] running `Command { std: "docker" "inspect" "d9c61e3d780972b00747fbaa594c627e5dadd6533d4c03ee31d62d59859fdd78", kill_on_drop: false }`
[INFO] running `Command { std: "docker" "rm" "-f" "d9c61e3d780972b00747fbaa594c627e5dadd6533d4c03ee31d62d59859fdd78", kill_on_drop: false }`
[INFO] [stdout] d9c61e3d780972b00747fbaa594c627e5dadd6533d4c03ee31d62d59859fdd78
