[INFO] fetching crate turn-client-dimpl 0.2.0...
[INFO] testing turn-client-dimpl-0.2.0 against 1.100.0-beta.1 for beta-1.100-2
[INFO] extracting crate turn-client-dimpl 0.2.0 into /workspace/builds/worker-7-tc2/source
[INFO] started tweaking crates.io crate turn-client-dimpl 0.2.0
[INFO] removed 0 missing tests
[INFO] finished tweaking crates.io crate turn-client-dimpl 0.2.0
[INFO] tweaked toml for crates.io crate turn-client-dimpl 0.2.0 written to /workspace/builds/worker-7-tc2/source/Cargo.toml
[INFO] validating manifest of crates.io crate turn-client-dimpl 0.2.0 on toolchain 1.100.0-beta.1
[INFO] running `Command { std: CARGO_HOME="/workspace/cargo-home" RUSTUP_HOME="/workspace/rustup-home" "/workspace/cargo-home/bin/cargo" "+1.100.0-beta.1" "metadata" "--manifest-path" "Cargo.toml" "--no-deps", kill_on_drop: false }`
[INFO] crate crates.io crate turn-client-dimpl 0.2.0 already has a lockfile, it will not be regenerated
[INFO] running `Command { std: CARGO_HOME="/workspace/cargo-home" RUSTUP_HOME="/workspace/rustup-home" "/workspace/cargo-home/bin/cargo" "+1.100.0-beta.1" "fetch" "--manifest-path" "Cargo.toml", kill_on_drop: false }`
[INFO] running `Command { std: "docker" "create" "-v" "/var/lib/crater-agent-workspace/builds/worker-7-tc2/source:/opt/rustwide/workdir:ro,Z" "-v" "/var/lib/crater-agent-workspace/builds/worker-7-tc2/target:/opt/rustwide/target:rw,Z" "-v" "/var/lib/crater-agent-workspace/cargo-home:/opt/rustwide/cargo-home:ro,Z" "-v" "/var/lib/crater-agent-workspace/rustup-home:/opt/rustwide/rustup-home:ro,Z" "-m" "1610612736" "--network" "none" "ghcr.io/rust-lang/crates-build-env/linux@sha256:3111399a4047eeb3a02b7a90e478d715f38a8c6669b5c4b49d30a17385265909" "sleep" "infinity", kill_on_drop: false }`
[INFO] [stdout] c8c8973a1d51765cf0db1823b1c76b42ec2d53331b73b1fc756feb4443e816af
[INFO] running `Command { std: "docker" "start" "c8c8973a1d51765cf0db1823b1c76b42ec2d53331b73b1fc756feb4443e816af", kill_on_drop: false }`
[INFO] running `Command { std: "docker" "inspect" "c8c8973a1d51765cf0db1823b1c76b42ec2d53331b73b1fc756feb4443e816af", kill_on_drop: false }`
[INFO] running `Command { std: "docker" "exec" "-e" "SOURCE_DIR=/opt/rustwide/workdir" "-e" "CARGO_HOME=/opt/rustwide/cargo-home" "-e" "RUSTUP_HOME=/opt/rustwide/rustup-home" "-e" "CARGO_TARGET_DIR=/opt/rustwide/target" "-w" "/opt/rustwide/workdir" "--user" "0:0" "c8c8973a1d51765cf0db1823b1c76b42ec2d53331b73b1fc756feb4443e816af" "/opt/rustwide/cargo-home/bin/cargo" "+1.100.0-beta.1" "metadata" "--no-deps" "--format-version=1", kill_on_drop: false }`
[INFO] running `Command { std: "docker" "inspect" "c8c8973a1d51765cf0db1823b1c76b42ec2d53331b73b1fc756feb4443e816af", kill_on_drop: false }`
[INFO] running `Command { std: "docker" "exec" "-e" "SOURCE_DIR=/opt/rustwide/workdir" "-e" "CARGO_HOME=/opt/rustwide/cargo-home" "-e" "RUSTUP_HOME=/opt/rustwide/rustup-home" "-e" "CARGO_TARGET_DIR=/opt/rustwide/target" "-e" "CARGO_INCREMENTAL=0" "-e" "RUST_BACKTRACE=full" "-e" "RUSTFLAGS=--cap-lints=warn" "-e" "RUSTDOCFLAGS=--cap-lints=warn" "-w" "/opt/rustwide/workdir" "--user" "0:0" "c8c8973a1d51765cf0db1823b1c76b42ec2d53331b73b1fc756feb4443e816af" "/opt/rustwide/cargo-home/bin/cargo" "+1.100.0-beta.1" "build" "--frozen" "--message-format=json", kill_on_drop: false }`
[INFO] [stderr]    Compiling libc v0.2.189
[INFO] [stderr]    Compiling subtle v2.6.1
[INFO] [stderr]    Compiling zerocopy v0.8.55
[INFO] [stderr]    Compiling base64ct v1.8.3
[INFO] [stderr]    Compiling generic-array v0.14.7
[INFO] [stderr]    Compiling fs_extra v1.3.0
[INFO] [stderr]    Compiling dunce v1.0.5
[INFO] [stderr]    Compiling const-oid v0.9.6
[INFO] [stderr]    Compiling thiserror v2.0.19
[INFO] [stderr]    Compiling flagset v0.4.7
[INFO] [stderr]    Compiling crc-catalog v2.5.0
[INFO] [stderr]    Compiling tracing-core v0.1.36
[INFO] [stderr]    Compiling byteorder v1.5.0
[INFO] [stderr]    Compiling syn v2.0.119
[INFO] [stderr]    Compiling num-conv v0.1.0
[INFO] [stderr]    Compiling crc v3.4.0
[INFO] [stderr]    Compiling aws-lc-rs v1.17.3
[INFO] [stderr]    Compiling time-core v0.1.7
[INFO] [stderr]    Compiling sans-io-time v0.2.0
[INFO] [stderr]    Compiling rustls-pki-types v1.15.1
[INFO] [stderr]    Compiling base16ct v0.2.0
[INFO] [stderr]    Compiling time v0.3.45
[INFO] [stderr]    Compiling nom v8.0.0
[INFO] [stderr]    Compiling signature v2.2.0
[INFO] [stderr]    Compiling arrayvec v0.7.8
[INFO] [stderr]    Compiling pem-rfc7468 v0.7.0
[INFO] [stderr]    Compiling crypto-common v0.1.7
[INFO] [stderr]    Compiling block-buffer v0.10.4
[INFO] [stderr]    Compiling inout v0.1.4
[INFO] [stderr]    Compiling digest v0.10.7
[INFO] [stderr]    Compiling cipher v0.4.4
[INFO] [stderr]    Compiling aead v0.5.2
[INFO] [stderr]    Compiling sha1 v0.10.7
[INFO] [stderr]    Compiling sha2 v0.10.9
[INFO] [stderr]    Compiling hmac v0.12.1
[INFO] [stderr]    Compiling md-5 v0.10.6
[INFO] [stderr]    Compiling ctr v0.9.2
[INFO] [stderr]    Compiling aes v0.8.4
[INFO] [stderr]    Compiling ccm v0.5.0
[INFO] [stderr]    Compiling jobserver v0.1.35
[INFO] [stderr]    Compiling cc v1.4.0
[INFO] [stderr]    Compiling getrandom v0.3.4
[INFO] [stderr]    Compiling yasna v0.5.2
[INFO] [stderr]    Compiling rand_core v0.9.5
[INFO] [stderr]    Compiling cmake v0.1.58
[INFO] [stderr]    Compiling aws-lc-sys v0.43.0
[INFO] [stderr]    Compiling der_derive v0.7.3
[INFO] [stderr]    Compiling tracing-attributes v0.1.31
[INFO] [stderr]    Compiling ppv-lite86 v0.2.21
[INFO] [stderr]    Compiling rand_chacha v0.9.0
[INFO] [stderr]    Compiling rand v0.9.5
[INFO] [stderr]    Compiling der v0.7.10
[INFO] [stderr]    Compiling tracing v0.1.44
[INFO] [stderr]    Compiling stun-types v2.0.2
[INFO] [stderr]    Compiling spki v0.7.3
[INFO] [stderr]    Compiling sec1 v0.7.3
[INFO] [stderr]    Compiling pkcs8 v0.10.2
[INFO] [stderr]    Compiling x509-cert v0.2.5
[INFO] [stderr]    Compiling stun-proto v2.0.2
[INFO] [stderr]    Compiling turn-types v0.7.2
[INFO] [stderr]    Compiling turn-client-proto v0.7.2
[INFO] [stderr]    Compiling rcgen v0.14.7
[INFO] [stderr]    Compiling dimpl v0.7.2
[INFO] [stderr]    Compiling turn-client-dimpl v0.2.0 (/opt/rustwide/workdir)
[INFO] [stderr]     Finished `dev` profile [unoptimized + debuginfo] target(s) in 36.57s
[INFO] running `Command { std: "docker" "inspect" "c8c8973a1d51765cf0db1823b1c76b42ec2d53331b73b1fc756feb4443e816af", kill_on_drop: false }`
[INFO] running `Command { std: "docker" "exec" "-e" "SOURCE_DIR=/opt/rustwide/workdir" "-e" "CARGO_HOME=/opt/rustwide/cargo-home" "-e" "RUSTUP_HOME=/opt/rustwide/rustup-home" "-e" "CARGO_TARGET_DIR=/opt/rustwide/target" "-e" "CARGO_INCREMENTAL=0" "-e" "RUST_BACKTRACE=full" "-e" "RUSTFLAGS=--cap-lints=warn" "-e" "RUSTDOCFLAGS=--cap-lints=warn" "-w" "/opt/rustwide/workdir" "--user" "0:0" "c8c8973a1d51765cf0db1823b1c76b42ec2d53331b73b1fc756feb4443e816af" "/opt/rustwide/cargo-home/bin/cargo" "+1.100.0-beta.1" "test" "--frozen" "--no-run" "--message-format=json", kill_on_drop: false }`
[INFO] [stderr]    Compiling tracing-core v0.1.36
[INFO] [stderr]    Compiling log v0.4.33
[INFO] [stderr]    Compiling thread_local v1.1.10
[INFO] [stderr]    Compiling nu-ansi-term v0.50.3
[INFO] [stderr]    Compiling sharded-slab v0.1.7
[INFO] [stderr]    Compiling dimpl v0.7.2
[INFO] [stderr]    Compiling tracing v0.1.44
[INFO] [stderr]    Compiling tracing-log v0.2.0
[INFO] [stderr]    Compiling stun-types v2.0.2
[INFO] [stderr]    Compiling tracing-subscriber v0.3.23
[INFO] [stderr]    Compiling stun-proto v2.0.2
[INFO] [stderr]    Compiling turn-types v0.7.2
[INFO] [stderr]    Compiling turn-client-proto v0.7.2
[INFO] [stderr]    Compiling turn-client-dimpl v0.2.0 (/opt/rustwide/workdir)
[INFO] [stdout] error[E0433]: cannot find module or crate `turn_server_dimpl` in this scope
[INFO] [stdout]   --> tests/dimpl.rs:19:5
[INFO] [stdout]    |
[INFO] [stdout] 19 | use turn_server_dimpl::api::TurnServerApi;
[INFO] [stdout]    |     ^^^^^^^^^^^^^^^^^ use of unresolved module or unlinked crate `turn_server_dimpl`
[INFO] [stdout]    |
[INFO] [stdout]    = help: if you wanted to use a crate named `turn_server_dimpl`, use `cargo add turn_server_dimpl` to add it to your `Cargo.toml`
[INFO] [stdout] 
[INFO] [stdout] 
[INFO] [stdout] error[E0432]: unresolved import `api_tests`
[INFO] [stdout]   --> tests/dimpl.rs:34:5
[INFO] [stdout]    |
[INFO] [stdout] 34 | use api_tests::*;
[INFO] [stdout]    |     ^^^^^^^^^ use of unresolved module or unlinked crate `api_tests`
[INFO] [stdout]    |
[INFO] [stdout]    = help: if you wanted to use a crate named `api_tests`, use `cargo add api_tests` to add it to your `Cargo.toml`
[INFO] [stdout] 
[INFO] [stdout] 
[INFO] [stdout] error[E0432]: unresolved import `turn_server_dimpl`
[INFO] [stdout]   --> tests/dimpl.rs:20:5
[INFO] [stdout]    |
[INFO] [stdout] 20 | use turn_server_dimpl::DimplTurnServer;
[INFO] [stdout]    |     ^^^^^^^^^^^^^^^^^ use of unresolved module or unlinked crate `turn_server_dimpl`
[INFO] [stdout]    |
[INFO] [stdout]    = help: if you wanted to use a crate named `turn_server_dimpl`, use `cargo add turn_server_dimpl` to add it to your `Cargo.toml`
[INFO] [stdout] 
[INFO] [stdout] 
[INFO] [stdout] Some errors have detailed explanations: E0432, E0433.
[INFO] [stdout] 
[INFO] [stdout] For more information about an error, try `rustc --explain E0432`.
[INFO] [stdout] 
[INFO] [stderr] error: could not compile `turn-client-dimpl` (test "dimpl") due to 3 previous errors
[INFO] [stderr] warning: build failed, waiting for other jobs to finish...
[INFO] running `Command { std: "docker" "inspect" "c8c8973a1d51765cf0db1823b1c76b42ec2d53331b73b1fc756feb4443e816af", kill_on_drop: false }`
[INFO] running `Command { std: "docker" "rm" "-f" "c8c8973a1d51765cf0db1823b1c76b42ec2d53331b73b1fc756feb4443e816af", kill_on_drop: false }`
[INFO] [stdout] c8c8973a1d51765cf0db1823b1c76b42ec2d53331b73b1fc756feb4443e816af
