[INFO] fetching crate turbospark-runtime 0.1.0...
[INFO] testing turbospark-runtime-0.1.0 against 1.100.0-beta.1 for beta-1.100-2
[INFO] extracting crate turbospark-runtime 0.1.0 into /workspace/builds/worker-0-tc2/source
[INFO] started tweaking crates.io crate turbospark-runtime 0.1.0
[INFO] removed 0 missing tests
[INFO] finished tweaking crates.io crate turbospark-runtime 0.1.0
[INFO] tweaked toml for crates.io crate turbospark-runtime 0.1.0 written to /workspace/builds/worker-0-tc2/source/Cargo.toml
[INFO] validating manifest of crates.io crate turbospark-runtime 0.1.0 on toolchain 1.100.0-beta.1
[INFO] running `Command { std: CARGO_HOME="/workspace/cargo-home" RUSTUP_HOME="/workspace/rustup-home" "/workspace/cargo-home/bin/cargo" "+1.100.0-beta.1" "metadata" "--manifest-path" "Cargo.toml" "--no-deps", kill_on_drop: false }`
[INFO] crate crates.io crate turbospark-runtime 0.1.0 already has a lockfile, it will not be regenerated
[INFO] running `Command { std: CARGO_HOME="/workspace/cargo-home" RUSTUP_HOME="/workspace/rustup-home" "/workspace/cargo-home/bin/cargo" "+1.100.0-beta.1" "fetch" "--manifest-path" "Cargo.toml", kill_on_drop: false }`
[INFO] running `Command { std: "docker" "create" "-v" "/var/lib/crater-agent-workspace/builds/worker-0-tc2/source:/opt/rustwide/workdir:ro,Z" "-v" "/var/lib/crater-agent-workspace/builds/worker-0-tc2/target:/opt/rustwide/target:rw,Z" "-v" "/var/lib/crater-agent-workspace/cargo-home:/opt/rustwide/cargo-home:ro,Z" "-v" "/var/lib/crater-agent-workspace/rustup-home:/opt/rustwide/rustup-home:ro,Z" "-m" "1610612736" "--network" "none" "ghcr.io/rust-lang/crates-build-env/linux@sha256:3111399a4047eeb3a02b7a90e478d715f38a8c6669b5c4b49d30a17385265909" "sleep" "infinity", kill_on_drop: false }`
[INFO] [stdout] c7b1535bf587a7ba36341fa37aa8b555709735f5bf689d7ef018b29a43cf81d5
[INFO] running `Command { std: "docker" "start" "c7b1535bf587a7ba36341fa37aa8b555709735f5bf689d7ef018b29a43cf81d5", kill_on_drop: false }`
[INFO] running `Command { std: "docker" "inspect" "c7b1535bf587a7ba36341fa37aa8b555709735f5bf689d7ef018b29a43cf81d5", kill_on_drop: false }`
[INFO] running `Command { std: "docker" "exec" "-e" "SOURCE_DIR=/opt/rustwide/workdir" "-e" "CARGO_HOME=/opt/rustwide/cargo-home" "-e" "RUSTUP_HOME=/opt/rustwide/rustup-home" "-e" "CARGO_TARGET_DIR=/opt/rustwide/target" "-w" "/opt/rustwide/workdir" "--user" "0:0" "c7b1535bf587a7ba36341fa37aa8b555709735f5bf689d7ef018b29a43cf81d5" "/opt/rustwide/cargo-home/bin/cargo" "+1.100.0-beta.1" "metadata" "--no-deps" "--format-version=1", kill_on_drop: false }`
[INFO] running `Command { std: "docker" "inspect" "c7b1535bf587a7ba36341fa37aa8b555709735f5bf689d7ef018b29a43cf81d5", kill_on_drop: false }`
[INFO] running `Command { std: "docker" "exec" "-e" "SOURCE_DIR=/opt/rustwide/workdir" "-e" "CARGO_HOME=/opt/rustwide/cargo-home" "-e" "RUSTUP_HOME=/opt/rustwide/rustup-home" "-e" "CARGO_TARGET_DIR=/opt/rustwide/target" "-e" "CARGO_INCREMENTAL=0" "-e" "RUST_BACKTRACE=full" "-e" "RUSTFLAGS=--cap-lints=warn" "-e" "RUSTDOCFLAGS=--cap-lints=warn" "-w" "/opt/rustwide/workdir" "--user" "0:0" "c7b1535bf587a7ba36341fa37aa8b555709735f5bf689d7ef018b29a43cf81d5" "/opt/rustwide/cargo-home/bin/cargo" "+1.100.0-beta.1" "build" "--frozen" "--message-format=json", kill_on_drop: false }`
[INFO] [stderr]    Compiling zerocopy v0.8.55
[INFO] [stderr]    Compiling memchr v2.8.3
[INFO] [stderr]    Compiling crossbeam-epoch v0.9.20
[INFO] [stderr]    Compiling serde_core v1.0.229
[INFO] [stderr]    Compiling libc v0.2.189
[INFO] [stderr]    Compiling crossbeam-deque v0.8.7
[INFO] [stderr]    Compiling cc v1.4.0
[INFO] [stderr]    Compiling serde v1.0.229
[INFO] [stderr]    Compiling either v1.17.0
[INFO] [stderr]    Compiling serde_json v1.0.151
[INFO] [stderr]    Compiling syn v2.0.119
[INFO] [stderr]    Compiling syn v3.0.3
[INFO] [stderr]    Compiling esaxx-rs v0.1.10
[INFO] [stderr]    Compiling memo-map v0.3.3
[INFO] [stderr]    Compiling pastey v0.2.3
[INFO] [stderr]    Compiling base64 v0.13.1
[INFO] [stderr]    Compiling macro_rules_attribute-proc_macro v0.2.3
[INFO] [stderr]    Compiling bitflags v2.13.1
[INFO] [stderr]    Compiling unicode-normalization-alignments v0.1.12
[INFO] [stderr]    Compiling log v0.4.33
[INFO] [stderr]    Compiling itertools v0.11.0
[INFO] [stderr]    Compiling itertools v0.12.1
[INFO] [stderr]    Compiling macro_rules_attribute v0.2.3
[INFO] [stderr]    Compiling rayon-core v1.13.0
[INFO] [stderr]    Compiling aho-corasick v1.1.5
[INFO] [stderr]    Compiling nom v7.1.3
[INFO] [stderr]    Compiling rayon v1.12.0
[INFO] [stderr]    Compiling getrandom v0.2.17
[INFO] [stderr]    Compiling onig_sys v69.9.3
[INFO] [stderr]    Compiling rand_core v0.6.4
[INFO] [stderr]    Compiling regex-automata v0.4.18
[INFO] [stderr]    Compiling serde_derive v1.0.229
[INFO] [stderr]    Compiling darling_core v0.20.11
[INFO] [stderr]    Compiling rayon-cond v0.3.0
[INFO] [stderr]    Compiling zerocopy-derive v0.8.55
[INFO] [stderr]    Compiling monostate-impl v0.1.18
[INFO] [stderr]    Compiling thiserror-impl v1.0.69
[INFO] [stderr]    Compiling regex v1.13.1
[INFO] [stderr]    Compiling monostate v0.1.18
[INFO] [stderr]    Compiling thiserror v1.0.69
[INFO] [stderr]    Compiling darling_macro v0.20.11
[INFO] [stderr]    Compiling darling v0.20.11
[INFO] [stderr]    Compiling derive_builder_core v0.20.2
[INFO] [stderr]    Compiling spm_precompiled v0.1.4
[INFO] [stderr]    Compiling minijinja v2.22.0
[INFO] [stderr]    Compiling derive_builder_macro v0.20.2
[INFO] [stderr]    Compiling derive_builder v0.20.2
[INFO] [stderr]    Compiling onig v6.5.3
[INFO] [stderr]    Compiling ppv-lite86 v0.2.21
[INFO] [stderr]    Compiling half v2.7.1
[INFO] [stderr]    Compiling rand_chacha v0.3.1
[INFO] [stderr]    Compiling turbospark-core v0.1.0
[INFO] [stderr]    Compiling turbospark-selection v0.1.0
[INFO] [stderr]    Compiling rand v0.8.7
[INFO] [stderr]    Compiling minijinja-contrib v2.22.0
[INFO] [stderr]    Compiling tokenizers v0.20.4
[INFO] [stderr]    Compiling turbospark-tokenizer v0.1.0
[INFO] [stderr]    Compiling turbospark-runtime v0.1.0 (/opt/rustwide/workdir)
[INFO] [stdout] warning: function `mapped_expert_count_matches` is never used
[INFO] [stdout]  --> src/expert_layout_validation.rs:2:15
[INFO] [stdout]   |
[INFO] [stdout] 2 | pub(crate) fn mapped_expert_count_matches(
[INFO] [stdout]   |               ^^^^^^^^^^^^^^^^^^^^^^^^^^^
[INFO] [stdout]   |
[INFO] [stdout]   = note: `#[warn(dead_code)]` (part of `#[warn(unused)]`) on by default
[INFO] [stdout] 
[INFO] [stdout] 
[INFO] [stderr]     Finished `dev` profile [unoptimized + debuginfo] target(s) in 26.69s
[INFO] running `Command { std: "docker" "inspect" "c7b1535bf587a7ba36341fa37aa8b555709735f5bf689d7ef018b29a43cf81d5", kill_on_drop: false }`
[INFO] running `Command { std: "docker" "exec" "-e" "SOURCE_DIR=/opt/rustwide/workdir" "-e" "CARGO_HOME=/opt/rustwide/cargo-home" "-e" "RUSTUP_HOME=/opt/rustwide/rustup-home" "-e" "CARGO_TARGET_DIR=/opt/rustwide/target" "-e" "CARGO_INCREMENTAL=0" "-e" "RUST_BACKTRACE=full" "-e" "RUSTFLAGS=--cap-lints=warn" "-e" "RUSTDOCFLAGS=--cap-lints=warn" "-w" "/opt/rustwide/workdir" "--user" "0:0" "c7b1535bf587a7ba36341fa37aa8b555709735f5bf689d7ef018b29a43cf81d5" "/opt/rustwide/cargo-home/bin/cargo" "+1.100.0-beta.1" "test" "--frozen" "--no-run" "--message-format=json", kill_on_drop: false }`
[INFO] [stderr]    Compiling smallvec v1.15.2
[INFO] [stderr]    Compiling futures-core v0.3.33
[INFO] [stderr]    Compiling futures-sink v0.3.33
[INFO] [stderr]    Compiling ring v0.17.14
[INFO] [stderr]    Compiling syn v2.0.119
[INFO] [stderr]    Compiling syn v3.0.3
[INFO] [stderr]    Compiling mio v1.2.2
[INFO] [stderr]    Compiling zeroize v1.9.0
[INFO] [stderr]    Compiling serde_json v1.0.151
[INFO] [stderr]    Compiling http-body v1.1.0
[INFO] [stderr]    Compiling rustls v0.23.43
[INFO] [stderr]    Compiling aho-corasick v1.1.5
[INFO] [stderr]    Compiling subtle v2.6.1
[INFO] [stderr]    Compiling tracing v0.1.44
[INFO] [stderr]    Compiling ipnet v2.12.1
[INFO] [stderr]    Compiling sha2 v0.10.9
[INFO] [stderr]    Compiling memmap2 v0.9.11
[INFO] [stderr]    Compiling futures-util v0.3.33
[INFO] [stderr]    Compiling futures-channel v0.3.33
[INFO] [stderr]    Compiling sync_wrapper v1.0.2
[INFO] [stderr]    Compiling unicode-normalization-alignments v0.1.12
[INFO] [stderr]    Compiling http-body-util v0.1.4
[INFO] [stderr]    Compiling rustls-pki-types v1.15.1
[INFO] [stderr]    Compiling tokio v1.53.1
[INFO] [stderr]    Compiling webpki-roots v1.0.9
[INFO] [stderr]    Compiling regex-automata v0.4.18
[INFO] [stderr]    Compiling regex v1.13.1
[INFO] [stderr]    Compiling synstructure v0.13.2
[INFO] [stderr]    Compiling darling_core v0.20.11
[INFO] [stderr]    Compiling displaydoc v0.2.7
[INFO] [stderr]    Compiling serde_derive v1.0.229
[INFO] [stderr]    Compiling zerofrom-derive v0.1.7
[INFO] [stderr]    Compiling yoke-derive v0.8.2
[INFO] [stderr]    Compiling zerovec-derive v0.11.3
[INFO] [stderr]    Compiling zerocopy-derive v0.8.55
[INFO] [stderr]    Compiling thiserror-impl v1.0.69
[INFO] [stderr]    Compiling monostate-impl v0.1.18
[INFO] [stderr]    Compiling monostate v0.1.18
[INFO] [stderr]    Compiling rustls-webpki v0.103.13
[INFO] [stderr]    Compiling thiserror v1.0.69
[INFO] [stderr]    Compiling zerofrom v0.1.8
[INFO] [stderr]    Compiling yoke v0.8.3
[INFO] [stderr]    Compiling hyper v1.11.0
[INFO] [stderr]    Compiling tower v0.5.3
[INFO] [stderr]    Compiling zerovec v0.11.6
[INFO] [stderr]    Compiling zerotrie v0.2.4
[INFO] [stderr]    Compiling darling_macro v0.20.11
[INFO] [stderr]    Compiling zerocopy v0.8.55
[INFO] [stderr]    Compiling darling v0.20.11
[INFO] [stderr]    Compiling derive_builder_core v0.20.2
[INFO] [stderr]    Compiling tinystr v0.8.3
[INFO] [stderr]    Compiling potential_utf v0.1.5
[INFO] [stderr]    Compiling icu_collections v2.2.0
[INFO] [stderr]    Compiling icu_locale_core v2.2.0
[INFO] [stderr]    Compiling hyper-util v0.1.20
[INFO] [stderr]    Compiling serde v1.0.229
[INFO] [stderr]    Compiling derive_builder_macro v0.20.2
[INFO] [stderr]    Compiling derive_builder v0.20.2
[INFO] [stderr]    Compiling spm_precompiled v0.1.4
[INFO] [stderr]    Compiling minijinja v2.22.0
[INFO] [stderr]    Compiling serde_urlencoded v0.7.1
[INFO] [stderr]    Compiling icu_provider v2.2.0
[INFO] [stderr]    Compiling icu_normalizer v2.2.0
[INFO] [stderr]    Compiling icu_properties v2.2.0
[INFO] [stderr]    Compiling idna_adapter v1.2.2
[INFO] [stderr]    Compiling idna v1.1.0
[INFO] [stderr]    Compiling url v2.5.8
[INFO] [stderr]    Compiling tower-http v0.6.11
[INFO] [stderr]    Compiling half v2.7.1
[INFO] [stderr]    Compiling ppv-lite86 v0.2.21
[INFO] [stderr]    Compiling rand_chacha v0.3.1
[INFO] [stderr]    Compiling turbospark-core v0.1.0
[INFO] [stderr]    Compiling turbospark-compute v0.1.0
[INFO] [stderr]    Compiling turbospark-selection v0.1.0
[INFO] [stderr]    Compiling turbospark-model-io v0.1.0
[INFO] [stderr]    Compiling rand v0.8.7
[INFO] [stderr]    Compiling tokio-rustls v0.26.4
[INFO] [stderr]    Compiling hyper-rustls v0.27.9
[INFO] [stderr]    Compiling reqwest v0.12.28
[INFO] [stderr]    Compiling tokenizers v0.20.4
[INFO] [stderr]    Compiling minijinja-contrib v2.22.0
[INFO] [stderr]    Compiling turbospark-repack v0.1.0
[INFO] [stderr]    Compiling turbospark-tokenizer v0.1.0
[INFO] [stderr]    Compiling turbospark-runtime v0.1.0 (/opt/rustwide/workdir)
[INFO] [stdout] warning: function `mapped_expert_count_matches` is never used
[INFO] [stdout]  --> src/expert_layout_validation.rs:2:15
[INFO] [stdout]   |
[INFO] [stdout] 2 | pub(crate) fn mapped_expert_count_matches(
[INFO] [stdout]   |               ^^^^^^^^^^^^^^^^^^^^^^^^^^^
[INFO] [stdout]   |
[INFO] [stdout]   = note: `#[warn(dead_code)]` (part of `#[warn(unused)]`) on by default
[INFO] [stdout] 
[INFO] [stdout] 
[INFO] [stdout] error[E0432]: unresolved imports `turbospark_runtime::RealForwardRunner`, `turbospark_runtime::SteeringPolicy`
[INFO] [stdout]    --> tests/real_forward_qwen35_steered_batched.rs:28:41
[INFO] [stdout]     |
[INFO] [stdout]  28 | use turbospark_runtime::{LogitProducer, RealForwardRunner, SteeringPolicy};
[INFO] [stdout]     |                                         ^^^^^^^^^^^^^^^^^  ^^^^^^^^^^^^^^ no `SteeringPolicy` in the root
[INFO] [stdout]     |                                         |
[INFO] [stdout]     |                                         no `RealForwardRunner` in the root
[INFO] [stdout]     |
[INFO] [stdout] note: found an item that was configured out
[INFO] [stdout]    --> src/lib.rs:118:63
[INFO] [stdout]     |
[INFO] [stdout] 116 | #[cfg(target_os = "macos")]
[INFO] [stdout]     |       ------------------- the item is gated behind the `macos` feature
[INFO] [stdout] 117 | pub use real_forward::{
[INFO] [stdout] 118 |     dispatch_profile_report, PhaseCounters, RealForwardError, RealForwardRunner, RollbackPoint,
[INFO] [stdout]     |                                                               ^^^^^^^^^^^^^^^^^
[INFO] [stdout] note: found an item that was configured out
[INFO] [stdout]    --> src/lib.rs:136:20
[INFO] [stdout]     |
[INFO] [stdout] 135 | #[cfg(target_os = "macos")]
[INFO] [stdout]     |       ------------------- the item is gated behind the `macos` feature
[INFO] [stdout] 136 | pub use steering::{SteeringPolicy, SteeringVector, MAX_STEER_ROWS};
[INFO] [stdout]     |                    ^^^^^^^^^^^^^^
[INFO] [stdout] 
[INFO] [stdout] 
[INFO] [stdout] error[E0432]: unresolved import `half`
[INFO] [stdout]   --> tests/real_forward_qwen35_steered_batched.rs:25:5
[INFO] [stdout]    |
[INFO] [stdout] 25 | use half::f16;
[INFO] [stdout]    |     ^^^^ use of unresolved module or unlinked crate `half`
[INFO] [stdout]    |
[INFO] [stdout]    = help: if you wanted to use a crate named `half`, use `cargo add half` to add it to your `Cargo.toml`
[INFO] [stdout] 
[INFO] [stdout] 
[INFO] [stdout] error[E0432]: unresolved import `model_io`
[INFO] [stdout]   --> tests/real_forward_qwen35_steered_batched.rs:26:5
[INFO] [stdout]    |
[INFO] [stdout] 26 | use model_io::{LayerDirection, SteeringSet};
[INFO] [stdout]    |     ^^^^^^^^ use of unresolved module or unlinked crate `model_io`
[INFO] [stdout]    |
[INFO] [stdout]    = help: if you wanted to use a crate named `model_io`, use `cargo add model_io` to add it to your `Cargo.toml`
[INFO] [stdout] 
[INFO] [stdout] 
[INFO] [stdout] error[E0432]: unresolved import `turbospark_runtime::RealForwardRunner`
[INFO] [stdout]    --> tests/qwen3vl_vision.rs:45:48
[INFO] [stdout]     |
[INFO] [stdout]  45 | use turbospark_runtime::{ChunkedPrefillRunner, RealForwardRunner};
[INFO] [stdout]     |                                                ^^^^^^^^^^^^^^^^^ no `RealForwardRunner` in the root
[INFO] [stdout]     |
[INFO] [stdout] note: found an item that was configured out
[INFO] [stdout]    --> src/lib.rs:118:63
[INFO] [stdout]     |
[INFO] [stdout] 116 | #[cfg(target_os = "macos")]
[INFO] [stdout]     |       ------------------- the item is gated behind the `macos` feature
[INFO] [stdout] 117 | pub use real_forward::{
[INFO] [stdout] 118 |     dispatch_profile_report, PhaseCounters, RealForwardError, RealForwardRunner, RollbackPoint,
[INFO] [stdout]     |                                                               ^^^^^^^^^^^^^^^^^
[INFO] [stdout] 
[INFO] [stdout] 
[INFO] [stdout] error[E0432]: unresolved import `half`
[INFO] [stdout]   --> tests/qwen3vl_vision.rs:43:5
[INFO] [stdout]    |
[INFO] [stdout] 43 | use half::f16;
[INFO] [stdout]    |     ^^^^ use of unresolved module or unlinked crate `half`
[INFO] [stdout]    |
[INFO] [stdout]    = help: if you wanted to use a crate named `half`, use `cargo add half` to add it to your `Cargo.toml`
[INFO] [stdout] 
[INFO] [stdout] 
[INFO] [stdout] error[E0432]: unresolved import `turbospark_vision_io`
[INFO] [stdout]   --> tests/qwen3vl_vision.rs:47:5
[INFO] [stdout]    |
[INFO] [stdout] 47 | use turbospark_vision_io::{
[INFO] [stdout]    |     ^^^^^^^^^^^^^^^^^^^^ use of unresolved module or unlinked crate `turbospark_vision_io`
[INFO] [stdout]    |
[INFO] [stdout]    = help: if you wanted to use a crate named `turbospark_vision_io`, use `cargo add turbospark_vision_io` to add it to your `Cargo.toml`
[INFO] [stdout] 
[INFO] [stdout] 
[INFO] [stdout] error[E0433]: cannot find `RealForwardRunner` in `turbospark_runtime`
[INFO] [stdout]    --> tests/qwen3vl_vision.rs:111:25
[INFO] [stdout]     |
[INFO] [stdout] 111 |     turbospark_runtime::RealForwardRunner::open(dir, arch).expect("open install")
[INFO] [stdout]     |                         ^^^^^^^^^^^^^^^^^ could not find `RealForwardRunner` in `turbospark_runtime`
[INFO] [stdout]     |
[INFO] [stdout] note: found an item that was configured out
[INFO] [stdout]    --> src/lib.rs:118:63
[INFO] [stdout]     |
[INFO] [stdout] 116 | #[cfg(target_os = "macos")]
[INFO] [stdout]     |       ------------------- the item is gated behind the `macos` feature
[INFO] [stdout] 117 | pub use real_forward::{
[INFO] [stdout] 118 |     dispatch_profile_report, PhaseCounters, RealForwardError, RealForwardRunner, RollbackPoint,
[INFO] [stdout]     |                                                               ^^^^^^^^^^^^^^^^^
[INFO] [stdout] 
[INFO] [stdout] 
[INFO] [stdout] error[E0433]: cannot find `ExpertCacheSlots` in `turbospark_runtime`
[INFO] [stdout]    --> tests/real_forward_qwen35_steered_batched.rs:114:29
[INFO] [stdout]     |
[INFO] [stdout] 114 |         turbospark_runtime::ExpertCacheSlots::Fixed(8),
[INFO] [stdout]     |                             ^^^^^^^^^^^^^^^^ could not find `ExpertCacheSlots` in `turbospark_runtime`
[INFO] [stdout]     |
[INFO] [stdout] note: found an item that was configured out
[INFO] [stdout]    --> src/lib.rs:89:51
[INFO] [stdout]     |
[INFO] [stdout]  83 | #[cfg(target_os = "macos")]
[INFO] [stdout]     |       ------------------- the item is gated behind the `macos` feature
[INFO] [stdout] ...
[INFO] [stdout]  89 |     ContextPlan, ContextRefused, ContextTooLarge, ExpertCacheSlots, ExpertResidency, GuardBudget,
[INFO] [stdout]     |                                                   ^^^^^^^^^^^^^^^^
[INFO] [stdout] 
[INFO] [stdout] 
[INFO] [stdout] error[E0433]: cannot find module or crate `model_io` in this scope
[INFO] [stdout]    --> tests/qwen3vl_vision.rs:179:5
[INFO] [stdout]     |
[INFO] [stdout] 179 |     model_io::hash_data(&bytes)[..8].to_string()
[INFO] [stdout]     |     ^^^^^^^^ use of unresolved module or unlinked crate `model_io`
[INFO] [stdout]     |
[INFO] [stdout]     = help: if you wanted to use a crate named `model_io`, use `cargo add model_io` to add it to your `Cargo.toml`
[INFO] [stdout] 
[INFO] [stdout] 
[INFO] [stdout] error[E0433]: cannot find module or crate `model_io` in this scope
[INFO] [stdout]    --> tests/qwen3vl_vision.rs:322:17
[INFO] [stdout]     |
[INFO] [stdout] 322 |     let index = model_io::load_resident_index(&clone.join("model_weights.bin"))
[INFO] [stdout]     |                 ^^^^^^^^ use of unresolved module or unlinked crate `model_io`
[INFO] [stdout]     |
[INFO] [stdout]     = help: if you wanted to use a crate named `model_io`, use `cargo add model_io` to add it to your `Cargo.toml`
[INFO] [stdout] 
[INFO] [stdout] 
[INFO] [stdout] error[E0433]: cannot find `DraftPolicies` in `turbospark_runtime`
[INFO] [stdout]    --> tests/real_forward_qwen35_steered_batched.rs:118:29
[INFO] [stdout]     |
[INFO] [stdout] 118 |         turbospark_runtime::DraftPolicies::mtp(turbospark_runtime::MtpDraftPolicy::Fixed(BATCH)),
[INFO] [stdout]     |                             ^^^^^^^^^^^^^ could not find `DraftPolicies` in `turbospark_runtime`
[INFO] [stdout]     |
[INFO] [stdout] note: found an item that was configured out
[INFO] [stdout]    --> src/lib.rs:98:66
[INFO] [stdout]     |
[INFO] [stdout]  96 | #[cfg(target_os = "macos")]
[INFO] [stdout]     |       ------------------- the item is gated behind the `macos` feature
[INFO] [stdout]  97 | pub use families::qwen::{
[INFO] [stdout]  98 |     install_has_dflash, install_has_mtp_head, DflashDraftPolicy, DraftPolicies, MtpDraftPolicy,
[INFO] [stdout]     |                                                                  ^^^^^^^^^^^^^
[INFO] [stdout] 
[INFO] [stdout] 
[INFO] [stdout] error[E0433]: cannot find module or crate `model_io` in this scope
[INFO] [stdout]   --> tests/qwen3vl_vision.rs:87:20
[INFO] [stdout]    |
[INFO] [stdout] 87 | fn params_from(v: &model_io::VisionConfig) -> PreprocessParams {
[INFO] [stdout]    |                    ^^^^^^^^ use of unresolved module or unlinked crate `model_io`
[INFO] [stdout]    |
[INFO] [stdout]    = help: if you wanted to use a crate named `model_io`, use `cargo add model_io` to add it to your `Cargo.toml`
[INFO] [stdout] 
[INFO] [stdout] 
[INFO] [stdout] error[E0433]: cannot find module or crate `model_io` in this scope
[INFO] [stdout]    --> tests/qwen3vl_vision.rs:114:27
[INFO] [stdout]     |
[INFO] [stdout] 114 | fn preprocess_page(arch: &model_io::ArchConfig) -> turbospark_vision_io::PreprocessedImage {
[INFO] [stdout]     |                           ^^^^^^^^ use of unresolved module or unlinked crate `model_io`
[INFO] [stdout]     |
[INFO] [stdout]     = help: if you wanted to use a crate named `model_io`, use `cargo add model_io` to add it to your `Cargo.toml`
[INFO] [stdout] 
[INFO] [stdout] 
[INFO] [stdout] error[E0433]: cannot find module or crate `turbospark_vision_io` in this scope
[INFO] [stdout]    --> tests/qwen3vl_vision.rs:114:52
[INFO] [stdout]     |
[INFO] [stdout] 114 | fn preprocess_page(arch: &model_io::ArchConfig) -> turbospark_vision_io::PreprocessedImage {
[INFO] [stdout]     |                                                    ^^^^^^^^^^^^^^^^^^^^ use of unresolved module or unlinked crate `turbospark_vision_io`
[INFO] [stdout]     |
[INFO] [stdout]     = help: if you wanted to use a crate named `turbospark_vision_io`, use `cargo add turbospark_vision_io` to add it to your `Cargo.toml`
[INFO] [stdout] 
[INFO] [stdout] 
[INFO] [stdout] error[E0433]: cannot find module or crate `turbospark_vision_io` in this scope
[INFO] [stdout]    --> tests/qwen3vl_vision.rs:186:13
[INFO] [stdout]     |
[INFO] [stdout] 186 |     image: &turbospark_vision_io::PreprocessedImage,
[INFO] [stdout]     |             ^^^^^^^^^^^^^^^^^^^^ use of unresolved module or unlinked crate `turbospark_vision_io`
[INFO] [stdout]     |
[INFO] [stdout]     = help: if you wanted to use a crate named `turbospark_vision_io`, use `cargo add turbospark_vision_io` to add it to your `Cargo.toml`
[INFO] [stdout] 
[INFO] [stdout] 
[INFO] [stdout] error[E0433]: cannot find module or crate `model_io` in this scope
[INFO] [stdout]    --> tests/qwen3vl_vision.rs:185:12
[INFO] [stdout]     |
[INFO] [stdout] 185 |     arch: &model_io::ArchConfig,
[INFO] [stdout]     |            ^^^^^^^^ use of unresolved module or unlinked crate `model_io`
[INFO] [stdout]     |
[INFO] [stdout]     = help: if you wanted to use a crate named `model_io`, use `cargo add model_io` to add it to your `Cargo.toml`
[INFO] [stdout] 
[INFO] [stdout] 
[INFO] [stdout] Some errors have detailed explanations: E0432, E0433.
[INFO] [stdout] 
[INFO] [stdout] For more information about an error, try `rustc --explain E0432`.
[INFO] [stdout] 
[INFO] [stderr] error: could not compile `turbospark-runtime` (test "qwen3vl_vision") due to 11 previous errors
[INFO] [stderr] warning: build failed, waiting for other jobs to finish...
[INFO] [stdout] error[E0433]: cannot find `MtpDraftPolicy` in `turbospark_runtime`
[INFO] [stdout]    --> tests/real_forward_qwen35_steered_batched.rs:118:68
[INFO] [stdout]     |
[INFO] [stdout] 118 |         turbospark_runtime::DraftPolicies::mtp(turbospark_runtime::MtpDraftPolicy::Fixed(BATCH)),
[INFO] [stdout]     |                                                                    ^^^^^^^^^^^^^^ could not find `MtpDraftPolicy` in `turbospark_runtime`
[INFO] [stdout]     |
[INFO] [stdout] note: found an item that was configured out
[INFO] [stdout]    --> src/lib.rs:98:81
[INFO] [stdout]     |
[INFO] [stdout]  96 | #[cfg(target_os = "macos")]
[INFO] [stdout]     |       ------------------- the item is gated behind the `macos` feature
[INFO] [stdout]  97 | pub use families::qwen::{
[INFO] [stdout]  98 |     install_has_dflash, install_has_mtp_head, DflashDraftPolicy, DraftPolicies, MtpDraftPolicy,
[INFO] [stdout]     |                                                                                 ^^^^^^^^^^^^^^
[INFO] [stdout] 
[INFO] [stdout] 
[INFO] [stdout] error[E0433]: cannot find `ExpertCacheSlots` in `turbospark_runtime`
[INFO] [stdout]    --> tests/real_forward_qwen35_steered_batched.rs:265:29
[INFO] [stdout]     |
[INFO] [stdout] 265 |         turbospark_runtime::ExpertCacheSlots::Fixed(8),
[INFO] [stdout]     |                             ^^^^^^^^^^^^^^^^ could not find `ExpertCacheSlots` in `turbospark_runtime`
[INFO] [stdout]     |
[INFO] [stdout] note: found an item that was configured out
[INFO] [stdout]    --> src/lib.rs:89:51
[INFO] [stdout]     |
[INFO] [stdout]  83 | #[cfg(target_os = "macos")]
[INFO] [stdout]     |       ------------------- the item is gated behind the `macos` feature
[INFO] [stdout] ...
[INFO] [stdout]  89 |     ContextPlan, ContextRefused, ContextTooLarge, ExpertCacheSlots, ExpertResidency, GuardBudget,
[INFO] [stdout]     |                                                   ^^^^^^^^^^^^^^^^
[INFO] [stdout] 
[INFO] [stdout] 
[INFO] [stdout] error[E0433]: cannot find `DraftPolicies` in `turbospark_runtime`
[INFO] [stdout]    --> tests/real_forward_qwen35_steered_batched.rs:266:29
[INFO] [stdout]     |
[INFO] [stdout] 266 |         turbospark_runtime::DraftPolicies::mtp(turbospark_runtime::MtpDraftPolicy::Fixed(wide)),
[INFO] [stdout]     |                             ^^^^^^^^^^^^^ could not find `DraftPolicies` in `turbospark_runtime`
[INFO] [stdout]     |
[INFO] [stdout] note: found an item that was configured out
[INFO] [stdout]    --> src/lib.rs:98:66
[INFO] [stdout]     |
[INFO] [stdout]  96 | #[cfg(target_os = "macos")]
[INFO] [stdout]     |       ------------------- the item is gated behind the `macos` feature
[INFO] [stdout]  97 | pub use families::qwen::{
[INFO] [stdout]  98 |     install_has_dflash, install_has_mtp_head, DflashDraftPolicy, DraftPolicies, MtpDraftPolicy,
[INFO] [stdout]     |                                                                  ^^^^^^^^^^^^^
[INFO] [stdout] 
[INFO] [stdout] 
[INFO] [stdout] error[E0433]: cannot find `MtpDraftPolicy` in `turbospark_runtime`
[INFO] [stdout]    --> tests/real_forward_qwen35_steered_batched.rs:266:68
[INFO] [stdout]     |
[INFO] [stdout] 266 |         turbospark_runtime::DraftPolicies::mtp(turbospark_runtime::MtpDraftPolicy::Fixed(wide)),
[INFO] [stdout]     |                                                                    ^^^^^^^^^^^^^^ could not find `MtpDraftPolicy` in `turbospark_runtime`
[INFO] [stdout]     |
[INFO] [stdout] note: found an item that was configured out
[INFO] [stdout]    --> src/lib.rs:98:81
[INFO] [stdout]     |
[INFO] [stdout]  96 | #[cfg(target_os = "macos")]
[INFO] [stdout]     |       ------------------- the item is gated behind the `macos` feature
[INFO] [stdout]  97 | pub use families::qwen::{
[INFO] [stdout]  98 |     install_has_dflash, install_has_mtp_head, DflashDraftPolicy, DraftPolicies, MtpDraftPolicy,
[INFO] [stdout]     |                                                                                 ^^^^^^^^^^^^^^
[INFO] [stdout] 
[INFO] [stdout] 
[INFO] [stdout] error[E0425]: cannot find value `MAX_STEER_ROWS` in crate `turbospark_runtime`
[INFO] [stdout]    --> tests/real_forward_qwen35_steered_batched.rs:259:36
[INFO] [stdout]     |
[INFO] [stdout] 259 |     let wide = turbospark_runtime::MAX_STEER_ROWS + 1;
[INFO] [stdout]     |                                    ^^^^^^^^^^^^^^ not found in `turbospark_runtime`
[INFO] [stdout]     |
[INFO] [stdout] note: found an item that was configured out
[INFO] [stdout]    --> src/lib.rs:136:52
[INFO] [stdout]     |
[INFO] [stdout] 135 | #[cfg(target_os = "macos")]
[INFO] [stdout]     |       ------------------- the item is gated behind the `macos` feature
[INFO] [stdout] 136 | pub use steering::{SteeringPolicy, SteeringVector, MAX_STEER_ROWS};
[INFO] [stdout]     |                                                    ^^^^^^^^^^^^^^
[INFO] [stdout] 
[INFO] [stdout] 
[INFO] [stdout] error[E0425]: cannot find value `MAX_STEER_ROWS` in crate `turbospark_runtime`
[INFO] [stdout]    --> tests/real_forward_qwen35_steered_batched.rs:281:62
[INFO] [stdout]     |
[INFO] [stdout] 281 |         text.contains(&format!("1..={}", turbospark_runtime::MAX_STEER_ROWS))
[INFO] [stdout]     |                                                              ^^^^^^^^^^^^^^ not found in `turbospark_runtime`
[INFO] [stdout]     |
[INFO] [stdout] note: found an item that was configured out
[INFO] [stdout]    --> src/lib.rs:136:52
[INFO] [stdout]     |
[INFO] [stdout] 135 | #[cfg(target_os = "macos")]
[INFO] [stdout]     |       ------------------- the item is gated behind the `macos` feature
[INFO] [stdout] 136 | pub use steering::{SteeringPolicy, SteeringVector, MAX_STEER_ROWS};
[INFO] [stdout]     |                                                    ^^^^^^^^^^^^^^
[INFO] [stdout] 
[INFO] [stdout] 
[INFO] [stdout] error[E0425]: cannot find value `MAX_STEER_ROWS` in crate `turbospark_runtime`
[INFO] [stdout]    --> tests/real_forward_qwen35_steered_batched.rs:298:29
[INFO] [stdout]     |
[INFO] [stdout] 298 |         turbospark_runtime::MAX_STEER_ROWS,
[INFO] [stdout]     |                             ^^^^^^^^^^^^^^ not found in `turbospark_runtime`
[INFO] [stdout]     |
[INFO] [stdout] note: found an item that was configured out
[INFO] [stdout]    --> src/lib.rs:136:52
[INFO] [stdout]     |
[INFO] [stdout] 135 | #[cfg(target_os = "macos")]
[INFO] [stdout]     |       ------------------- the item is gated behind the `macos` feature
[INFO] [stdout] 136 | pub use steering::{SteeringPolicy, SteeringVector, MAX_STEER_ROWS};
[INFO] [stdout]     |                                                    ^^^^^^^^^^^^^^
[INFO] [stdout] 
[INFO] [stdout] 
[INFO] [stdout] error[E0433]: cannot find module or crate `gpu` in this scope
[INFO] [stdout]    --> tests/real_forward_qwen35_steered_batched.rs:299:9
[INFO] [stdout]     |
[INFO] [stdout] 299 |         gpu::MAX_BATCH_ROWS,
[INFO] [stdout]     |         ^^^ use of unresolved module or unlinked crate `gpu`
[INFO] [stdout]     |
[INFO] [stdout]     = help: if you wanted to use a crate named `gpu`, use `cargo add gpu` to add it to your `Cargo.toml`
[INFO] [stdout] 
[INFO] [stdout] 
[INFO] [stdout] error[E0433]: cannot find module or crate `model_io` in this scope
[INFO] [stdout]   --> tests/real_forward_qwen35_steered_batched.rs:94:18
[INFO] [stdout]    |
[INFO] [stdout] 94 | fn policy(arch: &model_io::ArchConfig, alpha: f32) -> SteeringPolicy {
[INFO] [stdout]    |                  ^^^^^^^^ use of unresolved module or unlinked crate `model_io`
[INFO] [stdout]    |
[INFO] [stdout]    = help: if you wanted to use a crate named `model_io`, use `cargo add model_io` to add it to your `Cargo.toml`
[INFO] [stdout] 
[INFO] [stdout] 
[INFO] [stdout] error[E0433]: cannot find module or crate `model_io` in this scope
[INFO] [stdout]    --> tests/real_forward_qwen35_steered_batched.rs:104:38
[INFO] [stdout]     |
[INFO] [stdout] 104 | fn arch_of(dir: &std::path::Path) -> model_io::ArchConfig {
[INFO] [stdout]     |                                      ^^^^^^^^ use of unresolved module or unlinked crate `model_io`
[INFO] [stdout]     |
[INFO] [stdout]     = help: if you wanted to use a crate named `model_io`, use `cargo add model_io` to add it to your `Cargo.toml`
[INFO] [stdout] 
[INFO] [stdout] 
[INFO] [stdout] Some errors have detailed explanations: E0425, E0432, E0433.
[INFO] [stdout] 
[INFO] [stdout] For more information about an error, try `rustc --explain E0425`.
[INFO] [stdout] 
[INFO] [stderr] error: could not compile `turbospark-runtime` (test "real_forward_qwen35_steered_batched") due to 15 previous errors
[INFO] running `Command { std: "docker" "inspect" "c7b1535bf587a7ba36341fa37aa8b555709735f5bf689d7ef018b29a43cf81d5", kill_on_drop: false }`
[INFO] running `Command { std: "docker" "rm" "-f" "c7b1535bf587a7ba36341fa37aa8b555709735f5bf689d7ef018b29a43cf81d5", kill_on_drop: false }`
[INFO] [stdout] c7b1535bf587a7ba36341fa37aa8b555709735f5bf689d7ef018b29a43cf81d5
