[INFO] fetching crate turbo-html2pdf-core 0.3.3...
[INFO] testing turbo-html2pdf-core-0.3.3 against 1.99.0-beta.8 for beta-1.100-2
[INFO] extracting crate turbo-html2pdf-core 0.3.3 into /workspace/builds/worker-5-tc1/source
[INFO] started tweaking crates.io crate turbo-html2pdf-core 0.3.3
[INFO] removed 0 missing tests
[INFO] finished tweaking crates.io crate turbo-html2pdf-core 0.3.3
[INFO] tweaked toml for crates.io crate turbo-html2pdf-core 0.3.3 written to /workspace/builds/worker-5-tc1/source/Cargo.toml
[INFO] validating manifest of crates.io crate turbo-html2pdf-core 0.3.3 on toolchain 1.99.0-beta.8
[INFO] running `Command { std: CARGO_HOME="/workspace/cargo-home" RUSTUP_HOME="/workspace/rustup-home" "/workspace/cargo-home/bin/cargo" "+1.99.0-beta.8" "metadata" "--manifest-path" "Cargo.toml" "--no-deps", kill_on_drop: false }`
[INFO] crate crates.io crate turbo-html2pdf-core 0.3.3 already has a lockfile, it will not be regenerated
[INFO] running `Command { std: CARGO_HOME="/workspace/cargo-home" RUSTUP_HOME="/workspace/rustup-home" "/workspace/cargo-home/bin/cargo" "+1.99.0-beta.8" "fetch" "--manifest-path" "Cargo.toml", kill_on_drop: false }`
[INFO] [stderr]     Updating crates.io index
[INFO] [stderr]  Downloading crates ...
[INFO] [stderr]   Downloaded grid v0.17.0
[INFO] [stderr]   Downloaded resvg v0.45.1
[INFO] [stderr]   Downloaded ecb v0.1.2
[INFO] [stderr]   Downloaded svgtypes v0.15.3
[INFO] [stderr]   Downloaded markup5ever_rcdom v0.39.0+unofficial
[INFO] [stderr]   Downloaded web_atoms v0.2.4
[INFO] [stderr]   Downloaded nom_locate v5.0.0
[INFO] [stderr]   Downloaded imagesize v0.13.0
[INFO] [stderr]   Downloaded rangemap v1.7.1
[INFO] [stderr]   Downloaded usvg v0.45.1
[INFO] [stderr]   Downloaded taffy v0.8.3
[INFO] [stderr]   Downloaded kurbo v0.11.3
[INFO] [stderr]   Downloaded minijinja v2.20.0
[INFO] [stderr]   Downloaded web-sys v0.3.102
[INFO] [stderr]   Downloaded lopdf v0.36.0
[INFO] running `Command { std: "docker" "create" "-v" "/var/lib/crater-agent-workspace/builds/worker-5-tc1/source:/opt/rustwide/workdir:ro,Z" "-v" "/var/lib/crater-agent-workspace/builds/worker-5-tc1/target:/opt/rustwide/target:rw,Z" "-v" "/var/lib/crater-agent-workspace/cargo-home:/opt/rustwide/cargo-home:ro,Z" "-v" "/var/lib/crater-agent-workspace/rustup-home:/opt/rustwide/rustup-home:ro,Z" "-m" "1610612736" "--network" "none" "ghcr.io/rust-lang/crates-build-env/linux@sha256:3111399a4047eeb3a02b7a90e478d715f38a8c6669b5c4b49d30a17385265909" "sleep" "infinity", kill_on_drop: false }`
[INFO] [stdout] aafd711e55cdb1a0ef41634f4aec1eb3f4907b4bc706f77502fc375cd609e47a
[INFO] running `Command { std: "docker" "start" "aafd711e55cdb1a0ef41634f4aec1eb3f4907b4bc706f77502fc375cd609e47a", kill_on_drop: false }`
[INFO] running `Command { std: "docker" "inspect" "aafd711e55cdb1a0ef41634f4aec1eb3f4907b4bc706f77502fc375cd609e47a", kill_on_drop: false }`
[INFO] running `Command { std: "docker" "exec" "-e" "SOURCE_DIR=/opt/rustwide/workdir" "-e" "CARGO_HOME=/opt/rustwide/cargo-home" "-e" "RUSTUP_HOME=/opt/rustwide/rustup-home" "-e" "CARGO_TARGET_DIR=/opt/rustwide/target" "-w" "/opt/rustwide/workdir" "--user" "0:0" "aafd711e55cdb1a0ef41634f4aec1eb3f4907b4bc706f77502fc375cd609e47a" "/opt/rustwide/cargo-home/bin/cargo" "+1.99.0-beta.8" "metadata" "--no-deps" "--format-version=1", kill_on_drop: false }`
[INFO] running `Command { std: "docker" "inspect" "aafd711e55cdb1a0ef41634f4aec1eb3f4907b4bc706f77502fc375cd609e47a", kill_on_drop: false }`
[INFO] running `Command { std: "docker" "exec" "-e" "SOURCE_DIR=/opt/rustwide/workdir" "-e" "CARGO_HOME=/opt/rustwide/cargo-home" "-e" "RUSTUP_HOME=/opt/rustwide/rustup-home" "-e" "CARGO_TARGET_DIR=/opt/rustwide/target" "-e" "CARGO_INCREMENTAL=0" "-e" "RUST_BACKTRACE=full" "-e" "RUSTFLAGS=--cap-lints=warn" "-e" "RUSTDOCFLAGS=--cap-lints=warn" "-w" "/opt/rustwide/workdir" "--user" "0:0" "aafd711e55cdb1a0ef41634f4aec1eb3f4907b4bc706f77502fc375cd609e47a" "/opt/rustwide/cargo-home/bin/cargo" "+1.99.0-beta.8" "build" "--frozen" "--message-format=json", kill_on_drop: false }`
[INFO] [stderr]    Compiling phf_shared v0.13.1
[INFO] [stderr]    Compiling smallvec v1.15.2
[INFO] [stderr]    Compiling fastrand v2.4.1
[INFO] [stderr]    Compiling bytemuck_derive v1.10.2
[INFO] [stderr]    Compiling log v0.4.32
[INFO] [stderr]    Compiling indexmap v2.14.0
[INFO] [stderr]    Compiling simd-adler32 v0.3.9
[INFO] [stderr]    Compiling tendril v0.5.0
[INFO] [stderr]    Compiling polycool v0.4.0
[INFO] [stderr]    Compiling slotmap v1.1.1
[INFO] [stderr]    Compiling bitflags v2.13.0
[INFO] [stderr]    Compiling memchr v2.8.2
[INFO] [stderr]    Compiling serde_json v1.0.150
[INFO] [stderr]    Compiling ttf-parser v0.25.1
[INFO] [stderr]    Compiling thiserror-impl v2.0.18
[INFO] [stderr]    Compiling aho-corasick v1.1.4
[INFO] [stderr]    Compiling parking_lot_core v0.9.12
[INFO] [stderr]    Compiling unicode-script v0.5.8
[INFO] [stderr]    Compiling memo-map v0.3.3
[INFO] [stderr]    Compiling miniz_oxide v0.8.9
[INFO] [stderr]    Compiling phf_generator v0.13.1
[INFO] [stderr]    Compiling phf v0.13.1
[INFO] [stderr]    Compiling fdeflate v0.3.7
[INFO] [stderr]    Compiling kurbo v0.13.1
[INFO] [stderr]    Compiling string_cache_codegen v0.6.1
[INFO] [stderr]    Compiling phf_codegen v0.13.1
[INFO] [stderr]    Compiling parking_lot v0.12.5
[INFO] [stderr]    Compiling rustc-hash v2.1.2
[INFO] [stderr]    Compiling unicode-properties v0.1.4
[INFO] [stderr]    Compiling grid v0.17.0
[INFO] [stderr]    Compiling flate2 v1.1.9
[INFO] [stderr]    Compiling unicode-ccc v0.4.0
[INFO] [stderr]    Compiling unicode-bidi-mirroring v0.4.0
[INFO] [stderr]    Compiling chrono v0.4.45
[INFO] [stderr]    Compiling pdf-writer v0.15.0
[INFO] [stderr]    Compiling string_cache v0.9.0
[INFO] [stderr]    Compiling taffy v0.8.3
[INFO] [stderr]    Compiling unicode-linebreak v0.1.5
[INFO] [stderr]    Compiling self_cell v1.2.2
[INFO] [stderr]    Compiling web_atoms v0.2.4
[INFO] [stderr]    Compiling jpeg-decoder v0.3.2
[INFO] [stderr]    Compiling png v0.18.1
[INFO] [stderr]    Compiling bytemuck v1.25.0
[INFO] [stderr]    Compiling minijinja v2.20.0
[INFO] [stderr]    Compiling font-types v0.11.3
[INFO] [stderr]    Compiling thiserror v2.0.18
[INFO] [stderr]    Compiling read-fonts v0.39.2
[INFO] [stderr]    Compiling markup5ever v0.39.0
[INFO] [stderr]    Compiling xml5ever v0.39.0
[INFO] [stderr]    Compiling html5ever v0.39.0
[INFO] [stderr]    Compiling markup5ever_rcdom v0.39.0+unofficial
[INFO] [stderr]    Compiling rustybuzz v0.20.1
[INFO] [stderr]    Compiling write-fonts v0.48.1
[INFO] [stderr]    Compiling skrifa v0.42.1
[INFO] [stderr]    Compiling subsetter v0.2.6
[INFO] [stderr]    Compiling turbo-html2pdf-core v0.3.3 (/opt/rustwide/workdir)
[INFO] [stderr]     Finished `dev` profile [unoptimized + debuginfo] target(s) in 1m 00s
[INFO] running `Command { std: "docker" "inspect" "aafd711e55cdb1a0ef41634f4aec1eb3f4907b4bc706f77502fc375cd609e47a", kill_on_drop: false }`
[INFO] running `Command { std: "docker" "exec" "-e" "SOURCE_DIR=/opt/rustwide/workdir" "-e" "CARGO_HOME=/opt/rustwide/cargo-home" "-e" "RUSTUP_HOME=/opt/rustwide/rustup-home" "-e" "CARGO_TARGET_DIR=/opt/rustwide/target" "-e" "CARGO_INCREMENTAL=0" "-e" "RUST_BACKTRACE=full" "-e" "RUSTFLAGS=--cap-lints=warn" "-e" "RUSTDOCFLAGS=--cap-lints=warn" "-w" "/opt/rustwide/workdir" "--user" "0:0" "aafd711e55cdb1a0ef41634f4aec1eb3f4907b4bc706f77502fc375cd609e47a" "/opt/rustwide/cargo-home/bin/cargo" "+1.99.0-beta.8" "test" "--frozen" "--no-run" "--message-format=json", kill_on_drop: false }`
[INFO] [stderr]    Compiling serde_derive v1.0.228
[INFO] [stderr]    Compiling bytemuck_derive v1.10.2
[INFO] [stderr]    Compiling zerocopy v0.8.52
[INFO] [stderr]    Compiling zerocopy-derive v0.8.52
[INFO] [stderr]    Compiling either v1.16.0
[INFO] [stderr]    Compiling serde_json v1.0.150
[INFO] [stderr]    Compiling thiserror-impl v2.0.18
[INFO] [stderr]    Compiling chrono v0.4.45
[INFO] [stderr]    Compiling is-terminal v0.4.17
[INFO] [stderr]    Compiling itertools v0.10.5
[INFO] [stderr]    Compiling rayon v1.12.0
[INFO] [stderr]    Compiling bytemuck v1.25.0
[INFO] [stderr]    Compiling font-types v0.11.3
[INFO] [stderr]    Compiling rustybuzz v0.20.1
[INFO] [stderr]    Compiling read-fonts v0.39.2
[INFO] [stderr]    Compiling thiserror v2.0.18
[INFO] [stderr]    Compiling criterion-plot v0.5.0
[INFO] [stderr]    Compiling serde v1.0.228
[INFO] [stderr]    Compiling string_cache v0.9.0
[INFO] [stderr]    Compiling minijinja v2.20.0
[INFO] [stderr]    Compiling tinytemplate v1.2.1
[INFO] [stderr]    Compiling web_atoms v0.2.4
[INFO] [stderr]    Compiling markup5ever v0.39.0
[INFO] [stderr]    Compiling html5ever v0.39.0
[INFO] [stderr]    Compiling xml5ever v0.39.0
[INFO] [stderr]    Compiling markup5ever_rcdom v0.39.0+unofficial
[INFO] [stderr]    Compiling half v2.7.1
[INFO] [stderr]    Compiling ciborium-ll v0.2.2
[INFO] [stderr]    Compiling ciborium v0.2.2
[INFO] [stderr]    Compiling criterion v0.5.1
[INFO] [stderr]    Compiling skrifa v0.42.1
[INFO] [stderr]    Compiling write-fonts v0.48.1
[INFO] [stderr]    Compiling subsetter v0.2.6
[INFO] [stderr]    Compiling turbo-html2pdf-core v0.3.3 (/opt/rustwide/workdir)
[INFO] [stderr] error: could not compile `turbo-html2pdf-core` (test "image")
[INFO] [stderr] 
[INFO] [stderr] Caused by:
[INFO] [stderr]   process didn't exit successfully: `/opt/rustwide/rustup-home/toolchains/1.99.0-beta.8-x86_64-unknown-linux-gnu/bin/rustc --crate-name image --edition=2021 tests/image.rs --error-format=json --json=diagnostic-rendered-ansi,artifacts,future-incompat --emit=dep-info,link -C embed-bitcode=no -C debuginfo=2 --test --cfg 'feature="bundled-fonts"' --cfg 'feature="default"' --check-cfg 'cfg(docsrs,test)' --check-cfg 'cfg(feature, values("append", "bundled-fonts", "default", "encrypt", "endnotes", "pdf-a", "pdf-ua", "perf", "print-color", "stamp", "svg", "xref"))' -C metadata=b847a9ddb7fc89a7 -C extra-filename=-cfd92a885789006a --out-dir /opt/rustwide/target/debug/deps -L dependency=/opt/rustwide/target/debug/deps --extern chrono=/opt/rustwide/target/debug/deps/libchrono-3b3c8cf470f5d2ab.rlib --extern criterion=/opt/rustwide/target/debug/deps/libcriterion-374a06f0b38d59d0.rlib --extern html5ever=/opt/rustwide/target/debug/deps/libhtml5ever-63de095d93564f2c.rlib --extern jpeg_decoder=/opt/rustwide/target/debug/deps/libjpeg_decoder-caa5a9f148a2782b.rlib --extern markup5ever_rcdom=/opt/rustwide/target/debug/deps/libmarkup5ever_rcdom-2a01e4c56099f1ae.rlib --extern minijinja=/opt/rustwide/target/debug/deps/libminijinja-fddb9e22a3a4128b.rlib --extern pdf_writer=/opt/rustwide/target/debug/deps/libpdf_writer-5ed30758c2720250.rlib --extern png=/opt/rustwide/target/debug/deps/libpng-9ea2e921a8b5f0e2.rlib --extern rustybuzz=/opt/rustwide/target/debug/deps/librustybuzz-404e24099d0b0a2a.rlib --extern self_cell=/opt/rustwide/target/debug/deps/libself_cell-77f1462d73d9bcc4.rlib --extern serde=/opt/rustwide/target/debug/deps/libserde-a07ddf73903d60d5.rlib --extern serde_json=/opt/rustwide/target/debug/deps/libserde_json-d53aaf9d131429bc.rlib --extern subsetter=/opt/rustwide/target/debug/deps/libsubsetter-2826adeca71bd5dd.rlib --extern taffy=/opt/rustwide/target/debug/deps/libtaffy-3f80b9d50ac5611a.rlib --extern thiserror=/opt/rustwide/target/debug/deps/libthiserror-90fd5573908f2e8a.rlib --extern turbo_html2pdf_core=/opt/rustwide/target/debug/deps/libturbo_html2pdf_core-67c26a71d7efda3b.rlib --extern unicode_linebreak=/opt/rustwide/target/debug/deps/libunicode_linebreak-a9faaa33c69d8a42.rlib --cap-lints=warn` (signal: 9, SIGKILL: kill)
[INFO] [stderr] warning: build failed, waiting for other jobs to finish...
[INFO] [stderr] error: could not compile `turbo-html2pdf-core` (lib test)
[INFO] [stderr] 
[INFO] [stderr] Caused by:
[INFO] [stderr]   process didn't exit successfully: `/opt/rustwide/rustup-home/toolchains/1.99.0-beta.8-x86_64-unknown-linux-gnu/bin/rustc --crate-name turbo_html2pdf_core --edition=2021 src/lib.rs --error-format=json --json=diagnostic-rendered-ansi,artifacts,future-incompat --emit=dep-info,link -C embed-bitcode=no -C debuginfo=2 --test --cfg 'feature="bundled-fonts"' --cfg 'feature="default"' --check-cfg 'cfg(docsrs,test)' --check-cfg 'cfg(feature, values("append", "bundled-fonts", "default", "encrypt", "endnotes", "pdf-a", "pdf-ua", "perf", "print-color", "stamp", "svg", "xref"))' -C metadata=bef059a0a2f35cc7 -C extra-filename=-142f5d65872d30a5 --out-dir /opt/rustwide/target/debug/deps -L dependency=/opt/rustwide/target/debug/deps --extern chrono=/opt/rustwide/target/debug/deps/libchrono-3b3c8cf470f5d2ab.rlib --extern criterion=/opt/rustwide/target/debug/deps/libcriterion-374a06f0b38d59d0.rlib --extern html5ever=/opt/rustwide/target/debug/deps/libhtml5ever-63de095d93564f2c.rlib --extern jpeg_decoder=/opt/rustwide/target/debug/deps/libjpeg_decoder-caa5a9f148a2782b.rlib --extern markup5ever_rcdom=/opt/rustwide/target/debug/deps/libmarkup5ever_rcdom-2a01e4c56099f1ae.rlib --extern minijinja=/opt/rustwide/target/debug/deps/libminijinja-fddb9e22a3a4128b.rlib --extern pdf_writer=/opt/rustwide/target/debug/deps/libpdf_writer-5ed30758c2720250.rlib --extern png=/opt/rustwide/target/debug/deps/libpng-9ea2e921a8b5f0e2.rlib --extern rustybuzz=/opt/rustwide/target/debug/deps/librustybuzz-404e24099d0b0a2a.rlib --extern self_cell=/opt/rustwide/target/debug/deps/libself_cell-77f1462d73d9bcc4.rlib --extern serde=/opt/rustwide/target/debug/deps/libserde-a07ddf73903d60d5.rlib --extern serde_json=/opt/rustwide/target/debug/deps/libserde_json-d53aaf9d131429bc.rlib --extern subsetter=/opt/rustwide/target/debug/deps/libsubsetter-2826adeca71bd5dd.rlib --extern taffy=/opt/rustwide/target/debug/deps/libtaffy-3f80b9d50ac5611a.rlib --extern thiserror=/opt/rustwide/target/debug/deps/libthiserror-90fd5573908f2e8a.rlib --extern unicode_linebreak=/opt/rustwide/target/debug/deps/libunicode_linebreak-a9faaa33c69d8a42.rlib --cap-lints=warn` (signal: 9, SIGKILL: kill)
[INFO] [stdout] error: linking with `cc` failed: exit status: 1
[INFO] [stdout]   |
[INFO] [stdout]   = note:  "cc" "-m64" "/opt/rustwide/target/debug/deps/rustcdd6EiQ/symbols.o" "<2 object files omitted>" "-Wl,--as-needed" "-Wl,-Bstatic" "<sysroot>/lib/rustlib/x86_64-unknown-linux-gnu/lib/{libtest-*,libgetopts-*,librustc_std_workspace_std-*}.rlib" "/opt/rustwide/target/debug/deps/{libturbo_html2pdf_core-67c26a71d7efda3b,libjpeg_decoder-caa5a9f148a2782b,libpng-9ea2e921a8b5f0e2,libflate2-a5e49eed09b16e47,libminiz_oxide-48f024fe3a81c3f8,libfdeflate-365b82c780a9e65c,libsimd_adler32-4fe6a09bed41f873,libcrc32fast-77160f4e25d6fc25,libself_cell-77f1462d73d9bcc4,libunicode_linebreak-a9faaa33c69d8a42,librustybuzz-404e24099d0b0a2a,libunicode_bidi_mirroring-1bb4e2f59cc3b2fc,libunicode_script-3cc911b65d53a449,libunicode_properties-f6b9d48b27db2733,libunicode_ccc-ff526edf1f216d14,libttf_parser-a24b49e8fd7c1107,libmarkup5ever_rcdom-2a01e4c56099f1ae,libxml5ever-109628fc6c2db159,libhtml5ever-63de095d93564f2c,libmarkup5ever-cb40f80435ca3b3b,libtendril-e4dd71a086ed8d1f,libutf8-f4341c3c7568480d,libweb_atoms-99ef078341cb3650,libstring_cache-431043630e1e91db,libprecomputed_hash-b8aaee179f87ad21,libparking_lot-055e48606f9dbc88,libparking_lot_core-4b8ca3fd72428851,liblibc-612664c2206eec43,libcfg_if-83060ec5685761ae,liblock_api-16d46fed645f7bff,libscopeguard-7ec2214574194454,libdebug_unreachable-2bce5da2715432ba,libphf-2aaa40634d6596c8,libphf_shared-6acb893d5e9c2125,libsiphasher-b16e808df37ae9fc,libminijinja-fddb9e22a3a4128b,libmemo_map-d48d849d005d85ec,libaho_corasick-77c2ab2c4a221256,libserde-a07ddf73903d60d5,libserde_core-21f22ac7b803fb0e,libtaffy-3f80b9d50ac5611a,libslotmap-528a4b92ba1a33f5,libgrid-13e72b3ca4496f37,libthiserror-90fd5573908f2e8a,libchrono-3b3c8cf470f5d2ab,libiana_time_zone-bcd81aefedc374a6,libnum_traits-87b85c9cd014cb66,libsubsetter-2826adeca71bd5dd,librustc_hash-68cbcd0e35cfafe6,libwrite_fonts-7c1ed6c55cfea6c0,liblog-8cf4e7719eca0054,libindexmap-b92bb9c25241b995,libequivalent-6a754676e6af62ae,libhashbrown-d7214d631586fd51,libskrifa-4421df1fe0fb5c6c,libread_fonts-5e25ca5408efe384,libfont_types-5a80d02a8fa84c55,libbytemuck-6e46900d0aa41039,libkurbo-960677693fe10db3,libpolycool-712a8c13661ad85b,libsmallvec-3e75e18e66140be0,libarrayvec-c7dde542da3995d2,libpdf_writer-5ed30758c2720250,libmemchr-2857f5b45a031ab1,libryu-1f4f40e4352371e5,libitoa-5de11b3b23bfe572,libbitflags-c11c4f5488569199}.rlib" "<sysroot>/lib/rustlib/x86_64-unknown-linux-gnu/lib/{libstd-*,libpanic_unwind-*,libobject-*,libmemchr-*,libaddr2line-*,libgimli-*,libcfg_if-*,librustc_demangle-*,libstd_detect-*,libhashbrown-*,librustc_std_workspace_alloc-*,libminiz_oxide-*,libadler2-*,libunwind-*,liblibc-*,librustc_std_workspace_core-*,liballoc-*,libcore-*,libcompiler_builtins-*}.rlib" "-Wl,-Bdynamic" "-lgcc_s" "-lutil" "-lrt" "-lpthread" "-lm" "-ldl" "-lc" "-L" "/opt/rustwide/target/debug/deps/rustcdd6EiQ/raw-dylibs" "-B<sysroot>/lib/rustlib/x86_64-unknown-linux-gnu/bin/gcc-ld" "-fuse-ld=lld" "-Wl,--eh-frame-hdr" "-Wl,-z,noexecstack" "-L" "<sysroot>/lib/rustlib/x86_64-unknown-linux-gnu/lib" "-o" "/opt/rustwide/target/debug/deps/text-72cc1d3d875630fe" "-Wl,--gc-sections" "-pie" "-Wl,-z,relro,-z,now" "-nodefaultlibs"
[INFO] [stdout]   = note: some arguments are omitted. use `--verbose` to show all linker arguments
[INFO] [stdout]   = note: collect2: fatal error: ld terminated with signal 9 [Killed]
[INFO] [stdout]           compilation terminated.
[INFO] [stdout]           
[INFO] [stdout] 
[INFO] [stdout] 
[INFO] [stderr] error: could not compile `turbo-html2pdf-core` (test "watermark")
[INFO] [stderr] 
[INFO] [stderr] Caused by:
[INFO] [stderr]   process didn't exit successfully: `/opt/rustwide/rustup-home/toolchains/1.99.0-beta.8-x86_64-unknown-linux-gnu/bin/rustc --crate-name watermark --edition=2021 tests/watermark.rs --error-format=json --json=diagnostic-rendered-ansi,artifacts,future-incompat --emit=dep-info,link -C embed-bitcode=no -C debuginfo=2 --test --cfg 'feature="bundled-fonts"' --cfg 'feature="default"' --check-cfg 'cfg(docsrs,test)' --check-cfg 'cfg(feature, values("append", "bundled-fonts", "default", "encrypt", "endnotes", "pdf-a", "pdf-ua", "perf", "print-color", "stamp", "svg", "xref"))' -C metadata=79dbeae309313db1 -C extra-filename=-5b0e883b21725c52 --out-dir /opt/rustwide/target/debug/deps -L dependency=/opt/rustwide/target/debug/deps --extern chrono=/opt/rustwide/target/debug/deps/libchrono-3b3c8cf470f5d2ab.rlib --extern criterion=/opt/rustwide/target/debug/deps/libcriterion-374a06f0b38d59d0.rlib --extern html5ever=/opt/rustwide/target/debug/deps/libhtml5ever-63de095d93564f2c.rlib --extern jpeg_decoder=/opt/rustwide/target/debug/deps/libjpeg_decoder-caa5a9f148a2782b.rlib --extern markup5ever_rcdom=/opt/rustwide/target/debug/deps/libmarkup5ever_rcdom-2a01e4c56099f1ae.rlib --extern minijinja=/opt/rustwide/target/debug/deps/libminijinja-fddb9e22a3a4128b.rlib --extern pdf_writer=/opt/rustwide/target/debug/deps/libpdf_writer-5ed30758c2720250.rlib --extern png=/opt/rustwide/target/debug/deps/libpng-9ea2e921a8b5f0e2.rlib --extern rustybuzz=/opt/rustwide/target/debug/deps/librustybuzz-404e24099d0b0a2a.rlib --extern self_cell=/opt/rustwide/target/debug/deps/libself_cell-77f1462d73d9bcc4.rlib --extern serde=/opt/rustwide/target/debug/deps/libserde-a07ddf73903d60d5.rlib --extern serde_json=/opt/rustwide/target/debug/deps/libserde_json-d53aaf9d131429bc.rlib --extern subsetter=/opt/rustwide/target/debug/deps/libsubsetter-2826adeca71bd5dd.rlib --extern taffy=/opt/rustwide/target/debug/deps/libtaffy-3f80b9d50ac5611a.rlib --extern thiserror=/opt/rustwide/target/debug/deps/libthiserror-90fd5573908f2e8a.rlib --extern turbo_html2pdf_core=/opt/rustwide/target/debug/deps/libturbo_html2pdf_core-67c26a71d7efda3b.rlib --extern unicode_linebreak=/opt/rustwide/target/debug/deps/libunicode_linebreak-a9faaa33c69d8a42.rlib --cap-lints=warn` (signal: 9, SIGKILL: kill)
[INFO] [stderr] error: could not compile `turbo-html2pdf-core` (test "text") due to 1 previous error
[INFO] [stdout] error: linking with `cc` failed: exit status: 1
[INFO] [stdout]   |
[INFO] [stdout]   = note:  "cc" "-m64" "/opt/rustwide/target/debug/deps/rustccHICJc/symbols.o" "<4 object files omitted>" "-Wl,--as-needed" "-Wl,-Bstatic" "/opt/rustwide/target/debug/deps/{libserde_json-d53aaf9d131429bc,libzmij-ef63f1da73704b4c}.rlib" "<sysroot>/lib/rustlib/x86_64-unknown-linux-gnu/lib/{libtest-*,libgetopts-*,librustc_std_workspace_std-*}.rlib" "/opt/rustwide/target/debug/deps/{libturbo_html2pdf_core-67c26a71d7efda3b,libjpeg_decoder-caa5a9f148a2782b,libpng-9ea2e921a8b5f0e2,libflate2-a5e49eed09b16e47,libminiz_oxide-48f024fe3a81c3f8,libfdeflate-365b82c780a9e65c,libsimd_adler32-4fe6a09bed41f873,libcrc32fast-77160f4e25d6fc25,libself_cell-77f1462d73d9bcc4,libunicode_linebreak-a9faaa33c69d8a42,librustybuzz-404e24099d0b0a2a,libunicode_bidi_mirroring-1bb4e2f59cc3b2fc,libunicode_script-3cc911b65d53a449,libunicode_properties-f6b9d48b27db2733,libunicode_ccc-ff526edf1f216d14,libttf_parser-a24b49e8fd7c1107,libmarkup5ever_rcdom-2a01e4c56099f1ae,libxml5ever-109628fc6c2db159,libhtml5ever-63de095d93564f2c,libmarkup5ever-cb40f80435ca3b3b,libtendril-e4dd71a086ed8d1f,libutf8-f4341c3c7568480d,libweb_atoms-99ef078341cb3650,libstring_cache-431043630e1e91db,libprecomputed_hash-b8aaee179f87ad21,libparking_lot-055e48606f9dbc88,libparking_lot_core-4b8ca3fd72428851,liblibc-612664c2206eec43,libcfg_if-83060ec5685761ae,liblock_api-16d46fed645f7bff,libscopeguard-7ec2214574194454,libdebug_unreachable-2bce5da2715432ba,libphf-2aaa40634d6596c8,libphf_shared-6acb893d5e9c2125,libsiphasher-b16e808df37ae9fc,libminijinja-fddb9e22a3a4128b,libmemo_map-d48d849d005d85ec,libaho_corasick-77c2ab2c4a221256,libserde-a07ddf73903d60d5,libserde_core-21f22ac7b803fb0e,libtaffy-3f80b9d50ac5611a,libslotmap-528a4b92ba1a33f5,libgrid-13e72b3ca4496f37,libthiserror-90fd5573908f2e8a,libchrono-3b3c8cf470f5d2ab,libiana_time_zone-bcd81aefedc374a6,libnum_traits-87b85c9cd014cb66,libsubsetter-2826adeca71bd5dd,librustc_hash-68cbcd0e35cfafe6,libwrite_fonts-7c1ed6c55cfea6c0,liblog-8cf4e7719eca0054,libindexmap-b92bb9c25241b995,libequivalent-6a754676e6af62ae,libhashbrown-d7214d631586fd51,libskrifa-4421df1fe0fb5c6c,libread_fonts-5e25ca5408efe384,libfont_types-5a80d02a8fa84c55,libbytemuck-6e46900d0aa41039,libkurbo-960677693fe10db3,libpolycool-712a8c13661ad85b,libsmallvec-3e75e18e66140be0,libarrayvec-c7dde542da3995d2,libpdf_writer-5ed30758c2720250,libmemchr-2857f5b45a031ab1,libryu-1f4f40e4352371e5,libitoa-5de11b3b23bfe572,libbitflags-c11c4f5488569199}.rlib" "<sysroot>/lib/rustlib/x86_64-unknown-linux-gnu/lib/{libstd-*,libpanic_unwind-*,libobject-*,libmemchr-*,libaddr2line-*,libgimli-*,libcfg_if-*,librustc_demangle-*,libstd_detect-*,libhashbrown-*,librustc_std_workspace_alloc-*,libminiz_oxide-*,libadler2-*,libunwind-*,liblibc-*,librustc_std_workspace_core-*,liballoc-*,libcore-*,libcompiler_builtins-*}.rlib" "-Wl,-Bdynamic" "-lgcc_s" "-lutil" "-lrt" "-lpthread" "-lm" "-ldl" "-lc" "-L" "/opt/rustwide/target/debug/deps/rustccHICJc/raw-dylibs" "-B<sysroot>/lib/rustlib/x86_64-unknown-linux-gnu/bin/gcc-ld" "-fuse-ld=lld" "-Wl,--eh-frame-hdr" "-Wl,-z,noexecstack" "-L" "<sysroot>/lib/rustlib/x86_64-unknown-linux-gnu/lib" "-o" "/opt/rustwide/target/debug/deps/render-5fe7a371c9fb8406" "-Wl,--gc-sections" "-pie" "-Wl,-z,relro,-z,now" "-nodefaultlibs"
[INFO] [stdout]   = note: some arguments are omitted. use `--verbose` to show all linker arguments
[INFO] [stdout]   = note: collect2: fatal error: ld terminated with signal 9 [Killed]
[INFO] [stdout]           compilation terminated.
[INFO] [stdout]           
[INFO] [stdout] 
[INFO] [stdout] 
[INFO] [stderr] error: could not compile `turbo-html2pdf-core` (test "render") due to 1 previous error
[INFO] [stdout] error: linking with `cc` failed: exit status: 1
[INFO] [stdout]   |
[INFO] [stdout]   = note:  "cc" "-m64" "/opt/rustwide/target/debug/deps/rustcDLVF3X/symbols.o" "<3 object files omitted>" "-Wl,--as-needed" "-Wl,-Bstatic" "<sysroot>/lib/rustlib/x86_64-unknown-linux-gnu/lib/{libtest-*,libgetopts-*,librustc_std_workspace_std-*}.rlib" "/opt/rustwide/target/debug/deps/{libturbo_html2pdf_core-67c26a71d7efda3b,libjpeg_decoder-caa5a9f148a2782b,libpng-9ea2e921a8b5f0e2,libflate2-a5e49eed09b16e47,libminiz_oxide-48f024fe3a81c3f8,libfdeflate-365b82c780a9e65c,libsimd_adler32-4fe6a09bed41f873,libcrc32fast-77160f4e25d6fc25,libself_cell-77f1462d73d9bcc4,libunicode_linebreak-a9faaa33c69d8a42,librustybuzz-404e24099d0b0a2a,libunicode_bidi_mirroring-1bb4e2f59cc3b2fc,libunicode_script-3cc911b65d53a449,libunicode_properties-f6b9d48b27db2733,libunicode_ccc-ff526edf1f216d14,libttf_parser-a24b49e8fd7c1107,libmarkup5ever_rcdom-2a01e4c56099f1ae,libxml5ever-109628fc6c2db159,libhtml5ever-63de095d93564f2c,libmarkup5ever-cb40f80435ca3b3b,libtendril-e4dd71a086ed8d1f,libutf8-f4341c3c7568480d,libweb_atoms-99ef078341cb3650,libstring_cache-431043630e1e91db,libprecomputed_hash-b8aaee179f87ad21,libparking_lot-055e48606f9dbc88,libparking_lot_core-4b8ca3fd72428851,liblibc-612664c2206eec43,libcfg_if-83060ec5685761ae,liblock_api-16d46fed645f7bff,libscopeguard-7ec2214574194454,libdebug_unreachable-2bce5da2715432ba,libphf-2aaa40634d6596c8,libphf_shared-6acb893d5e9c2125,libsiphasher-b16e808df37ae9fc,libminijinja-fddb9e22a3a4128b,libmemo_map-d48d849d005d85ec,libaho_corasick-77c2ab2c4a221256,libserde-a07ddf73903d60d5,libtaffy-3f80b9d50ac5611a,libslotmap-528a4b92ba1a33f5,libgrid-13e72b3ca4496f37,libthiserror-90fd5573908f2e8a,libchrono-3b3c8cf470f5d2ab,libiana_time_zone-bcd81aefedc374a6,libnum_traits-87b85c9cd014cb66,libsubsetter-2826adeca71bd5dd,librustc_hash-68cbcd0e35cfafe6,libwrite_fonts-7c1ed6c55cfea6c0,liblog-8cf4e7719eca0054,libskrifa-4421df1fe0fb5c6c,libread_fonts-5e25ca5408efe384,libfont_types-5a80d02a8fa84c55,libbytemuck-6e46900d0aa41039,libkurbo-960677693fe10db3,libpolycool-712a8c13661ad85b,libsmallvec-3e75e18e66140be0,libarrayvec-c7dde542da3995d2,libpdf_writer-5ed30758c2720250,libryu-1f4f40e4352371e5,libbitflags-c11c4f5488569199,libserde_json-d53aaf9d131429bc,libmemchr-2857f5b45a031ab1,libitoa-5de11b3b23bfe572,libzmij-ef63f1da73704b4c,libindexmap-b92bb9c25241b995,libequivalent-6a754676e6af62ae,libhashbrown-d7214d631586fd51,libserde_core-21f22ac7b803fb0e}.rlib" "<sysroot>/lib/rustlib/x86_64-unknown-linux-gnu/lib/{libstd-*,libpanic_unwind-*,libobject-*,libmemchr-*,libaddr2line-*,libgimli-*,libcfg_if-*,librustc_demangle-*,libstd_detect-*,libhashbrown-*,librustc_std_workspace_alloc-*,libminiz_oxide-*,libadler2-*,libunwind-*,liblibc-*,librustc_std_workspace_core-*,liballoc-*,libcore-*,libcompiler_builtins-*}.rlib" "-Wl,-Bdynamic" "-lgcc_s" "-lutil" "-lrt" "-lpthread" "-lm" "-ldl" "-lc" "-L" "/opt/rustwide/target/debug/deps/rustcDLVF3X/raw-dylibs" "-B<sysroot>/lib/rustlib/x86_64-unknown-linux-gnu/bin/gcc-ld" "-fuse-ld=lld" "-Wl,--eh-frame-hdr" "-Wl,-z,noexecstack" "-L" "<sysroot>/lib/rustlib/x86_64-unknown-linux-gnu/lib" "-o" "/opt/rustwide/target/debug/deps/switch-2c3b8dcd6ad59396" "-Wl,--gc-sections" "-pie" "-Wl,-z,relro,-z,now" "-nodefaultlibs"
[INFO] [stdout]   = note: some arguments are omitted. use `--verbose` to show all linker arguments
[INFO] [stdout]   = note: collect2: fatal error: ld terminated with signal 9 [Killed]
[INFO] [stdout]           compilation terminated.
[INFO] [stdout]           
[INFO] [stdout] 
[INFO] [stdout] 
[INFO] [stderr] error: could not compile `turbo-html2pdf-core` (test "switch") due to 1 previous error
[INFO] [stdout] error: linking with `cc` failed: exit status: 1
[INFO] [stdout]   |
[INFO] [stdout]   = note:  "cc" "-m64" "/opt/rustwide/target/debug/deps/rustcXKIbzL/symbols.o" "<4 object files omitted>" "-Wl,--as-needed" "-Wl,-Bstatic" "<sysroot>/lib/rustlib/x86_64-unknown-linux-gnu/lib/{libtest-*,libgetopts-*,librustc_std_workspace_std-*}.rlib" "/opt/rustwide/target/debug/deps/{libturbo_html2pdf_core-67c26a71d7efda3b,libjpeg_decoder-caa5a9f148a2782b,libpng-9ea2e921a8b5f0e2,libflate2-a5e49eed09b16e47,libminiz_oxide-48f024fe3a81c3f8,libfdeflate-365b82c780a9e65c,libsimd_adler32-4fe6a09bed41f873,libcrc32fast-77160f4e25d6fc25,libself_cell-77f1462d73d9bcc4,libunicode_linebreak-a9faaa33c69d8a42,librustybuzz-404e24099d0b0a2a,libunicode_bidi_mirroring-1bb4e2f59cc3b2fc,libunicode_script-3cc911b65d53a449,libunicode_properties-f6b9d48b27db2733,libunicode_ccc-ff526edf1f216d14,libttf_parser-a24b49e8fd7c1107,libmarkup5ever_rcdom-2a01e4c56099f1ae,libxml5ever-109628fc6c2db159,libhtml5ever-63de095d93564f2c,libmarkup5ever-cb40f80435ca3b3b,libtendril-e4dd71a086ed8d1f,libutf8-f4341c3c7568480d,libweb_atoms-99ef078341cb3650,libstring_cache-431043630e1e91db,libprecomputed_hash-b8aaee179f87ad21,libparking_lot-055e48606f9dbc88,libparking_lot_core-4b8ca3fd72428851,liblibc-612664c2206eec43,libcfg_if-83060ec5685761ae,liblock_api-16d46fed645f7bff,libscopeguard-7ec2214574194454,libdebug_unreachable-2bce5da2715432ba,libphf-2aaa40634d6596c8,libphf_shared-6acb893d5e9c2125,libsiphasher-b16e808df37ae9fc,libminijinja-fddb9e22a3a4128b,libmemo_map-d48d849d005d85ec,libaho_corasick-77c2ab2c4a221256,libserde-a07ddf73903d60d5,libserde_core-21f22ac7b803fb0e,libtaffy-3f80b9d50ac5611a,libslotmap-528a4b92ba1a33f5,libgrid-13e72b3ca4496f37,libthiserror-90fd5573908f2e8a,libchrono-3b3c8cf470f5d2ab,libiana_time_zone-bcd81aefedc374a6,libnum_traits-87b85c9cd014cb66,libsubsetter-2826adeca71bd5dd,librustc_hash-68cbcd0e35cfafe6,libwrite_fonts-7c1ed6c55cfea6c0,liblog-8cf4e7719eca0054,libindexmap-b92bb9c25241b995,libequivalent-6a754676e6af62ae,libhashbrown-d7214d631586fd51,libskrifa-4421df1fe0fb5c6c,libread_fonts-5e25ca5408efe384,libfont_types-5a80d02a8fa84c55,libbytemuck-6e46900d0aa41039,libkurbo-960677693fe10db3,libpolycool-712a8c13661ad85b,libsmallvec-3e75e18e66140be0,libarrayvec-c7dde542da3995d2,libpdf_writer-5ed30758c2720250,libmemchr-2857f5b45a031ab1,libryu-1f4f40e4352371e5,libitoa-5de11b3b23bfe572,libbitflags-c11c4f5488569199}.rlib" "<sysroot>/lib/rustlib/x86_64-unknown-linux-gnu/lib/{libstd-*,libpanic_unwind-*,libobject-*,libmemchr-*,libaddr2line-*,libgimli-*,libcfg_if-*,librustc_demangle-*,libstd_detect-*,libhashbrown-*,librustc_std_workspace_alloc-*,libminiz_oxide-*,libadler2-*,libunwind-*,liblibc-*,librustc_std_workspace_core-*,liballoc-*,libcore-*,libcompiler_builtins-*}.rlib" "-Wl,-Bdynamic" "-lgcc_s" "-lutil" "-lrt" "-lpthread" "-lm" "-ldl" "-lc" "-L" "/opt/rustwide/target/debug/deps/rustcXKIbzL/raw-dylibs" "-B<sysroot>/lib/rustlib/x86_64-unknown-linux-gnu/bin/gcc-ld" "-fuse-ld=lld" "-Wl,--eh-frame-hdr" "-Wl,-z,noexecstack" "-L" "<sysroot>/lib/rustlib/x86_64-unknown-linux-gnu/lib" "-o" "/opt/rustwide/target/debug/deps/layout_value-882906a02398f830" "-Wl,--gc-sections" "-pie" "-Wl,-z,relro,-z,now" "-nodefaultlibs"
[INFO] [stdout]   = note: some arguments are omitted. use `--verbose` to show all linker arguments
[INFO] [stdout]   = note: collect2: fatal error: ld terminated with signal 9 [Killed]
[INFO] [stdout]           compilation terminated.
[INFO] [stdout]           
[INFO] [stdout] 
[INFO] [stdout] 
[INFO] [stderr] error: could not compile `turbo-html2pdf-core` (test "layout_value") due to 1 previous error
[INFO] [stdout] error: linking with `cc` failed: exit status: 1
[INFO] [stdout]   |
[INFO] [stdout]   = note:  "cc" "-m64" "/opt/rustwide/target/debug/deps/rustc5X8nwd/symbols.o" "<3 object files omitted>" "-Wl,--as-needed" "-Wl,-Bstatic" "<sysroot>/lib/rustlib/x86_64-unknown-linux-gnu/lib/{libtest-*,libgetopts-*,librustc_std_workspace_std-*}.rlib" "/opt/rustwide/target/debug/deps/{libturbo_html2pdf_core-67c26a71d7efda3b,libjpeg_decoder-caa5a9f148a2782b,libpng-9ea2e921a8b5f0e2,libflate2-a5e49eed09b16e47,libminiz_oxide-48f024fe3a81c3f8,libfdeflate-365b82c780a9e65c,libsimd_adler32-4fe6a09bed41f873,libcrc32fast-77160f4e25d6fc25,libself_cell-77f1462d73d9bcc4,libunicode_linebreak-a9faaa33c69d8a42,librustybuzz-404e24099d0b0a2a,libunicode_bidi_mirroring-1bb4e2f59cc3b2fc,libunicode_script-3cc911b65d53a449,libunicode_properties-f6b9d48b27db2733,libunicode_ccc-ff526edf1f216d14,libttf_parser-a24b49e8fd7c1107,libmarkup5ever_rcdom-2a01e4c56099f1ae,libxml5ever-109628fc6c2db159,libhtml5ever-63de095d93564f2c,libmarkup5ever-cb40f80435ca3b3b,libtendril-e4dd71a086ed8d1f,libutf8-f4341c3c7568480d,libweb_atoms-99ef078341cb3650,libstring_cache-431043630e1e91db,libprecomputed_hash-b8aaee179f87ad21,libparking_lot-055e48606f9dbc88,libparking_lot_core-4b8ca3fd72428851,liblibc-612664c2206eec43,libcfg_if-83060ec5685761ae,liblock_api-16d46fed645f7bff,libscopeguard-7ec2214574194454,libdebug_unreachable-2bce5da2715432ba,libphf-2aaa40634d6596c8,libphf_shared-6acb893d5e9c2125,libsiphasher-b16e808df37ae9fc,libminijinja-fddb9e22a3a4128b,libmemo_map-d48d849d005d85ec,libaho_corasick-77c2ab2c4a221256,libserde-a07ddf73903d60d5,libserde_core-21f22ac7b803fb0e,libtaffy-3f80b9d50ac5611a,libslotmap-528a4b92ba1a33f5,libgrid-13e72b3ca4496f37,libthiserror-90fd5573908f2e8a,libchrono-3b3c8cf470f5d2ab,libiana_time_zone-bcd81aefedc374a6,libnum_traits-87b85c9cd014cb66,libsubsetter-2826adeca71bd5dd,librustc_hash-68cbcd0e35cfafe6,libwrite_fonts-7c1ed6c55cfea6c0,liblog-8cf4e7719eca0054,libindexmap-b92bb9c25241b995,libequivalent-6a754676e6af62ae,libhashbrown-d7214d631586fd51,libskrifa-4421df1fe0fb5c6c,libread_fonts-5e25ca5408efe384,libfont_types-5a80d02a8fa84c55,libbytemuck-6e46900d0aa41039,libkurbo-960677693fe10db3,libpolycool-712a8c13661ad85b,libsmallvec-3e75e18e66140be0,libarrayvec-c7dde542da3995d2,libpdf_writer-5ed30758c2720250,libmemchr-2857f5b45a031ab1,libryu-1f4f40e4352371e5,libitoa-5de11b3b23bfe572,libbitflags-c11c4f5488569199}.rlib" "<sysroot>/lib/rustlib/x86_64-unknown-linux-gnu/lib/{libstd-*,libpanic_unwind-*,libobject-*,libmemchr-*,libaddr2line-*,libgimli-*,libcfg_if-*,librustc_demangle-*,libstd_detect-*,libhashbrown-*,librustc_std_workspace_alloc-*,libminiz_oxide-*,libadler2-*,libunwind-*,liblibc-*,librustc_std_workspace_core-*,liballoc-*,libcore-*,libcompiler_builtins-*}.rlib" "-Wl,-Bdynamic" "-lgcc_s" "-lutil" "-lrt" "-lpthread" "-lm" "-ldl" "-lc" "-L" "/opt/rustwide/target/debug/deps/rustc5X8nwd/raw-dylibs" "-B<sysroot>/lib/rustlib/x86_64-unknown-linux-gnu/bin/gcc-ld" "-fuse-ld=lld" "-Wl,--eh-frame-hdr" "-Wl,-z,noexecstack" "-L" "<sysroot>/lib/rustlib/x86_64-unknown-linux-gnu/lib" "-o" "/opt/rustwide/target/debug/deps/layout_boxgen-b35d09f4f213583c" "-Wl,--gc-sections" "-pie" "-Wl,-z,relro,-z,now" "-nodefaultlibs"
[INFO] [stdout]   = note: some arguments are omitted. use `--verbose` to show all linker arguments
[INFO] [stdout]   = note: collect2: fatal error: ld terminated with signal 9 [Killed]
[INFO] [stdout]           compilation terminated.
[INFO] [stdout]           
[INFO] [stdout] 
[INFO] [stdout] 
[INFO] [stderr] error: could not compile `turbo-html2pdf-core` (test "layout_boxgen") due to 1 previous error
[INFO] [stdout] error: linking with `cc` failed: exit status: 1
[INFO] [stdout]   |
[INFO] [stdout]   = note:  "cc" "-m64" "/opt/rustwide/target/debug/deps/rustcxBdmLf/symbols.o" "<3 object files omitted>" "-Wl,--as-needed" "-Wl,-Bstatic" "/opt/rustwide/target/debug/deps/{libserde_json-d53aaf9d131429bc,libzmij-ef63f1da73704b4c}.rlib" "<sysroot>/lib/rustlib/x86_64-unknown-linux-gnu/lib/{libtest-*,libgetopts-*,librustc_std_workspace_std-*}.rlib" "/opt/rustwide/target/debug/deps/{libturbo_html2pdf_core-67c26a71d7efda3b,libjpeg_decoder-caa5a9f148a2782b,libpng-9ea2e921a8b5f0e2,libflate2-a5e49eed09b16e47,libminiz_oxide-48f024fe3a81c3f8,libfdeflate-365b82c780a9e65c,libsimd_adler32-4fe6a09bed41f873,libcrc32fast-77160f4e25d6fc25,libself_cell-77f1462d73d9bcc4,libunicode_linebreak-a9faaa33c69d8a42,librustybuzz-404e24099d0b0a2a,libunicode_bidi_mirroring-1bb4e2f59cc3b2fc,libunicode_script-3cc911b65d53a449,libunicode_properties-f6b9d48b27db2733,libunicode_ccc-ff526edf1f216d14,libttf_parser-a24b49e8fd7c1107,libmarkup5ever_rcdom-2a01e4c56099f1ae,libxml5ever-109628fc6c2db159,libhtml5ever-63de095d93564f2c,libmarkup5ever-cb40f80435ca3b3b,libtendril-e4dd71a086ed8d1f,libutf8-f4341c3c7568480d,libweb_atoms-99ef078341cb3650,libstring_cache-431043630e1e91db,libprecomputed_hash-b8aaee179f87ad21,libparking_lot-055e48606f9dbc88,libparking_lot_core-4b8ca3fd72428851,liblibc-612664c2206eec43,libcfg_if-83060ec5685761ae,liblock_api-16d46fed645f7bff,libscopeguard-7ec2214574194454,libdebug_unreachable-2bce5da2715432ba,libphf-2aaa40634d6596c8,libphf_shared-6acb893d5e9c2125,libsiphasher-b16e808df37ae9fc,libminijinja-fddb9e22a3a4128b,libmemo_map-d48d849d005d85ec,libaho_corasick-77c2ab2c4a221256,libserde-a07ddf73903d60d5,libserde_core-21f22ac7b803fb0e,libtaffy-3f80b9d50ac5611a,libslotmap-528a4b92ba1a33f5,libgrid-13e72b3ca4496f37,libthiserror-90fd5573908f2e8a,libchrono-3b3c8cf470f5d2ab,libiana_time_zone-bcd81aefedc374a6,libnum_traits-87b85c9cd014cb66,libsubsetter-2826adeca71bd5dd,librustc_hash-68cbcd0e35cfafe6,libwrite_fonts-7c1ed6c55cfea6c0,liblog-8cf4e7719eca0054,libindexmap-b92bb9c25241b995,libequivalent-6a754676e6af62ae,libhashbrown-d7214d631586fd51,libskrifa-4421df1fe0fb5c6c,libread_fonts-5e25ca5408efe384,libfont_types-5a80d02a8fa84c55,libbytemuck-6e46900d0aa41039,libkurbo-960677693fe10db3,libpolycool-712a8c13661ad85b,libsmallvec-3e75e18e66140be0,libarrayvec-c7dde542da3995d2,libpdf_writer-5ed30758c2720250,libmemchr-2857f5b45a031ab1,libryu-1f4f40e4352371e5,libitoa-5de11b3b23bfe572,libbitflags-c11c4f5488569199}.rlib" "<sysroot>/lib/rustlib/x86_64-unknown-linux-gnu/lib/{libstd-*,libpanic_unwind-*,libobject-*,libmemchr-*,libaddr2line-*,libgimli-*,libcfg_if-*,librustc_demangle-*,libstd_detect-*,libhashbrown-*,librustc_std_workspace_alloc-*,libminiz_oxide-*,libadler2-*,libunwind-*,liblibc-*,librustc_std_workspace_core-*,liballoc-*,libcore-*,libcompiler_builtins-*}.rlib" "-Wl,-Bdynamic" "-lgcc_s" "-lutil" "-lrt" "-lpthread" "-lm" "-ldl" "-lc" "-L" "/opt/rustwide/target/debug/deps/rustcxBdmLf/raw-dylibs" "-B<sysroot>/lib/rustlib/x86_64-unknown-linux-gnu/bin/gcc-ld" "-fuse-ld=lld" "-Wl,--eh-frame-hdr" "-Wl,-z,noexecstack" "-L" "<sysroot>/lib/rustlib/x86_64-unknown-linux-gnu/lib" "-o" "/opt/rustwide/target/debug/deps/emit-1d50c81d3d2739f7" "-Wl,--gc-sections" "-pie" "-Wl,-z,relro,-z,now" "-nodefaultlibs"
[INFO] [stdout]   = note: some arguments are omitted. use `--verbose` to show all linker arguments
[INFO] [stdout]   = note: collect2: fatal error: ld terminated with signal 9 [Killed]
[INFO] [stdout]           compilation terminated.
[INFO] [stdout]           
[INFO] [stdout] 
[INFO] [stdout] 
[INFO] [stderr] error: could not compile `turbo-html2pdf-core` (test "emit") due to 1 previous error
[INFO] running `Command { std: "docker" "inspect" "aafd711e55cdb1a0ef41634f4aec1eb3f4907b4bc706f77502fc375cd609e47a", kill_on_drop: false }`
[INFO] running `Command { std: "docker" "rm" "-f" "aafd711e55cdb1a0ef41634f4aec1eb3f4907b4bc706f77502fc375cd609e47a", kill_on_drop: false }`
[INFO] [stdout] aafd711e55cdb1a0ef41634f4aec1eb3f4907b4bc706f77502fc375cd609e47a
