[INFO] fetching crate tun-easytier 1.1.1...
[INFO] testing tun-easytier-1.1.1 against 1.100.0-beta.1 for beta-1.100-2
[INFO] extracting crate tun-easytier 1.1.1 into /workspace/builds/worker-1-tc2/source
[INFO] removed /workspace/builds/worker-1-tc2/source/.cargo/config.toml
[INFO] started tweaking crates.io crate tun-easytier 1.1.1
[INFO] removed 0 missing examples
[INFO] finished tweaking crates.io crate tun-easytier 1.1.1
[INFO] tweaked toml for crates.io crate tun-easytier 1.1.1 written to /workspace/builds/worker-1-tc2/source/Cargo.toml
[INFO] validating manifest of crates.io crate tun-easytier 1.1.1 on toolchain 1.100.0-beta.1
[INFO] running `Command { std: CARGO_HOME="/workspace/cargo-home" RUSTUP_HOME="/workspace/rustup-home" "/workspace/cargo-home/bin/cargo" "+1.100.0-beta.1" "metadata" "--manifest-path" "Cargo.toml" "--no-deps", kill_on_drop: false }`
[INFO] crate crates.io crate tun-easytier 1.1.1 already has a lockfile, it will not be regenerated
[INFO] running `Command { std: CARGO_HOME="/workspace/cargo-home" RUSTUP_HOME="/workspace/rustup-home" "/workspace/cargo-home/bin/cargo" "+1.100.0-beta.1" "fetch" "--manifest-path" "Cargo.toml", kill_on_drop: false }`
[INFO] [stderr]     Blocking waiting for file lock on package cache
[INFO] running `Command { std: "docker" "create" "-v" "/var/lib/crater-agent-workspace/builds/worker-1-tc2/source:/opt/rustwide/workdir:ro,Z" "-v" "/var/lib/crater-agent-workspace/builds/worker-1-tc2/target:/opt/rustwide/target:rw,Z" "-v" "/var/lib/crater-agent-workspace/cargo-home:/opt/rustwide/cargo-home:ro,Z" "-v" "/var/lib/crater-agent-workspace/rustup-home:/opt/rustwide/rustup-home:ro,Z" "-m" "1610612736" "--network" "none" "ghcr.io/rust-lang/crates-build-env/linux@sha256:3111399a4047eeb3a02b7a90e478d715f38a8c6669b5c4b49d30a17385265909" "sleep" "infinity", kill_on_drop: false }`
[INFO] [stdout] 60d925bee7fbc4b75510a9e2eabaa22ee64dd2d3de43b5eacda4286bf97faf1f
[INFO] running `Command { std: "docker" "start" "60d925bee7fbc4b75510a9e2eabaa22ee64dd2d3de43b5eacda4286bf97faf1f", kill_on_drop: false }`
[INFO] running `Command { std: "docker" "inspect" "60d925bee7fbc4b75510a9e2eabaa22ee64dd2d3de43b5eacda4286bf97faf1f", kill_on_drop: false }`
[INFO] running `Command { std: "docker" "exec" "-e" "SOURCE_DIR=/opt/rustwide/workdir" "-e" "CARGO_HOME=/opt/rustwide/cargo-home" "-e" "RUSTUP_HOME=/opt/rustwide/rustup-home" "-e" "CARGO_TARGET_DIR=/opt/rustwide/target" "-w" "/opt/rustwide/workdir" "--user" "0:0" "60d925bee7fbc4b75510a9e2eabaa22ee64dd2d3de43b5eacda4286bf97faf1f" "/opt/rustwide/cargo-home/bin/cargo" "+1.100.0-beta.1" "metadata" "--no-deps" "--format-version=1", kill_on_drop: false }`
[INFO] running `Command { std: "docker" "inspect" "60d925bee7fbc4b75510a9e2eabaa22ee64dd2d3de43b5eacda4286bf97faf1f", kill_on_drop: false }`
[INFO] running `Command { std: "docker" "exec" "-e" "SOURCE_DIR=/opt/rustwide/workdir" "-e" "CARGO_HOME=/opt/rustwide/cargo-home" "-e" "RUSTUP_HOME=/opt/rustwide/rustup-home" "-e" "CARGO_TARGET_DIR=/opt/rustwide/target" "-e" "CARGO_INCREMENTAL=0" "-e" "RUST_BACKTRACE=full" "-e" "RUSTFLAGS=--cap-lints=warn" "-e" "RUSTDOCFLAGS=--cap-lints=warn" "-w" "/opt/rustwide/workdir" "--user" "0:0" "60d925bee7fbc4b75510a9e2eabaa22ee64dd2d3de43b5eacda4286bf97faf1f" "/opt/rustwide/cargo-home/bin/cargo" "+1.100.0-beta.1" "build" "--frozen" "--message-format=json", kill_on_drop: false }`
[INFO] [stderr]    Compiling unicode-ident v1.0.12
[INFO] [stderr]    Compiling cfg_aliases v0.2.1
[INFO] [stderr]    Compiling libc v0.2.155
[INFO] [stderr]    Compiling thiserror v1.0.63
[INFO] [stderr]    Compiling bitflags v2.6.0
[INFO] [stderr]    Compiling bytes v1.7.1
[INFO] [stderr]    Compiling proc-macro2 v1.0.86
[INFO] [stderr]    Compiling nix v0.29.0
[INFO] [stderr]    Compiling quote v1.0.36
[INFO] [stderr]    Compiling syn v2.0.72
[INFO] [stderr]    Compiling thiserror-impl v1.0.63
[INFO] [stderr]    Compiling tun-easytier v1.1.1 (/opt/rustwide/workdir)
[INFO] [stderr]     Finished `dev` profile [unoptimized + debuginfo] target(s) in 5.13s
[INFO] [stderr] warning: the following packages contain code that will be rejected by a future version of Rust: nix v0.29.0
[INFO] [stderr] note: to see what the problems were, use the option `--future-incompat-report`, or run `cargo report future-incompatibilities --id 2`
[INFO] running `Command { std: "docker" "inspect" "60d925bee7fbc4b75510a9e2eabaa22ee64dd2d3de43b5eacda4286bf97faf1f", kill_on_drop: false }`
[INFO] running `Command { std: "docker" "exec" "-e" "SOURCE_DIR=/opt/rustwide/workdir" "-e" "CARGO_HOME=/opt/rustwide/cargo-home" "-e" "RUSTUP_HOME=/opt/rustwide/rustup-home" "-e" "CARGO_TARGET_DIR=/opt/rustwide/target" "-e" "CARGO_INCREMENTAL=0" "-e" "RUST_BACKTRACE=full" "-e" "RUSTFLAGS=--cap-lints=warn" "-e" "RUSTDOCFLAGS=--cap-lints=warn" "-w" "/opt/rustwide/workdir" "--user" "0:0" "60d925bee7fbc4b75510a9e2eabaa22ee64dd2d3de43b5eacda4286bf97faf1f" "/opt/rustwide/cargo-home/bin/cargo" "+1.100.0-beta.1" "test" "--frozen" "--no-run" "--message-format=json", kill_on_drop: false }`
[INFO] [stderr]    Compiling memchr v2.7.4
[INFO] [stderr]    Compiling autocfg v1.3.0
[INFO] [stderr]    Compiling siphasher v0.3.11
[INFO] [stderr]    Compiling regex-syntax v0.8.4
[INFO] [stderr]    Compiling futures-sink v0.3.30
[INFO] [stderr]    Compiling futures-core v0.3.30
[INFO] [stderr]    Compiling cfg_aliases v0.1.1
[INFO] [stderr]    Compiling serde v1.0.204
[INFO] [stderr]    Compiling futures-io v0.3.30
[INFO] [stderr]    Compiling hwaddr v0.1.7
[INFO] [stderr]    Compiling syn v2.0.72
[INFO] [stderr]    Compiling mio v1.0.1
[INFO] [stderr]    Compiling signal-hook-registry v1.4.2
[INFO] [stderr]    Compiling serde_json v1.0.122
[INFO] [stderr]    Compiling nix v0.28.0
[INFO] [stderr]    Compiling phf_shared v0.8.0
[INFO] [stderr]    Compiling futures-channel v0.3.30
[INFO] [stderr]    Compiling phf v0.8.0
[INFO] [stderr]    Compiling slab v0.4.9
[INFO] [stderr]    Compiling aho-corasick v1.1.3
[INFO] [stderr]    Compiling regex-automata v0.4.7
[INFO] [stderr]    Compiling thiserror-impl v1.0.63
[INFO] [stderr]    Compiling futures-macro v0.3.30
[INFO] [stderr]    Compiling tokio-macros v2.4.0
[INFO] [stderr]    Compiling thiserror v1.0.63
[INFO] [stderr]    Compiling tokio v1.39.2
[INFO] [stderr]    Compiling packet v0.1.4
[INFO] [stderr]    Compiling tun-easytier v1.1.1 (/opt/rustwide/workdir)
[INFO] [stderr]    Compiling futures-util v0.3.30
[INFO] [stderr]    Compiling regex v1.10.6
[INFO] [stderr]    Compiling env_filter v0.1.2
[INFO] [stderr]    Compiling env_logger v0.11.5
[INFO] [stderr]    Compiling ctrlc2 v3.5.7
[INFO] [stderr]    Compiling futures-executor v0.3.30
[INFO] [stderr]    Compiling futures v0.3.30
[INFO] [stdout] error[E0432]: unresolved import `tun2`
[INFO] [stdout]   --> examples/write.rs:18:5
[INFO] [stdout]    |
[INFO] [stdout] 18 | use tun2::BoxError;
[INFO] [stdout]    |     ^^^^ use of unresolved module or unlinked crate `tun2`
[INFO] [stdout]    |
[INFO] [stdout]    = help: if you wanted to use a crate named `tun2`, use `cargo add tun2` to add it to your `Cargo.toml`
[INFO] [stdout] 
[INFO] [stdout] 
[INFO] [stdout] error[E0432]: unresolved import `tun2`
[INFO] [stdout]   --> examples/dev-config.rs:18:5
[INFO] [stdout]    |
[INFO] [stdout] 18 | use tun2::{AbstractDevice, BoxError};
[INFO] [stdout]    |     ^^^^ use of unresolved module or unlinked crate `tun2`
[INFO] [stdout]    |
[INFO] [stdout]    = help: if you wanted to use a crate named `tun2`, use `cargo add tun2` to add it to your `Cargo.toml`
[INFO] [stdout] 
[INFO] [stdout] 
[INFO] [stdout] error[E0433]: cannot find module or crate `tun2` in this scope
[INFO] [stdout]   --> examples/dev-config.rs:36:22
[INFO] [stdout]    |
[INFO] [stdout] 36 |     let mut config = tun2::Configuration::default();
[INFO] [stdout]    |                      ^^^^ use of unresolved module or unlinked crate `tun2`
[INFO] [stdout]    |
[INFO] [stdout]    = help: if you wanted to use a crate named `tun2`, use `cargo add tun2` to add it to your `Cargo.toml`
[INFO] [stdout] 
[INFO] [stdout] 
[INFO] [stdout] error[E0433]: cannot find module or crate `tun2` in this scope
[INFO] [stdout]   --> examples/write.rs:36:22
[INFO] [stdout]    |
[INFO] [stdout] 36 |     let mut config = tun2::Configuration::default();
[INFO] [stdout]    |                      ^^^^ use of unresolved module or unlinked crate `tun2`
[INFO] [stdout]    |
[INFO] [stdout]    = help: if you wanted to use a crate named `tun2`, use `cargo add tun2` to add it to your `Cargo.toml`
[INFO] [stdout] 
[INFO] [stdout] 
[INFO] [stdout] error[E0432]: unresolved import `tun2`
[INFO] [stdout]   --> examples/split.rs:18:5
[INFO] [stdout]    |
[INFO] [stdout] 18 | use tun2::BoxError;
[INFO] [stdout]    |     ^^^^ use of unresolved module or unlinked crate `tun2`
[INFO] [stdout]    |
[INFO] [stdout]    = help: if you wanted to use a crate named `tun2`, use `cargo add tun2` to add it to your `Cargo.toml`
[INFO] [stdout] 
[INFO] [stdout] 
[INFO] [stdout] error[E0432]: unresolved import `tun2`
[INFO] [stdout]   --> examples/read.rs:17:5
[INFO] [stdout]    |
[INFO] [stdout] 17 | use tun2::BoxError;
[INFO] [stdout]    |     ^^^^ use of unresolved module or unlinked crate `tun2`
[INFO] [stdout]    |
[INFO] [stdout]    = help: if you wanted to use a crate named `tun2`, use `cargo add tun2` to add it to your `Cargo.toml`
[INFO] [stdout] 
[INFO] [stdout] 
[INFO] [stdout] error[E0433]: cannot find module or crate `tun2` in this scope
[INFO] [stdout]   --> examples/write.rs:49:19
[INFO] [stdout]    |
[INFO] [stdout] 49 |     let mut dev = tun2::create(&config)?;
[INFO] [stdout]    |                   ^^^^ use of unresolved module or unlinked crate `tun2`
[INFO] [stdout]    |
[INFO] [stdout]    = help: if you wanted to use a crate named `tun2`, use `cargo add tun2` to add it to your `Cargo.toml`
[INFO] [stdout] 
[INFO] [stdout] 
[INFO] [stdout] error[E0433]: cannot find module or crate `tun2` in this scope
[INFO] [stdout]   --> examples/dev-config.rs:49:19
[INFO] [stdout]    |
[INFO] [stdout] 49 |     let mut dev = tun2::create(&config)?;
[INFO] [stdout]    |                   ^^^^ use of unresolved module or unlinked crate `tun2`
[INFO] [stdout]    |
[INFO] [stdout]    = help: if you wanted to use a crate named `tun2`, use `cargo add tun2` to add it to your `Cargo.toml`
[INFO] [stdout] 
[INFO] [stdout] 
[INFO] [stdout] error[E0433]: cannot find module or crate `tun2` in this scope
[INFO] [stdout]   --> examples/split.rs:36:22
[INFO] [stdout]    |
[INFO] [stdout] 36 |     let mut config = tun2::Configuration::default();
[INFO] [stdout]    |                      ^^^^ use of unresolved module or unlinked crate `tun2`
[INFO] [stdout]    |
[INFO] [stdout]    = help: if you wanted to use a crate named `tun2`, use `cargo add tun2` to add it to your `Cargo.toml`
[INFO] [stdout] 
[INFO] [stdout] 
[INFO] [stdout] error[E0433]: cannot find module or crate `tun2` in this scope
[INFO] [stdout]   --> examples/read.rs:35:22
[INFO] [stdout]    |
[INFO] [stdout] 35 |     let mut config = tun2::Configuration::default();
[INFO] [stdout]    |                      ^^^^ use of unresolved module or unlinked crate `tun2`
[INFO] [stdout]    |
[INFO] [stdout]    = help: if you wanted to use a crate named `tun2`, use `cargo add tun2` to add it to your `Cargo.toml`
[INFO] [stdout] 
[INFO] [stdout] 
[INFO] [stdout] Some errors have detailed explanations: E0432, E0433.
[INFO] [stdout] 
[INFO] [stdout] For more information about an error, try `rustc --explain E0432`.
[INFO] [stdout] 
[INFO] [stdout] Some errors have detailed explanations: E0432, E0433.
[INFO] [stdout] 
[INFO] [stdout] For more information about an error, try `rustc --explain E0432`.
[INFO] [stdout] 
[INFO] [stderr] error: could not compile `tun-easytier` (example "write") due to 3 previous errors
[INFO] [stdout] error[E0433]: cannot find module or crate `tun2` in this scope
[INFO] [stdout]   --> examples/read.rs:48:19
[INFO] [stdout]    |
[INFO] [stdout] 48 |     let mut dev = tun2::create(&config)?;
[INFO] [stdout]    |                   ^^^^ use of unresolved module or unlinked crate `tun2`
[INFO] [stdout]    |
[INFO] [stdout]    = help: if you wanted to use a crate named `tun2`, use `cargo add tun2` to add it to your `Cargo.toml`
[INFO] [stdout] 
[INFO] [stdout] 
[INFO] [stderr] warning: build failed, waiting for other jobs to finish...
[INFO] [stderr] error: could not compile `tun-easytier` (example "dev-config") due to 3 previous errors
[INFO] [stdout] error[E0433]: cannot find module or crate `tun2` in this scope
[INFO] [stdout]   --> examples/split.rs:49:15
[INFO] [stdout]    |
[INFO] [stdout] 49 |     let dev = tun2::create(&config)?;
[INFO] [stdout]    |               ^^^^ use of unresolved module or unlinked crate `tun2`
[INFO] [stdout]    |
[INFO] [stdout]    = help: if you wanted to use a crate named `tun2`, use `cargo add tun2` to add it to your `Cargo.toml`
[INFO] [stdout] 
[INFO] [stdout] 
[INFO] [stdout] Some errors have detailed explanations: E0432, E0433.
[INFO] [stdout] 
[INFO] [stdout] For more information about an error, try `rustc --explain E0432`.
[INFO] [stdout] 
[INFO] [stderr] error: could not compile `tun-easytier` (example "read") due to 3 previous errors
[INFO] [stdout] Some errors have detailed explanations: E0432, E0433.
[INFO] [stdout] 
[INFO] [stdout] For more information about an error, try `rustc --explain E0432`.
[INFO] [stdout] 
[INFO] [stderr] error: could not compile `tun-easytier` (example "split") due to 3 previous errors
[INFO] running `Command { std: "docker" "inspect" "60d925bee7fbc4b75510a9e2eabaa22ee64dd2d3de43b5eacda4286bf97faf1f", kill_on_drop: false }`
[INFO] running `Command { std: "docker" "rm" "-f" "60d925bee7fbc4b75510a9e2eabaa22ee64dd2d3de43b5eacda4286bf97faf1f", kill_on_drop: false }`
[INFO] [stdout] 60d925bee7fbc4b75510a9e2eabaa22ee64dd2d3de43b5eacda4286bf97faf1f
