[INFO] fetching crate ts_transport_derp 0.3.3...
[INFO] testing ts_transport_derp-0.3.3 against 1.99.0-beta.8 for beta-1.100-2
[INFO] extracting crate ts_transport_derp 0.3.3 into /workspace/builds/worker-3-tc1/source
[INFO] started tweaking crates.io crate ts_transport_derp 0.3.3
[INFO] removed 0 missing examples
[INFO] finished tweaking crates.io crate ts_transport_derp 0.3.3
[INFO] tweaked toml for crates.io crate ts_transport_derp 0.3.3 written to /workspace/builds/worker-3-tc1/source/Cargo.toml
[INFO] validating manifest of crates.io crate ts_transport_derp 0.3.3 on toolchain 1.99.0-beta.8
[INFO] running `Command { std: CARGO_HOME="/workspace/cargo-home" RUSTUP_HOME="/workspace/rustup-home" "/workspace/cargo-home/bin/cargo" "+1.99.0-beta.8" "metadata" "--manifest-path" "Cargo.toml" "--no-deps", kill_on_drop: false }`
[INFO] crate crates.io crate ts_transport_derp 0.3.3 already has a lockfile, it will not be regenerated
[INFO] running `Command { std: CARGO_HOME="/workspace/cargo-home" RUSTUP_HOME="/workspace/rustup-home" "/workspace/cargo-home/bin/cargo" "+1.99.0-beta.8" "fetch" "--manifest-path" "Cargo.toml", kill_on_drop: false }`
[INFO] [stderr] warning: Cargo.toml: `lints.rust.let-underscore` is deprecated in favor of `lints.rust.let_underscore` and will not work in a future edition
[INFO] [stderr] warning: `ts_transport_derp` (manifest) generated 1 warning
[INFO] [stderr]     Updating crates.io index
[INFO] [stderr]  Downloading crates ...
[INFO] [stderr]   Downloaded crypto_box v0.9.1
[INFO] [stderr]   Downloaded heapless v0.9.3
[INFO] [stderr]   Downloaded ts_keys v0.3.3
[INFO] [stderr]   Downloaded ts_transport v0.3.3
[INFO] [stderr]   Downloaded ts_packet v0.3.3
[INFO] [stderr]   Downloaded ts_hexdump v0.3.3
[INFO] [stderr]   Downloaded crypto_secretbox v0.1.1
[INFO] [stderr]   Downloaded ts_http_util v0.3.3
[INFO] [stderr]   Downloaded ts_tls_util v0.3.3
[INFO] [stderr]   Downloaded x25519-dalek v3.0.0-pre.6
[INFO] [stderr]   Downloaded aws-lc-rs v1.17.0
[INFO] [stderr]   Downloaded curve25519-dalek v5.0.0-pre.6
[INFO] [stderr]   Downloaded aws-lc-sys v0.41.0
[INFO] running `Command { std: "docker" "create" "-v" "/var/lib/crater-agent-workspace/builds/worker-3-tc1/source:/opt/rustwide/workdir:ro,Z" "-v" "/var/lib/crater-agent-workspace/builds/worker-3-tc1/target:/opt/rustwide/target:rw,Z" "-v" "/var/lib/crater-agent-workspace/cargo-home:/opt/rustwide/cargo-home:ro,Z" "-v" "/var/lib/crater-agent-workspace/rustup-home:/opt/rustwide/rustup-home:ro,Z" "-m" "1610612736" "--network" "none" "ghcr.io/rust-lang/crates-build-env/linux@sha256:3111399a4047eeb3a02b7a90e478d715f38a8c6669b5c4b49d30a17385265909" "sleep" "infinity", kill_on_drop: false }`
[INFO] [stdout] 19c20677a0d8cce311be41e33b2b1c1aff06038b83fd87508773187db247e619
[INFO] running `Command { std: "docker" "start" "19c20677a0d8cce311be41e33b2b1c1aff06038b83fd87508773187db247e619", kill_on_drop: false }`
[INFO] running `Command { std: "docker" "inspect" "19c20677a0d8cce311be41e33b2b1c1aff06038b83fd87508773187db247e619", kill_on_drop: false }`
[INFO] running `Command { std: "docker" "exec" "-e" "SOURCE_DIR=/opt/rustwide/workdir" "-e" "CARGO_HOME=/opt/rustwide/cargo-home" "-e" "RUSTUP_HOME=/opt/rustwide/rustup-home" "-e" "CARGO_TARGET_DIR=/opt/rustwide/target" "-w" "/opt/rustwide/workdir" "--user" "0:0" "19c20677a0d8cce311be41e33b2b1c1aff06038b83fd87508773187db247e619" "/opt/rustwide/cargo-home/bin/cargo" "+1.99.0-beta.8" "metadata" "--no-deps" "--format-version=1", kill_on_drop: false }`
[INFO] running `Command { std: "docker" "inspect" "19c20677a0d8cce311be41e33b2b1c1aff06038b83fd87508773187db247e619", kill_on_drop: false }`
[INFO] running `Command { std: "docker" "exec" "-e" "SOURCE_DIR=/opt/rustwide/workdir" "-e" "CARGO_HOME=/opt/rustwide/cargo-home" "-e" "RUSTUP_HOME=/opt/rustwide/rustup-home" "-e" "CARGO_TARGET_DIR=/opt/rustwide/target" "-e" "CARGO_INCREMENTAL=0" "-e" "RUST_BACKTRACE=full" "-e" "RUSTFLAGS=--cap-lints=warn" "-e" "RUSTDOCFLAGS=--cap-lints=warn" "-w" "/opt/rustwide/workdir" "--user" "0:0" "19c20677a0d8cce311be41e33b2b1c1aff06038b83fd87508773187db247e619" "/opt/rustwide/cargo-home/bin/cargo" "+1.99.0-beta.8" "build" "--frozen" "--message-format=json", kill_on_drop: false }`
[INFO] [stderr] warning: Cargo.toml: `lints.rust.let-underscore` is deprecated in favor of `lints.rust.let_underscore` and will not work in a future edition
[INFO] [stderr] warning: `ts_transport_derp` (manifest) generated 1 warning
[INFO] [stderr]    Compiling syn v2.0.117
[INFO] [stderr]    Compiling stable_deref_trait v1.2.1
[INFO] [stderr]    Compiling subtle v2.6.1
[INFO] [stderr]    Compiling dunce v1.0.5
[INFO] [stderr]    Compiling fs_extra v1.3.0
[INFO] [stderr]    Compiling generic-array v0.14.7
[INFO] [stderr]    Compiling aws-lc-rs v1.17.0
[INFO] [stderr]    Compiling jobserver v0.1.34
[INFO] [stderr]    Compiling getrandom v0.2.17
[INFO] [stderr]    Compiling mio v1.2.0
[INFO] [stderr]    Compiling socket2 v0.6.3
[INFO] [stderr]    Compiling http v1.4.0
[INFO] [stderr]    Compiling curve25519-dalek v4.1.3
[INFO] [stderr]    Compiling rustls-pki-types v1.14.1
[INFO] [stderr]    Compiling curve25519-dalek v5.0.0-pre.6
[INFO] [stderr]    Compiling byteorder v1.5.0
[INFO] [stderr]    Compiling thiserror v2.0.18
[INFO] [stderr]    Compiling heapless v0.9.3
[INFO] [stderr]    Compiling rand_core v0.6.4
[INFO] [stderr]    Compiling rustls v0.23.40
[INFO] [stderr]    Compiling futures-channel v0.3.32
[INFO] [stderr]    Compiling zerocopy v0.8.48
[INFO] [stderr]    Compiling percent-encoding v2.3.2
[INFO] [stderr]    Compiling cc v1.2.62
[INFO] [stderr]    Compiling hash32 v0.3.1
[INFO] [stderr]    Compiling getrandom v0.4.2
[INFO] [stderr]    Compiling futures v0.3.32
[INFO] [stderr]    Compiling form_urlencoded v1.2.2
[INFO] [stderr]    Compiling webpki-roots v1.0.7
[INFO] [stderr]    Compiling crypto-common v0.1.7
[INFO] [stderr]    Compiling inout v0.1.4
[INFO] [stderr]    Compiling universal-hash v0.5.1
[INFO] [stderr]    Compiling cipher v0.4.4
[INFO] [stderr]    Compiling aead v0.5.2
[INFO] [stderr]    Compiling cmake v0.1.58
[INFO] [stderr]    Compiling poly1305 v0.8.0
[INFO] [stderr]    Compiling salsa20 v0.10.2
[INFO] [stderr]    Compiling ts_hexdump v0.3.3
[INFO] [stderr]    Compiling http-body v1.0.1
[INFO] [stderr]    Compiling crypto_secretbox v0.1.1
[INFO] [stderr]    Compiling http-body-util v0.1.3
[INFO] [stderr]    Compiling aws-lc-sys v0.41.0
[INFO] [stderr]    Compiling synstructure v0.13.2
[INFO] [stderr]    Compiling zerofrom-derive v0.1.7
[INFO] [stderr]    Compiling yoke-derive v0.8.2
[INFO] [stderr]    Compiling zerovec-derive v0.11.3
[INFO] [stderr]    Compiling displaydoc v0.2.5
[INFO] [stderr]    Compiling tokio-macros v2.7.0
[INFO] [stderr]    Compiling curve25519-dalek-derive v0.1.1
[INFO] [stderr]    Compiling tracing-attributes v0.1.31
[INFO] [stderr]    Compiling thiserror-impl v2.0.18
[INFO] [stderr]    Compiling zerocopy-derive v0.8.48
[INFO] [stderr]    Compiling serde_derive v1.0.228
[INFO] [stderr]    Compiling tokio v1.52.3
[INFO] [stderr]    Compiling zerofrom v0.1.8
[INFO] [stderr]    Compiling yoke v0.8.2
[INFO] [stderr]    Compiling crypto_box v0.9.1
[INFO] [stderr]    Compiling zerovec v0.11.6
[INFO] [stderr]    Compiling zerotrie v0.2.4
[INFO] [stderr]    Compiling x25519-dalek v3.0.0-pre.6
[INFO] [stderr]    Compiling tracing v0.1.44
[INFO] [stderr]    Compiling ts_packet v0.3.3
[INFO] [stderr]    Compiling tinystr v0.8.3
[INFO] [stderr]    Compiling potential_utf v0.1.5
[INFO] [stderr]    Compiling icu_collections v2.2.0
[INFO] [stderr]    Compiling icu_locale_core v2.2.0
[INFO] [stderr]    Compiling icu_provider v2.2.0
[INFO] [stderr]    Compiling icu_normalizer v2.2.0
[INFO] [stderr]    Compiling icu_properties v2.2.0
[INFO] [stderr]    Compiling serde v1.0.228
[INFO] [stderr]    Compiling idna_adapter v1.2.2
[INFO] [stderr]    Compiling idna v1.1.0
[INFO] [stderr]    Compiling url v2.5.8
[INFO] [stderr]    Compiling tokio-util v0.7.18
[INFO] [stderr]    Compiling h2 v0.4.14
[INFO] [stderr]    Compiling ts_keys v0.3.3
[INFO] [stderr]    Compiling ts_transport v0.3.3
[INFO] [stderr]    Compiling hyper v1.9.0
[INFO] [stderr]    Compiling rustls-webpki v0.103.13
[INFO] [stderr]    Compiling hyper-util v0.1.20
[INFO] [stderr]    Compiling tokio-rustls v0.26.4
[INFO] [stderr]    Compiling ts_tls_util v0.3.3
[INFO] [stderr]    Compiling ts_http_util v0.3.3
[INFO] [stderr]    Compiling ts_transport_derp v0.3.3 (/opt/rustwide/workdir)
[INFO] [stderr]     Finished `dev` profile [unoptimized + debuginfo] target(s) in 30.67s
[INFO] running `Command { std: "docker" "inspect" "19c20677a0d8cce311be41e33b2b1c1aff06038b83fd87508773187db247e619", kill_on_drop: false }`
[INFO] running `Command { std: "docker" "exec" "-e" "SOURCE_DIR=/opt/rustwide/workdir" "-e" "CARGO_HOME=/opt/rustwide/cargo-home" "-e" "RUSTUP_HOME=/opt/rustwide/rustup-home" "-e" "CARGO_TARGET_DIR=/opt/rustwide/target" "-e" "CARGO_INCREMENTAL=0" "-e" "RUST_BACKTRACE=full" "-e" "RUSTFLAGS=--cap-lints=warn" "-e" "RUSTDOCFLAGS=--cap-lints=warn" "-w" "/opt/rustwide/workdir" "--user" "0:0" "19c20677a0d8cce311be41e33b2b1c1aff06038b83fd87508773187db247e619" "/opt/rustwide/cargo-home/bin/cargo" "+1.99.0-beta.8" "test" "--frozen" "--no-run" "--message-format=json", kill_on_drop: false }`
[INFO] [stderr] warning: Cargo.toml: `lints.rust.let-underscore` is deprecated in favor of `lints.rust.let_underscore` and will not work in a future edition
[INFO] [stderr] warning: `ts_transport_derp` (manifest) generated 1 warning
[INFO] [stderr]    Compiling ts_transport_derp v0.3.3 (/opt/rustwide/workdir)
[INFO] [stdout] error[E0433]: cannot find module or crate `ts_control_serde` in this scope
[INFO] [stdout]   --> examples/common/mod.rs:57:9
[INFO] [stdout]    |
[INFO] [stdout] 57 |         ts_control_serde::DerpIpUsage::Disable => ts_transport_derp::IpUsage::Disable,
[INFO] [stdout]    |         ^^^^^^^^^^^^^^^^ use of unresolved module or unlinked crate `ts_control_serde`
[INFO] [stdout]    |
[INFO] [stdout]    = help: if you wanted to use a crate named `ts_control_serde`, use `cargo add ts_control_serde` to add it to your `Cargo.toml`
[INFO] [stdout] 
[INFO] [stdout] 
[INFO] [stdout] error[E0433]: cannot find module or crate `ts_control_serde` in this scope
[INFO] [stdout]   --> examples/common/mod.rs:57:9
[INFO] [stdout]    |
[INFO] [stdout] 57 |         ts_control_serde::DerpIpUsage::Disable => ts_transport_derp::IpUsage::Disable,
[INFO] [stdout]    |         ^^^^^^^^^^^^^^^^ use of unresolved module or unlinked crate `ts_control_serde`
[INFO] [stdout]    |
[INFO] [stdout]    = help: if you wanted to use a crate named `ts_control_serde`, use `cargo add ts_control_serde` to add it to your `Cargo.toml`
[INFO] [stdout] 
[INFO] [stdout] 
[INFO] [stdout] error[E0433]: cannot find module or crate `ts_control_serde` in this scope
[INFO] [stdout]   --> examples/common/mod.rs:58:9
[INFO] [stdout]    |
[INFO] [stdout] 58 |         ts_control_serde::DerpIpUsage::UseDns => ts_transport_derp::IpUsage::UseDns,
[INFO] [stdout]    |         ^^^^^^^^^^^^^^^^ use of unresolved module or unlinked crate `ts_control_serde`
[INFO] [stdout]    |
[INFO] [stdout]    = help: if you wanted to use a crate named `ts_control_serde`, use `cargo add ts_control_serde` to add it to your `Cargo.toml`
[INFO] [stdout] 
[INFO] [stdout] 
[INFO] [stdout] error[E0433]: cannot find module or crate `ts_control_serde` in this scope
[INFO] [stdout]   --> examples/common/mod.rs:58:9
[INFO] [stdout]    |
[INFO] [stdout] 58 |         ts_control_serde::DerpIpUsage::UseDns => ts_transport_derp::IpUsage::UseDns,
[INFO] [stdout]    |         ^^^^^^^^^^^^^^^^ use of unresolved module or unlinked crate `ts_control_serde`
[INFO] [stdout]    |
[INFO] [stdout]    = help: if you wanted to use a crate named `ts_control_serde`, use `cargo add ts_control_serde` to add it to your `Cargo.toml`
[INFO] [stdout] 
[INFO] [stdout] 
[INFO] [stdout] error[E0433]: cannot find module or crate `ts_control_serde` in this scope
[INFO] [stdout]   --> examples/common/mod.rs:59:9
[INFO] [stdout]    |
[INFO] [stdout] 59 |         ts_control_serde::DerpIpUsage::FixedAddr(ip) => ts_transport_derp::IpUsage::FixedAddr(ip),
[INFO] [stdout]    |         ^^^^^^^^^^^^^^^^ use of unresolved module or unlinked crate `ts_control_serde`
[INFO] [stdout]    |
[INFO] [stdout]    = help: if you wanted to use a crate named `ts_control_serde`, use `cargo add ts_control_serde` to add it to your `Cargo.toml`
[INFO] [stdout] 
[INFO] [stdout] 
[INFO] [stdout] error[E0433]: cannot find module or crate `ts_control_serde` in this scope
[INFO] [stdout]   --> examples/common/mod.rs:59:9
[INFO] [stdout]    |
[INFO] [stdout] 59 |         ts_control_serde::DerpIpUsage::FixedAddr(ip) => ts_transport_derp::IpUsage::FixedAddr(ip),
[INFO] [stdout]    |         ^^^^^^^^^^^^^^^^ use of unresolved module or unlinked crate `ts_control_serde`
[INFO] [stdout]    |
[INFO] [stdout]    = help: if you wanted to use a crate named `ts_control_serde`, use `cargo add ts_control_serde` to add it to your `Cargo.toml`
[INFO] [stdout] 
[INFO] [stdout] 
[INFO] [stdout] error[E0433]: cannot find module or crate `reqwest` in this scope
[INFO] [stdout]   --> examples/common/mod.rs:14:18
[INFO] [stdout]    |
[INFO] [stdout] 14 |     let result = reqwest::get(DERP_MAP_URL).await.unwrap();
[INFO] [stdout]    |                  ^^^^^^^ use of unresolved module or unlinked crate `reqwest`
[INFO] [stdout]    |
[INFO] [stdout]    = help: if you wanted to use a crate named `reqwest`, use `cargo add reqwest` to add it to your `Cargo.toml`
[INFO] [stdout] 
[INFO] [stdout] 
[INFO] [stdout] error[E0433]: cannot find module or crate `reqwest` in this scope
[INFO] [stdout]   --> examples/common/mod.rs:14:18
[INFO] [stdout]    |
[INFO] [stdout] 14 |     let result = reqwest::get(DERP_MAP_URL).await.unwrap();
[INFO] [stdout]    |                  ^^^^^^^ use of unresolved module or unlinked crate `reqwest`
[INFO] [stdout]    |
[INFO] [stdout]    = help: if you wanted to use a crate named `reqwest`, use `cargo add reqwest` to add it to your `Cargo.toml`
[INFO] [stdout] 
[INFO] [stdout] 
[INFO] [stdout] error[E0433]: cannot find module or crate `ts_cli_util` in this scope
[INFO] [stdout]   --> examples/ping.rs:13:5
[INFO] [stdout]    |
[INFO] [stdout] 13 |     ts_cli_util::init_tracing();
[INFO] [stdout]    |     ^^^^^^^^^^^ use of unresolved module or unlinked crate `ts_cli_util`
[INFO] [stdout]    |
[INFO] [stdout] help: there is a crate or module with a similar name
[INFO] [stdout]    |
[INFO] [stdout] 13 -     ts_cli_util::init_tracing();
[INFO] [stdout] 13 +     ts_tls_util::init_tracing();
[INFO] [stdout]    |
[INFO] [stdout] 
[INFO] [stdout] 
[INFO] [stdout] error[E0433]: cannot find module or crate `ts_cli_util` in this scope
[INFO] [stdout]   --> examples/listen.rs:12:5
[INFO] [stdout]    |
[INFO] [stdout] 12 |     ts_cli_util::init_tracing();
[INFO] [stdout]    |     ^^^^^^^^^^^ use of unresolved module or unlinked crate `ts_cli_util`
[INFO] [stdout]    |
[INFO] [stdout] help: there is a crate or module with a similar name
[INFO] [stdout]    |
[INFO] [stdout] 12 -     ts_cli_util::init_tracing();
[INFO] [stdout] 12 +     ts_tls_util::init_tracing();
[INFO] [stdout]    |
[INFO] [stdout] 
[INFO] [stdout] 
[INFO] [stdout] error[E0433]: cannot find module or crate `ts_cli_util` in this scope
[INFO] [stdout]   --> examples/listen.rs:11:20
[INFO] [stdout]    |
[INFO] [stdout] 11 | async fn main() -> ts_cli_util::Result<()> {
[INFO] [stdout]    |                    ^^^^^^^^^^^ use of unresolved module or unlinked crate `ts_cli_util`
[INFO] [stdout]    |
[INFO] [stdout] help: there is a crate or module with a similar name
[INFO] [stdout]    |
[INFO] [stdout] 11 - async fn main() -> ts_cli_util::Result<()> {
[INFO] [stdout] 11 + async fn main() -> ts_tls_util::Result<()> {
[INFO] [stdout]    |
[INFO] [stdout] 
[INFO] [stdout] 
[INFO] [stdout] error[E0433]: cannot find module or crate `ts_control_serde` in this scope
[INFO] [stdout]   --> examples/common/mod.rs:17:40
[INFO] [stdout]    |
[INFO] [stdout] 17 |     let map = serde_json::from_slice::<ts_control_serde::DerpMap>(&body).unwrap();
[INFO] [stdout]    |                                        ^^^^^^^^^^^^^^^^ use of unresolved module or unlinked crate `ts_control_serde`
[INFO] [stdout]    |
[INFO] [stdout]    = help: if you wanted to use a crate named `ts_control_serde`, use `cargo add ts_control_serde` to add it to your `Cargo.toml`
[INFO] [stdout] 
[INFO] [stdout] 
[INFO] [stdout] error[E0433]: cannot find module or crate `ts_control_serde` in this scope
[INFO] [stdout]   --> examples/common/mod.rs:52:28
[INFO] [stdout]    |
[INFO] [stdout] 52 | fn convert_ip_usage<T>(ip: ts_control_serde::DerpIpUsage<T>) -> ts_transport_derp::IpUsage<T>
[INFO] [stdout]    |                            ^^^^^^^^^^^^^^^^ use of unresolved module or unlinked crate `ts_control_serde`
[INFO] [stdout]    |
[INFO] [stdout]    = help: if you wanted to use a crate named `ts_control_serde`, use `cargo add ts_control_serde` to add it to your `Cargo.toml`
[INFO] [stdout] 
[INFO] [stdout] 
[INFO] [stdout] For more information about this error, try `rustc --explain E0433`.
[INFO] [stdout] 
[INFO] [stdout] error[E0433]: cannot find module or crate `ts_cli_util` in this scope
[INFO] [stdout]   --> examples/ping.rs:12:20
[INFO] [stdout]    |
[INFO] [stdout] 12 | async fn main() -> ts_cli_util::Result<()> {
[INFO] [stdout]    |                    ^^^^^^^^^^^ use of unresolved module or unlinked crate `ts_cli_util`
[INFO] [stdout]    |
[INFO] [stdout] help: there is a crate or module with a similar name
[INFO] [stdout]    |
[INFO] [stdout] 12 - async fn main() -> ts_cli_util::Result<()> {
[INFO] [stdout] 12 + async fn main() -> ts_tls_util::Result<()> {
[INFO] [stdout]    |
[INFO] [stdout] 
[INFO] [stdout] 
[INFO] [stdout] error[E0433]: cannot find module or crate `ts_control_serde` in this scope
[INFO] [stdout]   --> examples/common/mod.rs:17:40
[INFO] [stdout]    |
[INFO] [stdout] 17 |     let map = serde_json::from_slice::<ts_control_serde::DerpMap>(&body).unwrap();
[INFO] [stdout]    |                                        ^^^^^^^^^^^^^^^^ use of unresolved module or unlinked crate `ts_control_serde`
[INFO] [stdout]    |
[INFO] [stdout]    = help: if you wanted to use a crate named `ts_control_serde`, use `cargo add ts_control_serde` to add it to your `Cargo.toml`
[INFO] [stdout] 
[INFO] [stdout] 
[INFO] [stdout] error[E0433]: cannot find module or crate `ts_control_serde` in this scope
[INFO] [stdout]   --> examples/common/mod.rs:52:28
[INFO] [stdout]    |
[INFO] [stdout] 52 | fn convert_ip_usage<T>(ip: ts_control_serde::DerpIpUsage<T>) -> ts_transport_derp::IpUsage<T>
[INFO] [stdout]    |                            ^^^^^^^^^^^^^^^^ use of unresolved module or unlinked crate `ts_control_serde`
[INFO] [stdout]    |
[INFO] [stdout]    = help: if you wanted to use a crate named `ts_control_serde`, use `cargo add ts_control_serde` to add it to your `Cargo.toml`
[INFO] [stdout] 
[INFO] [stdout] 
[INFO] [stdout] For more information about this error, try `rustc --explain E0433`.
[INFO] [stdout] 
[INFO] [stderr] error: could not compile `ts_transport_derp` (example "listen") due to 8 previous errors
[INFO] [stderr] warning: build failed, waiting for other jobs to finish...
[INFO] [stderr] error: could not compile `ts_transport_derp` (example "ping") due to 8 previous errors
[INFO] running `Command { std: "docker" "inspect" "19c20677a0d8cce311be41e33b2b1c1aff06038b83fd87508773187db247e619", kill_on_drop: false }`
[INFO] running `Command { std: "docker" "rm" "-f" "19c20677a0d8cce311be41e33b2b1c1aff06038b83fd87508773187db247e619", kill_on_drop: false }`
[INFO] [stdout] 19c20677a0d8cce311be41e33b2b1c1aff06038b83fd87508773187db247e619
