[INFO] fetching crate trezoa-vote-interface 3.2.2...
[INFO] testing trezoa-vote-interface-3.2.2 against 1.100.0-beta.1 for beta-1.100-2
[INFO] extracting crate trezoa-vote-interface 3.2.2 into /workspace/builds/worker-0-tc2/source
[INFO] started tweaking crates.io crate trezoa-vote-interface 3.2.2
[INFO] finished tweaking crates.io crate trezoa-vote-interface 3.2.2
[INFO] tweaked toml for crates.io crate trezoa-vote-interface 3.2.2 written to /workspace/builds/worker-0-tc2/source/Cargo.toml
[INFO] validating manifest of crates.io crate trezoa-vote-interface 3.2.2 on toolchain 1.100.0-beta.1
[INFO] running `Command { std: CARGO_HOME="/workspace/cargo-home" RUSTUP_HOME="/workspace/rustup-home" "/workspace/cargo-home/bin/cargo" "+1.100.0-beta.1" "metadata" "--manifest-path" "Cargo.toml" "--no-deps", kill_on_drop: false }`
[INFO] crate crates.io crate trezoa-vote-interface 3.2.2 already has a lockfile, it will not be regenerated
[INFO] running `Command { std: CARGO_HOME="/workspace/cargo-home" RUSTUP_HOME="/workspace/rustup-home" "/workspace/cargo-home/bin/cargo" "+1.100.0-beta.1" "fetch" "--manifest-path" "Cargo.toml", kill_on_drop: false }`
[INFO] running `Command { std: "docker" "create" "-v" "/var/lib/crater-agent-workspace/builds/worker-0-tc2/source:/opt/rustwide/workdir:ro,Z" "-v" "/var/lib/crater-agent-workspace/builds/worker-0-tc2/target:/opt/rustwide/target:rw,Z" "-v" "/var/lib/crater-agent-workspace/cargo-home:/opt/rustwide/cargo-home:ro,Z" "-v" "/var/lib/crater-agent-workspace/rustup-home:/opt/rustwide/rustup-home:ro,Z" "-m" "1610612736" "--network" "none" "ghcr.io/rust-lang/crates-build-env/linux@sha256:3111399a4047eeb3a02b7a90e478d715f38a8c6669b5c4b49d30a17385265909" "sleep" "infinity", kill_on_drop: false }`
[INFO] [stdout] 4dd3bba0c087efd0ba722865e75e9795d58fd8b0782a85d1b44f62132ed951fc
[INFO] running `Command { std: "docker" "start" "4dd3bba0c087efd0ba722865e75e9795d58fd8b0782a85d1b44f62132ed951fc", kill_on_drop: false }`
[INFO] running `Command { std: "docker" "inspect" "4dd3bba0c087efd0ba722865e75e9795d58fd8b0782a85d1b44f62132ed951fc", kill_on_drop: false }`
[INFO] running `Command { std: "docker" "exec" "-e" "SOURCE_DIR=/opt/rustwide/workdir" "-e" "CARGO_HOME=/opt/rustwide/cargo-home" "-e" "RUSTUP_HOME=/opt/rustwide/rustup-home" "-e" "CARGO_TARGET_DIR=/opt/rustwide/target" "-w" "/opt/rustwide/workdir" "--user" "0:0" "4dd3bba0c087efd0ba722865e75e9795d58fd8b0782a85d1b44f62132ed951fc" "/opt/rustwide/cargo-home/bin/cargo" "+1.100.0-beta.1" "metadata" "--no-deps" "--format-version=1", kill_on_drop: false }`
[INFO] running `Command { std: "docker" "inspect" "4dd3bba0c087efd0ba722865e75e9795d58fd8b0782a85d1b44f62132ed951fc", kill_on_drop: false }`
[INFO] running `Command { std: "docker" "exec" "-e" "SOURCE_DIR=/opt/rustwide/workdir" "-e" "CARGO_HOME=/opt/rustwide/cargo-home" "-e" "RUSTUP_HOME=/opt/rustwide/rustup-home" "-e" "CARGO_TARGET_DIR=/opt/rustwide/target" "-e" "CARGO_INCREMENTAL=0" "-e" "RUST_BACKTRACE=full" "-e" "RUSTFLAGS=--cap-lints=warn" "-e" "RUSTDOCFLAGS=--cap-lints=warn" "-w" "/opt/rustwide/workdir" "--user" "0:0" "4dd3bba0c087efd0ba722865e75e9795d58fd8b0782a85d1b44f62132ed951fc" "/opt/rustwide/cargo-home/bin/cargo" "+1.100.0-beta.1" "build" "--frozen" "--message-format=json", kill_on_drop: false }`
[INFO] [stderr]    Compiling proc-macro2 v1.0.103
[INFO] [stderr]    Compiling unicode-ident v1.0.22
[INFO] [stderr]    Compiling quote v1.0.42
[INFO] [stderr]    Compiling five8_core v1.0.0
[INFO] [stderr]    Compiling trezoa-program-error v3.2.2
[INFO] [stderr]    Compiling trezoa-sanitize v3.2.2
[INFO] [stderr]    Compiling bs58 v0.5.1
[INFO] [stderr]    Compiling num-traits v0.2.19
[INFO] [stderr]    Compiling five8_const v1.0.0
[INFO] [stderr]    Compiling five8 v1.0.0
[INFO] [stderr]    Compiling trezoa-hash v3.2.3
[INFO] [stderr]    Compiling trezoa-address v3.2.3
[INFO] [stderr]    Compiling trezoa-pubkey v3.2.3
[INFO] [stderr]    Compiling trezoa-sdk-ids v3.2.2
[INFO] [stderr]    Compiling syn v2.0.109
[INFO] [stderr]    Compiling trezoa-instruction-error v3.2.2
[INFO] [stderr]    Compiling trezoa-instruction v3.2.2
[INFO] [stderr]    Compiling trezoa-sdk-macro v3.2.2
[INFO] [stderr]    Compiling num-derive v0.4.2
[INFO] [stderr]    Compiling trezoa-rent v3.2.2
[INFO] [stderr]    Compiling trezoa-clock v3.2.2
[INFO] [stderr]    Compiling trezoa-vote-interface v3.2.2 (/opt/rustwide/workdir)
[INFO] [stderr] warning: unused dependency `trezoa-instruction`
[INFO] [stderr]   --> Cargo.toml:53:15
[INFO] [stderr]    |
[INFO] [stderr] 53 | [dependencies.trezoa-instruction]
[INFO] [stderr]    |               ^^^^^^^^^^^^^^^^^^^
[INFO] [stderr]    |
[INFO] [stderr]    = note: `cargo::unused_dependencies` is set to `warn` by default
[INFO] [stderr] help: consider removing the dependency on `trezoa-instruction`
[INFO] [stderr] warning: `trezoa-vote-interface` (manifest) generated 1 warning
[INFO] [stderr]     Finished `dev` profile [unoptimized + debuginfo] target(s) in 8.51s
[INFO] running `Command { std: "docker" "inspect" "4dd3bba0c087efd0ba722865e75e9795d58fd8b0782a85d1b44f62132ed951fc", kill_on_drop: false }`
[INFO] running `Command { std: "docker" "exec" "-e" "SOURCE_DIR=/opt/rustwide/workdir" "-e" "CARGO_HOME=/opt/rustwide/cargo-home" "-e" "RUSTUP_HOME=/opt/rustwide/rustup-home" "-e" "CARGO_TARGET_DIR=/opt/rustwide/target" "-e" "CARGO_INCREMENTAL=0" "-e" "RUST_BACKTRACE=full" "-e" "RUSTFLAGS=--cap-lints=warn" "-e" "RUSTDOCFLAGS=--cap-lints=warn" "-w" "/opt/rustwide/workdir" "--user" "0:0" "4dd3bba0c087efd0ba722865e75e9795d58fd8b0782a85d1b44f62132ed951fc" "/opt/rustwide/cargo-home/bin/cargo" "+1.100.0-beta.1" "test" "--frozen" "--no-run" "--message-format=json", kill_on_drop: false }`
[INFO] [stderr]    Compiling libc v0.2.177
[INFO] [stderr]    Compiling syn v2.0.109
[INFO] [stderr]    Compiling zerocopy v0.8.27
[INFO] [stderr]    Compiling memchr v2.7.6
[INFO] [stderr]    Compiling trezoa-atomic-u64 v3.2.2
[INFO] [stderr]    Compiling regex-syntax v0.8.8
[INFO] [stderr]    Compiling utf8parse v0.2.2
[INFO] [stderr]    Compiling signal-hook v0.3.18
[INFO] [stderr]    Compiling anstyle-parse v0.2.7
[INFO] [stderr]    Compiling anstyle v1.0.13
[INFO] [stderr]    Compiling colorchoice v1.0.4
[INFO] [stderr]    Compiling is_terminal_polyfill v1.70.2
[INFO] [stderr]    Compiling anstyle-query v1.1.4
[INFO] [stderr]    Compiling log v0.4.28
[INFO] [stderr]    Compiling jiff v0.2.16
[INFO] [stderr]    Compiling anstream v0.6.21
[INFO] [stderr]    Compiling lazy_static v1.5.0
[INFO] [stderr]    Compiling either v1.15.0
[INFO] [stderr]    Compiling aho-corasick v1.1.4
[INFO] [stderr]    Compiling itertools v0.12.1
[INFO] [stderr]    Compiling getrandom v0.2.16
[INFO] [stderr]    Compiling signal-hook-registry v1.4.6
[INFO] [stderr]    Compiling rand_core v0.6.4
[INFO] [stderr]    Compiling regex-automata v0.4.13
[INFO] [stderr]    Compiling ppv-lite86 v0.2.21
[INFO] [stderr]    Compiling rand_chacha v0.3.1
[INFO] [stderr]    Compiling rand v0.8.5
[INFO] [stderr]    Compiling derive_arbitrary v1.4.2
[INFO] [stderr]    Compiling trezoa-sdk-macro v3.2.2
[INFO] [stderr]    Compiling num-derive v0.4.2
[INFO] [stderr]    Compiling trezoa-rent v3.2.2
[INFO] [stderr]    Compiling trezoa-clock v3.2.2
[INFO] [stderr]    Compiling trezoa-epoch-schedule v3.2.2
[INFO] [stderr]    Compiling arbitrary v1.4.2
[INFO] [stderr]    Compiling regex v1.12.2
[INFO] [stderr]    Compiling env_filter v0.1.4
[INFO] [stderr]    Compiling env_logger v0.11.8
[INFO] [stderr]    Compiling trezoa-logger v3.2.2
[INFO] [stderr]    Compiling trezoa-address v3.2.3
[INFO] [stderr]    Compiling trezoa-pubkey v3.2.3
[INFO] [stderr]    Compiling trezoa-instruction v3.2.2
[INFO] [stderr]    Compiling trezoa-sdk-ids v3.2.2
[INFO] [stderr]    Compiling trezoa-vote-interface v3.2.2 (/opt/rustwide/workdir)
[INFO] [stdout] error[E0432]: unresolved import `arbitrary`
[INFO] [stdout]   --> src/state/mod.rs:17:6
[INFO] [stdout]    |
[INFO] [stdout] 17 | use {arbitrary::Unstructured, trezoa_epoch_schedule::MAX_LEADER_SCHEDULE_EPOCH_OFFSET};
[INFO] [stdout]    |      ^^^^^^^^^ use of unresolved module or unlinked crate `arbitrary`
[INFO] [stdout]    |
[INFO] [stdout]    = help: if you wanted to use a crate named `arbitrary`, use `cargo add arbitrary` to add it to your `Cargo.toml`
[INFO] [stdout] 
[INFO] [stdout] 
[INFO] [stdout] error[E0432]: unresolved import `arbitrary`
[INFO] [stdout]  --> src/state/vote_state_versions.rs:6:5
[INFO] [stdout]   |
[INFO] [stdout] 6 | use arbitrary::{Arbitrary, Unstructured};
[INFO] [stdout]   |     ^^^^^^^^^ use of unresolved module or unlinked crate `arbitrary`
[INFO] [stdout]   |
[INFO] [stdout]   = help: if you wanted to use a crate named `arbitrary`, use `cargo add arbitrary` to add it to your `Cargo.toml`
[INFO] [stdout] 
[INFO] [stdout] 
[INFO] [stdout] error[E0432]: unresolved import `bincode`
[INFO] [stdout]    --> src/state/mod.rs:401:9
[INFO] [stdout]     |
[INFO] [stdout] 401 |         bincode::serialized_size,
[INFO] [stdout]     |         ^^^^^^^ use of unresolved module or unlinked crate `bincode`
[INFO] [stdout]     |
[INFO] [stdout]     = help: if you wanted to use a crate named `bincode`, use `cargo add bincode` to add it to your `Cargo.toml`
[INFO] [stdout] 
[INFO] [stdout] 
[INFO] [stdout] error[E0432]: unresolved import `arbitrary`
[INFO] [stdout]  --> src/state/vote_state_0_23_5.rs:4:5
[INFO] [stdout]   |
[INFO] [stdout] 4 | use arbitrary::{Arbitrary, Unstructured};
[INFO] [stdout]   |     ^^^^^^^^^ use of unresolved module or unlinked crate `arbitrary`
[INFO] [stdout]   |
[INFO] [stdout]   = help: if you wanted to use a crate named `arbitrary`, use `cargo add arbitrary` to add it to your `Cargo.toml`
[INFO] [stdout] 
[INFO] [stdout] 
[INFO] [stdout] error: cannot find derive macro `Deserialize` in this scope
[INFO] [stdout]     --> src/state/mod.rs:1278:40
[INFO] [stdout]      |
[INFO] [stdout] 1278 |         #[derive(Debug, Eq, PartialEq, Deserialize, Serialize)]
[INFO] [stdout]      |                                        ^^^^^^^^^^^
[INFO] [stdout] 
[INFO] [stdout] 
[INFO] [stdout] error: cannot find derive macro `Serialize` in this scope
[INFO] [stdout]     --> src/state/mod.rs:1278:53
[INFO] [stdout]      |
[INFO] [stdout] 1278 |         #[derive(Debug, Eq, PartialEq, Deserialize, Serialize)]
[INFO] [stdout]      |                                                     ^^^^^^^^^
[INFO] [stdout] 
[INFO] [stdout] 
[INFO] [stdout] error: cannot find attribute `serde` in this scope
[INFO] [stdout]     --> src/state/mod.rs:1280:15
[INFO] [stdout]      |
[INFO] [stdout] 1280 |             #[serde(with = "serde_compact_vote_state_update")]
[INFO] [stdout]      |               ^^^^^
[INFO] [stdout] 
[INFO] [stdout] 
[INFO] [stdout] error: cannot find attribute `serde` in this scope
[INFO] [stdout]     --> src/state/mod.rs:1283:19
[INFO] [stdout]      |
[INFO] [stdout] 1283 |                 #[serde(with = "serde_compact_vote_state_update")] VoteStateUpdate,
[INFO] [stdout]      |                   ^^^^^
[INFO] [stdout] 
[INFO] [stdout] 
[INFO] [stdout] error[E0425]: cannot find type `InstructionError` in this scope
[INFO] [stdout]   --> src/state/vote_state_versions.rs:45:66
[INFO] [stdout]    |
[INFO] [stdout] 45 |     pub(crate) fn try_convert_to_v3(self) -> Result<VoteStateV3, InstructionError> {
[INFO] [stdout]    |                                                                  ^^^^^^^^^^^^^^^^ not found in this scope
[INFO] [stdout]    |
[INFO] [stdout] help: you might be missing a type parameter
[INFO] [stdout]    |
[INFO] [stdout] 31 | impl<InstructionError> VoteStateVersions {
[INFO] [stdout]    |     ++++++++++++++++++
[INFO] [stdout] 
[INFO] [stdout] 
[INFO] [stdout] error[E0425]: cannot find type `InstructionError` in this scope
[INFO] [stdout]    --> src/state/vote_state_versions.rs:108:30
[INFO] [stdout]     |
[INFO] [stdout] 108 |     ) -> Result<VoteStateV4, InstructionError> {
[INFO] [stdout]     |                              ^^^^^^^^^^^^^^^^ not found in this scope
[INFO] [stdout]     |
[INFO] [stdout] help: you might be missing a type parameter
[INFO] [stdout]     |
[INFO] [stdout]  31 | impl<InstructionError> VoteStateVersions {
[INFO] [stdout]     |     ++++++++++++++++++
[INFO] [stdout] 
[INFO] [stdout] 
[INFO] [stdout] error[E0433]: cannot find module or crate `bincode` in this scope
[INFO] [stdout]   --> src/state/vote_state_0_23_5.rs:84:30
[INFO] [stdout]    |
[INFO] [stdout] 84 |         let vote_state_buf = bincode::serialize(&target_vote_state_versions).unwrap();
[INFO] [stdout]    |                              ^^^^^^^ use of unresolved module or unlinked crate `bincode`
[INFO] [stdout]    |
[INFO] [stdout]    = help: if you wanted to use a crate named `bincode`, use `cargo add bincode` to add it to your `Cargo.toml`
[INFO] [stdout] 
[INFO] [stdout] 
[INFO] [stdout] error[E0433]: cannot find module or crate `bincode` in this scope
[INFO] [stdout]    --> src/state/vote_state_0_23_5.rs:129:34
[INFO] [stdout]     |
[INFO] [stdout] 129 |             let vote_state_buf = bincode::serialize(&target_vote_state_versions).unwrap();
[INFO] [stdout]     |                                  ^^^^^^^ use of unresolved module or unlinked crate `bincode`
[INFO] [stdout]     |
[INFO] [stdout]     = help: if you wanted to use a crate named `bincode`, use `cargo add bincode` to add it to your `Cargo.toml`
[INFO] [stdout] 
[INFO] [stdout] 
[INFO] [stdout] error[E0433]: cannot find module or crate `bincode` in this scope
[INFO] [stdout]    --> src/state/vote_state_1_14_11.rs:100:30
[INFO] [stdout]     |
[INFO] [stdout] 100 |         let vote_state_buf = bincode::serialize(&target_vote_state_versions).unwrap();
[INFO] [stdout]     |                              ^^^^^^^ use of unresolved module or unlinked crate `bincode`
[INFO] [stdout]     |
[INFO] [stdout]     = help: if you wanted to use a crate named `bincode`, use `cargo add bincode` to add it to your `Cargo.toml`
[INFO] [stdout] 
[INFO] [stdout] 
[INFO] [stdout] error[E0433]: cannot find module or crate `bincode` in this scope
[INFO] [stdout]    --> src/state/vote_state_1_14_11.rs:145:34
[INFO] [stdout]     |
[INFO] [stdout] 145 |             let vote_state_buf = bincode::serialize(&target_vote_state_versions).unwrap();
[INFO] [stdout]     |                                  ^^^^^^^ use of unresolved module or unlinked crate `bincode`
[INFO] [stdout]     |
[INFO] [stdout]     = help: if you wanted to use a crate named `bincode`, use `cargo add bincode` to add it to your `Cargo.toml`
[INFO] [stdout] 
[INFO] [stdout] 
[INFO] [stdout] error[E0433]: cannot find type `InstructionError` in this scope
[INFO] [stdout]   --> src/state/vote_state_versions.rs:96:45
[INFO] [stdout]    |
[INFO] [stdout] 96 |             VoteStateVersions::V4(_) => Err(InstructionError::InvalidArgument),
[INFO] [stdout]    |                                             ^^^^^^^^^^^^^^^^ use of undeclared type `InstructionError`
[INFO] [stdout] 
[INFO] [stdout] 
[INFO] [stdout] error[E0433]: cannot find module or crate `arbitrary` in this scope
[INFO] [stdout]    --> src/state/vote_state_versions.rs:250:47
[INFO] [stdout]     |
[INFO] [stdout] 250 |     fn arbitrary(u: &mut Unstructured<'_>) -> arbitrary::Result<Self> {
[INFO] [stdout]     |                                               ^^^^^^^^^ use of unresolved module or unlinked crate `arbitrary`
[INFO] [stdout]     |
[INFO] [stdout]     = help: if you wanted to use a crate named `arbitrary`, use `cargo add arbitrary` to add it to your `Cargo.toml`
[INFO] [stdout] 
[INFO] [stdout] 
[INFO] [stdout] error[E0433]: cannot find module or crate `bincode` in this scope
[INFO] [stdout]    --> src/state/vote_state_versions.rs:268:30
[INFO] [stdout]     |
[INFO] [stdout] 268 |             let serialized = bincode::serialize(&original).unwrap();
[INFO] [stdout]     |                              ^^^^^^^ use of unresolved module or unlinked crate `bincode`
[INFO] [stdout]     |
[INFO] [stdout]     = help: if you wanted to use a crate named `bincode`, use `cargo add bincode` to add it to your `Cargo.toml`
[INFO] [stdout] 
[INFO] [stdout] 
[INFO] [stdout] error[E0433]: cannot find type `InstructionError` in this scope
[INFO] [stdout]    --> src/state/vote_state_versions.rs:275:17
[INFO] [stdout]     |
[INFO] [stdout] 275 |             Err(InstructionError::UninitializedAccount), // <-- v0_23_5 unsupported
[INFO] [stdout]     |                 ^^^^^^^^^^^^^^^^ use of undeclared type `InstructionError`
[INFO] [stdout] 
[INFO] [stdout] 
[INFO] [stdout] error[E0433]: cannot find module or crate `bincode` in this scope
[INFO] [stdout]    --> src/state/mod.rs:475:13
[INFO] [stdout]     |
[INFO] [stdout] 475 |             bincode::serialize(&VoteStateVersions::new_v3(target_vote_state.clone())).unwrap();
[INFO] [stdout]     |             ^^^^^^^ use of unresolved module or unlinked crate `bincode`
[INFO] [stdout]     |
[INFO] [stdout]     = help: if you wanted to use a crate named `bincode`, use `cargo add bincode` to add it to your `Cargo.toml`
[INFO] [stdout] 
[INFO] [stdout] 
[INFO] [stdout] error[E0433]: cannot find module or crate `bincode` in this scope
[INFO] [stdout]    --> src/state/mod.rs:491:34
[INFO] [stdout]     |
[INFO] [stdout] 491 |             let vote_state_buf = bincode::serialize(&target_vote_state_versions).unwrap();
[INFO] [stdout]     |                                  ^^^^^^^ use of unresolved module or unlinked crate `bincode`
[INFO] [stdout]     |
[INFO] [stdout]     = help: if you wanted to use a crate named `bincode`, use `cargo add bincode` to add it to your `Cargo.toml`
[INFO] [stdout] 
[INFO] [stdout] 
[INFO] [stdout] error[E0433]: cannot find module or crate `bincode` in this scope
[INFO] [stdout]    --> src/state/mod.rs:510:13
[INFO] [stdout]     |
[INFO] [stdout] 510 |             bincode::serialize(&VoteStateVersions::new_v4(target_vote_state.clone())).unwrap();
[INFO] [stdout]     |             ^^^^^^^ use of unresolved module or unlinked crate `bincode`
[INFO] [stdout]     |
[INFO] [stdout]     = help: if you wanted to use a crate named `bincode`, use `cargo add bincode` to add it to your `Cargo.toml`
[INFO] [stdout] 
[INFO] [stdout] 
[INFO] [stdout] error[E0433]: cannot find module or crate `bincode` in this scope
[INFO] [stdout]    --> src/state/mod.rs:526:34
[INFO] [stdout]     |
[INFO] [stdout] 526 |             let vote_state_buf = bincode::serialize(&target_vote_state_versions).unwrap();
[INFO] [stdout]     |                                  ^^^^^^^ use of unresolved module or unlinked crate `bincode`
[INFO] [stdout]     |
[INFO] [stdout]     = help: if you wanted to use a crate named `bincode`, use `cargo add bincode` to add it to your `Cargo.toml`
[INFO] [stdout] 
[INFO] [stdout] 
[INFO] [stdout] error[E0433]: cannot find module or crate `bincode` in this scope
[INFO] [stdout]    --> src/state/mod.rs:543:13
[INFO] [stdout]     |
[INFO] [stdout] 543 |             bincode::serialize(&VoteStateVersions::new_v3(target_vote_state.clone())).unwrap();
[INFO] [stdout]     |             ^^^^^^^ use of unresolved module or unlinked crate `bincode`
[INFO] [stdout]     |
[INFO] [stdout]     = help: if you wanted to use a crate named `bincode`, use `cargo add bincode` to add it to your `Cargo.toml`
[INFO] [stdout] 
[INFO] [stdout] 
[INFO] [stdout] error[E0433]: cannot find module or crate `bincode` in this scope
[INFO] [stdout]    --> src/state/mod.rs:558:13
[INFO] [stdout]     |
[INFO] [stdout] 558 |             bincode::serialize(&VoteStateVersions::new_v4(target_vote_state.clone())).unwrap();
[INFO] [stdout]     |             ^^^^^^^ use of unresolved module or unlinked crate `bincode`
[INFO] [stdout]     |
[INFO] [stdout]     = help: if you wanted to use a crate named `bincode`, use `cargo add bincode` to add it to your `Cargo.toml`
[INFO] [stdout] 
[INFO] [stdout] 
[INFO] [stdout] error[E0433]: cannot find module or crate `bincode` in this scope
[INFO] [stdout]    --> src/state/mod.rs:573:13
[INFO] [stdout]     |
[INFO] [stdout] 573 |             bincode::serialize(&VoteStateVersions::new_v3(target_vote_state.clone())).unwrap();
[INFO] [stdout]     |             ^^^^^^^ use of unresolved module or unlinked crate `bincode`
[INFO] [stdout]     |
[INFO] [stdout]     = help: if you wanted to use a crate named `bincode`, use `cargo add bincode` to add it to your `Cargo.toml`
[INFO] [stdout] 
[INFO] [stdout] 
[INFO] [stdout] error[E0433]: cannot find module or crate `bincode` in this scope
[INFO] [stdout]    --> src/state/mod.rs:590:34
[INFO] [stdout]     |
[INFO] [stdout] 590 |             let vote_state_buf = bincode::serialize(&target_vote_state_versions).unwrap();
[INFO] [stdout]     |                                  ^^^^^^^ use of unresolved module or unlinked crate `bincode`
[INFO] [stdout]     |
[INFO] [stdout]     = help: if you wanted to use a crate named `bincode`, use `cargo add bincode` to add it to your `Cargo.toml`
[INFO] [stdout] 
[INFO] [stdout] 
[INFO] [stdout] error[E0433]: cannot find module or crate `bincode` in this scope
[INFO] [stdout]    --> src/state/mod.rs:611:13
[INFO] [stdout]     |
[INFO] [stdout] 611 |             bincode::serialize(&VoteStateVersions::new_v4(target_vote_state.clone())).unwrap();
[INFO] [stdout]     |             ^^^^^^^ use of unresolved module or unlinked crate `bincode`
[INFO] [stdout]     |
[INFO] [stdout]     = help: if you wanted to use a crate named `bincode`, use `cargo add bincode` to add it to your `Cargo.toml`
[INFO] [stdout] 
[INFO] [stdout] 
[INFO] [stdout] error[E0433]: cannot find module or crate `bincode` in this scope
[INFO] [stdout]    --> src/state/mod.rs:629:34
[INFO] [stdout]     |
[INFO] [stdout] 629 |             let vote_state_buf = bincode::serialize(&target_vote_state_versions).unwrap();
[INFO] [stdout]     |                                  ^^^^^^^ use of unresolved module or unlinked crate `bincode`
[INFO] [stdout]     |
[INFO] [stdout]     = help: if you wanted to use a crate named `bincode`, use `cargo add bincode` to add it to your `Cargo.toml`
[INFO] [stdout] 
[INFO] [stdout] 
[INFO] [stdout] error[E0433]: cannot find module or crate `bincode` in this scope
[INFO] [stdout]    --> src/state/mod.rs:676:31
[INFO] [stdout]     |
[INFO] [stdout] 676 |             let bincode_res = bincode::deserialize::<VoteStateVersions>(&raw_data)
[INFO] [stdout]     |                               ^^^^^^^ use of unresolved module or unlinked crate `bincode`
[INFO] [stdout]     |
[INFO] [stdout]     = help: if you wanted to use a crate named `bincode`, use `cargo add bincode` to add it to your `Cargo.toml`
[INFO] [stdout] 
[INFO] [stdout] 
[INFO] [stdout] error[E0433]: cannot find module or crate `bincode` in this scope
[INFO] [stdout]    --> src/state/mod.rs:720:31
[INFO] [stdout]     |
[INFO] [stdout] 720 |             let bincode_res = bincode::deserialize::<VoteStateVersions>(&raw_data)
[INFO] [stdout]     |                               ^^^^^^^ use of unresolved module or unlinked crate `bincode`
[INFO] [stdout]     |
[INFO] [stdout]     = help: if you wanted to use a crate named `bincode`, use `cargo add bincode` to add it to your `Cargo.toml`
[INFO] [stdout] 
[INFO] [stdout] 
[INFO] [stdout] error[E0433]: cannot find module or crate `bincode` in this scope
[INFO] [stdout]    --> src/state/mod.rs:742:32
[INFO] [stdout]     |
[INFO] [stdout] 742 |             let original_buf = bincode::serialize(&original_vote_state_versions).unwrap();
[INFO] [stdout]     |                                ^^^^^^^ use of unresolved module or unlinked crate `bincode`
[INFO] [stdout]     |
[INFO] [stdout]     = help: if you wanted to use a crate named `bincode`, use `cargo add bincode` to add it to your `Cargo.toml`
[INFO] [stdout] 
[INFO] [stdout] 
[INFO] [stdout] error[E0433]: cannot find module or crate `bincode` in this scope
[INFO] [stdout]    --> src/state/mod.rs:758:35
[INFO] [stdout]     |
[INFO] [stdout] 758 |                 let bincode_res = bincode::deserialize::<VoteStateVersions>(&truncated_buf)
[INFO] [stdout]     |                                   ^^^^^^^ use of unresolved module or unlinked crate `bincode`
[INFO] [stdout]     |
[INFO] [stdout]     = help: if you wanted to use a crate named `bincode`, use `cargo add bincode` to add it to your `Cargo.toml`
[INFO] [stdout] 
[INFO] [stdout] 
[INFO] [stdout] error[E0433]: cannot find module or crate `bincode` in this scope
[INFO] [stdout]    --> src/state/mod.rs:770:35
[INFO] [stdout]     |
[INFO] [stdout] 770 |                 let bincode_res = bincode::deserialize::<VoteStateVersions>(&expanded_buf)
[INFO] [stdout]     |                                   ^^^^^^^ use of unresolved module or unlinked crate `bincode`
[INFO] [stdout]     |
[INFO] [stdout]     = help: if you wanted to use a crate named `bincode`, use `cargo add bincode` to add it to your `Cargo.toml`
[INFO] [stdout] 
[INFO] [stdout] 
[INFO] [stdout] error[E0433]: cannot find module or crate `bincode` in this scope
[INFO] [stdout]    --> src/state/mod.rs:792:32
[INFO] [stdout]     |
[INFO] [stdout] 792 |             let original_buf = bincode::serialize(&original_vote_state_versions).unwrap();
[INFO] [stdout]     |                                ^^^^^^^ use of unresolved module or unlinked crate `bincode`
[INFO] [stdout]     |
[INFO] [stdout]     = help: if you wanted to use a crate named `bincode`, use `cargo add bincode` to add it to your `Cargo.toml`
[INFO] [stdout] 
[INFO] [stdout] 
[INFO] [stdout] error[E0433]: cannot find module or crate `bincode` in this scope
[INFO] [stdout]    --> src/state/mod.rs:807:31
[INFO] [stdout]     |
[INFO] [stdout] 807 |             let bincode_res = bincode::deserialize::<VoteStateVersions>(&truncated_buf)
[INFO] [stdout]     |                               ^^^^^^^ use of unresolved module or unlinked crate `bincode`
[INFO] [stdout]     |
[INFO] [stdout]     = help: if you wanted to use a crate named `bincode`, use `cargo add bincode` to add it to your `Cargo.toml`
[INFO] [stdout] 
[INFO] [stdout] 
[INFO] [stdout] error[E0433]: cannot find module or crate `bincode` in this scope
[INFO] [stdout]    --> src/state/mod.rs:817:31
[INFO] [stdout]     |
[INFO] [stdout] 817 |             let bincode_res = bincode::deserialize::<VoteStateVersions>(&expanded_buf)
[INFO] [stdout]     |                               ^^^^^^^ use of unresolved module or unlinked crate `bincode`
[INFO] [stdout]     |
[INFO] [stdout]     = help: if you wanted to use a crate named `bincode`, use `cargo add bincode` to add it to your `Cargo.toml`
[INFO] [stdout] 
[INFO] [stdout] 
[INFO] [stdout] error[E0433]: cannot find module or crate `bincode` in this scope
[INFO] [stdout]     --> src/state/mod.rs:1288:21
[INFO] [stdout]      |
[INFO] [stdout] 1288 |         let bytes = bincode::serialize(&vote).unwrap();
[INFO] [stdout]      |                     ^^^^^^^ use of unresolved module or unlinked crate `bincode`
[INFO] [stdout]      |
[INFO] [stdout]      = help: if you wanted to use a crate named `bincode`, use `cargo add bincode` to add it to your `Cargo.toml`
[INFO] [stdout] 
[INFO] [stdout] 
[INFO] [stdout] error[E0433]: cannot find module or crate `bincode` in this scope
[INFO] [stdout]     --> src/state/mod.rs:1289:26
[INFO] [stdout]      |
[INFO] [stdout] 1289 |         assert_eq!(vote, bincode::deserialize(&bytes).unwrap());
[INFO] [stdout]      |                          ^^^^^^^ use of unresolved module or unlinked crate `bincode`
[INFO] [stdout]      |
[INFO] [stdout]      = help: if you wanted to use a crate named `bincode`, use `cargo add bincode` to add it to your `Cargo.toml`
[INFO] [stdout] 
[INFO] [stdout] 
[INFO] [stdout] error[E0433]: cannot find module or crate `bincode` in this scope
[INFO] [stdout]     --> src/state/mod.rs:1292:21
[INFO] [stdout]      |
[INFO] [stdout] 1292 |         let bytes = bincode::serialize(&vote).unwrap();
[INFO] [stdout]      |                     ^^^^^^^ use of unresolved module or unlinked crate `bincode`
[INFO] [stdout]      |
[INFO] [stdout]      = help: if you wanted to use a crate named `bincode`, use `cargo add bincode` to add it to your `Cargo.toml`
[INFO] [stdout] 
[INFO] [stdout] 
[INFO] [stdout] error[E0433]: cannot find module or crate `bincode` in this scope
[INFO] [stdout]     --> src/state/mod.rs:1293:26
[INFO] [stdout]      |
[INFO] [stdout] 1293 |         assert_eq!(vote, bincode::deserialize(&bytes).unwrap());
[INFO] [stdout]      |                          ^^^^^^^ use of unresolved module or unlinked crate `bincode`
[INFO] [stdout]      |
[INFO] [stdout]      = help: if you wanted to use a crate named `bincode`, use `cargo add bincode` to add it to your `Cargo.toml`
[INFO] [stdout] 
[INFO] [stdout] 
[INFO] [stdout] error[E0433]: cannot find module or crate `bincode` in this scope
[INFO] [stdout]     --> src/state/mod.rs:1300:37
[INFO] [stdout]      |
[INFO] [stdout] 1300 |         let circ_buf: CircBuf<()> = bincode::deserialize(data).unwrap();
[INFO] [stdout]      |                                     ^^^^^^^ use of unresolved module or unlinked crate `bincode`
[INFO] [stdout]      |
[INFO] [stdout]      = help: if you wanted to use a crate named `bincode`, use `cargo add bincode` to add it to your `Cargo.toml`
[INFO] [stdout] 
[INFO] [stdout] 
[INFO] [stdout] error[E0433]: cannot find module or crate `bincode` in this scope
[INFO] [stdout]     --> src/state/mod.rs:1310:30
[INFO] [stdout]      |
[INFO] [stdout] 1310 |             let serialized = bincode::serialize(&versioned).unwrap();
[INFO] [stdout]      |                              ^^^^^^^ use of unresolved module or unlinked crate `bincode`
[INFO] [stdout]      |
[INFO] [stdout]      = help: if you wanted to use a crate named `bincode`, use `cargo add bincode` to add it to your `Cargo.toml`
[INFO] [stdout] 
[INFO] [stdout] 
[INFO] [stdout] Some errors have detailed explanations: E0425, E0432, E0433.
[INFO] [stdout] 
[INFO] [stdout] For more information about an error, try `rustc --explain E0425`.
[INFO] [stdout] 
[INFO] [stderr] error: could not compile `trezoa-vote-interface` (lib test) due to 42 previous errors
[INFO] [stderr] warning: unused dependency `trezoa-instruction`
[INFO] [stderr]   --> Cargo.toml:53:15
[INFO] [stderr]    |
[INFO] [stderr] 53 | [dependencies.trezoa-instruction]
[INFO] [stderr]    |               ^^^^^^^^^^^^^^^^^^^
[INFO] [stderr]    |
[INFO] [stderr]    = note: `cargo::unused_dependencies` is set to `warn` by default
[INFO] [stderr] help: consider removing the dependency on `trezoa-instruction`
[INFO] [stderr] help: to still use for development builds, move to `dev-dependencies`
[INFO] [stderr] warning: `trezoa-vote-interface` (manifest) generated 1 warning
[INFO] running `Command { std: "docker" "inspect" "4dd3bba0c087efd0ba722865e75e9795d58fd8b0782a85d1b44f62132ed951fc", kill_on_drop: false }`
[INFO] running `Command { std: "docker" "rm" "-f" "4dd3bba0c087efd0ba722865e75e9795d58fd8b0782a85d1b44f62132ed951fc", kill_on_drop: false }`
[INFO] [stdout] 4dd3bba0c087efd0ba722865e75e9795d58fd8b0782a85d1b44f62132ed951fc
