[INFO] fetching crate trezoa-transaction-context 3.2.2...
[INFO] testing trezoa-transaction-context-3.2.2 against 1.100.0-beta.1 for beta-1.100-2
[INFO] extracting crate trezoa-transaction-context 3.2.2 into /workspace/builds/worker-3-tc2/source
[INFO] started tweaking crates.io crate trezoa-transaction-context 3.2.2
[INFO] finished tweaking crates.io crate trezoa-transaction-context 3.2.2
[INFO] tweaked toml for crates.io crate trezoa-transaction-context 3.2.2 written to /workspace/builds/worker-3-tc2/source/Cargo.toml
[INFO] validating manifest of crates.io crate trezoa-transaction-context 3.2.2 on toolchain 1.100.0-beta.1
[INFO] running `Command { std: CARGO_HOME="/workspace/cargo-home" RUSTUP_HOME="/workspace/rustup-home" "/workspace/cargo-home/bin/cargo" "+1.100.0-beta.1" "metadata" "--manifest-path" "Cargo.toml" "--no-deps", kill_on_drop: false }`
[INFO] crate crates.io crate trezoa-transaction-context 3.2.2 already has a lockfile, it will not be regenerated
[INFO] running `Command { std: CARGO_HOME="/workspace/cargo-home" RUSTUP_HOME="/workspace/rustup-home" "/workspace/cargo-home/bin/cargo" "+1.100.0-beta.1" "fetch" "--manifest-path" "Cargo.toml", kill_on_drop: false }`
[INFO] running `Command { std: "docker" "create" "-v" "/var/lib/crater-agent-workspace/builds/worker-3-tc2/source:/opt/rustwide/workdir:ro,Z" "-v" "/var/lib/crater-agent-workspace/builds/worker-3-tc2/target:/opt/rustwide/target:rw,Z" "-v" "/var/lib/crater-agent-workspace/cargo-home:/opt/rustwide/cargo-home:ro,Z" "-v" "/var/lib/crater-agent-workspace/rustup-home:/opt/rustwide/rustup-home:ro,Z" "-m" "1610612736" "--network" "none" "ghcr.io/rust-lang/crates-build-env/linux@sha256:3111399a4047eeb3a02b7a90e478d715f38a8c6669b5c4b49d30a17385265909" "sleep" "infinity", kill_on_drop: false }`
[INFO] [stdout] 241aa62b4c0a9139524a1d2c19da66f45cbc4a12aec21d62cf1c1f011de03f13
[INFO] running `Command { std: "docker" "start" "241aa62b4c0a9139524a1d2c19da66f45cbc4a12aec21d62cf1c1f011de03f13", kill_on_drop: false }`
[INFO] running `Command { std: "docker" "inspect" "241aa62b4c0a9139524a1d2c19da66f45cbc4a12aec21d62cf1c1f011de03f13", kill_on_drop: false }`
[INFO] running `Command { std: "docker" "exec" "-e" "SOURCE_DIR=/opt/rustwide/workdir" "-e" "CARGO_HOME=/opt/rustwide/cargo-home" "-e" "RUSTUP_HOME=/opt/rustwide/rustup-home" "-e" "CARGO_TARGET_DIR=/opt/rustwide/target" "-w" "/opt/rustwide/workdir" "--user" "0:0" "241aa62b4c0a9139524a1d2c19da66f45cbc4a12aec21d62cf1c1f011de03f13" "/opt/rustwide/cargo-home/bin/cargo" "+1.100.0-beta.1" "metadata" "--no-deps" "--format-version=1", kill_on_drop: false }`
[INFO] running `Command { std: "docker" "inspect" "241aa62b4c0a9139524a1d2c19da66f45cbc4a12aec21d62cf1c1f011de03f13", kill_on_drop: false }`
[INFO] running `Command { std: "docker" "exec" "-e" "SOURCE_DIR=/opt/rustwide/workdir" "-e" "CARGO_HOME=/opt/rustwide/cargo-home" "-e" "RUSTUP_HOME=/opt/rustwide/rustup-home" "-e" "CARGO_TARGET_DIR=/opt/rustwide/target" "-e" "CARGO_INCREMENTAL=0" "-e" "RUST_BACKTRACE=full" "-e" "RUSTFLAGS=--cap-lints=warn" "-e" "RUSTDOCFLAGS=--cap-lints=warn" "-w" "/opt/rustwide/workdir" "--user" "0:0" "241aa62b4c0a9139524a1d2c19da66f45cbc4a12aec21d62cf1c1f011de03f13" "/opt/rustwide/cargo-home/bin/cargo" "+1.100.0-beta.1" "build" "--frozen" "--message-format=json", kill_on_drop: false }`
[INFO] [stderr]    Compiling five8_core v0.1.2
[INFO] [stderr]    Compiling trezoa-program-error v3.2.2
[INFO] [stderr]    Compiling trezoa-sanitize v3.2.2
[INFO] [stderr]    Compiling bs58 v0.5.1
[INFO] [stderr]    Compiling trezoa-program-memory v3.2.2
[INFO] [stderr]    Compiling either v1.15.0
[INFO] [stderr]    Compiling memchr v2.7.6
[INFO] [stderr]    Compiling log v0.4.28
[INFO] [stderr]    Compiling rustc-demangle v0.1.26
[INFO] [stderr]    Compiling num-traits v0.2.19
[INFO] [stderr]    Compiling hash32 v0.3.1
[INFO] [stderr]    Compiling syn v2.0.109
[INFO] [stderr]    Compiling five8 v1.0.0
[INFO] [stderr]    Compiling five8_const v1.0.0
[INFO] [stderr]    Compiling trezoa-address v3.2.3
[INFO] [stderr]    Compiling trezoa-pubkey v3.2.3
[INFO] [stderr]    Compiling trezoa-sdk-ids v3.2.2
[INFO] [stderr]    Compiling trezoa-account-info v3.2.2
[INFO] [stderr]    Compiling trezoa-sysvar-id v3.2.2
[INFO] [stderr]    Compiling combine v3.8.1
[INFO] [stderr]    Compiling trezoa-instruction-error v3.2.2
[INFO] [stderr]    Compiling trezoa-serialize-utils v3.2.2
[INFO] [stderr]    Compiling trezoa-instruction v3.2.2
[INFO] [stderr]    Compiling trezoa-instructions-sysvar v3.2.2
[INFO] [stderr]    Compiling trezoa-sdk-macro v3.2.2
[INFO] [stderr]    Compiling thiserror-impl v2.0.17
[INFO] [stderr]    Compiling trezoa-clock v3.2.2
[INFO] [stderr]    Compiling trezoa-rent v3.2.2
[INFO] [stderr]    Compiling trezoa-account v3.2.2
[INFO] [stderr]    Compiling thiserror v2.0.17
[INFO] [stderr]    Compiling trezoa-sbpf v3.2.2
[INFO] [stderr]    Compiling trezoa-transaction-context v3.2.2 (/opt/rustwide/workdir)
[INFO] [stderr]     Finished `dev` profile [unoptimized + debuginfo] target(s) in 11.90s
[INFO] running `Command { std: "docker" "inspect" "241aa62b4c0a9139524a1d2c19da66f45cbc4a12aec21d62cf1c1f011de03f13", kill_on_drop: false }`
[INFO] running `Command { std: "docker" "exec" "-e" "SOURCE_DIR=/opt/rustwide/workdir" "-e" "CARGO_HOME=/opt/rustwide/cargo-home" "-e" "RUSTUP_HOME=/opt/rustwide/rustup-home" "-e" "CARGO_TARGET_DIR=/opt/rustwide/target" "-e" "CARGO_INCREMENTAL=0" "-e" "RUST_BACKTRACE=full" "-e" "RUSTFLAGS=--cap-lints=warn" "-e" "RUSTDOCFLAGS=--cap-lints=warn" "-w" "/opt/rustwide/workdir" "--user" "0:0" "241aa62b4c0a9139524a1d2c19da66f45cbc4a12aec21d62cf1c1f011de03f13" "/opt/rustwide/cargo-home/bin/cargo" "+1.100.0-beta.1" "test" "--frozen" "--no-run" "--message-format=json", kill_on_drop: false }`
[INFO] [stderr]    Compiling trezoa-msg v3.2.2
[INFO] [stderr]    Compiling trezoa-define-syscall v3.2.2
[INFO] [stderr]    Compiling trezoa-program-entrypoint v3.2.2
[INFO] [stderr]    Compiling trezoa-system-interface v3.2.2
[INFO] [stderr]    Compiling trezoa-transaction-context v3.2.2 (/opt/rustwide/workdir)
[INFO] [stdout] error[E0599]: no associated function or constant named `new_unique` found for struct `__Pubkey` in the current scope
[INFO] [stdout]     --> src/lib.rs:1217:30
[INFO] [stdout]      |
[INFO] [stdout] 1217 |                     (Pubkey::new_unique(), AccountSharedData::default()),
[INFO] [stdout]      |                              ^^^^^^^^^^ associated function or constant not found in `__Pubkey`
[INFO] [stdout]      |
[INFO] [stdout] note: if you're trying to build a new `__Pubkey` consider using one of the following associated functions:
[INFO] [stdout]       __Pubkey::new_from_array
[INFO] [stdout]       __Pubkey::from_str_const
[INFO] [stdout]     --> /opt/rustwide/cargo-home/registry/src/index.crates.io-1949cf8c6b5b557f/trezoa-address-3.2.3/src/lib.rs:192:5
[INFO] [stdout]      |
[INFO] [stdout]  192 |     pub const fn new_from_array(address_array: [u8; 32]) -> Self {
[INFO] [stdout]      |     ^^^^^^^^^^^^^^^^^^^^^^^^^^^^^^^^^^^^^^^^^^^^^^^^^^^^^^^^^^^^
[INFO] [stdout] ...
[INFO] [stdout]  198 |     pub const fn from_str_const(s: &str) -> Self {
[INFO] [stdout]      |     ^^^^^^^^^^^^^^^^^^^^^^^^^^^^^^^^^^^^^^^^^^^^
[INFO] [stdout] 
[INFO] [stdout] 
[INFO] [stdout] error[E0599]: no associated function or constant named `new_unique` found for struct `__Pubkey` in the current scope
[INFO] [stdout]     --> src/lib.rs:1231:82
[INFO] [stdout]      |
[INFO] [stdout] 1231 |             AccountSharedData::new(rent_exempt_lamports, correct_space, &Pubkey::new_unique());
[INFO] [stdout]      |                                                                                  ^^^^^^^^^^ associated function or constant not found in `__Pubkey`
[INFO] [stdout]      |
[INFO] [stdout] note: if you're trying to build a new `__Pubkey` consider using one of the following associated functions:
[INFO] [stdout]       __Pubkey::new_from_array
[INFO] [stdout]       __Pubkey::from_str_const
[INFO] [stdout]     --> /opt/rustwide/cargo-home/registry/src/index.crates.io-1949cf8c6b5b557f/trezoa-address-3.2.3/src/lib.rs:192:5
[INFO] [stdout]      |
[INFO] [stdout]  192 |     pub const fn new_from_array(address_array: [u8; 32]) -> Self {
[INFO] [stdout]      |     ^^^^^^^^^^^^^^^^^^^^^^^^^^^^^^^^^^^^^^^^^^^^^^^^^^^^^^^^^^^^
[INFO] [stdout] ...
[INFO] [stdout]  198 |     pub const fn from_str_const(s: &str) -> Self {
[INFO] [stdout]      |     ^^^^^^^^^^^^^^^^^^^^^^^^^^^^^^^^^^^^^^^^^^^^
[INFO] [stdout] 
[INFO] [stdout] 
[INFO] [stdout] error[E0599]: no associated function or constant named `new_unique` found for struct `__Pubkey` in the current scope
[INFO] [stdout]     --> src/lib.rs:1258:25
[INFO] [stdout]      |
[INFO] [stdout] 1258 |                 Pubkey::new_unique(),
[INFO] [stdout]      |                         ^^^^^^^^^^ associated function or constant not found in `__Pubkey`
[INFO] [stdout]      |
[INFO] [stdout] note: if you're trying to build a new `__Pubkey` consider using one of the following associated functions:
[INFO] [stdout]       __Pubkey::new_from_array
[INFO] [stdout]       __Pubkey::from_str_const
[INFO] [stdout]     --> /opt/rustwide/cargo-home/registry/src/index.crates.io-1949cf8c6b5b557f/trezoa-address-3.2.3/src/lib.rs:192:5
[INFO] [stdout]      |
[INFO] [stdout]  192 |     pub const fn new_from_array(address_array: [u8; 32]) -> Self {
[INFO] [stdout]      |     ^^^^^^^^^^^^^^^^^^^^^^^^^^^^^^^^^^^^^^^^^^^^^^^^^^^^^^^^^^^^
[INFO] [stdout] ...
[INFO] [stdout]  198 |     pub const fn from_str_const(s: &str) -> Self {
[INFO] [stdout]      |     ^^^^^^^^^^^^^^^^^^^^^^^^^^^^^^^^^^^^^^^^^^^^
[INFO] [stdout] 
[INFO] [stdout] 
[INFO] [stdout] error[E0599]: no associated function or constant named `new_unique` found for struct `__Pubkey` in the current scope
[INFO] [stdout]     --> src/lib.rs:1259:55
[INFO] [stdout]      |
[INFO] [stdout] 1259 |                 AccountSharedData::new(1, 1, &Pubkey::new_unique()),
[INFO] [stdout]      |                                                       ^^^^^^^^^^ associated function or constant not found in `__Pubkey`
[INFO] [stdout]      |
[INFO] [stdout] note: if you're trying to build a new `__Pubkey` consider using one of the following associated functions:
[INFO] [stdout]       __Pubkey::new_from_array
[INFO] [stdout]       __Pubkey::from_str_const
[INFO] [stdout]     --> /opt/rustwide/cargo-home/registry/src/index.crates.io-1949cf8c6b5b557f/trezoa-address-3.2.3/src/lib.rs:192:5
[INFO] [stdout]      |
[INFO] [stdout]  192 |     pub const fn new_from_array(address_array: [u8; 32]) -> Self {
[INFO] [stdout]      |     ^^^^^^^^^^^^^^^^^^^^^^^^^^^^^^^^^^^^^^^^^^^^^^^^^^^^^^^^^^^^
[INFO] [stdout] ...
[INFO] [stdout]  198 |     pub const fn from_str_const(s: &str) -> Self {
[INFO] [stdout]      |     ^^^^^^^^^^^^^^^^^^^^^^^^^^^^^^^^^^^^^^^^^^^^
[INFO] [stdout] 
[INFO] [stdout] 
[INFO] [stdout] For more information about this error, try `rustc --explain E0599`.
[INFO] [stdout] 
[INFO] [stderr] error: could not compile `trezoa-transaction-context` (lib test) due to 4 previous errors
[INFO] running `Command { std: "docker" "inspect" "241aa62b4c0a9139524a1d2c19da66f45cbc4a12aec21d62cf1c1f011de03f13", kill_on_drop: false }`
[INFO] running `Command { std: "docker" "rm" "-f" "241aa62b4c0a9139524a1d2c19da66f45cbc4a12aec21d62cf1c1f011de03f13", kill_on_drop: false }`
[INFO] [stdout] 241aa62b4c0a9139524a1d2c19da66f45cbc4a12aec21d62cf1c1f011de03f13
