[INFO] fetching crate trezoa-address-lookup-table-interface 3.2.2...
[INFO] testing trezoa-address-lookup-table-interface-3.2.2 against 1.99.0-beta.8 for beta-1.100-2
[INFO] extracting crate trezoa-address-lookup-table-interface 3.2.2 into /workspace/builds/worker-4-tc1/source
[INFO] started tweaking crates.io crate trezoa-address-lookup-table-interface 3.2.2
[INFO] finished tweaking crates.io crate trezoa-address-lookup-table-interface 3.2.2
[INFO] tweaked toml for crates.io crate trezoa-address-lookup-table-interface 3.2.2 written to /workspace/builds/worker-4-tc1/source/Cargo.toml
[INFO] validating manifest of crates.io crate trezoa-address-lookup-table-interface 3.2.2 on toolchain 1.99.0-beta.8
[INFO] running `Command { std: CARGO_HOME="/workspace/cargo-home" RUSTUP_HOME="/workspace/rustup-home" "/workspace/cargo-home/bin/cargo" "+1.99.0-beta.8" "metadata" "--manifest-path" "Cargo.toml" "--no-deps", kill_on_drop: false }`
[INFO] crate crates.io crate trezoa-address-lookup-table-interface 3.2.2 already has a lockfile, it will not be regenerated
[INFO] running `Command { std: CARGO_HOME="/workspace/cargo-home" RUSTUP_HOME="/workspace/rustup-home" "/workspace/cargo-home/bin/cargo" "+1.99.0-beta.8" "fetch" "--manifest-path" "Cargo.toml", kill_on_drop: false }`
[INFO] [stderr]     Updating crates.io index
[INFO] [stderr]  Downloading crates ...
[INFO] [stderr]   Downloaded trezoa-atomic-u64 v3.2.2
[INFO] [stderr]   Downloaded trezoa-sanitize v3.2.2
[INFO] [stderr]   Downloaded trezoa-hash v3.2.2
[INFO] [stderr]   Downloaded trezoa-slot-hashes v3.2.2
[INFO] [stderr]   Downloaded feature-probe v0.1.1
[INFO] [stderr]   Downloaded five8_core v0.1.1
[INFO] [stderr]   Downloaded trezoa-program-error v3.2.2
[INFO] [stderr]   Downloaded trezoa-sdk-ids v3.2.2
[INFO] [stderr]   Downloaded trezoa-instruction-error v3.2.2
[INFO] [stderr]   Downloaded trezoa-instruction v3.2.2
[INFO] [stderr]   Downloaded trezoa-sha256-hasher v3.2.2
[INFO] [stderr]   Downloaded five8_const v0.1.3
[INFO] [stderr]   Downloaded trezoa-pubkey v3.2.2
[INFO] [stderr]   Downloaded trezoa-frozen-abi-macro v3.2.2
[INFO] [stderr]   Downloaded trezoa-clock v3.2.2
[INFO] [stderr]   Downloaded trezoa-define-syscall v3.2.2
[INFO] [stderr]   Downloaded bytemuck_derive v1.8.1
[INFO] [stderr]   Downloaded trezoa-sdk-macro v3.2.2
[INFO] [stderr]   Downloaded five8 v0.2.1
[INFO] [stderr]   Downloaded trezoa-address v3.2.2
[INFO] [stderr]   Downloaded trezoa-frozen-abi v3.2.2
[INFO] [stderr]   Downloaded bv v0.11.1
[INFO] [stderr]   Downloaded semver v1.0.25
[INFO] [stderr]   Downloaded unicode-ident v1.0.16
[INFO] [stderr]   Downloaded bytemuck v1.23.0
[INFO] [stderr]   Downloaded rayon-core v1.12.1
[INFO] [stderr]   Downloaded boxcar v0.2.12
[INFO] [stderr]   Downloaded rayon v1.10.0
[INFO] [stderr]   Downloaded libc v0.2.170
[INFO] running `Command { std: "docker" "create" "-v" "/var/lib/crater-agent-workspace/builds/worker-4-tc1/source:/opt/rustwide/workdir:ro,Z" "-v" "/var/lib/crater-agent-workspace/builds/worker-4-tc1/target:/opt/rustwide/target:rw,Z" "-v" "/var/lib/crater-agent-workspace/cargo-home:/opt/rustwide/cargo-home:ro,Z" "-v" "/var/lib/crater-agent-workspace/rustup-home:/opt/rustwide/rustup-home:ro,Z" "-m" "1610612736" "--network" "none" "ghcr.io/rust-lang/crates-build-env/linux@sha256:3111399a4047eeb3a02b7a90e478d715f38a8c6669b5c4b49d30a17385265909" "sleep" "infinity", kill_on_drop: false }`
[INFO] [stdout] 630baf8b694c4243de49823593275a054111aee64da76ac125e26816c1542bd8
[INFO] running `Command { std: "docker" "start" "630baf8b694c4243de49823593275a054111aee64da76ac125e26816c1542bd8", kill_on_drop: false }`
[INFO] running `Command { std: "docker" "inspect" "630baf8b694c4243de49823593275a054111aee64da76ac125e26816c1542bd8", kill_on_drop: false }`
[INFO] running `Command { std: "docker" "exec" "-e" "SOURCE_DIR=/opt/rustwide/workdir" "-e" "CARGO_HOME=/opt/rustwide/cargo-home" "-e" "RUSTUP_HOME=/opt/rustwide/rustup-home" "-e" "CARGO_TARGET_DIR=/opt/rustwide/target" "-w" "/opt/rustwide/workdir" "--user" "0:0" "630baf8b694c4243de49823593275a054111aee64da76ac125e26816c1542bd8" "/opt/rustwide/cargo-home/bin/cargo" "+1.99.0-beta.8" "metadata" "--no-deps" "--format-version=1", kill_on_drop: false }`
[INFO] running `Command { std: "docker" "inspect" "630baf8b694c4243de49823593275a054111aee64da76ac125e26816c1542bd8", kill_on_drop: false }`
[INFO] running `Command { std: "docker" "exec" "-e" "SOURCE_DIR=/opt/rustwide/workdir" "-e" "CARGO_HOME=/opt/rustwide/cargo-home" "-e" "RUSTUP_HOME=/opt/rustwide/rustup-home" "-e" "CARGO_TARGET_DIR=/opt/rustwide/target" "-e" "CARGO_INCREMENTAL=0" "-e" "RUST_BACKTRACE=full" "-e" "RUSTFLAGS=--cap-lints=warn" "-e" "RUSTDOCFLAGS=--cap-lints=warn" "-w" "/opt/rustwide/workdir" "--user" "0:0" "630baf8b694c4243de49823593275a054111aee64da76ac125e26816c1542bd8" "/opt/rustwide/cargo-home/bin/cargo" "+1.99.0-beta.8" "build" "--frozen" "--message-format=json", kill_on_drop: false }`
[INFO] [stderr]    Compiling unicode-ident v1.0.16
[INFO] [stderr]    Compiling semver v1.0.25
[INFO] [stderr]    Compiling five8_core v0.1.1
[INFO] [stderr]    Compiling trezoa-sanitize v3.2.2
[INFO] [stderr]    Compiling trezoa-atomic-u64 v3.2.2
[INFO] [stderr]    Compiling rand_core v0.6.4
[INFO] [stderr]    Compiling zeroize v1.8.1
[INFO] [stderr]    Compiling trezoa-program-error v3.2.2
[INFO] [stderr]    Compiling bs58 v0.5.1
[INFO] [stderr]    Compiling crypto-common v0.1.6
[INFO] [stderr]    Compiling five8 v0.2.1
[INFO] [stderr]    Compiling five8_const v0.1.3
[INFO] [stderr]    Compiling proc-macro2 v1.0.93
[INFO] [stderr]    Compiling digest v0.10.7
[INFO] [stderr]    Compiling trezoa-hash v3.2.2
[INFO] [stderr]    Compiling trezoa-slot-hashes v3.2.2
[INFO] [stderr]    Compiling rustc_version v0.4.1
[INFO] [stderr]    Compiling quote v1.0.38
[INFO] [stderr]    Compiling sha2 v0.10.8
[INFO] [stderr]    Compiling syn v2.0.98
[INFO] [stderr]    Compiling trezoa-sha256-hasher v3.2.2
[INFO] [stderr]    Compiling curve25519-dalek v4.1.3
[INFO] [stderr]    Compiling curve25519-dalek-derive v0.1.1
[INFO] [stderr]    Compiling trezoa-sdk-macro v3.2.2
[INFO] [stderr]    Compiling trezoa-clock v3.2.2
[INFO] [stderr]    Compiling trezoa-address v3.2.2
[INFO] [stderr]    Compiling trezoa-pubkey v3.2.2
[INFO] [stderr]    Compiling trezoa-sdk-ids v3.2.2
[INFO] [stderr]    Compiling trezoa-address-lookup-table-interface v3.2.2 (/opt/rustwide/workdir)
[INFO] [stderr]     Finished `dev` profile [unoptimized + debuginfo] target(s) in 6.48s
[INFO] running `Command { std: "docker" "inspect" "630baf8b694c4243de49823593275a054111aee64da76ac125e26816c1542bd8", kill_on_drop: false }`
[INFO] running `Command { std: "docker" "exec" "-e" "SOURCE_DIR=/opt/rustwide/workdir" "-e" "CARGO_HOME=/opt/rustwide/cargo-home" "-e" "RUSTUP_HOME=/opt/rustwide/rustup-home" "-e" "CARGO_TARGET_DIR=/opt/rustwide/target" "-e" "CARGO_INCREMENTAL=0" "-e" "RUST_BACKTRACE=full" "-e" "RUSTFLAGS=--cap-lints=warn" "-e" "RUSTDOCFLAGS=--cap-lints=warn" "-w" "/opt/rustwide/workdir" "--user" "0:0" "630baf8b694c4243de49823593275a054111aee64da76ac125e26816c1542bd8" "/opt/rustwide/cargo-home/bin/cargo" "+1.99.0-beta.8" "test" "--frozen" "--no-run" "--message-format=json", kill_on_drop: false }`
[INFO] [stderr]    Compiling trezoa-address-lookup-table-interface v3.2.2 (/opt/rustwide/workdir)
[INFO] [stdout] error[E0433]: cannot find module or crate `bincode` in this scope
[INFO] [stdout]    --> src/state.rs:282:25
[INFO] [stdout]     |
[INFO] [stdout] 282 |         let meta_size = bincode::serialized_size(&lookup_table).unwrap();
[INFO] [stdout]     |                         ^^^^^^^ use of unresolved module or unlinked crate `bincode`
[INFO] [stdout]     |
[INFO] [stdout]     = help: if you wanted to use a crate named `bincode`, use `cargo add bincode` to add it to your `Cargo.toml`
[INFO] [stdout] 
[INFO] [stdout] 
[INFO] [stdout] error[E0433]: cannot find module or crate `bincode` in this scope
[INFO] [stdout]    --> src/state.rs:287:25
[INFO] [stdout]     |
[INFO] [stdout] 287 |         let meta_size = bincode::serialized_size(&lookup_table).unwrap();
[INFO] [stdout]     |                         ^^^^^^^ use of unresolved module or unlinked crate `bincode`
[INFO] [stdout]     |
[INFO] [stdout]     = help: if you wanted to use a crate named `bincode`, use `cargo add bincode` to add it to your `Cargo.toml`
[INFO] [stdout] 
[INFO] [stdout] 
[INFO] [stdout] error[E0433]: cannot find module or crate `bincode` in this scope
[INFO] [stdout]    --> src/state.rs:364:38
[INFO] [stdout]     |
[INFO] [stdout] 364 |         let mut serialized_table_1 = bincode::serialize(&empty_table).unwrap();
[INFO] [stdout]     |                                      ^^^^^^^ use of unresolved module or unlinked crate `bincode`
[INFO] [stdout]     |
[INFO] [stdout]     = help: if you wanted to use a crate named `bincode`, use `cargo add bincode` to add it to your `Cargo.toml`
[INFO] [stdout] 
[INFO] [stdout] 
[INFO] [stdout] error[E0599]: no associated function or constant named `overwrite_meta_data` found for struct `state::AddressLookupTable<'a>` in the current scope
[INFO] [stdout]    --> src/state.rs:369:29
[INFO] [stdout]     |
[INFO] [stdout] 135 | pub struct AddressLookupTable<'a> {
[INFO] [stdout]     | --------------------------------- associated function or constant `overwrite_meta_data` not found for this struct
[INFO] [stdout] ...
[INFO] [stdout] 369 |         AddressLookupTable::overwrite_meta_data(&mut serialized_table_2, address_table.meta)
[INFO] [stdout]     |                             ^^^^^^^^^^^^^^^^^^^ associated function or constant not found in `state::AddressLookupTable<'_>`
[INFO] [stdout]     |
[INFO] [stdout] note: if you're trying to build a new `state::AddressLookupTable<'_>`, consider using `tests::<impl state::AddressLookupTable<'_>>::new_for_tests` which returns `state::AddressLookupTable<'_>`
[INFO] [stdout]    --> src/state.rs:260:9
[INFO] [stdout]     |
[INFO] [stdout] 260 |         fn new_for_tests(meta: LookupTableMeta, num_addresses: usize) -> Self {
[INFO] [stdout]     |         ^^^^^^^^^^^^^^^^^^^^^^^^^^^^^^^^^^^^^^^^^^^^^^^^^^^^^^^^^^^^^^^^^^^^^
[INFO] [stdout] 
[INFO] [stdout] 
[INFO] [stdout] error[E0599]: no associated function or constant named `deserialize` found for struct `state::AddressLookupTable<'a>` in the current scope
[INFO] [stdout]    --> src/state.rs:378:33
[INFO] [stdout]     |
[INFO] [stdout] 135 | pub struct AddressLookupTable<'a> {
[INFO] [stdout]     | --------------------------------- associated function or constant `deserialize` not found for this struct
[INFO] [stdout] ...
[INFO] [stdout] 378 |             AddressLookupTable::deserialize(&[]).err(),
[INFO] [stdout]     |                                 ^^^^^^^^^^^ associated function or constant not found in `state::AddressLookupTable<'_>`
[INFO] [stdout]     |
[INFO] [stdout] note: if you're trying to build a new `state::AddressLookupTable<'_>`, consider using `tests::<impl state::AddressLookupTable<'_>>::new_for_tests` which returns `state::AddressLookupTable<'_>`
[INFO] [stdout]    --> src/state.rs:260:9
[INFO] [stdout]     |
[INFO] [stdout] 260 |         fn new_for_tests(meta: LookupTableMeta, num_addresses: usize) -> Self {
[INFO] [stdout]     |         ^^^^^^^^^^^^^^^^^^^^^^^^^^^^^^^^^^^^^^^^^^^^^^^^^^^^^^^^^^^^^^^^^^^^^
[INFO] [stdout] 
[INFO] [stdout] 
[INFO] [stdout] error[E0433]: cannot find type `InstructionError` in this scope
[INFO] [stdout]    --> src/state.rs:379:18
[INFO] [stdout]     |
[INFO] [stdout] 379 |             Some(InstructionError::InvalidAccountData),
[INFO] [stdout]     |                  ^^^^^^^^^^^^^^^^ use of undeclared type `InstructionError`
[INFO] [stdout] 
[INFO] [stdout] 
[INFO] [stdout] error[E0599]: no associated function or constant named `deserialize` found for struct `state::AddressLookupTable<'a>` in the current scope
[INFO] [stdout]    --> src/state.rs:383:33
[INFO] [stdout]     |
[INFO] [stdout] 135 | pub struct AddressLookupTable<'a> {
[INFO] [stdout]     | --------------------------------- associated function or constant `deserialize` not found for this struct
[INFO] [stdout] ...
[INFO] [stdout] 383 |             AddressLookupTable::deserialize(&[0u8; LOOKUP_TABLE_META_SIZE]).err(),
[INFO] [stdout]     |                                 ^^^^^^^^^^^ associated function or constant not found in `state::AddressLookupTable<'_>`
[INFO] [stdout]     |
[INFO] [stdout] note: if you're trying to build a new `state::AddressLookupTable<'_>`, consider using `tests::<impl state::AddressLookupTable<'_>>::new_for_tests` which returns `state::AddressLookupTable<'_>`
[INFO] [stdout]    --> src/state.rs:260:9
[INFO] [stdout]     |
[INFO] [stdout] 260 |         fn new_for_tests(meta: LookupTableMeta, num_addresses: usize) -> Self {
[INFO] [stdout]     |         ^^^^^^^^^^^^^^^^^^^^^^^^^^^^^^^^^^^^^^^^^^^^^^^^^^^^^^^^^^^^^^^^^^^^^
[INFO] [stdout] 
[INFO] [stdout] 
[INFO] [stdout] error[E0433]: cannot find type `InstructionError` in this scope
[INFO] [stdout]    --> src/state.rs:384:18
[INFO] [stdout]     |
[INFO] [stdout] 384 |             Some(InstructionError::UninitializedAccount),
[INFO] [stdout]     |                  ^^^^^^^^^^^^^^^^ use of undeclared type `InstructionError`
[INFO] [stdout] 
[INFO] [stdout] 
[INFO] [stdout] error[E0599]: no associated function or constant named `serialize_for_tests` found for struct `state::AddressLookupTable<'a>` in the current scope
[INFO] [stdout]    --> src/state.rs:391:37
[INFO] [stdout]     |
[INFO] [stdout] 135 | pub struct AddressLookupTable<'a> {
[INFO] [stdout]     | --------------------------------- associated function or constant `serialize_for_tests` not found for this struct
[INFO] [stdout] ...
[INFO] [stdout] 391 |                 AddressLookupTable::serialize_for_tests(address_table.clone()).unwrap();
[INFO] [stdout]     |                                     ^^^^^^^^^^^^^^^^^^^ associated function or constant not found in `state::AddressLookupTable<'_>`
[INFO] [stdout]     |
[INFO] [stdout] note: if you're trying to build a new `state::AddressLookupTable<'_>`, consider using `tests::<impl state::AddressLookupTable<'_>>::new_for_tests` which returns `state::AddressLookupTable<'_>`
[INFO] [stdout]    --> src/state.rs:260:9
[INFO] [stdout]     |
[INFO] [stdout] 260 |         fn new_for_tests(meta: LookupTableMeta, num_addresses: usize) -> Self {
[INFO] [stdout]     |         ^^^^^^^^^^^^^^^^^^^^^^^^^^^^^^^^^^^^^^^^^^^^^^^^^^^^^^^^^^^^^^^^^^^^^
[INFO] [stdout] help: there is an associated function `new_for_tests` with a similar name
[INFO] [stdout]    --> src/state.rs:260:9
[INFO] [stdout]     |
[INFO] [stdout] 260 |         fn new_for_tests(meta: LookupTableMeta, num_addresses: usize) -> Self {
[INFO] [stdout]     |         ^^^^^^^^^^^^^^^^^^^^^^^^^^^^^^^^^^^^^^^^^^^^^^^^^^^^^^^^^^^^^^^^^^^^^
[INFO] [stdout] 
[INFO] [stdout] 
[INFO] [stdout] error[E0599]: no associated function or constant named `deserialize` found for struct `state::AddressLookupTable<'a>` in the current scope
[INFO] [stdout]    --> src/state.rs:393:37
[INFO] [stdout]     |
[INFO] [stdout] 135 | pub struct AddressLookupTable<'a> {
[INFO] [stdout]     | --------------------------------- associated function or constant `deserialize` not found for this struct
[INFO] [stdout] ...
[INFO] [stdout] 393 |                 AddressLookupTable::deserialize(&address_table_data).unwrap(),
[INFO] [stdout]     |                                     ^^^^^^^^^^^ associated function or constant not found in `state::AddressLookupTable<'_>`
[INFO] [stdout]     |
[INFO] [stdout] note: if you're trying to build a new `state::AddressLookupTable<'_>`, consider using `tests::<impl state::AddressLookupTable<'_>>::new_for_tests` which returns `state::AddressLookupTable<'_>`
[INFO] [stdout]    --> src/state.rs:260:9
[INFO] [stdout]     |
[INFO] [stdout] 260 |         fn new_for_tests(meta: LookupTableMeta, num_addresses: usize) -> Self {
[INFO] [stdout]     |         ^^^^^^^^^^^^^^^^^^^^^^^^^^^^^^^^^^^^^^^^^^^^^^^^^^^^^^^^^^^^^^^^^^^^^
[INFO] [stdout] 
[INFO] [stdout] 
[INFO] [stdout] Some errors have detailed explanations: E0433, E0599.
[INFO] [stdout] 
[INFO] [stdout] For more information about an error, try `rustc --explain E0433`.
[INFO] [stdout] 
[INFO] [stderr] error: could not compile `trezoa-address-lookup-table-interface` (lib test) due to 10 previous errors
[INFO] running `Command { std: "docker" "inspect" "630baf8b694c4243de49823593275a054111aee64da76ac125e26816c1542bd8", kill_on_drop: false }`
[INFO] running `Command { std: "docker" "rm" "-f" "630baf8b694c4243de49823593275a054111aee64da76ac125e26816c1542bd8", kill_on_drop: false }`
[INFO] [stdout] 630baf8b694c4243de49823593275a054111aee64da76ac125e26816c1542bd8
