[INFO] fetching crate traffic-light-macros 1.0.0...
[INFO] testing traffic-light-macros-1.0.0 against 1.99.0-beta.8 for beta-1.100-2
[INFO] extracting crate traffic-light-macros 1.0.0 into /workspace/builds/worker-4-tc1/source
[INFO] started tweaking crates.io crate traffic-light-macros 1.0.0
[INFO] removed 0 missing tests
[INFO] finished tweaking crates.io crate traffic-light-macros 1.0.0
[INFO] tweaked toml for crates.io crate traffic-light-macros 1.0.0 written to /workspace/builds/worker-4-tc1/source/Cargo.toml
[INFO] validating manifest of crates.io crate traffic-light-macros 1.0.0 on toolchain 1.99.0-beta.8
[INFO] running `Command { std: CARGO_HOME="/workspace/cargo-home" RUSTUP_HOME="/workspace/rustup-home" "/workspace/cargo-home/bin/cargo" "+1.99.0-beta.8" "metadata" "--manifest-path" "Cargo.toml" "--no-deps", kill_on_drop: false }`
[INFO] crate crates.io crate traffic-light-macros 1.0.0 already has a lockfile, it will not be regenerated
[INFO] running `Command { std: CARGO_HOME="/workspace/cargo-home" RUSTUP_HOME="/workspace/rustup-home" "/workspace/cargo-home/bin/cargo" "+1.99.0-beta.8" "fetch" "--manifest-path" "Cargo.toml", kill_on_drop: false }`
[INFO] running `Command { std: "docker" "create" "-v" "/var/lib/crater-agent-workspace/builds/worker-4-tc1/source:/opt/rustwide/workdir:ro,Z" "-v" "/var/lib/crater-agent-workspace/builds/worker-4-tc1/target:/opt/rustwide/target:rw,Z" "-v" "/var/lib/crater-agent-workspace/cargo-home:/opt/rustwide/cargo-home:ro,Z" "-v" "/var/lib/crater-agent-workspace/rustup-home:/opt/rustwide/rustup-home:ro,Z" "-m" "1610612736" "--network" "none" "ghcr.io/rust-lang/crates-build-env/linux@sha256:3111399a4047eeb3a02b7a90e478d715f38a8c6669b5c4b49d30a17385265909" "sleep" "infinity", kill_on_drop: false }`
[INFO] [stdout] d804e73f0e7e7efac5d2526936c5f5aab4c887fa4139f0682171a8e8ebbf5258
[INFO] running `Command { std: "docker" "start" "d804e73f0e7e7efac5d2526936c5f5aab4c887fa4139f0682171a8e8ebbf5258", kill_on_drop: false }`
[INFO] running `Command { std: "docker" "inspect" "d804e73f0e7e7efac5d2526936c5f5aab4c887fa4139f0682171a8e8ebbf5258", kill_on_drop: false }`
[INFO] running `Command { std: "docker" "exec" "-e" "SOURCE_DIR=/opt/rustwide/workdir" "-e" "CARGO_HOME=/opt/rustwide/cargo-home" "-e" "RUSTUP_HOME=/opt/rustwide/rustup-home" "-e" "CARGO_TARGET_DIR=/opt/rustwide/target" "-w" "/opt/rustwide/workdir" "--user" "0:0" "d804e73f0e7e7efac5d2526936c5f5aab4c887fa4139f0682171a8e8ebbf5258" "/opt/rustwide/cargo-home/bin/cargo" "+1.99.0-beta.8" "metadata" "--no-deps" "--format-version=1", kill_on_drop: false }`
[INFO] running `Command { std: "docker" "inspect" "d804e73f0e7e7efac5d2526936c5f5aab4c887fa4139f0682171a8e8ebbf5258", kill_on_drop: false }`
[INFO] running `Command { std: "docker" "exec" "-e" "SOURCE_DIR=/opt/rustwide/workdir" "-e" "CARGO_HOME=/opt/rustwide/cargo-home" "-e" "RUSTUP_HOME=/opt/rustwide/rustup-home" "-e" "CARGO_TARGET_DIR=/opt/rustwide/target" "-e" "CARGO_INCREMENTAL=0" "-e" "RUST_BACKTRACE=full" "-e" "RUSTFLAGS=--cap-lints=warn" "-e" "RUSTDOCFLAGS=--cap-lints=warn" "-w" "/opt/rustwide/workdir" "--user" "0:0" "d804e73f0e7e7efac5d2526936c5f5aab4c887fa4139f0682171a8e8ebbf5258" "/opt/rustwide/cargo-home/bin/cargo" "+1.99.0-beta.8" "build" "--frozen" "--message-format=json", kill_on_drop: false }`
[INFO] [stderr]    Compiling proc-macro2 v1.0.106
[INFO] [stderr]    Compiling quote v1.0.46
[INFO] [stderr]    Compiling syn v2.0.118
[INFO] [stderr]    Compiling traffic-light-macros v1.0.0 (/opt/rustwide/workdir)
[INFO] [stderr]     Finished `dev` profile [unoptimized + debuginfo] target(s) in 5.80s
[INFO] running `Command { std: "docker" "inspect" "d804e73f0e7e7efac5d2526936c5f5aab4c887fa4139f0682171a8e8ebbf5258", kill_on_drop: false }`
[INFO] running `Command { std: "docker" "exec" "-e" "SOURCE_DIR=/opt/rustwide/workdir" "-e" "CARGO_HOME=/opt/rustwide/cargo-home" "-e" "RUSTUP_HOME=/opt/rustwide/rustup-home" "-e" "CARGO_TARGET_DIR=/opt/rustwide/target" "-e" "CARGO_INCREMENTAL=0" "-e" "RUST_BACKTRACE=full" "-e" "RUSTFLAGS=--cap-lints=warn" "-e" "RUSTDOCFLAGS=--cap-lints=warn" "-w" "/opt/rustwide/workdir" "--user" "0:0" "d804e73f0e7e7efac5d2526936c5f5aab4c887fa4139f0682171a8e8ebbf5258" "/opt/rustwide/cargo-home/bin/cargo" "+1.99.0-beta.8" "test" "--frozen" "--no-run" "--message-format=json", kill_on_drop: false }`
[INFO] [stderr]    Compiling proc-macro2 v1.0.106
[INFO] [stderr]    Compiling unicode-ident v1.0.24
[INFO] [stderr]    Compiling quote v1.0.46
[INFO] [stderr]    Compiling syn v2.0.118
[INFO] [stderr]    Compiling traffic-light-macros v1.0.0 (/opt/rustwide/workdir)
[INFO] [stdout] error[E0433]: cannot find module or crate `traffic_light` in this scope
[INFO] [stdout]  --> tests/main.rs:3:3
[INFO] [stdout]   |
[INFO] [stdout] 3 | #[traffic_light::main]
[INFO] [stdout]   |   ^^^^^^^^^^^^^ use of unresolved module or unlinked crate `traffic_light`
[INFO] [stdout] 
[INFO] [stdout] 
[INFO] [stdout] For more information about this error, try `rustc --explain E0433`.
[INFO] [stdout] 
[INFO] [stderr] error: could not compile `traffic-light-macros` (test "main") due to 1 previous error
[INFO] [stderr] warning: build failed, waiting for other jobs to finish...
[INFO] [stdout] error[E0433]: cannot find `traffic_light` in the list of imported crates
[INFO] [stdout]  --> tests/test.rs:4:1
[INFO] [stdout]   |
[INFO] [stdout] 4 | #[traffic_light_macros::test]
[INFO] [stdout]   | ^^^^^^^^^^^^^^^^^^^^^^^^^^^^^ could not find `traffic_light` in the list of imported crates
[INFO] [stdout]   |
[INFO] [stdout]   = note: this error originates in the attribute macro `traffic_light_macros::test` (in Nightly builds, run with -Z macro-backtrace for more info)
[INFO] [stdout] 
[INFO] [stdout] 
[INFO] [stdout] error[E0433]: cannot find `traffic_light` in the list of imported crates
[INFO] [stdout]   --> tests/test.rs:14:1
[INFO] [stdout]    |
[INFO] [stdout] 14 | #[traffic_light_macros::test]
[INFO] [stdout]    | ^^^^^^^^^^^^^^^^^^^^^^^^^^^^^ could not find `traffic_light` in the list of imported crates
[INFO] [stdout]    |
[INFO] [stdout]    = note: this error originates in the attribute macro `traffic_light_macros::test` (in Nightly builds, run with -Z macro-backtrace for more info)
[INFO] [stdout] 
[INFO] [stdout] 
[INFO] [stderr] error: could not compile `traffic-light-macros` (test "test") due to 2 previous errors
[INFO] [stdout] For more information about this error, try `rustc --explain E0433`.
[INFO] [stdout] 
[INFO] running `Command { std: "docker" "inspect" "d804e73f0e7e7efac5d2526936c5f5aab4c887fa4139f0682171a8e8ebbf5258", kill_on_drop: false }`
[INFO] running `Command { std: "docker" "rm" "-f" "d804e73f0e7e7efac5d2526936c5f5aab4c887fa4139f0682171a8e8ebbf5258", kill_on_drop: false }`
[INFO] [stdout] d804e73f0e7e7efac5d2526936c5f5aab4c887fa4139f0682171a8e8ebbf5258
