[INFO] fetching crate tollgate-store 0.32.2...
[INFO] testing tollgate-store-0.32.2 against 1.99.0-beta.8 for beta-1.100-2
[INFO] extracting crate tollgate-store 0.32.2 into /workspace/builds/worker-2-tc1/source
[INFO] started tweaking crates.io crate tollgate-store 0.32.2
[INFO] removed 0 missing tests
[INFO] finished tweaking crates.io crate tollgate-store 0.32.2
[INFO] tweaked toml for crates.io crate tollgate-store 0.32.2 written to /workspace/builds/worker-2-tc1/source/Cargo.toml
[INFO] validating manifest of crates.io crate tollgate-store 0.32.2 on toolchain 1.99.0-beta.8
[INFO] running `Command { std: CARGO_HOME="/workspace/cargo-home" RUSTUP_HOME="/workspace/rustup-home" "/workspace/cargo-home/bin/cargo" "+1.99.0-beta.8" "metadata" "--manifest-path" "Cargo.toml" "--no-deps", kill_on_drop: false }`
[INFO] crate crates.io crate tollgate-store 0.32.2 already has a lockfile, it will not be regenerated
[INFO] running `Command { std: CARGO_HOME="/workspace/cargo-home" RUSTUP_HOME="/workspace/rustup-home" "/workspace/cargo-home/bin/cargo" "+1.99.0-beta.8" "fetch" "--manifest-path" "Cargo.toml", kill_on_drop: false }`
[INFO] [stderr]     Updating crates.io index
[INFO] [stderr]  Downloading crates ...
[INFO] [stderr]   Downloaded tracing-log v0.2.0
[INFO] [stderr]   Downloaded matchers v0.2.0
[INFO] [stderr]   Downloaded nu-ansi-term v0.50.3
[INFO] [stderr]   Downloaded jiff-static v0.2.35
[INFO] [stderr]   Downloaded jiff-tzdb-platform v0.1.3
[INFO] [stderr]   Downloaded defmt-parser v1.0.0
[INFO] [stderr]   Downloaded defmt v1.1.1
[INFO] [stderr]   Downloaded defmt-macros v1.1.1
[INFO] [stderr]   Downloaded log v0.4.33
[INFO] [stderr]   Downloaded jiff-tzdb v0.1.8
[INFO] [stderr]   Downloaded tracing-subscriber v0.3.23
[INFO] [stderr]   Downloaded tollgate-core v0.32.2
[INFO] [stderr]   Downloaded mio v1.2.2
[INFO] [stderr]   Downloaded jiff-core v0.1.0
[INFO] [stderr]   Downloaded jiff v0.2.35
[INFO] [stderr]   Downloaded tokio v1.53.1
[INFO] running `Command { std: "docker" "create" "-v" "/var/lib/crater-agent-workspace/builds/worker-2-tc1/source:/opt/rustwide/workdir:ro,Z" "-v" "/var/lib/crater-agent-workspace/builds/worker-2-tc1/target:/opt/rustwide/target:rw,Z" "-v" "/var/lib/crater-agent-workspace/cargo-home:/opt/rustwide/cargo-home:ro,Z" "-v" "/var/lib/crater-agent-workspace/rustup-home:/opt/rustwide/rustup-home:ro,Z" "-m" "1610612736" "--network" "none" "ghcr.io/rust-lang/crates-build-env/linux@sha256:3111399a4047eeb3a02b7a90e478d715f38a8c6669b5c4b49d30a17385265909" "sleep" "infinity", kill_on_drop: false }`
[INFO] [stdout] 837d9ae2960e3b0762bf9ba7b2866612ea210183a7917a3dfc2f46a6dac9eedb
[INFO] running `Command { std: "docker" "start" "837d9ae2960e3b0762bf9ba7b2866612ea210183a7917a3dfc2f46a6dac9eedb", kill_on_drop: false }`
[INFO] running `Command { std: "docker" "inspect" "837d9ae2960e3b0762bf9ba7b2866612ea210183a7917a3dfc2f46a6dac9eedb", kill_on_drop: false }`
[INFO] running `Command { std: "docker" "exec" "-e" "SOURCE_DIR=/opt/rustwide/workdir" "-e" "CARGO_HOME=/opt/rustwide/cargo-home" "-e" "RUSTUP_HOME=/opt/rustwide/rustup-home" "-e" "CARGO_TARGET_DIR=/opt/rustwide/target" "-w" "/opt/rustwide/workdir" "--user" "0:0" "837d9ae2960e3b0762bf9ba7b2866612ea210183a7917a3dfc2f46a6dac9eedb" "/opt/rustwide/cargo-home/bin/cargo" "+1.99.0-beta.8" "metadata" "--no-deps" "--format-version=1", kill_on_drop: false }`
[INFO] running `Command { std: "docker" "inspect" "837d9ae2960e3b0762bf9ba7b2866612ea210183a7917a3dfc2f46a6dac9eedb", kill_on_drop: false }`
[INFO] running `Command { std: "docker" "exec" "-e" "SOURCE_DIR=/opt/rustwide/workdir" "-e" "CARGO_HOME=/opt/rustwide/cargo-home" "-e" "RUSTUP_HOME=/opt/rustwide/rustup-home" "-e" "CARGO_TARGET_DIR=/opt/rustwide/target" "-e" "CARGO_INCREMENTAL=0" "-e" "RUST_BACKTRACE=full" "-e" "RUSTFLAGS=--cap-lints=warn" "-e" "RUSTDOCFLAGS=--cap-lints=warn" "-w" "/opt/rustwide/workdir" "--user" "0:0" "837d9ae2960e3b0762bf9ba7b2866612ea210183a7917a3dfc2f46a6dac9eedb" "/opt/rustwide/cargo-home/bin/cargo" "+1.99.0-beta.8" "build" "--frozen" "--message-format=json", kill_on_drop: false }`
[INFO] [stderr]    Compiling unicode-ident v1.0.24
[INFO] [stderr]    Compiling libc v0.2.189
[INFO] [stderr]    Compiling once_cell v1.21.4
[INFO] [stderr]    Compiling jiff-core v0.1.0
[INFO] [stderr]    Compiling proc-macro2 v1.0.107
[INFO] [stderr]    Compiling tracing-core v0.1.36
[INFO] [stderr]    Compiling quote v1.0.47
[INFO] [stderr]    Compiling syn v3.0.3
[INFO] [stderr]    Compiling syn v2.0.119
[INFO] [stderr]    Compiling jiff v0.2.35
[INFO] [stderr]    Compiling errno v0.3.14
[INFO] [stderr]    Compiling mio v1.2.2
[INFO] [stderr]    Compiling socket2 v0.6.5
[INFO] [stderr]    Compiling signal-hook-registry v1.4.8
[INFO] [stderr]    Compiling tokio-macros v2.7.2
[INFO] [stderr]    Compiling async-trait v0.1.92
[INFO] [stderr]    Compiling tollgate-core v0.32.2
[INFO] [stderr]    Compiling tokio v1.53.1
[INFO] [stderr]    Compiling tracing-attributes v0.1.31
[INFO] [stderr]    Compiling tracing v0.1.44
[INFO] [stderr]    Compiling tollgate-store v0.32.2 (/opt/rustwide/workdir)
[INFO] [stderr]     Finished `dev` profile [unoptimized + debuginfo] target(s) in 11.97s
[INFO] running `Command { std: "docker" "inspect" "837d9ae2960e3b0762bf9ba7b2866612ea210183a7917a3dfc2f46a6dac9eedb", kill_on_drop: false }`
[INFO] running `Command { std: "docker" "exec" "-e" "SOURCE_DIR=/opt/rustwide/workdir" "-e" "CARGO_HOME=/opt/rustwide/cargo-home" "-e" "RUSTUP_HOME=/opt/rustwide/rustup-home" "-e" "CARGO_TARGET_DIR=/opt/rustwide/target" "-e" "CARGO_INCREMENTAL=0" "-e" "RUST_BACKTRACE=full" "-e" "RUSTFLAGS=--cap-lints=warn" "-e" "RUSTDOCFLAGS=--cap-lints=warn" "-w" "/opt/rustwide/workdir" "--user" "0:0" "837d9ae2960e3b0762bf9ba7b2866612ea210183a7917a3dfc2f46a6dac9eedb" "/opt/rustwide/cargo-home/bin/cargo" "+1.99.0-beta.8" "test" "--frozen" "--no-run" "--message-format=json", kill_on_drop: false }`
[INFO] [stderr]    Compiling cfg-if v1.0.4
[INFO] [stderr]    Compiling getrandom v0.3.4
[INFO] [stderr]    Compiling rustix v1.1.4
[INFO] [stderr]    Compiling zerocopy v0.8.56
[INFO] [stderr]    Compiling bitflags v2.13.1
[INFO] [stderr]    Compiling linux-raw-sys v0.12.1
[INFO] [stderr]    Compiling fastrand v2.5.0
[INFO] [stderr]    Compiling tracing-core v0.1.36
[INFO] [stderr]    Compiling num-traits v0.2.19
[INFO] [stderr]    Compiling serde_core v1.0.229
[INFO] [stderr]    Compiling regex-automata v0.4.18
[INFO] [stderr]    Compiling wait-timeout v0.2.1
[INFO] [stderr]    Compiling lazy_static v1.5.0
[INFO] [stderr]    Compiling bit-vec v0.8.0
[INFO] [stderr]    Compiling log v0.4.33
[INFO] [stderr]    Compiling quick-error v1.2.3
[INFO] [stderr]    Compiling getrandom v0.4.3
[INFO] [stderr]    Compiling fnv v1.0.7
[INFO] [stderr]    Compiling sharded-slab v0.1.7
[INFO] [stderr]    Compiling thread_local v1.1.10
[INFO] [stderr]    Compiling tokio v1.53.1
[INFO] [stderr]    Compiling nu-ansi-term v0.50.3
[INFO] [stderr]    Compiling memchr v2.8.3
[INFO] [stderr]    Compiling bit-set v0.8.0
[INFO] [stderr]    Compiling smallvec v1.15.2
[INFO] [stderr]    Compiling unarray v0.1.4
[INFO] [stderr]    Compiling rand_core v0.9.5
[INFO] [stderr]    Compiling rand v0.9.5
[INFO] [stderr]    Compiling rand_xorshift v0.4.0
[INFO] [stderr]    Compiling tracing v0.1.44
[INFO] [stderr]    Compiling tracing-log v0.2.0
[INFO] [stderr]    Compiling tempfile v3.27.0
[INFO] [stderr]    Compiling matchers v0.2.0
[INFO] [stderr]    Compiling tracing-subscriber v0.3.23
[INFO] [stderr]    Compiling rusty-fork v0.3.1
[INFO] [stderr]    Compiling serde_json v1.0.151
[INFO] [stderr]    Compiling tollgate-store v0.32.2 (/opt/rustwide/workdir)
[INFO] [stderr]    Compiling ppv-lite86 v0.2.21
[INFO] [stderr]    Compiling rand_chacha v0.9.0
[INFO] [stderr]    Compiling proptest v1.11.0
[INFO] [stdout] error[E0432]: unresolved import `tollgate_store::wire`
[INFO] [stdout]   --> tests/wire_limits.rs:16:21
[INFO] [stdout]    |
[INFO] [stdout] 16 | use tollgate_store::wire::{
[INFO] [stdout]    |                     ^^^^ could not find `wire` in `tollgate_store`
[INFO] [stdout]    |
[INFO] [stdout] note: found an item that was configured out
[INFO] [stdout]   --> src/lib.rs:33:9
[INFO] [stdout]    |
[INFO] [stdout] 32 | #[cfg(feature = "wire")]
[INFO] [stdout]    |       ---------------- the item is gated behind the `wire` feature
[INFO] [stdout] 33 | pub mod wire;
[INFO] [stdout]    |         ^^^^
[INFO] [stdout] 
[INFO] [stdout] 
[INFO] [stdout] error[E0432]: unresolved import `tollgate_store::wire`
[INFO] [stdout]    --> tests/wire_limits.rs:189:25
[INFO] [stdout]     |
[INFO] [stdout] 189 |     use tollgate_store::wire::{KeysResponse, MAX_KEY_RECORD_BYTES, MAX_KEYS_BODY_BYTES};
[INFO] [stdout]     |                         ^^^^ could not find `wire` in `tollgate_store`
[INFO] [stdout]     |
[INFO] [stdout] note: found an item that was configured out
[INFO] [stdout]    --> src/lib.rs:33:9
[INFO] [stdout]     |
[INFO] [stdout]  32 | #[cfg(feature = "wire")]
[INFO] [stdout]     |       ---------------- the item is gated behind the `wire` feature
[INFO] [stdout]  33 | pub mod wire;
[INFO] [stdout]     |         ^^^^
[INFO] [stdout] 
[INFO] [stdout] 
[INFO] [stdout] error[E0433]: cannot find module or crate `serde` in this scope
[INFO] [stdout]   --> tests/wire_limits.rs:73:14
[INFO] [stdout]    |
[INFO] [stdout] 73 |     #[derive(serde::Deserialize)]
[INFO] [stdout]    |              ^^^^^ use of unresolved module or unlinked crate `serde`
[INFO] [stdout] 
[INFO] [stdout] 
[INFO] [stdout] error[E0433]: cannot find `wire` in `tollgate_store`
[INFO] [stdout]   --> tests/wire_limits.rs:67:45
[INFO] [stdout]    |
[INFO] [stdout] 67 |         serde_json::to_vec(&tollgate_store::wire::IngestRequestRef { events: &events }).unwrap();
[INFO] [stdout]    |                                             ^^^^ could not find `wire` in `tollgate_store`
[INFO] [stdout]    |
[INFO] [stdout] note: found an item that was configured out
[INFO] [stdout]   --> src/lib.rs:33:9
[INFO] [stdout]    |
[INFO] [stdout] 32 | #[cfg(feature = "wire")]
[INFO] [stdout]    |       ---------------- the item is gated behind the `wire` feature
[INFO] [stdout] 33 | pub mod wire;
[INFO] [stdout]    |         ^^^^
[INFO] [stdout] 
[INFO] [stdout] 
[INFO] [stdout] error[E0433]: cannot find `wire` in `tollgate_store`
[INFO] [stdout]    --> tests/wire_limits.rs:123:42
[INFO] [stdout]     |
[INFO] [stdout] 123 |         encoded.len() <= tollgate_store::wire::MAX_INGEST_REPORT_BYTES,
[INFO] [stdout]     |                                          ^^^^ could not find `wire` in `tollgate_store`
[INFO] [stdout]     |
[INFO] [stdout] note: found an item that was configured out
[INFO] [stdout]    --> src/lib.rs:33:9
[INFO] [stdout]     |
[INFO] [stdout]  32 | #[cfg(feature = "wire")]
[INFO] [stdout]     |       ---------------- the item is gated behind the `wire` feature
[INFO] [stdout]  33 | pub mod wire;
[INFO] [stdout]     |         ^^^^
[INFO] [stdout] 
[INFO] [stdout] 
[INFO] [stdout] error[E0277]: the trait bound `UsageEvent: serde::Serialize` is not satisfied
[INFO] [stdout]     --> tests/wire_limits.rs:43:41
[INFO] [stdout]      |
[INFO] [stdout]   43 |     let encoded = serde_json::to_string(&widest_event()).expect("a usage event serialises");
[INFO] [stdout]      |                   --------------------- ^^^^^^^^^^^^^^^ the trait `serde_core::ser::Serialize` is not implemented for `UsageEvent`
[INFO] [stdout]      |                   |
[INFO] [stdout]      |                   required by a bound introduced by this call
[INFO] [stdout]      |
[INFO] [stdout]      = note: for local types consider adding `#[derive(serde::Serialize)]` to your `UsageEvent` type
[INFO] [stdout]      = note: for types from other crates check whether the crate offers a `serde` feature flag
[INFO] [stdout]      = help: the following other types implement trait `serde_core::ser::Serialize`:
[INFO] [stdout]                &'a T
[INFO] [stdout]                &'a mut T
[INFO] [stdout]                ()
[INFO] [stdout]                (T,)
[INFO] [stdout]                (T0, T1)
[INFO] [stdout]                (T0, T1, T2)
[INFO] [stdout]                (T0, T1, T2, T3)
[INFO] [stdout]                (T0, T1, T2, T3, T4)
[INFO] [stdout]              and 128 others
[INFO] [stdout] note: required by a bound in `serde_json::to_string`
[INFO] [stdout]     --> /opt/rustwide/cargo-home/registry/src/index.crates.io-1949cf8c6b5b557f/serde_json-1.0.151/src/ser.rs:2247:17
[INFO] [stdout]      |
[INFO] [stdout] 2245 | pub fn to_string<T>(value: &T) -> Result<String>
[INFO] [stdout]      |        --------- required by a bound in this function
[INFO] [stdout] 2246 | where
[INFO] [stdout] 2247 |     T: ?Sized + Serialize,
[INFO] [stdout]      |                 ^^^^^^^^^ required by this bound in `to_string`
[INFO] [stdout] 
[INFO] [stdout] 
[INFO] [stdout] error[E0277]: the trait bound `UsageEvent: serde::Serialize` is not satisfied
[INFO] [stdout]    --> tests/wire_limits.rs:83:42
[INFO] [stdout]     |
[INFO] [stdout]  83 |     let mut value = serde_json::to_value(original).unwrap();
[INFO] [stdout]     |                     -------------------- ^^^^^^^^ the trait `serde_core::ser::Serialize` is not implemented for `UsageEvent`
[INFO] [stdout]     |                     |
[INFO] [stdout]     |                     required by a bound introduced by this call
[INFO] [stdout]     |
[INFO] [stdout]     = note: for local types consider adding `#[derive(serde::Serialize)]` to your `UsageEvent` type
[INFO] [stdout]     = note: for types from other crates check whether the crate offers a `serde` feature flag
[INFO] [stdout]     = help: the following other types implement trait `serde_core::ser::Serialize`:
[INFO] [stdout]               &'a T
[INFO] [stdout]               &'a mut T
[INFO] [stdout]               ()
[INFO] [stdout]               (T,)
[INFO] [stdout]               (T0, T1)
[INFO] [stdout]               (T0, T1, T2)
[INFO] [stdout]               (T0, T1, T2, T3)
[INFO] [stdout]               (T0, T1, T2, T3, T4)
[INFO] [stdout]             and 128 others
[INFO] [stdout] note: required by a bound in `to_value`
[INFO] [stdout]    --> /opt/rustwide/cargo-home/registry/src/index.crates.io-1949cf8c6b5b557f/serde_json-1.0.151/src/value/mod.rs:997:8
[INFO] [stdout]     |
[INFO] [stdout] 995 | pub fn to_value<T>(value: T) -> Result<Value, Error>
[INFO] [stdout]     |        -------- required by a bound in this function
[INFO] [stdout] 996 | where
[INFO] [stdout] 997 |     T: Serialize,
[INFO] [stdout]     |        ^^^^^^^^^ required by this bound in `to_value`
[INFO] [stdout] 
[INFO] [stdout] 
[INFO] [stdout] error[E0277]: the trait bound `LegacyUsageEvent: serde::de::DeserializeOwned` is not satisfied
[INFO] [stdout]     --> tests/wire_limits.rs:84:36
[INFO] [stdout]      |
[INFO] [stdout]   84 |     let legacy: LegacyUsageEvent = serde_json::from_value(value.clone()).unwrap();
[INFO] [stdout]      |                                    ^^^^^^^^^^^^^^^^^^^^^^^^^^^^^^^^^^^^^ unsatisfied trait bound
[INFO] [stdout]      |
[INFO] [stdout] help: the trait `for<'de> serde_core::de::Deserialize<'de>` is not implemented for `LegacyUsageEvent`
[INFO] [stdout]     --> tests/wire_limits.rs:74:5
[INFO] [stdout]      |
[INFO] [stdout]   74 |     struct LegacyUsageEvent {
[INFO] [stdout]      |     ^^^^^^^^^^^^^^^^^^^^^^^
[INFO] [stdout]      = help: the following other types implement trait `serde_core::de::Deserialize<'de>`:
[INFO] [stdout]                &'a Path
[INFO] [stdout]                &'a [u8]
[INFO] [stdout]                &'a str
[INFO] [stdout]                ()
[INFO] [stdout]                (T,)
[INFO] [stdout]                (T0, T1)
[INFO] [stdout]                (T0, T1, T2)
[INFO] [stdout]                (T0, T1, T2, T3)
[INFO] [stdout]              and 140 others
[INFO] [stdout]      = note: required for `LegacyUsageEvent` to implement `serde_core::de::DeserializeOwned`
[INFO] [stdout] note: required by a bound in `from_value`
[INFO] [stdout]     --> /opt/rustwide/cargo-home/registry/src/index.crates.io-1949cf8c6b5b557f/serde_json-1.0.151/src/value/mod.rs:1039:8
[INFO] [stdout]      |
[INFO] [stdout] 1037 | pub fn from_value<T>(value: Value) -> Result<T, Error>
[INFO] [stdout]      |        ---------- required by a bound in this function
[INFO] [stdout] 1038 | where
[INFO] [stdout] 1039 |     T: DeserializeOwned,
[INFO] [stdout]      |        ^^^^^^^^^^^^^^^^ required by this bound in `from_value`
[INFO] [stdout] 
[INFO] [stdout] 
[INFO] [stdout] error[E0277]: the trait bound `UsageEvent: serde::de::DeserializeOwned` is not satisfied
[INFO] [stdout]     --> tests/wire_limits.rs:93:34
[INFO] [stdout]      |
[INFO] [stdout]   93 |         serde_json::from_value::<UsageEvent>(value.clone()).unwrap(),
[INFO] [stdout]      |                                  ^^^^^^^^^^ the trait `for<'de> serde_core::de::Deserialize<'de>` is not implemented for `UsageEvent`
[INFO] [stdout]      |
[INFO] [stdout]      = help: the following other types implement trait `serde_core::de::Deserialize<'de>`:
[INFO] [stdout]                &'a Path
[INFO] [stdout]                &'a [u8]
[INFO] [stdout]                &'a str
[INFO] [stdout]                ()
[INFO] [stdout]                (T,)
[INFO] [stdout]                (T0, T1)
[INFO] [stdout]                (T0, T1, T2)
[INFO] [stdout]                (T0, T1, T2, T3)
[INFO] [stdout]              and 140 others
[INFO] [stdout]      = note: required for `UsageEvent` to implement `serde_core::de::DeserializeOwned`
[INFO] [stdout] note: required by a bound in `from_value`
[INFO] [stdout]     --> /opt/rustwide/cargo-home/registry/src/index.crates.io-1949cf8c6b5b557f/serde_json-1.0.151/src/value/mod.rs:1039:8
[INFO] [stdout]      |
[INFO] [stdout] 1037 | pub fn from_value<T>(value: Value) -> Result<T, Error>
[INFO] [stdout]      |        ---------- required by a bound in this function
[INFO] [stdout] 1038 | where
[INFO] [stdout] 1039 |     T: DeserializeOwned,
[INFO] [stdout]      |        ^^^^^^^^^^^^^^^^ required by this bound in `from_value`
[INFO] [stdout] 
[INFO] [stdout] 
[INFO] [stdout] error[E0277]: the trait bound `UsageEvent: serde::de::DeserializeOwned` is not satisfied
[INFO] [stdout]     --> tests/wire_limits.rs:98:34
[INFO] [stdout]      |
[INFO] [stdout]   98 |         serde_json::from_value::<UsageEvent>(value).unwrap().key_id,
[INFO] [stdout]      |                                  ^^^^^^^^^^ the trait `for<'de> serde_core::de::Deserialize<'de>` is not implemented for `UsageEvent`
[INFO] [stdout]      |
[INFO] [stdout]      = help: the following other types implement trait `serde_core::de::Deserialize<'de>`:
[INFO] [stdout]                &'a Path
[INFO] [stdout]                &'a [u8]
[INFO] [stdout]                &'a str
[INFO] [stdout]                ()
[INFO] [stdout]                (T,)
[INFO] [stdout]                (T0, T1)
[INFO] [stdout]                (T0, T1, T2)
[INFO] [stdout]                (T0, T1, T2, T3)
[INFO] [stdout]              and 140 others
[INFO] [stdout]      = note: required for `UsageEvent` to implement `serde_core::de::DeserializeOwned`
[INFO] [stdout] note: required by a bound in `from_value`
[INFO] [stdout]     --> /opt/rustwide/cargo-home/registry/src/index.crates.io-1949cf8c6b5b557f/serde_json-1.0.151/src/value/mod.rs:1039:8
[INFO] [stdout]      |
[INFO] [stdout] 1037 | pub fn from_value<T>(value: Value) -> Result<T, Error>
[INFO] [stdout]      |        ---------- required by a bound in this function
[INFO] [stdout] 1038 | where
[INFO] [stdout] 1039 |     T: DeserializeOwned,
[INFO] [stdout]      |        ^^^^^^^^^^^^^^^^ required by this bound in `from_value`
[INFO] [stdout] 
[INFO] [stdout] 
[INFO] [stdout] error[E0277]: the trait bound `IngestReport: serde::Deserialize<'de>` is not satisfied
[INFO] [stdout]     --> tests/wire_limits.rs:103:48
[INFO] [stdout]      |
[INFO] [stdout]  103 |     let report: tollgate_store::IngestReport = serde_json::from_str(legacy).unwrap();
[INFO] [stdout]      |                                                ^^^^^^^^^^^^^^^^^^^^^^^^^^^^ the trait `serde_core::de::Deserialize<'_>` is not implemented for `IngestReport`
[INFO] [stdout]      |
[INFO] [stdout]      = note: for local types consider adding `#[derive(serde::Deserialize)]` to your `IngestReport` type
[INFO] [stdout]      = note: for types from other crates check whether the crate offers a `serde` feature flag
[INFO] [stdout]      = help: the following other types implement trait `serde_core::de::Deserialize<'de>`:
[INFO] [stdout]                &'a Path
[INFO] [stdout]                &'a [u8]
[INFO] [stdout]                &'a str
[INFO] [stdout]                ()
[INFO] [stdout]                (T,)
[INFO] [stdout]                (T0, T1)
[INFO] [stdout]                (T0, T1, T2)
[INFO] [stdout]                (T0, T1, T2, T3)
[INFO] [stdout]              and 140 others
[INFO] [stdout] note: required by a bound in `serde_json::from_str`
[INFO] [stdout]     --> /opt/rustwide/cargo-home/registry/src/index.crates.io-1949cf8c6b5b557f/serde_json-1.0.151/src/de.rs:2711:8
[INFO] [stdout]      |
[INFO] [stdout] 2709 | pub fn from_str<'a, T>(s: &'a str) -> Result<T>
[INFO] [stdout]      |        -------- required by a bound in this function
[INFO] [stdout] 2710 | where
[INFO] [stdout] 2711 |     T: de::Deserialize<'a>,
[INFO] [stdout]      |        ^^^^^^^^^^^^^^^^^^^ required by this bound in `from_str`
[INFO] [stdout] 
[INFO] [stdout] 
[INFO] [stdout] error[E0277]: the trait bound `IngestReport: serde::Deserialize<'de>` is not satisfied
[INFO] [stdout]     --> tests/wire_limits.rs:107:9
[INFO] [stdout]      |
[INFO] [stdout]  107 |         serde_json::from_str(r#"{"accepted":1,"duplicate":0,"rejected":0,"unattributed":0}"#)
[INFO] [stdout]      |         ^^^^^^^^^^^^^^^^^^^^^^^^^^^^^^^^^^^^^^^^^^^^^^^^^^^^^^^^^^^^^^^^^^^^^^^^^^^^^^^^^^^^^ the trait `serde_core::de::Deserialize<'_>` is not implemented for `IngestReport`
[INFO] [stdout]      |
[INFO] [stdout]      = note: for local types consider adding `#[derive(serde::Deserialize)]` to your `IngestReport` type
[INFO] [stdout]      = note: for types from other crates check whether the crate offers a `serde` feature flag
[INFO] [stdout]      = help: the following other types implement trait `serde_core::de::Deserialize<'de>`:
[INFO] [stdout]                &'a Path
[INFO] [stdout]                &'a [u8]
[INFO] [stdout]                &'a str
[INFO] [stdout]                ()
[INFO] [stdout]                (T,)
[INFO] [stdout]                (T0, T1)
[INFO] [stdout]                (T0, T1, T2)
[INFO] [stdout]                (T0, T1, T2, T3)
[INFO] [stdout]              and 140 others
[INFO] [stdout] note: required by a bound in `serde_json::from_str`
[INFO] [stdout]     --> /opt/rustwide/cargo-home/registry/src/index.crates.io-1949cf8c6b5b557f/serde_json-1.0.151/src/de.rs:2711:8
[INFO] [stdout]      |
[INFO] [stdout] 2709 | pub fn from_str<'a, T>(s: &'a str) -> Result<T>
[INFO] [stdout]      |        -------- required by a bound in this function
[INFO] [stdout] 2710 | where
[INFO] [stdout] 2711 |     T: de::Deserialize<'a>,
[INFO] [stdout]      |        ^^^^^^^^^^^^^^^^^^^ required by this bound in `from_str`
[INFO] [stdout] 
[INFO] [stdout] 
[INFO] [stdout] error[E0277]: the trait bound `IngestReport: serde::Serialize` is not satisfied
[INFO] [stdout]     --> tests/wire_limits.rs:121:38
[INFO] [stdout]      |
[INFO] [stdout]  121 |     let encoded = serde_json::to_vec(&report).unwrap();
[INFO] [stdout]      |                   ------------------ ^^^^^^^ the trait `serde_core::ser::Serialize` is not implemented for `IngestReport`
[INFO] [stdout]      |                   |
[INFO] [stdout]      |                   required by a bound introduced by this call
[INFO] [stdout]      |
[INFO] [stdout]      = note: for local types consider adding `#[derive(serde::Serialize)]` to your `IngestReport` type
[INFO] [stdout]      = note: for types from other crates check whether the crate offers a `serde` feature flag
[INFO] [stdout]      = help: the following other types implement trait `serde_core::ser::Serialize`:
[INFO] [stdout]                &'a T
[INFO] [stdout]                &'a mut T
[INFO] [stdout]                ()
[INFO] [stdout]                (T,)
[INFO] [stdout]                (T0, T1)
[INFO] [stdout]                (T0, T1, T2)
[INFO] [stdout]                (T0, T1, T2, T3)
[INFO] [stdout]                (T0, T1, T2, T3, T4)
[INFO] [stdout]              and 128 others
[INFO] [stdout] note: required by a bound in `to_vec`
[INFO] [stdout]     --> /opt/rustwide/cargo-home/registry/src/index.crates.io-1949cf8c6b5b557f/serde_json-1.0.151/src/ser.rs:2215:17
[INFO] [stdout]      |
[INFO] [stdout] 2213 | pub fn to_vec<T>(value: &T) -> Result<Vec<u8>>
[INFO] [stdout]      |        ------ required by a bound in this function
[INFO] [stdout] 2214 | where
[INFO] [stdout] 2215 |     T: ?Sized + Serialize,
[INFO] [stdout]      |                 ^^^^^^^^^ required by this bound in `to_vec`
[INFO] [stdout] 
[INFO] [stdout] 
[INFO] [stdout] error[E0277]: the trait bound `CredentialRecord: serde::Serialize` is not satisfied
[INFO] [stdout]     --> tests/wire_limits.rs:199:38
[INFO] [stdout]      |
[INFO] [stdout]  199 |     let encoded = serde_json::to_vec(&record).unwrap();
[INFO] [stdout]      |                   ------------------ ^^^^^^^ the trait `serde_core::ser::Serialize` is not implemented for `CredentialRecord`
[INFO] [stdout]      |                   |
[INFO] [stdout]      |                   required by a bound introduced by this call
[INFO] [stdout]      |
[INFO] [stdout]      = note: for local types consider adding `#[derive(serde::Serialize)]` to your `CredentialRecord` type
[INFO] [stdout]      = note: for types from other crates check whether the crate offers a `serde` feature flag
[INFO] [stdout]      = help: the following other types implement trait `serde_core::ser::Serialize`:
[INFO] [stdout]                &'a T
[INFO] [stdout]                &'a mut T
[INFO] [stdout]                ()
[INFO] [stdout]                (T,)
[INFO] [stdout]                (T0, T1)
[INFO] [stdout]                (T0, T1, T2)
[INFO] [stdout]                (T0, T1, T2, T3)
[INFO] [stdout]                (T0, T1, T2, T3, T4)
[INFO] [stdout]              and 128 others
[INFO] [stdout] note: required by a bound in `to_vec`
[INFO] [stdout]     --> /opt/rustwide/cargo-home/registry/src/index.crates.io-1949cf8c6b5b557f/serde_json-1.0.151/src/ser.rs:2215:17
[INFO] [stdout]      |
[INFO] [stdout] 2213 | pub fn to_vec<T>(value: &T) -> Result<Vec<u8>>
[INFO] [stdout]      |        ------ required by a bound in this function
[INFO] [stdout] 2214 | where
[INFO] [stdout] 2215 |     T: ?Sized + Serialize,
[INFO] [stdout]      |                 ^^^^^^^^^ required by this bound in `to_vec`
[INFO] [stdout] 
[INFO] [stdout] 
[INFO] [stdout] error[E0277]: the trait bound `CredentialRecord: serde::Deserialize<'de>` is not satisfied
[INFO] [stdout]     --> tests/wire_limits.rs:204:34
[INFO] [stdout]      |
[INFO] [stdout]  204 |         serde_json::from_slice::<CredentialRecord>(&encoded).unwrap(),
[INFO] [stdout]      |                                  ^^^^^^^^^^^^^^^^ the trait `serde_core::de::Deserialize<'_>` is not implemented for `CredentialRecord`
[INFO] [stdout]      |
[INFO] [stdout]      = note: for local types consider adding `#[derive(serde::Deserialize)]` to your `CredentialRecord` type
[INFO] [stdout]      = note: for types from other crates check whether the crate offers a `serde` feature flag
[INFO] [stdout]      = help: the following other types implement trait `serde_core::de::Deserialize<'de>`:
[INFO] [stdout]                &'a Path
[INFO] [stdout]                &'a [u8]
[INFO] [stdout]                &'a str
[INFO] [stdout]                ()
[INFO] [stdout]                (T,)
[INFO] [stdout]                (T0, T1)
[INFO] [stdout]                (T0, T1, T2)
[INFO] [stdout]                (T0, T1, T2, T3)
[INFO] [stdout]              and 140 others
[INFO] [stdout] note: required by a bound in `from_slice`
[INFO] [stdout]     --> /opt/rustwide/cargo-home/registry/src/index.crates.io-1949cf8c6b5b557f/serde_json-1.0.151/src/de.rs:2669:8
[INFO] [stdout]      |
[INFO] [stdout] 2667 | pub fn from_slice<'a, T>(v: &'a [u8]) -> Result<T>
[INFO] [stdout]      |        ---------- required by a bound in this function
[INFO] [stdout] 2668 | where
[INFO] [stdout] 2669 |     T: de::Deserialize<'a>,
[INFO] [stdout]      |        ^^^^^^^^^^^^^^^^^^^ required by this bound in `from_slice`
[INFO] [stdout] 
[INFO] [stdout] 
[INFO] [stdout] error[E0277]: the trait bound `CredentialRecord: serde::de::DeserializeOwned` is not satisfied
[INFO] [stdout]     --> tests/wire_limits.rs:224:42
[INFO] [stdout]      |
[INFO] [stdout]  224 |         assert!(serde_json::from_value::<CredentialRecord>(invalid).is_err());
[INFO] [stdout]      |                                          ^^^^^^^^^^^^^^^^ the trait `for<'de> serde_core::de::Deserialize<'de>` is not implemented for `CredentialRecord`
[INFO] [stdout]      |
[INFO] [stdout]      = help: the following other types implement trait `serde_core::de::Deserialize<'de>`:
[INFO] [stdout]                &'a Path
[INFO] [stdout]                &'a [u8]
[INFO] [stdout]                &'a str
[INFO] [stdout]                ()
[INFO] [stdout]                (T,)
[INFO] [stdout]                (T0, T1)
[INFO] [stdout]                (T0, T1, T2)
[INFO] [stdout]                (T0, T1, T2, T3)
[INFO] [stdout]              and 140 others
[INFO] [stdout]      = note: required for `CredentialRecord` to implement `serde_core::de::DeserializeOwned`
[INFO] [stdout] note: required by a bound in `from_value`
[INFO] [stdout]     --> /opt/rustwide/cargo-home/registry/src/index.crates.io-1949cf8c6b5b557f/serde_json-1.0.151/src/value/mod.rs:1039:8
[INFO] [stdout]      |
[INFO] [stdout] 1037 | pub fn from_value<T>(value: Value) -> Result<T, Error>
[INFO] [stdout]      |        ---------- required by a bound in this function
[INFO] [stdout] 1038 | where
[INFO] [stdout] 1039 |     T: DeserializeOwned,
[INFO] [stdout]      |        ^^^^^^^^^^^^^^^^ required by this bound in `from_value`
[INFO] [stdout] 
[INFO] [stdout] 
[INFO] [stdout] error[E0277]: the trait bound `CredentialRecord: serde::de::DeserializeOwned` is not satisfied
[INFO] [stdout]     --> tests/wire_limits.rs:228:38
[INFO] [stdout]      |
[INFO] [stdout]  228 |     assert!(serde_json::from_value::<CredentialRecord>(invalid).is_err());
[INFO] [stdout]      |                                      ^^^^^^^^^^^^^^^^ the trait `for<'de> serde_core::de::Deserialize<'de>` is not implemented for `CredentialRecord`
[INFO] [stdout]      |
[INFO] [stdout]      = help: the following other types implement trait `serde_core::de::Deserialize<'de>`:
[INFO] [stdout]                &'a Path
[INFO] [stdout]                &'a [u8]
[INFO] [stdout]                &'a str
[INFO] [stdout]                ()
[INFO] [stdout]                (T,)
[INFO] [stdout]                (T0, T1)
[INFO] [stdout]                (T0, T1, T2)
[INFO] [stdout]                (T0, T1, T2, T3)
[INFO] [stdout]              and 140 others
[INFO] [stdout]      = note: required for `CredentialRecord` to implement `serde_core::de::DeserializeOwned`
[INFO] [stdout] note: required by a bound in `from_value`
[INFO] [stdout]     --> /opt/rustwide/cargo-home/registry/src/index.crates.io-1949cf8c6b5b557f/serde_json-1.0.151/src/value/mod.rs:1039:8
[INFO] [stdout]      |
[INFO] [stdout] 1037 | pub fn from_value<T>(value: Value) -> Result<T, Error>
[INFO] [stdout]      |        ---------- required by a bound in this function
[INFO] [stdout] 1038 | where
[INFO] [stdout] 1039 |     T: DeserializeOwned,
[INFO] [stdout]      |        ^^^^^^^^^^^^^^^^ required by this bound in `from_value`
[INFO] [stdout] 
[INFO] [stdout] 
[INFO] [stdout] Some errors have detailed explanations: E0277, E0432, E0433.
[INFO] [stdout] 
[INFO] [stdout] For more information about an error, try `rustc --explain E0277`.
[INFO] [stdout] 
[INFO] [stderr] error: could not compile `tollgate-store` (test "wire_limits") due to 17 previous errors
[INFO] [stderr] warning: build failed, waiting for other jobs to finish...
[INFO] running `Command { std: "docker" "inspect" "837d9ae2960e3b0762bf9ba7b2866612ea210183a7917a3dfc2f46a6dac9eedb", kill_on_drop: false }`
[INFO] running `Command { std: "docker" "rm" "-f" "837d9ae2960e3b0762bf9ba7b2866612ea210183a7917a3dfc2f46a6dac9eedb", kill_on_drop: false }`
[INFO] [stdout] 837d9ae2960e3b0762bf9ba7b2866612ea210183a7917a3dfc2f46a6dac9eedb
