[INFO] fetching crate tollgate-auth 0.32.2...
[INFO] testing tollgate-auth-0.32.2 against 1.100.0-beta.1 for beta-1.100-2
[INFO] extracting crate tollgate-auth 0.32.2 into /workspace/builds/worker-3-tc2/source
[INFO] started tweaking crates.io crate tollgate-auth 0.32.2
[INFO] removed 0 missing tests
[INFO] finished tweaking crates.io crate tollgate-auth 0.32.2
[INFO] tweaked toml for crates.io crate tollgate-auth 0.32.2 written to /workspace/builds/worker-3-tc2/source/Cargo.toml
[INFO] validating manifest of crates.io crate tollgate-auth 0.32.2 on toolchain 1.100.0-beta.1
[INFO] running `Command { std: CARGO_HOME="/workspace/cargo-home" RUSTUP_HOME="/workspace/rustup-home" "/workspace/cargo-home/bin/cargo" "+1.100.0-beta.1" "metadata" "--manifest-path" "Cargo.toml" "--no-deps", kill_on_drop: false }`
[INFO] crate crates.io crate tollgate-auth 0.32.2 already has a lockfile, it will not be regenerated
[INFO] running `Command { std: CARGO_HOME="/workspace/cargo-home" RUSTUP_HOME="/workspace/rustup-home" "/workspace/cargo-home/bin/cargo" "+1.100.0-beta.1" "fetch" "--manifest-path" "Cargo.toml", kill_on_drop: false }`
[INFO] running `Command { std: "docker" "create" "-v" "/var/lib/crater-agent-workspace/builds/worker-3-tc2/source:/opt/rustwide/workdir:ro,Z" "-v" "/var/lib/crater-agent-workspace/builds/worker-3-tc2/target:/opt/rustwide/target:rw,Z" "-v" "/var/lib/crater-agent-workspace/cargo-home:/opt/rustwide/cargo-home:ro,Z" "-v" "/var/lib/crater-agent-workspace/rustup-home:/opt/rustwide/rustup-home:ro,Z" "-m" "1610612736" "--network" "none" "ghcr.io/rust-lang/crates-build-env/linux@sha256:3111399a4047eeb3a02b7a90e478d715f38a8c6669b5c4b49d30a17385265909" "sleep" "infinity", kill_on_drop: false }`
[INFO] [stdout] bd7a1017a3dc9b0ec36953a4e2a44f2120d1e06f362f912afd2717b40916cfab
[INFO] running `Command { std: "docker" "start" "bd7a1017a3dc9b0ec36953a4e2a44f2120d1e06f362f912afd2717b40916cfab", kill_on_drop: false }`
[INFO] running `Command { std: "docker" "inspect" "bd7a1017a3dc9b0ec36953a4e2a44f2120d1e06f362f912afd2717b40916cfab", kill_on_drop: false }`
[INFO] running `Command { std: "docker" "exec" "-e" "SOURCE_DIR=/opt/rustwide/workdir" "-e" "CARGO_HOME=/opt/rustwide/cargo-home" "-e" "RUSTUP_HOME=/opt/rustwide/rustup-home" "-e" "CARGO_TARGET_DIR=/opt/rustwide/target" "-w" "/opt/rustwide/workdir" "--user" "0:0" "bd7a1017a3dc9b0ec36953a4e2a44f2120d1e06f362f912afd2717b40916cfab" "/opt/rustwide/cargo-home/bin/cargo" "+1.100.0-beta.1" "metadata" "--no-deps" "--format-version=1", kill_on_drop: false }`
[INFO] running `Command { std: "docker" "inspect" "bd7a1017a3dc9b0ec36953a4e2a44f2120d1e06f362f912afd2717b40916cfab", kill_on_drop: false }`
[INFO] running `Command { std: "docker" "exec" "-e" "SOURCE_DIR=/opt/rustwide/workdir" "-e" "CARGO_HOME=/opt/rustwide/cargo-home" "-e" "RUSTUP_HOME=/opt/rustwide/rustup-home" "-e" "CARGO_TARGET_DIR=/opt/rustwide/target" "-e" "CARGO_INCREMENTAL=0" "-e" "RUST_BACKTRACE=full" "-e" "RUSTFLAGS=--cap-lints=warn" "-e" "RUSTDOCFLAGS=--cap-lints=warn" "-w" "/opt/rustwide/workdir" "--user" "0:0" "bd7a1017a3dc9b0ec36953a4e2a44f2120d1e06f362f912afd2717b40916cfab" "/opt/rustwide/cargo-home/bin/cargo" "+1.100.0-beta.1" "build" "--frozen" "--message-format=json", kill_on_drop: false }`
[INFO] [stderr]    Compiling generic-array v0.14.7
[INFO] [stderr]    Compiling subtle v2.6.1
[INFO] [stderr]    Compiling getrandom v0.3.4
[INFO] [stderr]    Compiling jiff-core v0.1.0
[INFO] [stderr]    Compiling arc-swap v1.9.2
[INFO] [stderr]    Compiling block-buffer v0.10.4
[INFO] [stderr]    Compiling crypto-common v0.1.7
[INFO] [stderr]    Compiling digest v0.10.7
[INFO] [stderr]    Compiling sha2 v0.10.9
[INFO] [stderr]    Compiling hmac v0.12.1
[INFO] [stderr]    Compiling jiff v0.2.35
[INFO] [stderr]    Compiling tollgate-core v0.32.2
[INFO] [stderr]    Compiling tollgate-auth v0.32.2 (/opt/rustwide/workdir)
[INFO] [stderr]     Finished `dev` profile [unoptimized + debuginfo] target(s) in 8.88s
[INFO] running `Command { std: "docker" "inspect" "bd7a1017a3dc9b0ec36953a4e2a44f2120d1e06f362f912afd2717b40916cfab", kill_on_drop: false }`
[INFO] running `Command { std: "docker" "exec" "-e" "SOURCE_DIR=/opt/rustwide/workdir" "-e" "CARGO_HOME=/opt/rustwide/cargo-home" "-e" "RUSTUP_HOME=/opt/rustwide/rustup-home" "-e" "CARGO_TARGET_DIR=/opt/rustwide/target" "-e" "CARGO_INCREMENTAL=0" "-e" "RUST_BACKTRACE=full" "-e" "RUSTFLAGS=--cap-lints=warn" "-e" "RUSTDOCFLAGS=--cap-lints=warn" "-w" "/opt/rustwide/workdir" "--user" "0:0" "bd7a1017a3dc9b0ec36953a4e2a44f2120d1e06f362f912afd2717b40916cfab" "/opt/rustwide/cargo-home/bin/cargo" "+1.100.0-beta.1" "test" "--frozen" "--no-run" "--message-format=json", kill_on_drop: false }`
[INFO] [stderr]    Compiling crossbeam-utils v0.8.22
[INFO] [stderr]    Compiling serde_core v1.0.229
[INFO] [stderr]    Compiling zerocopy v0.8.56
[INFO] [stderr]    Compiling crossbeam-epoch v0.9.20
[INFO] [stderr]    Compiling crossbeam-deque v0.8.7
[INFO] [stderr]    Compiling syn v3.0.3
[INFO] [stderr]    Compiling zerocopy-derive v0.8.56
[INFO] [stderr]    Compiling either v1.17.0
[INFO] [stderr]    Compiling ciborium-io v0.2.2
[INFO] [stderr]    Compiling plotters-backend v0.3.7
[INFO] [stderr]    Compiling regex-automata v0.4.18
[INFO] [stderr]    Compiling clap_builder v4.6.6
[INFO] [stderr]    Compiling itertools v0.10.5
[INFO] [stderr]    Compiling plotters-svg v0.3.7
[INFO] [stderr]    Compiling cast v0.3.0
[INFO] [stderr]    Compiling plotters v0.3.7
[INFO] [stderr]    Compiling rayon-core v1.13.0
[INFO] [stderr]    Compiling criterion-plot v0.5.0
[INFO] [stderr]    Compiling rayon v1.12.0
[INFO] [stderr]    Compiling clap v4.6.6
[INFO] [stderr]    Compiling getrandom v0.3.4
[INFO] [stderr]    Compiling regex v1.13.1
[INFO] [stderr]    Compiling is-terminal v0.4.17
[INFO] [stderr]    Compiling oorandom v11.1.5
[INFO] [stderr]    Compiling anes v0.1.6
[INFO] [stderr]    Compiling tollgate-auth v0.32.2 (/opt/rustwide/workdir)
[INFO] [stderr]    Compiling serde_derive v1.0.229
[INFO] [stderr]    Compiling serde_json v1.0.151
[INFO] [stderr]    Compiling serde v1.0.229
[INFO] [stderr]    Compiling tinytemplate v1.2.1
[INFO] [stderr]    Compiling half v2.7.1
[INFO] [stderr]    Compiling ciborium-ll v0.2.2
[INFO] [stderr]    Compiling ciborium v0.2.2
[INFO] [stderr]    Compiling criterion v0.5.1
[INFO] [stdout] error[E0432]: unresolved import `tollgate_alloc_count`
[INFO] [stdout]  --> tests/allocations.rs:4:5
[INFO] [stdout]   |
[INFO] [stdout] 4 | use tollgate_alloc_count::AllocScope;
[INFO] [stdout]   |     ^^^^^^^^^^^^^^^^^^^^ use of unresolved module or unlinked crate `tollgate_alloc_count`
[INFO] [stdout]   |
[INFO] [stdout]   = help: if you wanted to use a crate named `tollgate_alloc_count`, use `cargo add tollgate_alloc_count` to add it to your `Cargo.toml`
[INFO] [stdout] 
[INFO] [stdout] 
[INFO] [stdout] error[E0433]: cannot find module or crate `tollgate_alloc_count` in this scope
[INFO] [stdout]  --> tests/allocations.rs:7:1
[INFO] [stdout]   |
[INFO] [stdout] 7 | tollgate_alloc_count::install!();
[INFO] [stdout]   | ^^^^^^^^^^^^^^^^^^^^ use of unresolved module or unlinked crate `tollgate_alloc_count`
[INFO] [stdout] 
[INFO] [stdout] 
[INFO] [stdout] error[E0433]: cannot find module or crate `tollgate_alloc_count` in this scope
[INFO] [stdout]   --> tests/allocations.rs:27:5
[INFO] [stdout]    |
[INFO] [stdout] 27 |     tollgate_alloc_count::record_if_requested!("auth/cache_miss", "tollgate_cold_path", cold)
[INFO] [stdout]    |     ^^^^^^^^^^^^^^^^^^^^ use of unresolved module or unlinked crate `tollgate_alloc_count`
[INFO] [stdout] 
[INFO] [stdout] 
[INFO] [stdout] error[E0433]: cannot find module or crate `tollgate_alloc_count` in this scope
[INFO] [stdout]   --> tests/allocations.rs:48:5
[INFO] [stdout]    |
[INFO] [stdout] 48 |     tollgate_alloc_count::record_if_requested!("auth/cache_hit", "tollgate", cached).unwrap();
[INFO] [stdout]    |     ^^^^^^^^^^^^^^^^^^^^ use of unresolved module or unlinked crate `tollgate_alloc_count`
[INFO] [stdout] 
[INFO] [stdout] 
[INFO] [stdout] Some errors have detailed explanations: E0432, E0433.
[INFO] [stdout] 
[INFO] [stdout] For more information about an error, try `rustc --explain E0432`.
[INFO] [stdout] 
[INFO] [stderr] error: could not compile `tollgate-auth` (test "allocations") due to 4 previous errors
[INFO] [stderr] warning: build failed, waiting for other jobs to finish...
[INFO] running `Command { std: "docker" "inspect" "bd7a1017a3dc9b0ec36953a4e2a44f2120d1e06f362f912afd2717b40916cfab", kill_on_drop: false }`
[INFO] running `Command { std: "docker" "rm" "-f" "bd7a1017a3dc9b0ec36953a4e2a44f2120d1e06f362f912afd2717b40916cfab", kill_on_drop: false }`
[INFO] [stdout] bd7a1017a3dc9b0ec36953a4e2a44f2120d1e06f362f912afd2717b40916cfab
