[INFO] fetching crate tollgate-admission 0.32.2...
[INFO] testing tollgate-admission-0.32.2 against 1.99.0-beta.8 for beta-1.100-2
[INFO] extracting crate tollgate-admission 0.32.2 into /workspace/builds/worker-1-tc1/source
[INFO] started tweaking crates.io crate tollgate-admission 0.32.2
[INFO] removed 0 missing tests
[INFO] finished tweaking crates.io crate tollgate-admission 0.32.2
[INFO] tweaked toml for crates.io crate tollgate-admission 0.32.2 written to /workspace/builds/worker-1-tc1/source/Cargo.toml
[INFO] validating manifest of crates.io crate tollgate-admission 0.32.2 on toolchain 1.99.0-beta.8
[INFO] running `Command { std: CARGO_HOME="/workspace/cargo-home" RUSTUP_HOME="/workspace/rustup-home" "/workspace/cargo-home/bin/cargo" "+1.99.0-beta.8" "metadata" "--manifest-path" "Cargo.toml" "--no-deps", kill_on_drop: false }`
[INFO] crate crates.io crate tollgate-admission 0.32.2 already has a lockfile, it will not be regenerated
[INFO] running `Command { std: CARGO_HOME="/workspace/cargo-home" RUSTUP_HOME="/workspace/rustup-home" "/workspace/cargo-home/bin/cargo" "+1.99.0-beta.8" "fetch" "--manifest-path" "Cargo.toml", kill_on_drop: false }`
[INFO] [stderr]     Updating crates.io index
[INFO] [stderr]  Downloading crates ...
[INFO] [stderr]   Downloaded jiff-static v0.2.35
[INFO] [stderr]   Downloaded tollgate-core v0.32.2
[INFO] [stderr]   Downloaded jiff-core v0.1.0
[INFO] [stderr]   Downloaded moka v0.12.16
[INFO] [stderr]   Downloaded jiff v0.2.35
[INFO] running `Command { std: "docker" "create" "-v" "/var/lib/crater-agent-workspace/builds/worker-1-tc1/source:/opt/rustwide/workdir:ro,Z" "-v" "/var/lib/crater-agent-workspace/builds/worker-1-tc1/target:/opt/rustwide/target:rw,Z" "-v" "/var/lib/crater-agent-workspace/cargo-home:/opt/rustwide/cargo-home:ro,Z" "-v" "/var/lib/crater-agent-workspace/rustup-home:/opt/rustwide/rustup-home:ro,Z" "-m" "1610612736" "--network" "none" "ghcr.io/rust-lang/crates-build-env/linux@sha256:3111399a4047eeb3a02b7a90e478d715f38a8c6669b5c4b49d30a17385265909" "sleep" "infinity", kill_on_drop: false }`
[INFO] [stdout] 9396bf32c6ec83f96cf884a14485344956f01f4dada0fe4c40141ee335646e2b
[INFO] running `Command { std: "docker" "start" "9396bf32c6ec83f96cf884a14485344956f01f4dada0fe4c40141ee335646e2b", kill_on_drop: false }`
[INFO] running `Command { std: "docker" "inspect" "9396bf32c6ec83f96cf884a14485344956f01f4dada0fe4c40141ee335646e2b", kill_on_drop: false }`
[INFO] running `Command { std: "docker" "exec" "-e" "SOURCE_DIR=/opt/rustwide/workdir" "-e" "CARGO_HOME=/opt/rustwide/cargo-home" "-e" "RUSTUP_HOME=/opt/rustwide/rustup-home" "-e" "CARGO_TARGET_DIR=/opt/rustwide/target" "-w" "/opt/rustwide/workdir" "--user" "0:0" "9396bf32c6ec83f96cf884a14485344956f01f4dada0fe4c40141ee335646e2b" "/opt/rustwide/cargo-home/bin/cargo" "+1.99.0-beta.8" "metadata" "--no-deps" "--format-version=1", kill_on_drop: false }`
[INFO] running `Command { std: "docker" "inspect" "9396bf32c6ec83f96cf884a14485344956f01f4dada0fe4c40141ee335646e2b", kill_on_drop: false }`
[INFO] running `Command { std: "docker" "exec" "-e" "SOURCE_DIR=/opt/rustwide/workdir" "-e" "CARGO_HOME=/opt/rustwide/cargo-home" "-e" "RUSTUP_HOME=/opt/rustwide/rustup-home" "-e" "CARGO_TARGET_DIR=/opt/rustwide/target" "-e" "CARGO_INCREMENTAL=0" "-e" "RUST_BACKTRACE=full" "-e" "RUSTFLAGS=--cap-lints=warn" "-e" "RUSTDOCFLAGS=--cap-lints=warn" "-w" "/opt/rustwide/workdir" "--user" "0:0" "9396bf32c6ec83f96cf884a14485344956f01f4dada0fe4c40141ee335646e2b" "/opt/rustwide/cargo-home/bin/cargo" "+1.99.0-beta.8" "build" "--frozen" "--message-format=json", kill_on_drop: false }`
[INFO] [stderr]    Compiling getrandom v0.3.4
[INFO] [stderr]    Compiling zerocopy v0.8.56
[INFO] [stderr]    Compiling smallvec v1.15.2
[INFO] [stderr]    Compiling portable-atomic v1.15.0
[INFO] [stderr]    Compiling crossbeam-epoch v0.9.20
[INFO] [stderr]    Compiling raw-cpuid v11.6.0
[INFO] [stderr]    Compiling jiff-core v0.1.0
[INFO] [stderr]    Compiling spinning_top v0.3.0
[INFO] [stderr]    Compiling futures-timer v3.0.4
[INFO] [stderr]    Compiling tagptr v0.2.0
[INFO] [stderr]    Compiling nonzero_ext v0.3.0
[INFO] [stderr]    Compiling crossbeam-channel v0.5.16
[INFO] [stderr]    Compiling uuid v1.24.1
[INFO] [stderr]    Compiling hashbrown v0.16.1
[INFO] [stderr]    Compiling futures-util v0.3.34
[INFO] [stderr]    Compiling parking_lot_core v0.9.12
[INFO] [stderr]    Compiling rand_core v0.9.5
[INFO] [stderr]    Compiling parking_lot v0.12.5
[INFO] [stderr]    Compiling dashmap v6.2.1
[INFO] [stderr]    Compiling moka v0.12.16
[INFO] [stderr]    Compiling jiff v0.2.35
[INFO] [stderr]    Compiling quanta v0.12.6
[INFO] [stderr]    Compiling tollgate-core v0.32.2
[INFO] [stderr]    Compiling ppv-lite86 v0.2.21
[INFO] [stderr]    Compiling rand_chacha v0.9.0
[INFO] [stderr]    Compiling rand v0.9.5
[INFO] [stderr]    Compiling governor v0.10.4
[INFO] [stderr]    Compiling tollgate-admission v0.32.2 (/opt/rustwide/workdir)
[INFO] [stderr]     Finished `dev` profile [unoptimized + debuginfo] target(s) in 16.27s
[INFO] running `Command { std: "docker" "inspect" "9396bf32c6ec83f96cf884a14485344956f01f4dada0fe4c40141ee335646e2b", kill_on_drop: false }`
[INFO] running `Command { std: "docker" "exec" "-e" "SOURCE_DIR=/opt/rustwide/workdir" "-e" "CARGO_HOME=/opt/rustwide/cargo-home" "-e" "RUSTUP_HOME=/opt/rustwide/rustup-home" "-e" "CARGO_TARGET_DIR=/opt/rustwide/target" "-e" "CARGO_INCREMENTAL=0" "-e" "RUST_BACKTRACE=full" "-e" "RUSTFLAGS=--cap-lints=warn" "-e" "RUSTDOCFLAGS=--cap-lints=warn" "-w" "/opt/rustwide/workdir" "--user" "0:0" "9396bf32c6ec83f96cf884a14485344956f01f4dada0fe4c40141ee335646e2b" "/opt/rustwide/cargo-home/bin/cargo" "+1.99.0-beta.8" "test" "--frozen" "--no-run" "--message-format=json", kill_on_drop: false }`
[INFO] [stderr]    Compiling syn v2.0.119
[INFO] [stderr]    Compiling zerocopy v0.8.56
[INFO] [stderr]    Compiling bitflags v2.13.1
[INFO] [stderr]    Compiling syn v3.0.3
[INFO] [stderr]    Compiling crossbeam-deque v0.8.7
[INFO] [stderr]    Compiling either v1.17.0
[INFO] [stderr]    Compiling plotters-backend v0.3.7
[INFO] [stderr]    Compiling clap_builder v4.6.6
[INFO] [stderr]    Compiling serde_json v1.0.151
[INFO] [stderr]    Compiling regex-automata v0.4.18
[INFO] [stderr]    Compiling wait-timeout v0.2.1
[INFO] [stderr]    Compiling cast v0.3.0
[INFO] [stderr]    Compiling bit-vec v0.8.0
[INFO] [stderr]    Compiling rand_xorshift v0.4.0
[INFO] [stderr]    Compiling anes v0.1.6
[INFO] [stderr]    Compiling oorandom v11.1.5
[INFO] [stderr]    Compiling rustix v1.1.4
[INFO] [stderr]    Compiling raw-cpuid v11.6.0
[INFO] [stderr]    Compiling unarray v0.1.4
[INFO] [stderr]    Compiling itertools v0.10.5
[INFO] [stderr]    Compiling plotters-svg v0.3.7
[INFO] [stderr]    Compiling bit-set v0.8.0
[INFO] [stderr]    Compiling plotters v0.3.7
[INFO] [stderr]    Compiling rayon-core v1.13.0
[INFO] [stderr]    Compiling rayon v1.12.0
[INFO] [stderr]    Compiling criterion-plot v0.5.0
[INFO] [stderr]    Compiling tempfile v3.27.0
[INFO] [stderr]    Compiling regex v1.13.1
[INFO] [stderr]    Compiling clap v4.6.6
[INFO] [stderr]    Compiling quanta v0.12.6
[INFO] [stderr]    Compiling rusty-fork v0.3.1
[INFO] [stderr]    Compiling serde_derive v1.0.229
[INFO] [stderr]    Compiling zerocopy-derive v0.8.56
[INFO] [stderr]    Compiling serde v1.0.229
[INFO] [stderr]    Compiling tinytemplate v1.2.1
[INFO] [stderr]    Compiling ppv-lite86 v0.2.21
[INFO] [stderr]    Compiling half v2.7.1
[INFO] [stderr]    Compiling ciborium-ll v0.2.2
[INFO] [stderr]    Compiling rand_chacha v0.9.0
[INFO] [stderr]    Compiling ciborium v0.2.2
[INFO] [stderr]    Compiling rand v0.9.5
[INFO] [stderr]    Compiling criterion v0.5.1
[INFO] [stderr]    Compiling governor v0.10.4
[INFO] [stderr]    Compiling proptest v1.11.0
[INFO] [stderr]    Compiling tollgate-admission v0.32.2 (/opt/rustwide/workdir)
[INFO] [stdout] error: couldn't find file `src/../../tollgate-core/tests/support/isolated.rs`
[INFO] [stdout]     --> src/state.rs:2187:1
[INFO] [stdout]      |
[INFO] [stdout] 2187 | mod isolated;
[INFO] [stdout]      | ^^^^^^^^^^^^^
[INFO] [stdout] 
[INFO] [stdout] 
[INFO] [stderr] error: could not compile `tollgate-admission` (lib test) due to 1 previous error
[INFO] [stderr] warning: build failed, waiting for other jobs to finish...
[INFO] [stdout] error[E0432]: unresolved import `tollgate_alloc_count`
[INFO] [stdout]   --> tests/allocations.rs:12:5
[INFO] [stdout]    |
[INFO] [stdout] 12 | use tollgate_alloc_count::AllocScope;
[INFO] [stdout]    |     ^^^^^^^^^^^^^^^^^^^^ use of unresolved module or unlinked crate `tollgate_alloc_count`
[INFO] [stdout]    |
[INFO] [stdout]    = help: if you wanted to use a crate named `tollgate_alloc_count`, use `cargo add tollgate_alloc_count` to add it to your `Cargo.toml`
[INFO] [stdout] 
[INFO] [stdout] 
[INFO] [stdout] error[E0433]: cannot find module or crate `tollgate_alloc_count` in this scope
[INFO] [stdout]   --> tests/allocations.rs:19:1
[INFO] [stdout]    |
[INFO] [stdout] 19 | tollgate_alloc_count::install!();
[INFO] [stdout]    | ^^^^^^^^^^^^^^^^^^^^ use of unresolved module or unlinked crate `tollgate_alloc_count`
[INFO] [stdout] 
[INFO] [stdout] 
[INFO] [stdout] error[E0433]: cannot find module or crate `tollgate_alloc_count` in this scope
[INFO] [stdout]    --> tests/allocations.rs:158:5
[INFO] [stdout]     |
[INFO] [stdout] 158 |     tollgate_alloc_count::record_if_requested!(scope, "tollgate", allocations).unwrap();
[INFO] [stdout]     |     ^^^^^^^^^^^^^^^^^^^^ use of unresolved module or unlinked crate `tollgate_alloc_count`
[INFO] [stdout] 
[INFO] [stdout] 
[INFO] [stdout] error[E0433]: cannot find module or crate `tollgate_alloc_count` in this scope
[INFO] [stdout]    --> tests/allocations.rs:185:5
[INFO] [stdout]     |
[INFO] [stdout] 185 |     tollgate_alloc_count::record_if_requested!(scope, "dependency_amortized", allocations).unwrap();
[INFO] [stdout]     |     ^^^^^^^^^^^^^^^^^^^^ use of unresolved module or unlinked crate `tollgate_alloc_count`
[INFO] [stdout] 
[INFO] [stdout] 
[INFO] [stdout] Some errors have detailed explanations: E0432, E0433.
[INFO] [stdout] 
[INFO] [stdout] For more information about an error, try `rustc --explain E0432`.
[INFO] [stdout] 
[INFO] [stderr] error: could not compile `tollgate-admission` (test "allocations") due to 4 previous errors
[INFO] running `Command { std: "docker" "inspect" "9396bf32c6ec83f96cf884a14485344956f01f4dada0fe4c40141ee335646e2b", kill_on_drop: false }`
[INFO] running `Command { std: "docker" "rm" "-f" "9396bf32c6ec83f96cf884a14485344956f01f4dada0fe4c40141ee335646e2b", kill_on_drop: false }`
[INFO] [stdout] 9396bf32c6ec83f96cf884a14485344956f01f4dada0fe4c40141ee335646e2b
