[INFO] fetching crate toktier-store-core 0.2.9...
[INFO] testing toktier-store-core-0.2.9 against 1.99.0-beta.8 for beta-1.100-2
[INFO] extracting crate toktier-store-core 0.2.9 into /workspace/builds/worker-7-tc1/source
[INFO] started tweaking crates.io crate toktier-store-core 0.2.9
[INFO] removed 0 missing tests
[INFO] finished tweaking crates.io crate toktier-store-core 0.2.9
[INFO] tweaked toml for crates.io crate toktier-store-core 0.2.9 written to /workspace/builds/worker-7-tc1/source/Cargo.toml
[INFO] validating manifest of crates.io crate toktier-store-core 0.2.9 on toolchain 1.99.0-beta.8
[INFO] running `Command { std: CARGO_HOME="/workspace/cargo-home" RUSTUP_HOME="/workspace/rustup-home" "/workspace/cargo-home/bin/cargo" "+1.99.0-beta.8" "metadata" "--manifest-path" "Cargo.toml" "--no-deps", kill_on_drop: false }`
[INFO] crate crates.io crate toktier-store-core 0.2.9 already has a lockfile, it will not be regenerated
[INFO] running `Command { std: CARGO_HOME="/workspace/cargo-home" RUSTUP_HOME="/workspace/rustup-home" "/workspace/cargo-home/bin/cargo" "+1.99.0-beta.8" "fetch" "--manifest-path" "Cargo.toml", kill_on_drop: false }`
[INFO] [stderr]  Downloading crates ...
[INFO] [stderr]   Downloaded blake2b_simd v1.0.3
[INFO] running `Command { std: "docker" "create" "-v" "/var/lib/crater-agent-workspace/builds/worker-7-tc1/source:/opt/rustwide/workdir:ro,Z" "-v" "/var/lib/crater-agent-workspace/builds/worker-7-tc1/target:/opt/rustwide/target:rw,Z" "-v" "/var/lib/crater-agent-workspace/cargo-home:/opt/rustwide/cargo-home:ro,Z" "-v" "/var/lib/crater-agent-workspace/rustup-home:/opt/rustwide/rustup-home:ro,Z" "-m" "1610612736" "--network" "none" "ghcr.io/rust-lang/crates-build-env/linux@sha256:3111399a4047eeb3a02b7a90e478d715f38a8c6669b5c4b49d30a17385265909" "sleep" "infinity", kill_on_drop: false }`
[INFO] [stdout] dcd35a38ec5050b444eb3640bcdce97bf9c4d9da0dcb934b50eecbf56ca4e286
[INFO] running `Command { std: "docker" "start" "dcd35a38ec5050b444eb3640bcdce97bf9c4d9da0dcb934b50eecbf56ca4e286", kill_on_drop: false }`
[INFO] running `Command { std: "docker" "inspect" "dcd35a38ec5050b444eb3640bcdce97bf9c4d9da0dcb934b50eecbf56ca4e286", kill_on_drop: false }`
[INFO] running `Command { std: "docker" "exec" "-e" "SOURCE_DIR=/opt/rustwide/workdir" "-e" "CARGO_HOME=/opt/rustwide/cargo-home" "-e" "RUSTUP_HOME=/opt/rustwide/rustup-home" "-e" "CARGO_TARGET_DIR=/opt/rustwide/target" "-w" "/opt/rustwide/workdir" "--user" "0:0" "dcd35a38ec5050b444eb3640bcdce97bf9c4d9da0dcb934b50eecbf56ca4e286" "/opt/rustwide/cargo-home/bin/cargo" "+1.99.0-beta.8" "metadata" "--no-deps" "--format-version=1", kill_on_drop: false }`
[INFO] running `Command { std: "docker" "inspect" "dcd35a38ec5050b444eb3640bcdce97bf9c4d9da0dcb934b50eecbf56ca4e286", kill_on_drop: false }`
[INFO] running `Command { std: "docker" "exec" "-e" "SOURCE_DIR=/opt/rustwide/workdir" "-e" "CARGO_HOME=/opt/rustwide/cargo-home" "-e" "RUSTUP_HOME=/opt/rustwide/rustup-home" "-e" "CARGO_TARGET_DIR=/opt/rustwide/target" "-e" "CARGO_INCREMENTAL=0" "-e" "RUST_BACKTRACE=full" "-e" "RUSTFLAGS=--cap-lints=warn" "-e" "RUSTDOCFLAGS=--cap-lints=warn" "-w" "/opt/rustwide/workdir" "--user" "0:0" "dcd35a38ec5050b444eb3640bcdce97bf9c4d9da0dcb934b50eecbf56ca4e286" "/opt/rustwide/cargo-home/bin/cargo" "+1.99.0-beta.8" "build" "--frozen" "--message-format=json", kill_on_drop: false }`
[INFO] [stderr]    Compiling crypto-common v0.2.2
[INFO] [stderr]    Compiling block-buffer v0.12.1
[INFO] [stderr]    Compiling const-oid v0.10.2
[INFO] [stderr]    Compiling cpufeatures v0.3.0
[INFO] [stderr]    Compiling arrayvec v0.7.8
[INFO] [stderr]    Compiling blake2b_simd v1.0.3
[INFO] [stderr]    Compiling digest v0.11.3
[INFO] [stderr]    Compiling sha2 v0.11.0
[INFO] [stderr]    Compiling toktier-store-core v0.2.9 (/opt/rustwide/workdir)
[INFO] [stderr]     Finished `dev` profile [unoptimized + debuginfo] target(s) in 3.60s
[INFO] running `Command { std: "docker" "inspect" "dcd35a38ec5050b444eb3640bcdce97bf9c4d9da0dcb934b50eecbf56ca4e286", kill_on_drop: false }`
[INFO] running `Command { std: "docker" "exec" "-e" "SOURCE_DIR=/opt/rustwide/workdir" "-e" "CARGO_HOME=/opt/rustwide/cargo-home" "-e" "RUSTUP_HOME=/opt/rustwide/rustup-home" "-e" "CARGO_TARGET_DIR=/opt/rustwide/target" "-e" "CARGO_INCREMENTAL=0" "-e" "RUST_BACKTRACE=full" "-e" "RUSTFLAGS=--cap-lints=warn" "-e" "RUSTDOCFLAGS=--cap-lints=warn" "-w" "/opt/rustwide/workdir" "--user" "0:0" "dcd35a38ec5050b444eb3640bcdce97bf9c4d9da0dcb934b50eecbf56ca4e286" "/opt/rustwide/cargo-home/bin/cargo" "+1.99.0-beta.8" "test" "--frozen" "--no-run" "--message-format=json", kill_on_drop: false }`
[INFO] [stderr]    Compiling toktier-store-core v0.2.9 (/opt/rustwide/workdir)
[INFO] [stdout] error[E0432]: unresolved import `toktier_store_core::testing`
[INFO] [stdout]   --> tests/store_behavior.rs:10:25
[INFO] [stdout]    |
[INFO] [stdout] 10 | use toktier_store_core::testing::{fp, MockEncoder};
[INFO] [stdout]    |                         ^^^^^^^ could not find `testing` in `toktier_store_core`
[INFO] [stdout]    |
[INFO] [stdout] note: found an item that was configured out
[INFO] [stdout]   --> src/lib.rs:35:9
[INFO] [stdout]    |
[INFO] [stdout] 34 | #[cfg(any(test, feature = "testing"))]
[INFO] [stdout]    |          --------------------------- the item is gated here
[INFO] [stdout] 35 | pub mod testing;
[INFO] [stdout]    |         ^^^^^^^
[INFO] [stdout] 
[INFO] [stdout] 
[INFO] [stdout] error[E0599]: no method named `corrupt_node_for_tests` found for struct `SessionStore` in the current scope
[INFO] [stdout]    --> tests/store_behavior.rs:157:23
[INFO] [stdout]     |
[INFO] [stdout] 157 |         assert!(store.corrupt_node_for_tests(node_key).unwrap());
[INFO] [stdout]     |                       ^^^^^^^^^^^^^^^^^^^^^^ method not found in `SessionStore`
[INFO] [stdout] 
[INFO] [stdout] 
[INFO] [stdout] error[E0599]: no method named `inject_content_digest_fault` found for struct `SessionStore` in the current scope
[INFO] [stdout]     --> tests/store_behavior.rs:1809:12
[INFO] [stdout]      |
[INFO] [stdout] 1809 |     serial.inject_content_digest_fault(Some("injected digest failure".to_owned()));
[INFO] [stdout]      |            ^^^^^^^^^^^^^^^^^^^^^^^^^^^ method not found in `SessionStore`
[INFO] [stdout] 
[INFO] [stdout] 
[INFO] [stdout] error[E0599]: no method named `inject_content_digest_fault` found for struct `SessionStore` in the current scope
[INFO] [stdout]     --> tests/store_behavior.rs:1815:13
[INFO] [stdout]      |
[INFO] [stdout] 1815 |     overlap.inject_content_digest_fault(Some("injected digest failure".to_owned()));
[INFO] [stdout]      |             ^^^^^^^^^^^^^^^^^^^^^^^^^^^ method not found in `SessionStore`
[INFO] [stdout] 
[INFO] [stdout] 
[INFO] [stdout] error[E0599]: no method named `inject_content_digest_fault` found for struct `SessionStore` in the current scope
[INFO] [stdout]     --> tests/store_behavior.rs:1824:13
[INFO] [stdout]      |
[INFO] [stdout] 1824 |     overlap.inject_content_digest_fault(None);
[INFO] [stdout]      |             ^^^^^^^^^^^^^^^^^^^^^^^^^^^ method not found in `SessionStore`
[INFO] [stdout] 
[INFO] [stdout] 
[INFO] [stdout] error[E0599]: no method named `inject_content_digest_fault` found for struct `SessionStore` in the current scope
[INFO] [stdout]     --> tests/store_behavior.rs:1839:12
[INFO] [stdout]      |
[INFO] [stdout] 1839 |     serial.inject_content_digest_fault(Some("injected digest failure".to_owned()));
[INFO] [stdout]      |            ^^^^^^^^^^^^^^^^^^^^^^^^^^^ method not found in `SessionStore`
[INFO] [stdout] 
[INFO] [stdout] 
[INFO] [stdout] error[E0599]: no method named `inject_content_digest_fault` found for struct `SessionStore` in the current scope
[INFO] [stdout]     --> tests/store_behavior.rs:1843:13
[INFO] [stdout]      |
[INFO] [stdout] 1843 |     overlap.inject_content_digest_fault(Some("injected digest failure".to_owned()));
[INFO] [stdout]      |             ^^^^^^^^^^^^^^^^^^^^^^^^^^^ method not found in `SessionStore`
[INFO] [stdout] 
[INFO] [stdout] 
[INFO] [stdout] Some errors have detailed explanations: E0432, E0599.
[INFO] [stdout] 
[INFO] [stdout] For more information about an error, try `rustc --explain E0432`.
[INFO] [stdout] 
[INFO] [stderr] error: could not compile `toktier-store-core` (test "store_behavior") due to 7 previous errors
[INFO] [stderr] warning: build failed, waiting for other jobs to finish...
[INFO] running `Command { std: "docker" "inspect" "dcd35a38ec5050b444eb3640bcdce97bf9c4d9da0dcb934b50eecbf56ca4e286", kill_on_drop: false }`
[INFO] running `Command { std: "docker" "rm" "-f" "dcd35a38ec5050b444eb3640bcdce97bf9c4d9da0dcb934b50eecbf56ca4e286", kill_on_drop: false }`
[INFO] [stdout] dcd35a38ec5050b444eb3640bcdce97bf9c4d9da0dcb934b50eecbf56ca4e286
