[INFO] fetching crate toktier-routing-core 0.2.9...
[INFO] testing toktier-routing-core-0.2.9 against 1.100.0-beta.1 for beta-1.100-2
[INFO] extracting crate toktier-routing-core 0.2.9 into /workspace/builds/worker-1-tc2/source
[INFO] started tweaking crates.io crate toktier-routing-core 0.2.9
[INFO] finished tweaking crates.io crate toktier-routing-core 0.2.9
[INFO] tweaked toml for crates.io crate toktier-routing-core 0.2.9 written to /workspace/builds/worker-1-tc2/source/Cargo.toml
[INFO] validating manifest of crates.io crate toktier-routing-core 0.2.9 on toolchain 1.100.0-beta.1
[INFO] running `Command { std: CARGO_HOME="/workspace/cargo-home" RUSTUP_HOME="/workspace/rustup-home" "/workspace/cargo-home/bin/cargo" "+1.100.0-beta.1" "metadata" "--manifest-path" "Cargo.toml" "--no-deps", kill_on_drop: false }`
[INFO] crate crates.io crate toktier-routing-core 0.2.9 already has a lockfile, it will not be regenerated
[INFO] running `Command { std: CARGO_HOME="/workspace/cargo-home" RUSTUP_HOME="/workspace/rustup-home" "/workspace/cargo-home/bin/cargo" "+1.100.0-beta.1" "fetch" "--manifest-path" "Cargo.toml", kill_on_drop: false }`
[INFO] running `Command { std: "docker" "create" "-v" "/var/lib/crater-agent-workspace/builds/worker-1-tc2/source:/opt/rustwide/workdir:ro,Z" "-v" "/var/lib/crater-agent-workspace/builds/worker-1-tc2/target:/opt/rustwide/target:rw,Z" "-v" "/var/lib/crater-agent-workspace/cargo-home:/opt/rustwide/cargo-home:ro,Z" "-v" "/var/lib/crater-agent-workspace/rustup-home:/opt/rustwide/rustup-home:ro,Z" "-m" "1610612736" "--network" "none" "ghcr.io/rust-lang/crates-build-env/linux@sha256:3111399a4047eeb3a02b7a90e478d715f38a8c6669b5c4b49d30a17385265909" "sleep" "infinity", kill_on_drop: false }`
[INFO] [stdout] 16c0c667cba632c770cffb034fe4beace4bf15d8c90ae2c7aa702ab2c78c0fc9
[INFO] running `Command { std: "docker" "start" "16c0c667cba632c770cffb034fe4beace4bf15d8c90ae2c7aa702ab2c78c0fc9", kill_on_drop: false }`
[INFO] running `Command { std: "docker" "inspect" "16c0c667cba632c770cffb034fe4beace4bf15d8c90ae2c7aa702ab2c78c0fc9", kill_on_drop: false }`
[INFO] running `Command { std: "docker" "exec" "-e" "SOURCE_DIR=/opt/rustwide/workdir" "-e" "CARGO_HOME=/opt/rustwide/cargo-home" "-e" "RUSTUP_HOME=/opt/rustwide/rustup-home" "-e" "CARGO_TARGET_DIR=/opt/rustwide/target" "-w" "/opt/rustwide/workdir" "--user" "0:0" "16c0c667cba632c770cffb034fe4beace4bf15d8c90ae2c7aa702ab2c78c0fc9" "/opt/rustwide/cargo-home/bin/cargo" "+1.100.0-beta.1" "metadata" "--no-deps" "--format-version=1", kill_on_drop: false }`
[INFO] running `Command { std: "docker" "inspect" "16c0c667cba632c770cffb034fe4beace4bf15d8c90ae2c7aa702ab2c78c0fc9", kill_on_drop: false }`
[INFO] running `Command { std: "docker" "exec" "-e" "SOURCE_DIR=/opt/rustwide/workdir" "-e" "CARGO_HOME=/opt/rustwide/cargo-home" "-e" "RUSTUP_HOME=/opt/rustwide/rustup-home" "-e" "CARGO_TARGET_DIR=/opt/rustwide/target" "-e" "CARGO_INCREMENTAL=0" "-e" "RUST_BACKTRACE=full" "-e" "RUSTFLAGS=--cap-lints=warn" "-e" "RUSTDOCFLAGS=--cap-lints=warn" "-w" "/opt/rustwide/workdir" "--user" "0:0" "16c0c667cba632c770cffb034fe4beace4bf15d8c90ae2c7aa702ab2c78c0fc9" "/opt/rustwide/cargo-home/bin/cargo" "+1.100.0-beta.1" "build" "--frozen" "--message-format=json", kill_on_drop: false }`
[INFO] [stderr]    Compiling libc v0.2.177
[INFO] [stderr]    Compiling serde_core v1.0.228
[INFO] [stderr]    Compiling serde v1.0.228
[INFO] [stderr]    Compiling stable_deref_trait v1.2.1
[INFO] [stderr]    Compiling crossbeam-utils v0.8.22
[INFO] [stderr]    Compiling syn v2.0.119
[INFO] [stderr]    Compiling syn v3.0.3
[INFO] [stderr]    Compiling zerocopy v0.8.56
[INFO] [stderr]    Compiling cc v1.4.3
[INFO] [stderr]    Compiling crossbeam-epoch v0.9.20
[INFO] [stderr]    Compiling crossbeam-deque v0.8.7
[INFO] [stderr]    Compiling ahash v0.8.12
[INFO] [stderr]    Compiling hybrid-array v0.4.14
[INFO] [stderr]    Compiling getrandom v0.3.4
[INFO] [stderr]    Compiling either v1.17.0
[INFO] [stderr]    Compiling thiserror v2.0.20
[INFO] [stderr]    Compiling rayon-core v1.13.0
[INFO] [stderr]    Compiling onig_sys v69.9.3
[INFO] [stderr]    Compiling aho-corasick v1.1.3
[INFO] [stderr]    Compiling litemap v0.8.3
[INFO] [stderr]    Compiling writeable v0.6.4
[INFO] [stderr]    Compiling ref-cast v1.0.26
[INFO] [stderr]    Compiling portable-atomic v1.15.0
[INFO] [stderr]    Compiling icu_properties_data v2.0.1
[INFO] [stderr]    Compiling nom v7.1.3
[INFO] [stderr]    Compiling rayon v1.11.0
[INFO] [stderr]    Compiling itertools v0.14.0
[INFO] [stderr]    Compiling zerovec-derive v0.11.4
[INFO] [stderr]    Compiling displaydoc v0.2.7
[INFO] [stderr]    Compiling synstructure v0.13.2
[INFO] [stderr]    Compiling darling_core v0.20.11
[INFO] [stderr]    Compiling thiserror-impl v2.0.20
[INFO] [stderr]    Compiling ref-cast-impl v1.0.26
[INFO] [stderr]    Compiling ppv-lite86 v0.2.21
[INFO] [stderr]    Compiling esaxx-rs v0.1.10
[INFO] [stderr]    Compiling rand_core v0.9.5
[INFO] [stderr]    Compiling crypto-common v0.2.2
[INFO] [stderr]    Compiling block-buffer v0.12.1
[INFO] [stderr]    Compiling eyre v0.6.12
[INFO] [stderr]    Compiling simdutf8 v0.1.5
[INFO] [stderr]    Compiling const-oid v0.10.2
[INFO] [stderr]    Compiling unicode-segmentation v1.13.3
[INFO] [stderr]    Compiling unicode-normalization-alignments v0.1.12
[INFO] [stderr]    Compiling console v0.16.4
[INFO] [stderr]    Compiling regex-automata v0.4.18
[INFO] [stderr]    Compiling zerofrom-derive v0.1.7
[INFO] [stderr]    Compiling yoke-derive v0.8.2
[INFO] [stderr]    Compiling serde_derive v1.0.228
[INFO] [stderr]    Compiling monostate-impl v0.1.18
[INFO] [stderr]    Compiling digest v0.11.3
[INFO] [stderr]    Compiling rand_chacha v0.9.0
[INFO] [stderr]    Compiling castaway v0.2.4
[INFO] [stderr]    Compiling sonic-simd v0.1.4
[INFO] [stderr]    Compiling sonic-number v0.1.2
[INFO] [stderr]    Compiling unit-prefix v0.5.2
[INFO] [stderr]    Compiling bumpalo v3.20.3
[INFO] [stderr]    Compiling pastey v0.2.3
[INFO] [stderr]    Compiling macro_rules_attribute-proc_macro v0.2.3
[INFO] [stderr]    Compiling darling_macro v0.20.11
[INFO] [stderr]    Compiling indenter v0.3.4
[INFO] [stderr]    Compiling cpufeatures v0.3.0
[INFO] [stderr]    Compiling constant_time_eq v0.3.1
[INFO] [stderr]    Compiling blake2b_simd v1.0.3
[INFO] [stderr]    Compiling zerofrom v0.1.8
[INFO] [stderr]    Compiling sha2 v0.11.0
[INFO] [stderr]    Compiling yoke v0.8.3
[INFO] [stderr]    Compiling macro_rules_attribute v0.2.3
[INFO] [stderr]    Compiling indicatif v0.18.6
[INFO] [stderr]    Compiling darling v0.20.11
[INFO] [stderr]    Compiling derive_builder_core v0.20.2
[INFO] [stderr]    Compiling zerovec v0.11.7
[INFO] [stderr]    Compiling zerotrie v0.2.5
[INFO] [stderr]    Compiling onig v6.5.3
[INFO] [stderr]    Compiling derive_builder_macro v0.20.2
[INFO] [stderr]    Compiling rand v0.9.5
[INFO] [stderr]    Compiling regex v1.13.1
[INFO] [stderr]    Compiling derive_builder v0.20.2
[INFO] [stderr]    Compiling monostate v0.1.18
[INFO] [stderr]    Compiling serde_json v1.0.151
[INFO] [stderr]    Compiling tinystr v0.8.4
[INFO] [stderr]    Compiling potential_utf v0.1.6
[INFO] [stderr]    Compiling icu_locale_core v2.3.0
[INFO] [stderr]    Compiling icu_collections v2.0.0
[INFO] [stderr]    Compiling rayon-cond v0.4.0
[INFO] [stderr]    Compiling winnow v1.0.4
[INFO] [stderr]    Compiling log v0.4.33
[INFO] [stderr]    Compiling unicode_categories v0.1.1
[INFO] [stderr]    Compiling rustc-hash v2.1.1
[INFO] [stderr]    Compiling toktier-store-core v0.2.9
[INFO] [stderr]    Compiling toktier-cuda-driver v0.2.9
[INFO] [stderr]    Compiling icu_provider v2.3.0
[INFO] [stderr]    Compiling spm_precompiled v0.1.4
[INFO] [stderr]    Compiling faststr v0.2.34
[INFO] [stderr]    Compiling sonic-rs v0.5.8
[INFO] [stderr]    Compiling dary_heap v0.3.9
[INFO] [stderr]    Compiling compact_str v0.9.1
[INFO] [stderr]    Compiling icu_properties v2.0.2
[INFO] [stderr]    Compiling tokenizers v0.22.2
[INFO] [stderr]    Compiling toktier-gigatoken-core v0.2.9
[INFO] [stderr]    Compiling toktier-routing-core v0.2.9 (/opt/rustwide/workdir)
[INFO] [stderr]     Finished `dev` profile [unoptimized + debuginfo] target(s) in 1m 55s
[INFO] running `Command { std: "docker" "inspect" "16c0c667cba632c770cffb034fe4beace4bf15d8c90ae2c7aa702ab2c78c0fc9", kill_on_drop: false }`
[INFO] running `Command { std: "docker" "exec" "-e" "SOURCE_DIR=/opt/rustwide/workdir" "-e" "CARGO_HOME=/opt/rustwide/cargo-home" "-e" "RUSTUP_HOME=/opt/rustwide/rustup-home" "-e" "CARGO_TARGET_DIR=/opt/rustwide/target" "-e" "CARGO_INCREMENTAL=0" "-e" "RUST_BACKTRACE=full" "-e" "RUSTFLAGS=--cap-lints=warn" "-e" "RUSTDOCFLAGS=--cap-lints=warn" "-w" "/opt/rustwide/workdir" "--user" "0:0" "16c0c667cba632c770cffb034fe4beace4bf15d8c90ae2c7aa702ab2c78c0fc9" "/opt/rustwide/cargo-home/bin/cargo" "+1.100.0-beta.1" "test" "--frozen" "--no-run" "--message-format=json", kill_on_drop: false }`
[INFO] [stderr]    Compiling onig v6.5.3
[INFO] [stderr]    Compiling rustix v1.1.3
[INFO] [stderr]    Compiling tokenizers v0.22.2
[INFO] [stderr]    Compiling tempfile v3.23.0
[INFO] [stderr]    Compiling toktier-routing-core v0.2.9 (/opt/rustwide/workdir)
[INFO] [stdout] error[E0599]: no method named `inject_content_digest_fault` found for struct `SessionStore` in the current scope
[INFO] [stdout]     --> src/runtime.rs:2285:19
[INFO] [stdout]      |
[INFO] [stdout] 2285 |             store.inject_content_digest_fault(Some("injected digest failure".to_owned()));
[INFO] [stdout]      |                   ^^^^^^^^^^^^^^^^^^^^^^^^^^^ method not found in `SessionStore`
[INFO] [stdout] 
[INFO] [stdout] 
[INFO] [stdout] error[E0599]: no method named `inject_content_digest_fault` found for struct `SessionStore` in the current scope
[INFO] [stdout]     --> src/runtime.rs:2290:19
[INFO] [stdout]      |
[INFO] [stdout] 2290 |             store.inject_content_digest_fault(None);
[INFO] [stdout]      |                   ^^^^^^^^^^^^^^^^^^^^^^^^^^^ method not found in `SessionStore`
[INFO] [stdout] 
[INFO] [stdout] 
[INFO] [stdout] error[E0599]: no method named `inject_content_digest_fault` found for struct `SessionStore` in the current scope
[INFO] [stdout]     --> src/runtime.rs:2310:19
[INFO] [stdout]      |
[INFO] [stdout] 2310 |             store.inject_content_digest_fault(Some("injected digest failure".to_owned()));
[INFO] [stdout]      |                   ^^^^^^^^^^^^^^^^^^^^^^^^^^^ method not found in `SessionStore`
[INFO] [stdout] 
[INFO] [stdout] 
[INFO] [stdout] For more information about this error, try `rustc --explain E0599`.
[INFO] [stdout] 
[INFO] [stderr] error: could not compile `toktier-routing-core` (lib test) due to 3 previous errors
[INFO] running `Command { std: "docker" "inspect" "16c0c667cba632c770cffb034fe4beace4bf15d8c90ae2c7aa702ab2c78c0fc9", kill_on_drop: false }`
[INFO] running `Command { std: "docker" "rm" "-f" "16c0c667cba632c770cffb034fe4beace4bf15d8c90ae2c7aa702ab2c78c0fc9", kill_on_drop: false }`
[INFO] [stdout] 16c0c667cba632c770cffb034fe4beace4bf15d8c90ae2c7aa702ab2c78c0fc9
