[INFO] fetching crate tokio-rusqlite-axuman 0.9.0...
[INFO] testing tokio-rusqlite-axuman-0.9.0 against 1.100.0-beta.1 for beta-1.100-2
[INFO] extracting crate tokio-rusqlite-axuman 0.9.0 into /workspace/builds/worker-0-tc2/source
[INFO] started tweaking crates.io crate tokio-rusqlite-axuman 0.9.0
[INFO] removed 0 missing examples
[INFO] removed 0 missing tests
[INFO] finished tweaking crates.io crate tokio-rusqlite-axuman 0.9.0
[INFO] tweaked toml for crates.io crate tokio-rusqlite-axuman 0.9.0 written to /workspace/builds/worker-0-tc2/source/Cargo.toml
[INFO] validating manifest of crates.io crate tokio-rusqlite-axuman 0.9.0 on toolchain 1.100.0-beta.1
[INFO] running `Command { std: CARGO_HOME="/workspace/cargo-home" RUSTUP_HOME="/workspace/rustup-home" "/workspace/cargo-home/bin/cargo" "+1.100.0-beta.1" "metadata" "--manifest-path" "Cargo.toml" "--no-deps", kill_on_drop: false }`
[INFO] crate crates.io crate tokio-rusqlite-axuman 0.9.0 already has a lockfile, it will not be regenerated
[INFO] running `Command { std: CARGO_HOME="/workspace/cargo-home" RUSTUP_HOME="/workspace/rustup-home" "/workspace/cargo-home/bin/cargo" "+1.100.0-beta.1" "fetch" "--manifest-path" "Cargo.toml", kill_on_drop: false }`
[INFO] [stderr]     Blocking waiting for file lock on package cache
[INFO] running `Command { std: "docker" "create" "-v" "/var/lib/crater-agent-workspace/builds/worker-0-tc2/source:/opt/rustwide/workdir:ro,Z" "-v" "/var/lib/crater-agent-workspace/builds/worker-0-tc2/target:/opt/rustwide/target:rw,Z" "-v" "/var/lib/crater-agent-workspace/cargo-home:/opt/rustwide/cargo-home:ro,Z" "-v" "/var/lib/crater-agent-workspace/rustup-home:/opt/rustwide/rustup-home:ro,Z" "-m" "1610612736" "--network" "none" "ghcr.io/rust-lang/crates-build-env/linux@sha256:3111399a4047eeb3a02b7a90e478d715f38a8c6669b5c4b49d30a17385265909" "sleep" "infinity", kill_on_drop: false }`
[INFO] [stdout] d4d0422e7c46b10cd289998f8a3e186000276c862efb48a331660cb04013bd7f
[INFO] running `Command { std: "docker" "start" "d4d0422e7c46b10cd289998f8a3e186000276c862efb48a331660cb04013bd7f", kill_on_drop: false }`
[INFO] running `Command { std: "docker" "inspect" "d4d0422e7c46b10cd289998f8a3e186000276c862efb48a331660cb04013bd7f", kill_on_drop: false }`
[INFO] running `Command { std: "docker" "exec" "-e" "SOURCE_DIR=/opt/rustwide/workdir" "-e" "CARGO_HOME=/opt/rustwide/cargo-home" "-e" "RUSTUP_HOME=/opt/rustwide/rustup-home" "-e" "CARGO_TARGET_DIR=/opt/rustwide/target" "-w" "/opt/rustwide/workdir" "--user" "0:0" "d4d0422e7c46b10cd289998f8a3e186000276c862efb48a331660cb04013bd7f" "/opt/rustwide/cargo-home/bin/cargo" "+1.100.0-beta.1" "metadata" "--no-deps" "--format-version=1", kill_on_drop: false }`
[INFO] running `Command { std: "docker" "inspect" "d4d0422e7c46b10cd289998f8a3e186000276c862efb48a331660cb04013bd7f", kill_on_drop: false }`
[INFO] running `Command { std: "docker" "exec" "-e" "SOURCE_DIR=/opt/rustwide/workdir" "-e" "CARGO_HOME=/opt/rustwide/cargo-home" "-e" "RUSTUP_HOME=/opt/rustwide/rustup-home" "-e" "CARGO_TARGET_DIR=/opt/rustwide/target" "-e" "CARGO_INCREMENTAL=0" "-e" "RUST_BACKTRACE=full" "-e" "RUSTFLAGS=--cap-lints=warn" "-e" "RUSTDOCFLAGS=--cap-lints=warn" "-w" "/opt/rustwide/workdir" "--user" "0:0" "d4d0422e7c46b10cd289998f8a3e186000276c862efb48a331660cb04013bd7f" "/opt/rustwide/cargo-home/bin/cargo" "+1.100.0-beta.1" "build" "--frozen" "--message-format=json", kill_on_drop: false }`
[INFO] [stderr]    Compiling bitflags v2.9.0
[INFO] [stderr]    Compiling smallvec v1.15.0
[INFO] [stderr]    Compiling libsqlite3-sys v0.33.0
[INFO] [stderr]    Compiling hashbrown v0.15.2
[INFO] [stderr]    Compiling tokio v1.44.2
[INFO] [stderr]    Compiling crossbeam-channel v0.5.15
[INFO] [stderr]    Compiling kanal v0.1.1
[INFO] [stderr]    Compiling hashlink v0.10.0
[INFO] [stderr]    Compiling rusqlite v0.35.0
[INFO] [stderr]    Compiling tokio-rusqlite-axuman v0.9.0 (/opt/rustwide/workdir)
[INFO] [stderr] warning: unused dependency `crossbeam-channel`
[INFO] [stderr]  --> Cargo.toml:1:15
[INFO] [stderr]   |
[INFO] [stderr] 1 | [dependencies.crossbeam-channel]
[INFO] [stderr]   |               ^^^^^^^^^^^^^^^^^^
[INFO] [stderr]   |
[INFO] [stderr]   = note: `cargo::unused_dependencies` is set to `warn` by default
[INFO] [stderr] help: consider removing the dependency on `crossbeam-channel`
[INFO] [stderr] warning: `tokio-rusqlite-axuman` (manifest) generated 1 warning
[INFO] [stderr]     Finished `dev` profile [unoptimized + debuginfo] target(s) in 2.87s
[INFO] running `Command { std: "docker" "inspect" "d4d0422e7c46b10cd289998f8a3e186000276c862efb48a331660cb04013bd7f", kill_on_drop: false }`
[INFO] running `Command { std: "docker" "exec" "-e" "SOURCE_DIR=/opt/rustwide/workdir" "-e" "CARGO_HOME=/opt/rustwide/cargo-home" "-e" "RUSTUP_HOME=/opt/rustwide/rustup-home" "-e" "CARGO_TARGET_DIR=/opt/rustwide/target" "-e" "CARGO_INCREMENTAL=0" "-e" "RUST_BACKTRACE=full" "-e" "RUSTFLAGS=--cap-lints=warn" "-e" "RUSTDOCFLAGS=--cap-lints=warn" "-w" "/opt/rustwide/workdir" "--user" "0:0" "d4d0422e7c46b10cd289998f8a3e186000276c862efb48a331660cb04013bd7f" "/opt/rustwide/cargo-home/bin/cargo" "+1.100.0-beta.1" "test" "--frozen" "--no-run" "--message-format=json", kill_on_drop: false }`
[INFO] [stderr]    Compiling libsqlite3-sys v0.33.0
[INFO] [stderr]    Compiling syn v2.0.100
[INFO] [stderr]    Compiling tokio-macros v2.5.0
[INFO] [stderr]    Compiling tokio v1.44.2
[INFO] [stderr]    Compiling rusqlite v0.35.0
[INFO] [stderr]    Compiling tokio-rusqlite-axuman v0.9.0 (/opt/rustwide/workdir)
[INFO] [stdout] error[E0432]: unresolved import `tokio_rusqlite_new`
[INFO] [stdout]  --> tests/tests.rs:4:5
[INFO] [stdout]   |
[INFO] [stdout] 4 | use tokio_rusqlite_new::{Connection, Error, Result};
[INFO] [stdout]   |     ^^^^^^^^^^^^^^^^^^ use of unresolved module or unlinked crate `tokio_rusqlite_new`
[INFO] [stdout]   |
[INFO] [stdout] help: there is a crate or module with a similar name
[INFO] [stdout]   |
[INFO] [stdout] 4 - use tokio_rusqlite_new::{Connection, Error, Result};
[INFO] [stdout] 4 + use tokio_rusqlite_axuman::{Connection, Error, Result};
[INFO] [stdout]   |
[INFO] [stdout] 
[INFO] [stdout] 
[INFO] [stdout] error[E0432]: unresolved import `tokio_rusqlite_new`
[INFO] [stdout]  --> examples/multiple_tasks.rs:5:5
[INFO] [stdout]   |
[INFO] [stdout] 5 | use tokio_rusqlite_new::{Connection, Result};
[INFO] [stdout]   |     ^^^^^^^^^^^^^^^^^^ use of unresolved module or unlinked crate `tokio_rusqlite_new`
[INFO] [stdout]   |
[INFO] [stdout] help: there is a crate or module with a similar name
[INFO] [stdout]   |
[INFO] [stdout] 5 - use tokio_rusqlite_new::{Connection, Result};
[INFO] [stdout] 5 + use tokio_rusqlite_axuman::{Connection, Result};
[INFO] [stdout]   |
[INFO] [stdout] 
[INFO] [stdout] 
[INFO] [stdout] error[E0432]: unresolved import `tokio_rusqlite_new`
[INFO] [stdout]  --> examples/in_memory.rs:4:5
[INFO] [stdout]   |
[INFO] [stdout] 4 | use tokio_rusqlite_new::{Connection, Result};
[INFO] [stdout]   |     ^^^^^^^^^^^^^^^^^^ use of unresolved module or unlinked crate `tokio_rusqlite_new`
[INFO] [stdout]   |
[INFO] [stdout] help: there is a crate or module with a similar name
[INFO] [stdout]   |
[INFO] [stdout] 4 - use tokio_rusqlite_new::{Connection, Result};
[INFO] [stdout] 4 + use tokio_rusqlite_axuman::{Connection, Result};
[INFO] [stdout]   |
[INFO] [stdout] 
[INFO] [stdout] 
[INFO] [stdout] warning: method call on a diverging inference variable
[INFO] [stdout]   --> examples/in_memory.rs:18:10
[INFO] [stdout]    |
[INFO] [stdout] 18 |         .call(|conn| {
[INFO] [stdout]    |          ^^^^
[INFO] [stdout]    |
[INFO] [stdout]    = help: consider providing a type annotation
[INFO] [stdout]    = warning: this was previously accepted by the compiler but is being phased out; it will become a hard error in a future release!
[INFO] [stdout]    = note: for more information, see issue #156047 <https://github.com/rust-lang/rust/issues/156047>
[INFO] [stdout]    = note: `#[warn(method_call_on_diverging_infer_var)]` (part of `#[warn(future_incompatible)]`) on by default
[INFO] [stdout] 
[INFO] [stdout] 
[INFO] [stdout] warning: method call on a diverging inference variable
[INFO] [stdout]   --> examples/multiple_tasks.rs:19:10
[INFO] [stdout]    |
[INFO] [stdout] 19 |     conn.call(|conn| {
[INFO] [stdout]    |          ^^^^
[INFO] [stdout]    |
[INFO] [stdout]    = help: consider providing a type annotation
[INFO] [stdout]    = warning: this was previously accepted by the compiler but is being phased out; it will become a hard error in a future release!
[INFO] [stdout]    = note: for more information, see issue #156047 <https://github.com/rust-lang/rust/issues/156047>
[INFO] [stdout]    = note: `#[warn(method_call_on_diverging_infer_var)]` (part of `#[warn(future_incompatible)]`) on by default
[INFO] [stdout] 
[INFO] [stdout] 
[INFO] [stdout] warning: method call on a diverging inference variable
[INFO] [stdout]   --> tests/tests.rs:18:10
[INFO] [stdout]    |
[INFO] [stdout] 18 |         .call(|conn| {
[INFO] [stdout]    |          ^^^^
[INFO] [stdout]    |
[INFO] [stdout]    = help: consider providing a type annotation
[INFO] [stdout]    = warning: this was previously accepted by the compiler but is being phased out; it will become a hard error in a future release!
[INFO] [stdout]    = note: for more information, see issue #156047 <https://github.com/rust-lang/rust/issues/156047>
[INFO] [stdout]    = note: `#[warn(method_call_on_diverging_infer_var)]` (part of `#[warn(future_incompatible)]`) on by default
[INFO] [stdout] 
[INFO] [stdout] 
[INFO] [stdout] error[E0599]: no method named `call` found for type `!` in the current scope
[INFO] [stdout]   --> examples/multiple_tasks.rs:19:10
[INFO] [stdout]    |
[INFO] [stdout] 19 |     conn.call(|conn| {
[INFO] [stdout]    |          ^^^^ method not found in `!`
[INFO] [stdout] 
[INFO] [stdout] 
[INFO] [stdout] warning: unreachable call
[INFO] [stdout]   --> examples/multiple_tasks.rs:33:43
[INFO] [stdout]    |
[INFO] [stdout] 33 |     let add_steven = add_steven_task(conn.clone());
[INFO] [stdout]    |                                      ---- ^^^^^ unreachable call
[INFO] [stdout]    |                                      |
[INFO] [stdout]    |                                      any code following this expression is unreachable
[INFO] [stdout]    |
[INFO] [stdout]    = note: `#[warn(unreachable_code)]` (part of `#[warn(unused)]`) on by default
[INFO] [stdout] 
[INFO] [stdout] 
[INFO] [stdout] warning: unreachable call
[INFO] [stdout]   --> examples/multiple_tasks.rs:34:37
[INFO] [stdout]    |
[INFO] [stdout] 34 |     let add_bob = add_bob_task(conn.clone());
[INFO] [stdout]    |                                ---- ^^^^^ unreachable call
[INFO] [stdout]    |                                |
[INFO] [stdout]    |                                any code following this expression is unreachable
[INFO] [stdout] 
[INFO] [stdout] 
[INFO] [stdout] error[E0599]: no method named `call` found for type `!` in the current scope
[INFO] [stdout]   --> examples/in_memory.rs:18:10
[INFO] [stdout]    |
[INFO] [stdout] 17 |     let people = conn
[INFO] [stdout] 18 |         .call(|conn| {
[INFO] [stdout]    |          ^^^^ method not found in `!`
[INFO] [stdout] 
[INFO] [stdout] 
[INFO] [stdout] error[E0599]: no method named `call` found for type `!` in the current scope
[INFO] [stdout]   --> examples/multiple_tasks.rs:42:10
[INFO] [stdout]    |
[INFO] [stdout] 41 |     let people = conn
[INFO] [stdout] 42 |         .call(|conn| {
[INFO] [stdout]    |          ^^^^ method not found in `!`
[INFO] [stdout] 
[INFO] [stdout] 
[INFO] [stdout] warning: unreachable expression
[INFO] [stdout]   --> examples/multiple_tasks.rs:42:15
[INFO] [stdout]    |
[INFO] [stdout] 41 |       let people = conn
[INFO] [stdout]    |                    ---- any code following this expression is unreachable
[INFO] [stdout] 42 |           .call(|conn| {
[INFO] [stdout]    |  _______________^
[INFO] [stdout] 43 | |             let mut stmt = conn.prepare("SELECT id, name, data FROM person")?;
[INFO] [stdout] 44 | |             let people = stmt
[INFO] [stdout] 45 | |                 .query_map([], |row| {
[INFO] [stdout] ...  |
[INFO] [stdout] 54 | |             Ok(people)
[INFO] [stdout] 55 | |         })
[INFO] [stdout]    | |_________^ unreachable expression
[INFO] [stdout] 
[INFO] [stdout] 
[INFO] [stdout] error[E0599]: no method named `close` found for type `!` in the current scope
[INFO] [stdout]   --> examples/multiple_tasks.rs:62:10
[INFO] [stdout]    |
[INFO] [stdout] 62 |     conn.close().await?;
[INFO] [stdout]    |          ^^^^^
[INFO] [stdout]    |
[INFO] [stdout] help: there is a method `clone` with a similar name
[INFO] [stdout]    |
[INFO] [stdout] 62 -     conn.close().await?;
[INFO] [stdout] 62 +     conn.clone().await?;
[INFO] [stdout]    |
[INFO] [stdout] 
[INFO] [stdout] 
[INFO] [stdout] warning: unreachable call
[INFO] [stdout]   --> examples/multiple_tasks.rs:62:10
[INFO] [stdout]    |
[INFO] [stdout] 62 |     conn.close().await?;
[INFO] [stdout]    |     ---- ^^^^^ unreachable call
[INFO] [stdout]    |     |
[INFO] [stdout]    |     any code following this expression is unreachable
[INFO] [stdout] 
[INFO] [stdout] 
[INFO] [stdout] error[E0599]: no method named `close` found for type `!` in the current scope
[INFO] [stdout]   --> examples/in_memory.rs:58:10
[INFO] [stdout]    |
[INFO] [stdout] 58 |     conn.close().await?;
[INFO] [stdout]    |          ^^^^^
[INFO] [stdout]    |
[INFO] [stdout] help: there is a method `clone` with a similar name
[INFO] [stdout]    |
[INFO] [stdout] 58 -     conn.close().await?;
[INFO] [stdout] 58 +     conn.clone().await?;
[INFO] [stdout]    |
[INFO] [stdout] 
[INFO] [stdout] 
[INFO] [stdout] warning: unreachable call
[INFO] [stdout]   --> examples/in_memory.rs:58:10
[INFO] [stdout]    |
[INFO] [stdout] 58 |     conn.close().await?;
[INFO] [stdout]    |     ---- ^^^^^ unreachable call
[INFO] [stdout]    |     |
[INFO] [stdout]    |     any code following this expression is unreachable
[INFO] [stdout]    |
[INFO] [stdout]    = note: `#[warn(unreachable_code)]` (part of `#[warn(unused)]`) on by default
[INFO] [stdout] 
[INFO] [stdout] 
[INFO] [stdout] error[E0599]: no method named `call` found for type `!` in the current scope
[INFO] [stdout]   --> tests/tests.rs:18:10
[INFO] [stdout]    |
[INFO] [stdout] 17 |     let result = conn
[INFO] [stdout] 18 |         .call(|conn| {
[INFO] [stdout]    |          ^^^^ method not found in `!`
[INFO] [stdout] 
[INFO] [stdout] 
[INFO] [stdout] warning: method call on a diverging inference variable
[INFO] [stdout]   --> tests/tests.rs:36:10
[INFO] [stdout]    |
[INFO] [stdout] 36 |         .call_unwrap(|conn| {
[INFO] [stdout]    |          ^^^^^^^^^^^
[INFO] [stdout]    |
[INFO] [stdout]    = help: consider providing a type annotation
[INFO] [stdout]    = warning: this was previously accepted by the compiler but is being phased out; it will become a hard error in a future release!
[INFO] [stdout]    = note: for more information, see issue #156047 <https://github.com/rust-lang/rust/issues/156047>
[INFO] [stdout] 
[INFO] [stdout] 
[INFO] [stdout] error[E0599]: no method named `call_unwrap` found for type `!` in the current scope
[INFO] [stdout]   --> tests/tests.rs:36:10
[INFO] [stdout]    |
[INFO] [stdout] 35 |     let result = conn
[INFO] [stdout] 36 |         .call_unwrap(|conn| {
[INFO] [stdout]    |          ^^^^^^^^^^^ method not found in `!`
[INFO] [stdout] 
[INFO] [stdout] 
[INFO] [stdout] warning: method call on a diverging inference variable
[INFO] [stdout]   --> tests/tests.rs:54:23
[INFO] [stdout]    |
[INFO] [stdout] 54 |     let result = conn.call(|conn| conn.execute("Invalid sql", [])).await;
[INFO] [stdout]    |                       ^^^^
[INFO] [stdout]    |
[INFO] [stdout]    = help: consider providing a type annotation
[INFO] [stdout]    = warning: this was previously accepted by the compiler but is being phased out; it will become a hard error in a future release!
[INFO] [stdout]    = note: for more information, see issue #156047 <https://github.com/rust-lang/rust/issues/156047>
[INFO] [stdout] 
[INFO] [stdout] 
[INFO] [stdout] error[E0599]: no method named `call` found for type `!` in the current scope
[INFO] [stdout]   --> tests/tests.rs:54:23
[INFO] [stdout]    |
[INFO] [stdout] 54 |     let result = conn.call(|conn| conn.execute("Invalid sql", [])).await;
[INFO] [stdout]    |                       ^^^^ method not found in `!`
[INFO] [stdout] 
[INFO] [stdout] 
[INFO] [stdout] warning: method call on a diverging inference variable
[INFO] [stdout]   --> tests/tests.rs:78:18
[INFO] [stdout]    |
[INFO] [stdout] 78 |     assert!(conn.close().await.is_ok());
[INFO] [stdout]    |                  ^^^^^
[INFO] [stdout]    |
[INFO] [stdout]    = help: consider providing a type annotation
[INFO] [stdout]    = warning: this was previously accepted by the compiler but is being phased out; it will become a hard error in a future release!
[INFO] [stdout]    = note: for more information, see issue #156047 <https://github.com/rust-lang/rust/issues/156047>
[INFO] [stdout] 
[INFO] [stdout] 
[INFO] [stdout] error[E0599]: no method named `close` found for type `!` in the current scope
[INFO] [stdout]   --> tests/tests.rs:78:18
[INFO] [stdout]    |
[INFO] [stdout] 78 |     assert!(conn.close().await.is_ok());
[INFO] [stdout]    |                  ^^^^^
[INFO] [stdout]    |
[INFO] [stdout] help: there is a method `clone` with a similar name
[INFO] [stdout]    |
[INFO] [stdout] 78 -     assert!(conn.close().await.is_ok());
[INFO] [stdout] 78 +     assert!(conn.clone().await.is_ok());
[INFO] [stdout]    |
[INFO] [stdout] 
[INFO] [stdout] 
[INFO] [stdout] warning: method call on a diverging inference variable
[INFO] [stdout]   --> tests/tests.rs:87:22
[INFO] [stdout]    |
[INFO] [stdout] 87 |     let conn2 = conn.clone();
[INFO] [stdout]    |                      ^^^^^
[INFO] [stdout]    |
[INFO] [stdout]    = help: consider providing a type annotation
[INFO] [stdout]    = warning: this was previously accepted by the compiler but is being phased out; it will become a hard error in a future release!
[INFO] [stdout]    = note: for more information, see issue #156047 <https://github.com/rust-lang/rust/issues/156047>
[INFO] [stdout] 
[INFO] [stdout] 
[INFO] [stdout] warning: unreachable statement
[INFO] [stdout]   --> tests/tests.rs:89:5
[INFO] [stdout]    |
[INFO] [stdout] 87 |     let conn2 = conn.clone();
[INFO] [stdout]    |                 ------------ any code following this expression is unreachable
[INFO] [stdout] 88 |
[INFO] [stdout] 89 |     assert!(conn.close().await.is_ok());
[INFO] [stdout]    |     ^^^^^^^^^^^^^^^^^^^^^^^^^^^^^^^^^^^ unreachable statement
[INFO] [stdout]    |
[INFO] [stdout]    = note: `#[warn(unreachable_code)]` (part of `#[warn(unused)]`) on by default
[INFO] [stdout] 
[INFO] [stdout] 
[INFO] [stdout] error[E0599]: no method named `close` found for type `!` in the current scope
[INFO] [stdout]   --> tests/tests.rs:89:18
[INFO] [stdout]    |
[INFO] [stdout] 89 |     assert!(conn.close().await.is_ok());
[INFO] [stdout]    |                  ^^^^^
[INFO] [stdout]    |
[INFO] [stdout] help: there is a method `clone` with a similar name
[INFO] [stdout]    |
[INFO] [stdout] 89 -     assert!(conn.close().await.is_ok());
[INFO] [stdout] 89 +     assert!(conn.clone().await.is_ok());
[INFO] [stdout]    |
[INFO] [stdout] 
[INFO] [stdout] 
[INFO] [stdout] warning: unreachable call
[INFO] [stdout]   --> tests/tests.rs:89:18
[INFO] [stdout]    |
[INFO] [stdout] 89 |     assert!(conn.close().await.is_ok());
[INFO] [stdout]    |             ---- ^^^^^ unreachable call
[INFO] [stdout]    |             |
[INFO] [stdout]    |             any code following this expression is unreachable
[INFO] [stdout] 
[INFO] [stdout] 
[INFO] [stdout] warning: method call on a diverging inference variable
[INFO] [stdout]   --> tests/tests.rs:90:19
[INFO] [stdout]    |
[INFO] [stdout] 90 |     assert!(conn2.close().await.is_ok());
[INFO] [stdout]    |                   ^^^^^
[INFO] [stdout]    |
[INFO] [stdout]    = help: consider providing a type annotation
[INFO] [stdout]    = warning: this was previously accepted by the compiler but is being phased out; it will become a hard error in a future release!
[INFO] [stdout]    = note: for more information, see issue #156047 <https://github.com/rust-lang/rust/issues/156047>
[INFO] [stdout] 
[INFO] [stdout] 
[INFO] [stdout] error[E0599]: no method named `close` found for type `!` in the current scope
[INFO] [stdout]   --> tests/tests.rs:90:19
[INFO] [stdout]    |
[INFO] [stdout] 90 |     assert!(conn2.close().await.is_ok());
[INFO] [stdout]    |                   ^^^^^
[INFO] [stdout]    |
[INFO] [stdout] help: there is a method `clone` with a similar name
[INFO] [stdout]    |
[INFO] [stdout] 90 -     assert!(conn2.close().await.is_ok());
[INFO] [stdout] 90 +     assert!(conn2.clone().await.is_ok());
[INFO] [stdout]    |
[INFO] [stdout] 
[INFO] [stdout] 
[INFO] [stdout] warning: method call on a diverging inference variable
[INFO] [stdout]   --> tests/tests.rs:99:22
[INFO] [stdout]    |
[INFO] [stdout] 99 |     let conn2 = conn.clone();
[INFO] [stdout]    |                      ^^^^^
[INFO] [stdout]    |
[INFO] [stdout]    = help: consider providing a type annotation
[INFO] [stdout]    = warning: this was previously accepted by the compiler but is being phased out; it will become a hard error in a future release!
[INFO] [stdout]    = note: for more information, see issue #156047 <https://github.com/rust-lang/rust/issues/156047>
[INFO] [stdout] 
[INFO] [stdout] 
[INFO] [stdout] warning: unreachable statement
[INFO] [stdout]    --> tests/tests.rs:101:5
[INFO] [stdout]     |
[INFO] [stdout]  99 |     let conn2 = conn.clone();
[INFO] [stdout]     |                 ------------ any code following this expression is unreachable
[INFO] [stdout] 100 |
[INFO] [stdout] 101 |     assert!(conn.close().await.is_ok());
[INFO] [stdout]     |     ^^^^^^^^^^^^^^^^^^^^^^^^^^^^^^^^^^^ unreachable statement
[INFO] [stdout] 
[INFO] [stdout] 
[INFO] [stdout] error[E0599]: no method named `close` found for type `!` in the current scope
[INFO] [stdout]    --> tests/tests.rs:101:18
[INFO] [stdout]     |
[INFO] [stdout] 101 |     assert!(conn.close().await.is_ok());
[INFO] [stdout]     |                  ^^^^^
[INFO] [stdout]     |
[INFO] [stdout] help: there is a method `clone` with a similar name
[INFO] [stdout]     |
[INFO] [stdout] 101 -     assert!(conn.close().await.is_ok());
[INFO] [stdout] 101 +     assert!(conn.clone().await.is_ok());
[INFO] [stdout]     |
[INFO] [stdout] 
[INFO] [stdout] 
[INFO] [stdout] warning: unreachable call
[INFO] [stdout]    --> tests/tests.rs:101:18
[INFO] [stdout]     |
[INFO] [stdout] 101 |     assert!(conn.close().await.is_ok());
[INFO] [stdout]     |             ---- ^^^^^ unreachable call
[INFO] [stdout]     |             |
[INFO] [stdout]     |             any code following this expression is unreachable
[INFO] [stdout] 
[INFO] [stdout] 
[INFO] [stdout] warning: method call on a diverging inference variable
[INFO] [stdout]    --> tests/tests.rs:103:24
[INFO] [stdout]     |
[INFO] [stdout] 103 |     let result = conn2.call(|conn| conn.execute("SELECT 1;", [])).await;
[INFO] [stdout]     |                        ^^^^
[INFO] [stdout]     |
[INFO] [stdout]     = help: consider providing a type annotation
[INFO] [stdout]     = warning: this was previously accepted by the compiler but is being phased out; it will become a hard error in a future release!
[INFO] [stdout]     = note: for more information, see issue #156047 <https://github.com/rust-lang/rust/issues/156047>
[INFO] [stdout] 
[INFO] [stdout] 
[INFO] [stdout] error[E0599]: no method named `call` found for type `!` in the current scope
[INFO] [stdout]    --> tests/tests.rs:103:24
[INFO] [stdout]     |
[INFO] [stdout] 103 |     let result = conn2.call(|conn| conn.execute("SELECT 1;", [])).await;
[INFO] [stdout]     |                        ^^^^ method not found in `!`
[INFO] [stdout] 
[INFO] [stdout] 
[INFO] [stdout] warning: method call on a diverging inference variable
[INFO] [stdout]    --> tests/tests.rs:129:10
[INFO] [stdout]     |
[INFO] [stdout] 129 |     conn.call(|conn| {
[INFO] [stdout]     |          ^^^^
[INFO] [stdout]     |
[INFO] [stdout]     = help: consider providing a type annotation
[INFO] [stdout]     = warning: this was previously accepted by the compiler but is being phased out; it will become a hard error in a future release!
[INFO] [stdout]     = note: for more information, see issue #156047 <https://github.com/rust-lang/rust/issues/156047>
[INFO] [stdout] 
[INFO] [stdout] 
[INFO] [stdout] error[E0599]: no method named `call` found for type `!` in the current scope
[INFO] [stdout]    --> tests/tests.rs:129:10
[INFO] [stdout]     |
[INFO] [stdout] 129 |     conn.call(|conn| {
[INFO] [stdout]     |          ^^^^ method not found in `!`
[INFO] [stdout] 
[INFO] [stdout] 
[INFO] [stdout] error[E0599]: no method named `call` found for type `!` in the current scope
[INFO] [stdout]    --> tests/tests.rs:137:10
[INFO] [stdout]     |
[INFO] [stdout] 137 |     conn.call(|conn| {
[INFO] [stdout]     |          ^^^^ method not found in `!`
[INFO] [stdout] 
[INFO] [stdout] 
[INFO] [stdout] warning: unreachable expression
[INFO] [stdout]    --> tests/tests.rs:137:15
[INFO] [stdout]     |
[INFO] [stdout] 137 |       conn.call(|conn| {
[INFO] [stdout]     |  _____----______^
[INFO] [stdout]     | |     |
[INFO] [stdout]     | |     any code following this expression is unreachable
[INFO] [stdout] 138 | |         // Leak a prepared statement to make the database unclose-able
[INFO] [stdout] 139 | |         // See https://www.sqlite.org/c3ref/close.html for details regarding this behaviour
[INFO] [stdout] 140 | |         let stmt = Box::new(conn.prepare("INSERT INTO person VALUES (1, ?1);").unwrap());
[INFO] [stdout] 141 | |         Box::leak(stmt);
[INFO] [stdout] 142 | |         Ok(())
[INFO] [stdout] 143 | |     })
[INFO] [stdout]     | |_____^ unreachable expression
[INFO] [stdout] 
[INFO] [stdout] 
[INFO] [stdout] error[E0599]: no method named `close` found for type `!` in the current scope
[INFO] [stdout]    --> tests/tests.rs:146:24
[INFO] [stdout]     |
[INFO] [stdout] 146 |     assert!(match conn.close().await.unwrap_err() {
[INFO] [stdout]     |                        ^^^^^
[INFO] [stdout]     |
[INFO] [stdout] help: there is a method `clone` with a similar name
[INFO] [stdout]     |
[INFO] [stdout] 146 -     assert!(match conn.close().await.unwrap_err() {
[INFO] [stdout] 146 +     assert!(match conn.clone().await.unwrap_err() {
[INFO] [stdout]     |
[INFO] [stdout] 
[INFO] [stdout] 
[INFO] [stdout] warning: unreachable call
[INFO] [stdout]    --> tests/tests.rs:146:24
[INFO] [stdout]     |
[INFO] [stdout] 146 |     assert!(match conn.close().await.unwrap_err() {
[INFO] [stdout]     |                   ---- ^^^^^ unreachable call
[INFO] [stdout]     |                   |
[INFO] [stdout]     |                   any code following this expression is unreachable
[INFO] [stdout] 
[INFO] [stdout] 
[INFO] [stdout] warning: method call on a diverging inference variable
[INFO] [stdout]    --> tests/tests.rs:230:20
[INFO] [stdout]     |
[INFO] [stdout] 230 |     let err = conn.call(|conn| failable_func(conn)).await.unwrap_err();
[INFO] [stdout]     |                    ^^^^
[INFO] [stdout]     |
[INFO] [stdout]     = help: consider providing a type annotation
[INFO] [stdout]     = warning: this was previously accepted by the compiler but is being phased out; it will become a hard error in a future release!
[INFO] [stdout]     = note: for more information, see issue #156047 <https://github.com/rust-lang/rust/issues/156047>
[INFO] [stdout] 
[INFO] [stdout] 
[INFO] [stdout] error[E0599]: no method named `call` found for type `!` in the current scope
[INFO] [stdout]    --> tests/tests.rs:230:20
[INFO] [stdout]     |
[INFO] [stdout] 230 |     let err = conn.call(|conn| failable_func(conn)).await.unwrap_err();
[INFO] [stdout]     |                    ^^^^ method not found in `!`
[INFO] [stdout] 
[INFO] [stdout] 
[INFO] [stdout] error[E0599]: no method named `call` found for type `!` in the current scope
[INFO] [stdout]    --> tests/tests.rs:234:10
[INFO] [stdout]     |
[INFO] [stdout] 234 |     conn.call(|_conn| Ok(())).await?;
[INFO] [stdout]     |          ^^^^ method not found in `!`
[INFO] [stdout] 
[INFO] [stdout] 
[INFO] [stdout] warning: unreachable expression
[INFO] [stdout]    --> tests/tests.rs:234:15
[INFO] [stdout]     |
[INFO] [stdout] 234 |     conn.call(|_conn| Ok(())).await?;
[INFO] [stdout]     |     ----      ^^^^^^^^^^^^^^ unreachable expression
[INFO] [stdout]     |     |
[INFO] [stdout]     |     any code following this expression is unreachable
[INFO] [stdout] 
[INFO] [stdout] 
[INFO] [stdout] warning: method call on a diverging inference variable
[INFO] [stdout]    --> tests/tests.rs:243:20
[INFO] [stdout]     |
[INFO] [stdout] 243 |     let err = conn.call_raw(|_conn| Err(())).await.expect("call success");
[INFO] [stdout]     |                    ^^^^^^^^
[INFO] [stdout]     |
[INFO] [stdout]     = help: consider providing a type annotation
[INFO] [stdout]     = warning: this was previously accepted by the compiler but is being phased out; it will become a hard error in a future release!
[INFO] [stdout]     = note: for more information, see issue #156047 <https://github.com/rust-lang/rust/issues/156047>
[INFO] [stdout] 
[INFO] [stdout] 
[INFO] [stdout] error[E0599]: no method named `call_raw` found for type `!` in the current scope
[INFO] [stdout]    --> tests/tests.rs:243:20
[INFO] [stdout]     |
[INFO] [stdout] 243 |     let err = conn.call_raw(|_conn| Err(())).await.expect("call success");
[INFO] [stdout]     |                    ^^^^^^^^ method not found in `!`
[INFO] [stdout] 
[INFO] [stdout] 
[INFO] [stdout] error[E0599]: no method named `call_raw` found for type `!` in the current scope
[INFO] [stdout]    --> tests/tests.rs:247:19
[INFO] [stdout]     |
[INFO] [stdout] 247 |     let ok = conn.call_raw(|_conn| Ok(())).await.expect("call success");
[INFO] [stdout]     |                   ^^^^^^^^ method not found in `!`
[INFO] [stdout] 
[INFO] [stdout] 
[INFO] [stdout] warning: unreachable expression
[INFO] [stdout]    --> tests/tests.rs:247:28
[INFO] [stdout]     |
[INFO] [stdout] 247 |     let ok = conn.call_raw(|_conn| Ok(())).await.expect("call success");
[INFO] [stdout]     |              ----          ^^^^^^^^^^^^^^ unreachable expression
[INFO] [stdout]     |              |
[INFO] [stdout]     |              any code following this expression is unreachable
[INFO] [stdout] 
[INFO] [stdout] 
[INFO] [stdout] warning: unreachable call
[INFO] [stdout]    --> tests/tests.rs:251:22
[INFO] [stdout]     |
[INFO] [stdout] 251 |     let conn2 = conn.clone();
[INFO] [stdout]     |                 ---- ^^^^^ unreachable call
[INFO] [stdout]     |                 |
[INFO] [stdout]     |                 any code following this expression is unreachable
[INFO] [stdout] 
[INFO] [stdout] 
[INFO] [stdout] error[E0599]: no method named `close` found for type `!` in the current scope
[INFO] [stdout]    --> tests/tests.rs:252:10
[INFO] [stdout]     |
[INFO] [stdout] 252 |     conn.close().await?;
[INFO] [stdout]     |          ^^^^^
[INFO] [stdout]     |
[INFO] [stdout] help: there is a method `clone` with a similar name
[INFO] [stdout]     |
[INFO] [stdout] 252 -     conn.close().await?;
[INFO] [stdout] 252 +     conn.clone().await?;
[INFO] [stdout]     |
[INFO] [stdout] 
[INFO] [stdout] 
[INFO] [stdout] warning: unreachable call
[INFO] [stdout]    --> tests/tests.rs:252:10
[INFO] [stdout]     |
[INFO] [stdout] 252 |     conn.close().await?;
[INFO] [stdout]     |     ---- ^^^^^ unreachable call
[INFO] [stdout]     |     |
[INFO] [stdout]     |     any code following this expression is unreachable
[INFO] [stdout] 
[INFO] [stdout] 
[INFO] [stdout] warning: method call on a diverging inference variable
[INFO] [stdout]    --> tests/tests.rs:254:41
[INFO] [stdout]     |
[INFO] [stdout] 254 |     let err: Result<Result<()>> = conn2.call_raw(|_conn| Ok(())).await;
[INFO] [stdout]     |                                         ^^^^^^^^
[INFO] [stdout]     |
[INFO] [stdout]     = help: consider providing a type annotation
[INFO] [stdout]     = warning: this was previously accepted by the compiler but is being phased out; it will become a hard error in a future release!
[INFO] [stdout]     = note: for more information, see issue #156047 <https://github.com/rust-lang/rust/issues/156047>
[INFO] [stdout] 
[INFO] [stdout] 
[INFO] [stdout] error[E0599]: no method named `call_raw` found for type `!` in the current scope
[INFO] [stdout]    --> tests/tests.rs:254:41
[INFO] [stdout]     |
[INFO] [stdout] 254 |     let err: Result<Result<()>> = conn2.call_raw(|_conn| Ok(())).await;
[INFO] [stdout]     |                                         ^^^^^^^^ method not found in `!`
[INFO] [stdout] 
[INFO] [stdout] 
[INFO] [stdout] Some errors have detailed explanations: E0432, E0599.
[INFO] [stdout] 
[INFO] [stderr] error: could not compile `tokio-rusqlite-axuman` (test "tests") due to 18 previous errors; 34 warnings emitted
[INFO] [stdout] For more information about an error, try `rustc --explain E0432`.
[INFO] [stdout] 
[INFO] [stderr] warning: build failed, waiting for other jobs to finish...
[INFO] [stdout] Some errors have detailed explanations: E0432, E0599.
[INFO] [stdout] 
[INFO] [stderr] error: could not compile `tokio-rusqlite-axuman` (example "in_memory") due to 3 previous errors; 3 warnings emitted
[INFO] [stdout] For more information about an error, try `rustc --explain E0432`.
[INFO] [stdout] 
[INFO] [stdout] Some errors have detailed explanations: E0432, E0599.
[INFO] [stdout] 
[INFO] [stdout] For more information about an error, try `rustc --explain E0432`.
[INFO] [stdout] 
[INFO] [stderr] error: could not compile `tokio-rusqlite-axuman` (example "multiple_tasks") due to 4 previous errors; 6 warnings emitted
[INFO] [stderr] warning: unused dependency `crossbeam-channel`
[INFO] [stderr]  --> Cargo.toml:1:15
[INFO] [stderr]   |
[INFO] [stderr] 1 | [dependencies.crossbeam-channel]
[INFO] [stderr]   |               ^^^^^^^^^^^^^^^^^^
[INFO] [stderr]   |
[INFO] [stderr]   = note: `cargo::unused_dependencies` is set to `warn` by default
[INFO] [stderr] help: consider removing the dependency on `crossbeam-channel`
[INFO] [stderr] warning: `tokio-rusqlite-axuman` (manifest) generated 1 warning
[INFO] running `Command { std: "docker" "inspect" "d4d0422e7c46b10cd289998f8a3e186000276c862efb48a331660cb04013bd7f", kill_on_drop: false }`
[INFO] running `Command { std: "docker" "rm" "-f" "d4d0422e7c46b10cd289998f8a3e186000276c862efb48a331660cb04013bd7f", kill_on_drop: false }`
[INFO] [stdout] d4d0422e7c46b10cd289998f8a3e186000276c862efb48a331660cb04013bd7f
