[INFO] fetching crate tokio-quicker 0.0.2...
[INFO] testing tokio-quicker-0.0.2 against 1.99.0-beta.8 for beta-1.100-2
[INFO] extracting crate tokio-quicker 0.0.2 into /workspace/builds/worker-4-tc1/source
[INFO] started tweaking crates.io crate tokio-quicker 0.0.2
[INFO] removed 0 missing examples
[INFO] finished tweaking crates.io crate tokio-quicker 0.0.2
[INFO] tweaked toml for crates.io crate tokio-quicker 0.0.2 written to /workspace/builds/worker-4-tc1/source/Cargo.toml
[INFO] validating manifest of crates.io crate tokio-quicker 0.0.2 on toolchain 1.99.0-beta.8
[INFO] running `Command { std: CARGO_HOME="/workspace/cargo-home" RUSTUP_HOME="/workspace/rustup-home" "/workspace/cargo-home/bin/cargo" "+1.99.0-beta.8" "metadata" "--manifest-path" "Cargo.toml" "--no-deps", kill_on_drop: false }`
[INFO] crate crates.io crate tokio-quicker 0.0.2 already has a lockfile, it will not be regenerated
[INFO] running `Command { std: CARGO_HOME="/workspace/cargo-home" RUSTUP_HOME="/workspace/rustup-home" "/workspace/cargo-home/bin/cargo" "+1.99.0-beta.8" "fetch" "--manifest-path" "Cargo.toml", kill_on_drop: false }`
[INFO] [stderr]     Updating crates.io index
[INFO] [stderr]  Downloading crates ...
[INFO] [stderr]   Downloaded smallvec v1.13.1
[INFO] [stderr]   Downloaded hermit-abi v0.3.4
[INFO] [stderr]   Downloaded serde_derive v1.0.196
[INFO] [stderr]   Downloaded octets v0.2.0
[INFO] [stderr]   Downloaded proc-macro2 v1.0.78
[INFO] [stderr]   Downloaded num_threads v0.1.6
[INFO] [stderr]   Downloaded serde v1.0.196
[INFO] [stderr]   Downloaded simple_logger v4.3.3
[INFO] [stderr]   Downloaded fslock v0.2.1
[INFO] [stderr]   Downloaded time-macros v0.2.16
[INFO] [stderr]   Downloaded wasm-bindgen-shared v0.2.90
[INFO] [stderr]   Downloaded wasm-bindgen-macro v0.2.90
[INFO] [stderr]   Downloaded cmake v0.1.50
[INFO] [stderr]   Downloaded libloading v0.8.1
[INFO] [stderr]   Downloaded wasm-bindgen-macro-support v0.2.90
[INFO] [stderr]   Downloaded wasm-bindgen-backend v0.2.90
[INFO] [stderr]   Downloaded gcc v0.3.55
[INFO] [stderr]   Downloaded clang-sys v1.7.0
[INFO] [stderr]   Downloaded intrusive-collections v0.9.6
[INFO] [stderr]   Downloaded iana-time-zone v0.1.59
[INFO] [stderr]   Downloaded num-traits v0.2.17
[INFO] [stderr]   Downloaded time v0.3.31
[INFO] [stderr]   Downloaded aho-corasick v1.1.2
[INFO] [stderr]   Downloaded boring v4.4.0
[INFO] [stderr]   Downloaded wasm-bindgen v0.2.90
[INFO] [stderr]   Downloaded bindgen v0.68.1
[INFO] [stderr]   Downloaded chrono v0.4.33
[INFO] [stderr]   Downloaded regex v1.10.3
[INFO] [stderr]   Downloaded regex-syntax v0.8.2
[INFO] [stderr]   Downloaded regex-automata v0.4.5
[INFO] [stderr]   Downloaded rust-crypto v0.2.36
[INFO] [stderr]   Downloaded quiche v0.20.0
[INFO] [stderr]   Downloaded ring v0.17.7
[INFO] [stderr]   Downloaded boring-sys v4.4.0
[INFO] [stderr]   Downloaded js-sys v0.3.67
[INFO] running `Command { std: "docker" "create" "-v" "/var/lib/crater-agent-workspace/builds/worker-4-tc1/source:/opt/rustwide/workdir:ro,Z" "-v" "/var/lib/crater-agent-workspace/builds/worker-4-tc1/target:/opt/rustwide/target:rw,Z" "-v" "/var/lib/crater-agent-workspace/cargo-home:/opt/rustwide/cargo-home:ro,Z" "-v" "/var/lib/crater-agent-workspace/rustup-home:/opt/rustwide/rustup-home:ro,Z" "-m" "1610612736" "--network" "none" "ghcr.io/rust-lang/crates-build-env/linux@sha256:3111399a4047eeb3a02b7a90e478d715f38a8c6669b5c4b49d30a17385265909" "sleep" "infinity", kill_on_drop: false }`
[INFO] [stdout] f529a690616467a84d0e6cb635d8dc69639910bbca808a1fef73a9e13ff0c8c8
[INFO] running `Command { std: "docker" "start" "f529a690616467a84d0e6cb635d8dc69639910bbca808a1fef73a9e13ff0c8c8", kill_on_drop: false }`
[INFO] running `Command { std: "docker" "inspect" "f529a690616467a84d0e6cb635d8dc69639910bbca808a1fef73a9e13ff0c8c8", kill_on_drop: false }`
[INFO] running `Command { std: "docker" "exec" "-e" "SOURCE_DIR=/opt/rustwide/workdir" "-e" "CARGO_HOME=/opt/rustwide/cargo-home" "-e" "RUSTUP_HOME=/opt/rustwide/rustup-home" "-e" "CARGO_TARGET_DIR=/opt/rustwide/target" "-w" "/opt/rustwide/workdir" "--user" "0:0" "f529a690616467a84d0e6cb635d8dc69639910bbca808a1fef73a9e13ff0c8c8" "/opt/rustwide/cargo-home/bin/cargo" "+1.99.0-beta.8" "metadata" "--no-deps" "--format-version=1", kill_on_drop: false }`
[INFO] running `Command { std: "docker" "inspect" "f529a690616467a84d0e6cb635d8dc69639910bbca808a1fef73a9e13ff0c8c8", kill_on_drop: false }`
[INFO] running `Command { std: "docker" "exec" "-e" "SOURCE_DIR=/opt/rustwide/workdir" "-e" "CARGO_HOME=/opt/rustwide/cargo-home" "-e" "RUSTUP_HOME=/opt/rustwide/rustup-home" "-e" "CARGO_TARGET_DIR=/opt/rustwide/target" "-e" "CARGO_INCREMENTAL=0" "-e" "RUST_BACKTRACE=full" "-e" "RUSTFLAGS=--cap-lints=warn" "-e" "RUSTDOCFLAGS=--cap-lints=warn" "-w" "/opt/rustwide/workdir" "--user" "0:0" "f529a690616467a84d0e6cb635d8dc69639910bbca808a1fef73a9e13ff0c8c8" "/opt/rustwide/cargo-home/bin/cargo" "+1.99.0-beta.8" "build" "--frozen" "--message-format=json", kill_on_drop: false }`
[INFO] [stderr]    Compiling libc v0.2.152
[INFO] [stderr]    Compiling autocfg v1.1.0
[INFO] [stderr]    Compiling proc-macro2 v1.0.78
[INFO] [stderr]    Compiling glob v0.3.1
[INFO] [stderr]    Compiling lazy_static v1.4.0
[INFO] [stderr]    Compiling regex-syntax v0.8.2
[INFO] [stderr]    Compiling memchr v2.7.1
[INFO] [stderr]    Compiling minimal-lexical v0.2.1
[INFO] [stderr]    Compiling bindgen v0.68.1
[INFO] [stderr]    Compiling serde v1.0.196
[INFO] [stderr]    Compiling rustc-hash v1.1.0
[INFO] [stderr]    Compiling peeking_take_while v0.1.2
[INFO] [stderr]    Compiling lazycell v1.3.0
[INFO] [stderr]    Compiling bitflags v2.4.2
[INFO] [stderr]    Compiling libloading v0.8.1
[INFO] [stderr]    Compiling parking_lot_core v0.9.9
[INFO] [stderr]    Compiling gcc v0.3.55
[INFO] [stderr]    Compiling foreign-types-shared v0.3.1
[INFO] [stderr]    Compiling libm v0.2.8
[INFO] [stderr]    Compiling spin v0.9.8
[INFO] [stderr]    Compiling once_cell v1.19.0
[INFO] [stderr]    Compiling log v0.4.20
[INFO] [stderr]    Compiling octets v0.2.0
[INFO] [stderr]    Compiling iana-time-zone v0.1.59
[INFO] [stderr]    Compiling either v1.9.0
[INFO] [stderr]    Compiling bytes v1.5.0
[INFO] [stderr]    Compiling clang-sys v1.7.0
[INFO] [stderr]    Compiling pin-project-lite v0.2.13
[INFO] [stderr]    Compiling rustc-serialize v0.3.25
[INFO] [stderr]    Compiling pollster v0.3.0
[INFO] [stderr]    Compiling slab v0.4.9
[INFO] [stderr]    Compiling crossbeam-utils v0.7.2
[INFO] [stderr]    Compiling memoffset v0.9.0
[INFO] [stderr]    Compiling lock_api v0.4.11
[INFO] [stderr]    Compiling num-traits v0.2.17
[INFO] [stderr]    Compiling nom v7.1.3
[INFO] [stderr]    Compiling intrusive-collections v0.9.6
[INFO] [stderr]    Compiling rust-crypto v0.2.36
[INFO] [stderr]    Compiling quote v1.0.35
[INFO] [stderr]    Compiling syn v2.0.48
[INFO] [stderr]    Compiling cc v1.0.83
[INFO] [stderr]    Compiling fslock v0.2.1
[INFO] [stderr]    Compiling getrandom v0.2.12
[INFO] [stderr]    Compiling rand v0.4.6
[INFO] [stderr]    Compiling tokio-executor v0.1.10
[INFO] [stderr]    Compiling socket2 v0.5.5
[INFO] [stderr]    Compiling rand_core v0.6.4
[INFO] [stderr]    Compiling num_cpus v1.16.0
[INFO] [stderr]    Compiling mio v0.8.10
[INFO] [stderr]    Compiling signal-hook-registry v1.4.1
[INFO] [stderr]    Compiling time v0.1.45
[INFO] [stderr]    Compiling rand_chacha v0.3.1
[INFO] [stderr]    Compiling tokio-timer v0.2.13
[INFO] [stderr]    Compiling rand v0.3.23
[INFO] [stderr]    Compiling rand v0.8.5
[INFO] [stderr]    Compiling chrono v0.4.33
[INFO] [stderr]    Compiling regex-automata v0.4.5
[INFO] [stderr]    Compiling cmake v0.1.50
[INFO] [stderr]    Compiling ring v0.17.7
[INFO] [stderr]    Compiling quiche v0.20.0
[INFO] [stderr]    Compiling cexpr v0.6.0
[INFO] [stderr]    Compiling smallvec v1.13.1
[INFO] [stderr]    Compiling parking_lot v0.12.1
[INFO] [stderr]    Compiling regex v1.10.3
[INFO] [stderr]    Compiling foreign-types-macros v0.2.3
[INFO] [stderr]    Compiling tokio-macros v2.2.0
[INFO] [stderr]    Compiling foreign-types v0.5.0
[INFO] [stderr]    Compiling tokio v1.35.1
[INFO] [stderr]    Compiling boring-sys v4.4.0
[INFO] [stderr]    Compiling boring v4.4.0
[INFO] [stdout] error[E0425]: cannot find function, tuple struct or tuple variant `PEM_write_bio_DHparams` in crate `ffi`
[INFO] [stdout]   --> /opt/rustwide/cargo-home/registry/src/index.crates.io-1949cf8c6b5b557f/boring-4.4.0/src/dh.rs:33:14
[INFO] [stdout]    |
[INFO] [stdout] 33 |         ffi::PEM_write_bio_DHparams
[INFO] [stdout]    |              ^^^^^^^^^^^^^^^^^^^^^^ not found in `ffi`
[INFO] [stdout] 
[INFO] [stdout] 
[INFO] [stdout] error[E0425]: cannot find function, tuple struct or tuple variant `PEM_read_bio_DHparams` in crate `ffi`
[INFO] [stdout]   --> /opt/rustwide/cargo-home/registry/src/index.crates.io-1949cf8c6b5b557f/boring-4.4.0/src/dh.rs:67:14
[INFO] [stdout]    |
[INFO] [stdout] 67 |         ffi::PEM_read_bio_DHparams
[INFO] [stdout]    |              ^^^^^^^^^^^^^^^^^^^^^ not found in `ffi`
[INFO] [stdout] 
[INFO] [stdout] 
[INFO] [stdout] error[E0425]: cannot find function, tuple struct or tuple variant `PEM_write_bio_DSA_PUBKEY` in crate `ffi`
[INFO] [stdout]   --> /opt/rustwide/cargo-home/registry/src/index.crates.io-1949cf8c6b5b557f/boring-4.4.0/src/dsa.rs:92:14
[INFO] [stdout]    |
[INFO] [stdout] 92 |         ffi::PEM_write_bio_DSA_PUBKEY
[INFO] [stdout]    |              ^^^^^^^^^^^^^^^^^^^^^^^^ not found in `ffi`
[INFO] [stdout] 
[INFO] [stdout] 
[INFO] [stdout] error[E0425]: cannot find function, tuple struct or tuple variant `PEM_write_bio_DSAPrivateKey` in crate `ffi`
[INFO] [stdout]    --> /opt/rustwide/cargo-home/registry/src/index.crates.io-1949cf8c6b5b557f/boring-4.4.0/src/dsa.rs:136:14
[INFO] [stdout]     |
[INFO] [stdout] 136 |         ffi::PEM_write_bio_DSAPrivateKey
[INFO] [stdout]     |              ^^^^^^^^^^^^^^^^^^^^^^^^^^^
[INFO] [stdout]     |
[INFO] [stdout]    ::: /opt/rustwide/target/debug/build/boring-sys-2c5b66716d6ad6f4/out/bindings.rs:3:775420
[INFO] [stdout]     |
[INFO] [stdout]   3 | ... { pub fn PEM_write_bio_PKCS8PrivateKey (arg1 :...:: c_void) -> :: std :: os :: raw :: c_int ; } ...
[INFO] [stdout]     |       --------------------------------------------...-------------------------------------------- similarly named function `PEM_write_bio_PKCS8PrivateKey` defined here
[INFO] [stdout]     |
[INFO] [stdout] help: a function with a similar name exists
[INFO] [stdout]     |
[INFO] [stdout] 136 -         ffi::PEM_write_bio_DSAPrivateKey
[INFO] [stdout] 136 +         ffi::PEM_write_bio_PKCS8PrivateKey
[INFO] [stdout]     |
[INFO] [stdout] 
[INFO] [stdout] 
[INFO] [stdout] error[E0425]: cannot find function, tuple struct or tuple variant `PEM_read_bio_DSA_PUBKEY` in crate `ffi`
[INFO] [stdout]    --> /opt/rustwide/cargo-home/registry/src/index.crates.io-1949cf8c6b5b557f/boring-4.4.0/src/dsa.rs:253:14
[INFO] [stdout]     |
[INFO] [stdout] 253 |         ffi::PEM_read_bio_DSA_PUBKEY
[INFO] [stdout]     |              ^^^^^^^^^^^^^^^^^^^^^^^ not found in `ffi`
[INFO] [stdout] 
[INFO] [stdout] 
[INFO] [stdout] error[E0425]: cannot find function, tuple struct or tuple variant `PEM_write_bio_ECPrivateKey` in crate `ffi`
[INFO] [stdout]    --> /opt/rustwide/cargo-home/registry/src/index.crates.io-1949cf8c6b5b557f/boring-4.4.0/src/ec.rs:542:14
[INFO] [stdout]     |
[INFO] [stdout] 542 |         ffi::PEM_write_bio_ECPrivateKey
[INFO] [stdout]     |              ^^^^^^^^^^^^^^^^^^^^^^^^^^
[INFO] [stdout]     |
[INFO] [stdout]    ::: /opt/rustwide/target/debug/build/boring-sys-2c5b66716d6ad6f4/out/bindings.rs:3:775420
[INFO] [stdout]     |
[INFO] [stdout]   3 | ... { pub fn PEM_write_bio_PKCS8PrivateKey (arg1 :...:: c_void) -> :: std :: os :: raw :: c_int ; } ...
[INFO] [stdout]     |       --------------------------------------------...-------------------------------------------- similarly named function `PEM_write_bio_PKCS8PrivateKey` defined here
[INFO] [stdout]     |
[INFO] [stdout] help: a function with a similar name exists
[INFO] [stdout]     |
[INFO] [stdout] 542 -         ffi::PEM_write_bio_ECPrivateKey
[INFO] [stdout] 542 +         ffi::PEM_write_bio_PKCS8PrivateKey
[INFO] [stdout]     |
[INFO] [stdout] 
[INFO] [stdout] 
[INFO] [stdout] error[E0425]: cannot find function, tuple struct or tuple variant `PEM_write_bio_EC_PUBKEY` in crate `ffi`
[INFO] [stdout]    --> /opt/rustwide/cargo-home/registry/src/index.crates.io-1949cf8c6b5b557f/boring-4.4.0/src/ec.rs:593:14
[INFO] [stdout]     |
[INFO] [stdout] 593 |         ffi::PEM_write_bio_EC_PUBKEY
[INFO] [stdout]     |              ^^^^^^^^^^^^^^^^^^^^^^^ not found in `ffi`
[INFO] [stdout] 
[INFO] [stdout] 
[INFO] [stdout] error[E0425]: cannot find function, tuple struct or tuple variant `PEM_read_bio_EC_PUBKEY` in crate `ffi`
[INFO] [stdout]    --> /opt/rustwide/cargo-home/registry/src/index.crates.io-1949cf8c6b5b557f/boring-4.4.0/src/ec.rs:752:14
[INFO] [stdout]     |
[INFO] [stdout] 752 |         ffi::PEM_read_bio_EC_PUBKEY
[INFO] [stdout]     |              ^^^^^^^^^^^^^^^^^^^^^^ not found in `ffi`
[INFO] [stdout] 
[INFO] [stdout] 
[INFO] [stdout] error[E0425]: cannot find function, tuple struct or tuple variant `PEM_read_bio_ECPrivateKey` in crate `ffi`
[INFO] [stdout]    --> /opt/rustwide/cargo-home/registry/src/index.crates.io-1949cf8c6b5b557f/boring-4.4.0/src/ec.rs:834:14
[INFO] [stdout]     |
[INFO] [stdout] 834 |         ffi::PEM_read_bio_ECPrivateKey
[INFO] [stdout]     |              ^^^^^^^^^^^^^^^^^^^^^^^^^
[INFO] [stdout]     |
[INFO] [stdout]    ::: /opt/rustwide/target/debug/build/boring-sys-2c5b66716d6ad6f4/out/bindings.rs:3:775420
[INFO] [stdout]     |
[INFO] [stdout]   3 | ... { pub fn PEM_write_bio_PKCS8PrivateKey (arg1 :...:: c_void) -> :: std :: os :: raw :: c_int ; } ...
[INFO] [stdout]     |       --------------------------------------------...-------------------------------------------- similarly named function `PEM_write_bio_PKCS8PrivateKey` defined here
[INFO] [stdout]     |
[INFO] [stdout] help: a function with a similar name exists
[INFO] [stdout]     |
[INFO] [stdout] 834 -         ffi::PEM_read_bio_ECPrivateKey
[INFO] [stdout] 834 +         ffi::PEM_write_bio_PKCS8PrivateKey
[INFO] [stdout]     |
[INFO] [stdout] 
[INFO] [stdout] 
[INFO] [stdout] error[E0425]: cannot find function, tuple struct or tuple variant `PEM_write_bio_PUBKEY` in crate `ffi`
[INFO] [stdout]    --> /opt/rustwide/cargo-home/registry/src/index.crates.io-1949cf8c6b5b557f/boring-4.4.0/src/pkey.rs:219:14
[INFO] [stdout]     |
[INFO] [stdout] 219 |         ffi::PEM_write_bio_PUBKEY
[INFO] [stdout]     |              ^^^^^^^^^^^^^^^^^^^^ not found in `ffi`
[INFO] [stdout] 
[INFO] [stdout] 
[INFO] [stdout] error[E0425]: cannot find function, tuple struct or tuple variant `PEM_read_bio_PrivateKey` in crate `ffi`
[INFO] [stdout]    --> /opt/rustwide/cargo-home/registry/src/index.crates.io-1949cf8c6b5b557f/boring-4.4.0/src/pkey.rs:389:14
[INFO] [stdout]     |
[INFO] [stdout] 389 |         ffi::PEM_read_bio_PrivateKey
[INFO] [stdout]     |              ^^^^^^^^^^^^^^^^^^^^^^^ not found in `ffi`
[INFO] [stdout] 
[INFO] [stdout] 
[INFO] [stdout] error[E0425]: cannot find function `d2i_PKCS8_PRIV_KEY_INFO` in crate `ffi`
[INFO] [stdout]    --> /opt/rustwide/cargo-home/registry/src/index.crates.io-1949cf8c6b5b557f/boring-4.4.0/src/pkey.rs:415:36
[INFO] [stdout]     |
[INFO] [stdout] 415 |             let p8inf = cvt_p(ffi::d2i_PKCS8_PRIV_KEY_INFO(
[INFO] [stdout]     |                                    ^^^^^^^^^^^^^^^^^^^^^^^
[INFO] [stdout]     |
[INFO] [stdout]    ::: /opt/rustwide/target/debug/build/boring-sys-2c5b66716d6ad6f4/out/bindings.rs:3:715265
[INFO] [stdout]     |
[INFO] [stdout]   3 | ... { pub fn d2i_PKCS8_PRIV_KEY_INFO_fp (fp : * mut FILE , p8inf : * mut * mut PKCS8_PRIV_KEY_INFO) -> * mut PKCS8_PRIV_KEY_INFO ; } ...
[INFO] [stdout]     |       ---------------------------------------------------------------------------------------------------------------------------- similarly named function `d2i_PKCS8_PRIV_KEY_INFO_fp` defined here
[INFO] [stdout]     |
[INFO] [stdout] help: a function with a similar name exists
[INFO] [stdout]     |
[INFO] [stdout] 415 |             let p8inf = cvt_p(ffi::d2i_PKCS8_PRIV_KEY_INFO_fp(
[INFO] [stdout]     |                                                           +++
[INFO] [stdout] 
[INFO] [stdout] 
[INFO] [stdout] error[E0425]: cannot find function, tuple struct or tuple variant `PKCS8_PRIV_KEY_INFO_free` in crate `ffi`
[INFO] [stdout]    --> /opt/rustwide/cargo-home/registry/src/index.crates.io-1949cf8c6b5b557f/boring-4.4.0/src/pkey.rs:421:18
[INFO] [stdout]     |
[INFO] [stdout] 421 |             ffi::PKCS8_PRIV_KEY_INFO_free(p8inf);
[INFO] [stdout]     |                  ^^^^^^^^^^^^^^^^^^^^^^^^
[INFO] [stdout]     |
[INFO] [stdout]    ::: /opt/rustwide/target/debug/build/boring-sys-2c5b66716d6ad6f4/out/bindings.rs:3:715265
[INFO] [stdout]     |
[INFO] [stdout]   3 | ... { pub fn d2i_PKCS8_PRIV_KEY_INFO_fp (fp : * mut FILE , p8inf : * mut * mut PKCS8_PRIV_KEY_INFO) -> * mut PKCS8_PRIV_KEY_INFO ; } ...
[INFO] [stdout]     |       ---------------------------------------------------------------------------------------------------------------------------- similarly named function `d2i_PKCS8_PRIV_KEY_INFO_fp` defined here
[INFO] [stdout]     |
[INFO] [stdout] help: a function with a similar name exists
[INFO] [stdout]     |
[INFO] [stdout] 421 -             ffi::PKCS8_PRIV_KEY_INFO_free(p8inf);
[INFO] [stdout] 421 +             ffi::d2i_PKCS8_PRIV_KEY_INFO_fp(p8inf);
[INFO] [stdout]     |
[INFO] [stdout] 
[INFO] [stdout] 
[INFO] [stdout] error[E0425]: cannot find function, tuple struct or tuple variant `PEM_read_bio_PUBKEY` in crate `ffi`
[INFO] [stdout]    --> /opt/rustwide/cargo-home/registry/src/index.crates.io-1949cf8c6b5b557f/boring-4.4.0/src/pkey.rs:488:14
[INFO] [stdout]     |
[INFO] [stdout] 488 |         ffi::PEM_read_bio_PUBKEY
[INFO] [stdout]     |              ^^^^^^^^^^^^^^^^^^^ not found in `ffi`
[INFO] [stdout] 
[INFO] [stdout] 
[INFO] [stdout] error[E0425]: cannot find function, tuple struct or tuple variant `PEM_write_bio_RSAPrivateKey` in crate `ffi`
[INFO] [stdout]    --> /opt/rustwide/cargo-home/registry/src/index.crates.io-1949cf8c6b5b557f/boring-4.4.0/src/rsa.rs:129:14
[INFO] [stdout]     |
[INFO] [stdout] 129 |         ffi::PEM_write_bio_RSAPrivateKey
[INFO] [stdout]     |              ^^^^^^^^^^^^^^^^^^^^^^^^^^^
[INFO] [stdout]     |
[INFO] [stdout]    ::: /opt/rustwide/target/debug/build/boring-sys-2c5b66716d6ad6f4/out/bindings.rs:3:775420
[INFO] [stdout]     |
[INFO] [stdout]   3 | ... { pub fn PEM_write_bio_PKCS8PrivateKey (arg1 :...:: c_void) -> :: std :: os :: raw :: c_int ; } ...
[INFO] [stdout]     |       --------------------------------------------...-------------------------------------------- similarly named function `PEM_write_bio_PKCS8PrivateKey` defined here
[INFO] [stdout]     |
[INFO] [stdout] help: a function with a similar name exists
[INFO] [stdout]     |
[INFO] [stdout] 129 -         ffi::PEM_write_bio_RSAPrivateKey
[INFO] [stdout] 129 +         ffi::PEM_write_bio_PKCS8PrivateKey
[INFO] [stdout]     |
[INFO] [stdout] 
[INFO] [stdout] 
[INFO] [stdout] error[E0425]: cannot find function, tuple struct or tuple variant `PEM_write_bio_RSA_PUBKEY` in crate `ffi`
[INFO] [stdout]    --> /opt/rustwide/cargo-home/registry/src/index.crates.io-1949cf8c6b5b557f/boring-4.4.0/src/rsa.rs:325:14
[INFO] [stdout]     |
[INFO] [stdout] 325 |         ffi::PEM_write_bio_RSA_PUBKEY
[INFO] [stdout]     |              ^^^^^^^^^^^^^^^^^^^^^^^^ not found in `ffi`
[INFO] [stdout] 
[INFO] [stdout] 
[INFO] [stdout] error[E0425]: cannot find function, tuple struct or tuple variant `PEM_write_bio_RSAPublicKey` in crate `ffi`
[INFO] [stdout]    --> /opt/rustwide/cargo-home/registry/src/index.crates.io-1949cf8c6b5b557f/boring-4.4.0/src/rsa.rs:347:14
[INFO] [stdout]     |
[INFO] [stdout] 347 |         ffi::PEM_write_bio_RSAPublicKey
[INFO] [stdout]     |              ^^^^^^^^^^^^^^^^^^^^^^^^^^ not found in `ffi`
[INFO] [stdout] 
[INFO] [stdout] 
[INFO] [stdout] error[E0425]: cannot find function, tuple struct or tuple variant `PEM_read_bio_RSA_PUBKEY` in crate `ffi`
[INFO] [stdout]    --> /opt/rustwide/cargo-home/registry/src/index.crates.io-1949cf8c6b5b557f/boring-4.4.0/src/rsa.rs:478:14
[INFO] [stdout]     |
[INFO] [stdout] 478 |         ffi::PEM_read_bio_RSA_PUBKEY
[INFO] [stdout]     |              ^^^^^^^^^^^^^^^^^^^^^^^ not found in `ffi`
[INFO] [stdout] 
[INFO] [stdout] 
[INFO] [stdout] error[E0425]: cannot find function, tuple struct or tuple variant `PEM_read_bio_RSAPublicKey` in crate `ffi`
[INFO] [stdout]    --> /opt/rustwide/cargo-home/registry/src/index.crates.io-1949cf8c6b5b557f/boring-4.4.0/src/rsa.rs:491:14
[INFO] [stdout]     |
[INFO] [stdout] 491 |         ffi::PEM_read_bio_RSAPublicKey
[INFO] [stdout]     |              ^^^^^^^^^^^^^^^^^^^^^^^^^ not found in `ffi`
[INFO] [stdout] 
[INFO] [stdout] 
[INFO] [stdout] error[E0425]: cannot find function, tuple struct or tuple variant `PEM_read_bio_RSAPrivateKey` in crate `ffi`
[INFO] [stdout]    --> /opt/rustwide/cargo-home/registry/src/index.crates.io-1949cf8c6b5b557f/boring-4.4.0/src/rsa.rs:672:14
[INFO] [stdout]     |
[INFO] [stdout] 672 |         ffi::PEM_read_bio_RSAPrivateKey
[INFO] [stdout]     |              ^^^^^^^^^^^^^^^^^^^^^^^^^^
[INFO] [stdout]     |
[INFO] [stdout]    ::: /opt/rustwide/target/debug/build/boring-sys-2c5b66716d6ad6f4/out/bindings.rs:3:775420
[INFO] [stdout]     |
[INFO] [stdout]   3 | ... { pub fn PEM_write_bio_PKCS8PrivateKey (arg1 :...:: c_void) -> :: std :: os :: raw :: c_int ; } ...
[INFO] [stdout]     |       --------------------------------------------...-------------------------------------------- similarly named function `PEM_write_bio_PKCS8PrivateKey` defined here
[INFO] [stdout]     |
[INFO] [stdout] help: a function with a similar name exists
[INFO] [stdout]     |
[INFO] [stdout] 672 -         ffi::PEM_read_bio_RSAPrivateKey
[INFO] [stdout] 672 +         ffi::PEM_write_bio_PKCS8PrivateKey
[INFO] [stdout]     |
[INFO] [stdout] 
[INFO] [stdout] 
[INFO] [stdout] error[E0425]: cannot find function, tuple struct or tuple variant `PEM_write_bio_X509` in crate `ffi`
[INFO] [stdout]    --> /opt/rustwide/cargo-home/registry/src/index.crates.io-1949cf8c6b5b557f/boring-4.4.0/src/x509/mod.rs:604:14
[INFO] [stdout]     |
[INFO] [stdout] 604 |         ffi::PEM_write_bio_X509
[INFO] [stdout]     |              ^^^^^^^^^^^^^^^^^^
[INFO] [stdout]     |
[INFO] [stdout]    ::: /opt/rustwide/target/debug/build/boring-sys-2c5b66716d6ad6f4/out/bindings.rs:3:772012
[INFO] [stdout]     |
[INFO] [stdout]   3 | ... { pub fn PEM_write_bio (bp : * mut BIO , name : * const :: std :: os :: raw :: c_char , hdr : * const :: std :: os :: raw :: c_char , data : * const :: std :: os :: raw :: c_uchar , len : :: std :: os :: raw :: c_long) -> :: std :: os :: raw :: c_int ; } ...
[INFO] [stdout]     |       ---------------------------------------------------------------------------------------------------------------------------------------------------------------------------------------------------------------------------------------------------------- similarly named function `PEM_write_bio` defined here
[INFO] [stdout]     |
[INFO] [stdout] help: a function with a similar name exists
[INFO] [stdout]     |
[INFO] [stdout] 604 -         ffi::PEM_write_bio_X509
[INFO] [stdout] 604 +         ffi::PEM_write_bio
[INFO] [stdout]     |
[INFO] [stdout] 
[INFO] [stdout] 
[INFO] [stdout] error[E0425]: cannot find function, tuple struct or tuple variant `PEM_read_bio_X509` in crate `ffi`
[INFO] [stdout]    --> /opt/rustwide/cargo-home/registry/src/index.crates.io-1949cf8c6b5b557f/boring-4.4.0/src/x509/mod.rs:645:14
[INFO] [stdout]     |
[INFO] [stdout] 645 |         ffi::PEM_read_bio_X509
[INFO] [stdout]     |              ^^^^^^^^^^^^^^^^^
[INFO] [stdout]     |
[INFO] [stdout]    ::: /opt/rustwide/target/debug/build/boring-sys-2c5b66716d6ad6f4/out/bindings.rs:3:771726
[INFO] [stdout]     |
[INFO] [stdout]   3 | ... { pub fn PEM_read_bio (bp : * mut BIO , name :...:: c_long) -> :: std :: os :: raw :: c_int ; } ...
[INFO] [stdout]     |       --------------------------------------------...-------------------------------------------- similarly named function `PEM_read_bio` defined here
[INFO] [stdout]     |
[INFO] [stdout] help: a function with a similar name exists
[INFO] [stdout]     |
[INFO] [stdout] 645 -         ffi::PEM_read_bio_X509
[INFO] [stdout] 645 +         ffi::PEM_read_bio
[INFO] [stdout]     |
[INFO] [stdout] 
[INFO] [stdout] 
[INFO] [stdout] error[E0425]: cannot find function, tuple struct or tuple variant `PEM_read_bio_X509` in crate `ffi`
[INFO] [stdout]    --> /opt/rustwide/cargo-home/registry/src/index.crates.io-1949cf8c6b5b557f/boring-4.4.0/src/x509/mod.rs:669:26
[INFO] [stdout]     |
[INFO] [stdout] 669 |                     ffi::PEM_read_bio_X509(bio.as_ptr(), ptr::null_mut(), None, ptr::null_mut());
[INFO] [stdout]     |                          ^^^^^^^^^^^^^^^^^
[INFO] [stdout]     |
[INFO] [stdout]    ::: /opt/rustwide/target/debug/build/boring-sys-2c5b66716d6ad6f4/out/bindings.rs:3:771726
[INFO] [stdout]     |
[INFO] [stdout]   3 | ... { pub fn PEM_read_bio (bp : * mut BIO , name :...:: c_long) -> :: std :: os :: raw :: c_int ; } ...
[INFO] [stdout]     |       --------------------------------------------...-------------------------------------------- similarly named function `PEM_read_bio` defined here
[INFO] [stdout]     |
[INFO] [stdout] help: a function with a similar name exists
[INFO] [stdout]     |
[INFO] [stdout] 669 -                     ffi::PEM_read_bio_X509(bio.as_ptr(), ptr::null_mut(), None, ptr::null_mut());
[INFO] [stdout] 669 +                     ffi::PEM_read_bio(bio.as_ptr(), ptr::null_mut(), None, ptr::null_mut());
[INFO] [stdout]     |
[INFO] [stdout] 
[INFO] [stdout] 
[INFO] [stdout] error[E0425]: cannot find function, tuple struct or tuple variant `PEM_read_bio_X509_REQ` in crate `ffi`
[INFO] [stdout]     --> /opt/rustwide/cargo-home/registry/src/index.crates.io-1949cf8c6b5b557f/boring-4.4.0/src/x509/mod.rs:1283:14
[INFO] [stdout]      |
[INFO] [stdout] 1283 |         ffi::PEM_read_bio_X509_REQ
[INFO] [stdout]      |              ^^^^^^^^^^^^^^^^^^^^^ not found in `ffi`
[INFO] [stdout] 
[INFO] [stdout] 
[INFO] [stdout] error[E0425]: cannot find function, tuple struct or tuple variant `PEM_write_bio_X509_REQ` in crate `ffi`
[INFO] [stdout]     --> /opt/rustwide/cargo-home/registry/src/index.crates.io-1949cf8c6b5b557f/boring-4.4.0/src/x509/mod.rs:1309:14
[INFO] [stdout]      |
[INFO] [stdout] 1309 |         ffi::PEM_write_bio_X509_REQ
[INFO] [stdout]      |              ^^^^^^^^^^^^^^^^^^^^^^ not found in `ffi`
[INFO] [stdout] 
[INFO] [stdout] 
[INFO] [stdout] error[E0425]: cannot find value `GENERAL_NAME_free` in crate `ffi`
[INFO] [stdout]     --> /opt/rustwide/cargo-home/registry/src/index.crates.io-1949cf8c6b5b557f/boring-4.4.0/src/x509/mod.rs:1523:20
[INFO] [stdout]      |
[INFO] [stdout] 1523 |     fn drop = ffi::GENERAL_NAME_free;
[INFO] [stdout]      |                    ^^^^^^^^^^^^^^^^^
[INFO] [stdout]      |
[INFO] [stdout]     ::: /opt/rustwide/target/debug/build/boring-sys-2c5b66716d6ad6f4/out/bindings.rs:3:922173
[INFO] [stdout]      |
[INFO] [stdout]    3 | ...se_st ; extern "C" { pub fn GENERAL_NAME_dup (a : * mut GENERAL_NAME) -> * mut GENERAL_NAME ; } extern "C" { pub fn i2v_GENERAL...
[INFO] [stdout]      |                         ------------------------------------------------------------------------ similarly named function `GENERAL_NAME_dup` defined here
[INFO] [stdout]      |
[INFO] [stdout] help: a function with a similar name exists
[INFO] [stdout]      |
[INFO] [stdout] 1523 -     fn drop = ffi::GENERAL_NAME_free;
[INFO] [stdout] 1523 +     fn drop = ffi::GENERAL_NAME_dup;
[INFO] [stdout]      |
[INFO] [stdout] 
[INFO] [stdout] 
[INFO] [stdout] error[E0425]: cannot find function, tuple struct or tuple variant `GENERAL_NAME_new` in crate `ffi`
[INFO] [stdout]     --> /opt/rustwide/cargo-home/registry/src/index.crates.io-1949cf8c6b5b557f/boring-4.4.0/src/x509/mod.rs:1536:51
[INFO] [stdout]      |
[INFO] [stdout] 1536 |         let gn = GeneralName::from_ptr(cvt_p(ffi::GENERAL_NAME_new())?);
[INFO] [stdout]      |                                                   ^^^^^^^^^^^^^^^^
[INFO] [stdout]      |
[INFO] [stdout]     ::: /opt/rustwide/target/debug/build/boring-sys-2c5b66716d6ad6f4/out/bindings.rs:3:922173
[INFO] [stdout]      |
[INFO] [stdout]    3 | ...se_st ; extern "C" { pub fn GENERAL_NAME_dup (a : * mut GENERAL_NAME) -> * mut GENERAL_NAME ; } extern "C" { pub fn i2v_GENERAL...
[INFO] [stdout]      |                         ------------------------------------------------------------------------ similarly named function `GENERAL_NAME_dup` defined here
[INFO] [stdout]      |
[INFO] [stdout] help: a function with a similar name exists
[INFO] [stdout]      |
[INFO] [stdout] 1536 -         let gn = GeneralName::from_ptr(cvt_p(ffi::GENERAL_NAME_new())?);
[INFO] [stdout] 1536 +         let gn = GeneralName::from_ptr(cvt_p(ffi::GENERAL_NAME_dup())?);
[INFO] [stdout]      |
[INFO] [stdout] 
[INFO] [stdout] 
[INFO] [stdout] error[E0425]: cannot find function, tuple struct or tuple variant `GENERAL_NAME_new` in crate `ffi`
[INFO] [stdout]     --> /opt/rustwide/cargo-home/registry/src/index.crates.io-1949cf8c6b5b557f/boring-4.4.0/src/x509/mod.rs:1572:33
[INFO] [stdout]      |
[INFO] [stdout] 1572 |             let gn = cvt_p(ffi::GENERAL_NAME_new())?;
[INFO] [stdout]      |                                 ^^^^^^^^^^^^^^^^
[INFO] [stdout]      |
[INFO] [stdout]     ::: /opt/rustwide/target/debug/build/boring-sys-2c5b66716d6ad6f4/out/bindings.rs:3:922173
[INFO] [stdout]      |
[INFO] [stdout]    3 | ...se_st ; extern "C" { pub fn GENERAL_NAME_dup (a : * mut GENERAL_NAME) -> * mut GENERAL_NAME ; } extern "C" { pub fn i2v_GENERAL...
[INFO] [stdout]      |                         ------------------------------------------------------------------------ similarly named function `GENERAL_NAME_dup` defined here
[INFO] [stdout]      |
[INFO] [stdout] help: a function with a similar name exists
[INFO] [stdout]      |
[INFO] [stdout] 1572 -             let gn = cvt_p(ffi::GENERAL_NAME_new())?;
[INFO] [stdout] 1572 +             let gn = cvt_p(ffi::GENERAL_NAME_dup())?;
[INFO] [stdout]      |
[INFO] [stdout] 
[INFO] [stdout] 
[INFO] [stdout] For more information about this error, try `rustc --explain E0425`.
[INFO] [stdout] 
[INFO] [stderr] error: could not compile `boring` (lib) due to 28 previous errors
[INFO] running `Command { std: "docker" "inspect" "f529a690616467a84d0e6cb635d8dc69639910bbca808a1fef73a9e13ff0c8c8", kill_on_drop: false }`
[INFO] running `Command { std: "docker" "rm" "-f" "f529a690616467a84d0e6cb635d8dc69639910bbca808a1fef73a9e13ff0c8c8", kill_on_drop: false }`
[INFO] [stdout] f529a690616467a84d0e6cb635d8dc69639910bbca808a1fef73a9e13ff0c8c8
