[INFO] fetching crate token-goat 1.0.0...
[INFO] testing token-goat-1.0.0 against 1.99.0-beta.8 for beta-1.100-2
[INFO] extracting crate token-goat 1.0.0 into /workspace/builds/worker-5-tc1/source
[INFO] started tweaking crates.io crate token-goat 1.0.0
[INFO] finished tweaking crates.io crate token-goat 1.0.0
[INFO] tweaked toml for crates.io crate token-goat 1.0.0 written to /workspace/builds/worker-5-tc1/source/Cargo.toml
[INFO] validating manifest of crates.io crate token-goat 1.0.0 on toolchain 1.99.0-beta.8
[INFO] running `Command { std: CARGO_HOME="/workspace/cargo-home" RUSTUP_HOME="/workspace/rustup-home" "/workspace/cargo-home/bin/cargo" "+1.99.0-beta.8" "metadata" "--manifest-path" "Cargo.toml" "--no-deps", kill_on_drop: false }`
[INFO] crate crates.io crate token-goat 1.0.0 already has a lockfile, it will not be regenerated
[INFO] running `Command { std: CARGO_HOME="/workspace/cargo-home" RUSTUP_HOME="/workspace/rustup-home" "/workspace/cargo-home/bin/cargo" "+1.99.0-beta.8" "fetch" "--manifest-path" "Cargo.toml", kill_on_drop: false }`
[INFO] [stderr]     Updating crates.io index
[INFO] [stderr]     Blocking waiting for file lock on package cache
[INFO] [stderr]  Downloading crates ...
[INFO] [stderr]   Downloaded solana-sha256-hasher v2.2.1
[INFO] [stderr]   Downloaded solana-pubkey v2.4.0
[INFO] [stderr]   Downloaded rustversion v1.0.21
[INFO] [stderr]   Downloaded solana-hash v2.3.0
[INFO] [stderr]   Downloaded spl-associated-token-account-client v2.0.0
[INFO] [stderr]   Downloaded solana-define-syscall v2.3.0
[INFO] [stderr]   Downloaded five8_const v0.1.4
[INFO] [stderr]   Downloaded solana-instruction v2.3.0
[INFO] [stderr]   Downloaded solana-program-error v2.2.2
[INFO] [stderr]   Downloaded solana-atomic-u64 v2.2.1
[INFO] [stderr]   Downloaded bytemuck_derive v1.9.3
[INFO] [stderr]   Downloaded borsh-derive v1.5.7
[INFO] [stderr]   Downloaded solana-system-interface v1.0.0
[INFO] [stderr]   Downloaded solana-big-mod-exp v2.2.1
[INFO] [stderr]   Downloaded proc-macro-crate v3.3.0
[INFO] [stderr]   Downloaded solana-sanitize v2.2.1
[INFO] [stderr]   Downloaded solana-decode-error v2.3.0
[INFO] [stderr]   Downloaded solana-sdk-macro v2.2.1
[INFO] [stderr]   Downloaded solana-clock v2.2.2
[INFO] [stderr]   Downloaded solana-instructions-sysvar v2.2.2
[INFO] [stderr]   Downloaded solana-loader-v4-interface v2.2.1
[INFO] [stderr]   Downloaded zeroize v1.8.1
[INFO] [stderr]   Downloaded solana-serialize-utils v2.2.1
[INFO] [stderr]   Downloaded solana-slot-history v2.2.1
[INFO] [stderr]   Downloaded solana-last-restart-slot v2.2.1
[INFO] [stderr]   Downloaded solana-epoch-schedule v2.2.1
[INFO] [stderr]   Downloaded solana-program-option v2.2.1
[INFO] [stderr]   Downloaded solana-nonce v2.2.1
[INFO] [stderr]   Downloaded solana-feature-gate-interface v2.2.2
[INFO] [stderr]   Downloaded solana-account v2.2.1
[INFO] [stderr]   Downloaded solana-example-mocks v2.2.1
[INFO] [stderr]   Downloaded five8 v0.2.1
[INFO] [stderr]   Downloaded five8_core v0.1.2
[INFO] [stderr]   Downloaded gorb-pod v1.0.0
[INFO] [stderr]   Downloaded zeroize_derive v1.4.2
[INFO] [stderr]   Downloaded solana-epoch-rewards v2.2.1
[INFO] [stderr]   Downloaded keccak v0.1.5
[INFO] [stderr]   Downloaded solana-blake3-hasher v2.2.1
[INFO] [stderr]   Downloaded solana-borsh v2.2.1
[INFO] [stderr]   Downloaded solana-seed-phrase v2.2.1
[INFO] [stderr]   Downloaded spl-program-error v0.6.0
[INFO] [stderr]   Downloaded solana-serde-varint v2.2.2
[INFO] [stderr]   Downloaded solana-sysvar-id v2.2.1
[INFO] [stderr]   Downloaded solana-msg v2.2.1
[INFO] [stderr]   Downloaded solana-cpi v2.2.1
[INFO] [stderr]   Downloaded solana-program-memory v2.3.1
[INFO] [stderr]   Downloaded solana-fee-calculator v2.2.1
[INFO] [stderr]   Downloaded spl-type-length-value v0.7.0
[INFO] [stderr]   Downloaded solana-signer v2.2.1
[INFO] [stderr]   Downloaded solana-seed-derivable v2.2.1
[INFO] [stderr]   Downloaded spl-elgamal-registry v0.1.1
[INFO] [stderr]   Downloaded solana-curve25519 v2.3.3
[INFO] [stderr]   Downloaded solana-security-txt v1.1.1
[INFO] [stderr]   Downloaded solana-secp256k1-recover v2.2.1
[INFO] [stderr]   Downloaded spl-discriminator v0.4.1
[INFO] [stderr]   Downloaded spl-discriminator-syn v0.2.0
[INFO] [stderr]   Downloaded spl-transfer-hook-interface v0.9.0
[INFO] [stderr]   Downloaded spl-program-error-derive v0.4.1
[INFO] [stderr]   Downloaded solana-short-vec v2.2.1
[INFO] [stderr]   Downloaded solana-sdk-ids v2.2.1
[INFO] [stderr]   Downloaded solana-rent v2.2.1
[INFO] [stderr]   Downloaded solana-account-info v2.3.0
[INFO] [stderr]   Downloaded solana-program-entrypoint v2.3.0
[INFO] [stderr]   Downloaded solana-native-token v2.3.0
[INFO] [stderr]   Downloaded solana-bincode v2.2.1
[INFO] [stderr]   Downloaded serde_bytes v0.11.17
[INFO] [stderr]   Downloaded solana-loader-v3-interface v5.0.0
[INFO] [stderr]   Downloaded solana-signature v2.3.0
[INFO] [stderr]   Downloaded solana-derivation-path v2.2.1
[INFO] [stderr]   Downloaded gorb-ctpg v1.0.0
[INFO] [stderr]   Downloaded solana-slot-hashes v2.2.1
[INFO] [stderr]   Downloaded solana-program-pack v2.2.1
[INFO] [stderr]   Downloaded solana-loader-v2-interface v2.2.1
[INFO] [stderr]   Downloaded solana-keccak-hasher v2.2.1
[INFO] [stderr]   Downloaded solana-address-lookup-table-interface v2.2.2
[INFO] [stderr]   Downloaded spl-token-metadata-interface v0.6.0
[INFO] [stderr]   Downloaded spl-memo v6.0.0
[INFO] [stderr]   Downloaded spl-token-confidential-transfer-proof-extraction v0.2.1
[INFO] [stderr]   Downloaded gorb-ct-ciphertext-arithmetic v1.0.0
[INFO] [stderr]   Downloaded solana-vote-interface v2.2.5
[INFO] [stderr]   Downloaded solana-transaction-error v2.2.1
[INFO] [stderr]   Downloaded spl-pod v0.5.1
[INFO] [stderr]   Downloaded redox_syscall v0.5.13
[INFO] [stderr]   Downloaded solana-program v2.3.0
[INFO] [stderr]   Downloaded solana-sysvar v2.2.2
[INFO] [stderr]   Downloaded solana-stake-interface v1.2.1
[INFO] [stderr]   Downloaded spl-token-group-interface v0.5.0
[INFO] [stderr]   Downloaded solana-stable-layout v2.2.1
[INFO] [stderr]   Downloaded spl-tlv-account-resolution v0.9.0
[INFO] [stderr]   Downloaded gorb-ct-proof-extraction v1.0.0
[INFO] [stderr]   Downloaded solana-message v2.4.0
[INFO] [stderr]   Downloaded tinyvec v1.9.0
[INFO] [stderr]   Downloaded bytemuck v1.23.1
[INFO] [stderr]   Downloaded gorb-token v1.0.0
[INFO] [stderr]   Downloaded borsh v1.5.7
[INFO] [stderr]   Downloaded cc v1.2.29
[INFO] [stderr]   Downloaded winnow v0.7.11
[INFO] [stderr]   Downloaded hashbrown v0.15.4
[INFO] [stderr]   Downloaded blake3 v1.8.2
[INFO] [stderr]   Downloaded curve25519-dalek v4.2.0
[INFO] [stderr]   Downloaded solana-zk-sdk v2.3.3
[INFO] [stderr]   Downloaded gor22-token v1.0.0
[INFO] running `Command { std: "docker" "create" "-v" "/var/lib/crater-agent-workspace/builds/worker-5-tc1/source:/opt/rustwide/workdir:ro,Z" "-v" "/var/lib/crater-agent-workspace/builds/worker-5-tc1/target:/opt/rustwide/target:rw,Z" "-v" "/var/lib/crater-agent-workspace/cargo-home:/opt/rustwide/cargo-home:ro,Z" "-v" "/var/lib/crater-agent-workspace/rustup-home:/opt/rustwide/rustup-home:ro,Z" "-m" "1610612736" "--network" "none" "ghcr.io/rust-lang/crates-build-env/linux@sha256:3111399a4047eeb3a02b7a90e478d715f38a8c6669b5c4b49d30a17385265909" "sleep" "infinity", kill_on_drop: false }`
[INFO] [stdout] 2aa6b382b9784bf020263f5845b2424e546a3d8fd43503fc965401ccc61119ee
[INFO] running `Command { std: "docker" "start" "2aa6b382b9784bf020263f5845b2424e546a3d8fd43503fc965401ccc61119ee", kill_on_drop: false }`
[INFO] running `Command { std: "docker" "inspect" "2aa6b382b9784bf020263f5845b2424e546a3d8fd43503fc965401ccc61119ee", kill_on_drop: false }`
[INFO] running `Command { std: "docker" "exec" "-e" "SOURCE_DIR=/opt/rustwide/workdir" "-e" "CARGO_HOME=/opt/rustwide/cargo-home" "-e" "RUSTUP_HOME=/opt/rustwide/rustup-home" "-e" "CARGO_TARGET_DIR=/opt/rustwide/target" "-w" "/opt/rustwide/workdir" "--user" "0:0" "2aa6b382b9784bf020263f5845b2424e546a3d8fd43503fc965401ccc61119ee" "/opt/rustwide/cargo-home/bin/cargo" "+1.99.0-beta.8" "metadata" "--no-deps" "--format-version=1", kill_on_drop: false }`
[INFO] running `Command { std: "docker" "inspect" "2aa6b382b9784bf020263f5845b2424e546a3d8fd43503fc965401ccc61119ee", kill_on_drop: false }`
[INFO] running `Command { std: "docker" "exec" "-e" "SOURCE_DIR=/opt/rustwide/workdir" "-e" "CARGO_HOME=/opt/rustwide/cargo-home" "-e" "RUSTUP_HOME=/opt/rustwide/rustup-home" "-e" "CARGO_TARGET_DIR=/opt/rustwide/target" "-e" "CARGO_INCREMENTAL=0" "-e" "RUST_BACKTRACE=full" "-e" "RUSTFLAGS=--cap-lints=warn" "-e" "RUSTDOCFLAGS=--cap-lints=warn" "-w" "/opt/rustwide/workdir" "--user" "0:0" "2aa6b382b9784bf020263f5845b2424e546a3d8fd43503fc965401ccc61119ee" "/opt/rustwide/cargo-home/bin/cargo" "+1.99.0-beta.8" "build" "--frozen" "--message-format=json", kill_on_drop: false }`
[INFO] [stderr]    Compiling proc-macro2 v1.0.95
[INFO] [stderr]    Compiling typenum v1.18.0
[INFO] [stderr]    Compiling cfg-if v1.0.1
[INFO] [stderr]    Compiling libc v0.2.174
[INFO] [stderr]    Compiling subtle v2.6.1
[INFO] [stderr]    Compiling serde v1.0.219
[INFO] [stderr]    Compiling hashbrown v0.15.4
[INFO] [stderr]    Compiling winnow v0.7.11
[INFO] [stderr]    Compiling cfg_aliases v0.2.1
[INFO] [stderr]    Compiling five8_core v0.1.2
[INFO] [stderr]    Compiling generic-array v0.14.7
[INFO] [stderr]    Compiling zerocopy v0.8.26
[INFO] [stderr]    Compiling once_cell v1.21.3
[INFO] [stderr]    Compiling syn v1.0.109
[INFO] [stderr]    Compiling semver v1.0.26
[INFO] [stderr]    Compiling num-traits v0.2.19
[INFO] [stderr]    Compiling solana-sanitize v2.2.1
[INFO] [stderr]    Compiling five8 v0.2.1
[INFO] [stderr]    Compiling borsh v1.5.7
[INFO] [stderr]    Compiling solana-atomic-u64 v2.2.1
[INFO] [stderr]    Compiling five8_const v0.1.4
[INFO] [stderr]    Compiling solana-msg v2.2.1
[INFO] [stderr]    Compiling rustc_version v0.4.1
[INFO] [stderr]    Compiling thiserror v2.0.12
[INFO] [stderr]    Compiling bs58 v0.5.1
[INFO] [stderr]    Compiling keccak v0.1.5
[INFO] [stderr]    Compiling solana-program-memory v2.3.1
[INFO] [stderr]    Compiling percent-encoding v2.3.1
[INFO] [stderr]    Compiling uriparse v0.6.4
[INFO] [stderr]    Compiling qstring v0.7.2
[INFO] [stderr]    Compiling serde_json v1.0.140
[INFO] [stderr]    Compiling derivation-path v0.2.0
[INFO] [stderr]    Compiling curve25519-dalek v4.2.0
[INFO] [stderr]    Compiling cc v1.2.29
[INFO] [stderr]    Compiling solana-signature v2.3.0
[INFO] [stderr]    Compiling byteorder v1.5.0
[INFO] [stderr]    Compiling memchr v2.7.5
[INFO] [stderr]    Compiling indexmap v2.10.0
[INFO] [stderr]    Compiling either v1.15.0
[INFO] [stderr]    Compiling solana-program-option v2.2.1
[INFO] [stderr]    Compiling arrayvec v0.7.6
[INFO] [stderr]    Compiling itertools v0.12.1
[INFO] [stderr]    Compiling constant_time_eq v0.3.1
[INFO] [stderr]    Compiling bitflags v2.9.1
[INFO] [stderr]    Compiling solana-native-token v2.3.0
[INFO] [stderr]    Compiling rustversion v1.0.21
[INFO] [stderr]    Compiling quote v1.0.40
[INFO] [stderr]    Compiling solana-security-txt v1.1.1
[INFO] [stderr]    Compiling solana-decode-error v2.3.0
[INFO] [stderr]    Compiling num-integer v0.1.46
[INFO] [stderr]    Compiling syn v2.0.104
[INFO] [stderr]    Compiling block-buffer v0.10.4
[INFO] [stderr]    Compiling inout v0.1.4
[INFO] [stderr]    Compiling digest v0.9.0
[INFO] [stderr]    Compiling getrandom v0.2.16
[INFO] [stderr]    Compiling libsecp256k1-core v0.2.2
[INFO] [stderr]    Compiling getrandom v0.1.16
[INFO] [stderr]    Compiling crypto-common v0.1.6
[INFO] [stderr]    Compiling block-buffer v0.9.0
[INFO] [stderr]    Compiling solana-derivation-path v2.2.1
[INFO] [stderr]    Compiling rand_core v0.6.4
[INFO] [stderr]    Compiling digest v0.10.7
[INFO] [stderr]    Compiling sha2 v0.9.9
[INFO] [stderr]    Compiling solana-seed-derivable v2.2.1
[INFO] [stderr]    Compiling rand_core v0.5.1
[INFO] [stderr]    Compiling sha2 v0.10.9
[INFO] [stderr]    Compiling cipher v0.4.4
[INFO] [stderr]    Compiling universal-hash v0.5.1
[INFO] [stderr]    Compiling ahash v0.8.12
[INFO] [stderr]    Compiling ppv-lite86 v0.2.21
[INFO] [stderr]    Compiling sha3 v0.10.8
[INFO] [stderr]    Compiling toml_edit v0.22.27
[INFO] [stderr]    Compiling hashbrown v0.13.2
[INFO] [stderr]    Compiling ctr v0.9.2
[INFO] [stderr]    Compiling aes v0.8.4
[INFO] [stderr]    Compiling polyval v0.6.2
[INFO] [stderr]    Compiling rand_chacha v0.3.1
[INFO] [stderr]    Compiling hmac v0.12.1
[INFO] [stderr]    Compiling pbkdf2 v0.11.0
[INFO] [stderr]    Compiling aead v0.5.2
[INFO] [stderr]    Compiling blake3 v1.8.2
[INFO] [stderr]    Compiling rand_chacha v0.2.2
[INFO] [stderr]    Compiling libsecp256k1-gen-genmult v0.2.1
[INFO] [stderr]    Compiling solana-seed-phrase v2.2.1
[INFO] [stderr]    Compiling rand v0.8.5
[INFO] [stderr]    Compiling libsecp256k1-gen-ecmult v0.2.1
[INFO] [stderr]    Compiling rand v0.7.3
[INFO] [stderr]    Compiling num-bigint v0.4.6
[INFO] [stderr]    Compiling libsecp256k1 v0.6.0
[INFO] [stderr]    Compiling solana-big-mod-exp v2.2.1
[INFO] [stderr]    Compiling toml v0.5.11
[INFO] [stderr]    Compiling proc-macro-crate v3.3.0
[INFO] [stderr]    Compiling borsh-schema-derive-internal v0.10.4
[INFO] [stderr]    Compiling borsh-derive-internal v0.10.4
[INFO] [stderr]    Compiling proc-macro-crate v0.1.5
[INFO] [stderr]    Compiling borsh-derive v0.10.4
[INFO] [stderr]    Compiling borsh v0.10.4
[INFO] [stderr]    Compiling serde_derive v1.0.219
[INFO] [stderr]    Compiling bytemuck_derive v1.9.3
[INFO] [stderr]    Compiling borsh-derive v1.5.7
[INFO] [stderr]    Compiling zeroize_derive v1.4.2
[INFO] [stderr]    Compiling curve25519-dalek-derive v0.1.1
[INFO] [stderr]    Compiling solana-sdk-macro v2.2.1
[INFO] [stderr]    Compiling thiserror-impl v2.0.12
[INFO] [stderr]    Compiling num-derive v0.4.2
[INFO] [stderr]    Compiling thiserror-impl v1.0.69
[INFO] [stderr]    Compiling spl-program-error-derive v0.4.1
[INFO] [stderr]    Compiling num_enum_derive v0.7.4
[INFO] [stderr]    Compiling num_enum v0.7.4
[INFO] [stderr]    Compiling zeroize v1.8.1
[INFO] [stderr]    Compiling merlin v3.0.0
[INFO] [stderr]    Compiling aes-gcm-siv v0.11.1
[INFO] [stderr]    Compiling bytemuck v1.23.1
[INFO] [stderr]    Compiling thiserror v1.0.69
[INFO] [stderr]    Compiling spl-discriminator-syn v0.2.0
[INFO] [stderr]    Compiling spl-discriminator-derive v0.2.0
[INFO] [stderr]    Compiling solana-borsh v2.2.1
[INFO] [stderr]    Compiling solana-hash v2.3.0
[INFO] [stderr]    Compiling bincode v1.3.3
[INFO] [stderr]    Compiling solana-short-vec v2.2.1
[INFO] [stderr]    Compiling solana-fee-calculator v2.2.1
[INFO] [stderr]    Compiling serde_bytes v0.11.17
[INFO] [stderr]    Compiling bv v0.11.1
[INFO] [stderr]    Compiling solana-serde-varint v2.2.2
[INFO] [stderr]    Compiling solana-sha256-hasher v2.2.1
[INFO] [stderr]    Compiling solana-keccak-hasher v2.2.1
[INFO] [stderr]    Compiling solana-blake3-hasher v2.2.1
[INFO] [stderr]    Compiling solana-pubkey v2.4.0
[INFO] [stderr]    Compiling solana-curve25519 v2.3.3
[INFO] [stderr]    Compiling solana-instruction v2.3.0
[INFO] [stderr]    Compiling solana-sdk-ids v2.2.1
[INFO] [stderr]    Compiling solana-nonce v2.2.1
[INFO] [stderr]    Compiling solana-sysvar-id v2.2.1
[INFO] [stderr]    Compiling solana-clock v2.2.2
[INFO] [stderr]    Compiling solana-rent v2.2.1
[INFO] [stderr]    Compiling solana-slot-hashes v2.2.1
[INFO] [stderr]    Compiling solana-slot-history v2.2.1
[INFO] [stderr]    Compiling solana-last-restart-slot v2.2.1
[INFO] [stderr]    Compiling solana-epoch-schedule v2.2.1
[INFO] [stderr]    Compiling solana-epoch-rewards v2.2.1
[INFO] [stderr]    Compiling solana-program-error v2.2.2
[INFO] [stderr]    Compiling solana-transaction-error v2.2.1
[INFO] [stderr]    Compiling solana-system-interface v1.0.0
[INFO] [stderr]    Compiling solana-serialize-utils v2.2.1
[INFO] [stderr]    Compiling solana-bincode v2.2.1
[INFO] [stderr]    Compiling solana-address-lookup-table-interface v2.2.2
[INFO] [stderr]    Compiling solana-stable-layout v2.2.1
[INFO] [stderr]    Compiling solana-loader-v2-interface v2.2.1
[INFO] [stderr]    Compiling spl-associated-token-account-client v2.0.0
[INFO] [stderr]    Compiling solana-signer v2.2.1
[INFO] [stderr]    Compiling solana-account-info v2.3.0
[INFO] [stderr]    Compiling solana-program-pack v2.2.1
[INFO] [stderr]    Compiling spl-discriminator v0.4.1
[INFO] [stderr]    Compiling solana-cpi v2.2.1
[INFO] [stderr]    Compiling solana-program-entrypoint v2.3.0
[INFO] [stderr]    Compiling solana-instructions-sysvar v2.2.2
[INFO] [stderr]    Compiling solana-account v2.2.1
[INFO] [stderr]    Compiling spl-memo v6.0.0
[INFO] [stderr]    Compiling solana-stake-interface v1.2.1
[INFO] [stderr]    Compiling solana-message v2.4.0
[INFO] [stderr]    Compiling solana-loader-v3-interface v5.0.0
[INFO] [stderr]    Compiling solana-loader-v4-interface v2.2.1
[INFO] [stderr]    Compiling solana-vote-interface v2.2.5
[INFO] [stderr]    Compiling solana-feature-gate-interface v2.2.2
[INFO] [stderr]    Compiling solana-zk-sdk v2.3.3
[INFO] [stderr]    Compiling solana-example-mocks v2.2.1
[INFO] [stderr]    Compiling solana-sysvar v2.2.2
[INFO] [stderr]    Compiling solana-secp256k1-recover v2.2.1
[INFO] [stderr]    Compiling solana-program v2.3.0
[INFO] [stderr]    Compiling spl-program-error v0.6.0
[INFO] [stderr]    Compiling gorb-token v1.0.0
[INFO] [stderr]    Compiling spl-pod v0.5.1
[INFO] [stderr]    Compiling gorb-pod v1.0.0
[INFO] [stderr]    Compiling gorb-ctpg v1.0.0
[INFO] [stderr]    Compiling gorb-ct-ciphertext-arithmetic v1.0.0
[INFO] [stderr]    Compiling gorb-ct-proof-extraction v1.0.0
[INFO] [stderr]    Compiling spl-type-length-value v0.7.0
[INFO] [stderr]    Compiling spl-token-confidential-transfer-proof-extraction v0.2.1
[INFO] [stderr]    Compiling spl-token-group-interface v0.5.0
[INFO] [stderr]    Compiling spl-tlv-account-resolution v0.9.0
[INFO] [stderr]    Compiling spl-token-metadata-interface v0.6.0
[INFO] [stderr]    Compiling spl-elgamal-registry v0.1.1
[INFO] [stderr]    Compiling spl-transfer-hook-interface v0.9.0
[INFO] [stderr]    Compiling gor22-token v1.0.0
[INFO] [stdout] error: linking with `cc` failed: exit status: 1
[INFO] [stdout]   |
[INFO] [stdout]   = note:  "cc" "-Wl,--version-script=/opt/rustwide/target/debug/deps/rustcRdCdsi/list" "-Wl,--no-undefined-version" "-m64" "/opt/rustwide/target/debug/deps/rustcRdCdsi/symbols.o" "<17 object files omitted>" "-Wl,--as-needed" "-Wl,-Bstatic" "/opt/rustwide/target/debug/deps/{libgorb_token-45023961a12b2bf3,libspl_memo-62d6820fdab86545,libsolana_security_txt-2778a5e74df6d60a,libspl_transfer_hook_interface-891807f19c9243ce,libspl_tlv_account_resolution-673b27e4ffb8ed29,libspl_token_metadata_interface-60d50b45a9ff2cd3,libspl_elgamal_registry-456c504af837a985,libspl_token_confidential_transfer_proof_extraction-8290de9481af06c9,libgorb_ct_ciphertext_arithmetic-bce83a661b0e90a3,libspl_type_length_value-d168a51e30d0a972,libspl_token_group_interface-8b7bdea3ec1ff99a,libthiserror-3dfb79b2cf5a6dbb,libspl_discriminator-2905aff49381fb25,libspl_pod-1eaed639ed3bb5ad,libnum_enum-33149f8e2bcfbc1a,libgorb_ct_proof_extraction-5f2480d9f57221f9,libsolana_curve25519-537a2320a86473e5,libgorb_pod-57ea0d8278dda265,libsolana_program-416bb8aac7975ca3,libsolana_example_mocks-99dc45ac7fd3769f,libsolana_program_option-c98df9c8e43c6450,libsolana_native_token-9ca92042e273b19a,libsolana_vote_interface-9f8a3eca7dbe85cb,libsolana_stable_layout-b0cd912bc3caa1c7,libsolana_serde_varint-bac66b28051929e1,libsolana_secp256k1_recover-dbb540e121fee340,liblibsecp256k1-a23cbb8df33a6aa2,libbase64-b6f8c1c454d0a7f0,librand-abcfc99a8ea00662,librand_chacha-f1fe82806747cc76,librand_core-02cee1f9fa1eb4ad,libgetrandom-72a75549ebab0fef,liblibsecp256k1_core-5e87545376b6d595,libcrunchy-9d3b3fb3d5e2bcf0,libdigest-1b83841435b5a043,libsolana_program_pack-a5408634a2c60138,libsolana_loader_v2_interface-15a3a77dd07e7b63,libsolana_keccak_hasher-b01aa3a6fe77b317,libsolana_feature_gate_interface-39132897db0db2b9,libsolana_account-49c6f8de3b5a5ee6,libsolana_borsh-ce4b807964d34a98,libsolana_blake3_hasher-093308a4999538fa,libsolana_big_mod_exp-2719c5ccc932ec9a,libnum_bigint-914061b6a0c2b743,libnum_integer-e1dae9bde9b8ffd5,libsolana_instructions_sysvar-9c30b37125cb0550,libsolana_serialize_utils-4bc5c678bc28d57a,libbitflags-09ab521ff94ef481,libsolana_sysvar-6f8e2dd5c0ae655b,libsolana_rent-c9400bbff706b1c7,libsolana_last_restart_slot-18209180ecd8da0d,libsolana_epoch_rewards-59160851249d3350,libsolana_program_entrypoint-90c546586a180e9e,libsolana_stake_interface-3ed23d244de782bc,libsolana_slot_history-40af70f44d8dfc96,libbv-401f49d70df97f2c,libsolana_cpi-a336cf0d08834df0,libsolana_account_info-bb02ceaef8178bc8,libsolana_program_memory-27f76d193b8211a8,libsolana_program_error-237c18091aeebf5d,libsolana_nonce-fde69d9a4d14b35b,libsolana_fee_calculator-3ea455189387a558,liblog-9c5892e2c6fd8400,libsolana_msg-e6ddecf78fec0807,libsolana_loader_v4_interface-747613ee50b05c4d,libsolana_epoch_schedule-fab2cf9496964bcc,libsolana_loader_v3_interface-ac66eb25c4f8775d,libserde_bytes-0446bd8b4f13fde3,libsolana_message-de9eaf714bd74276,libsolana_bincode-a7d0455f2e1c1578,libsolana_system_interface-10cdc8120066f84b,libsolana_short_vec-9d1cebe863fcced8,libblake3-1579714e464f117c,libconstant_time_eq-efbf8da8f259d1ea,libarrayvec-c7dde542da3995d2,libarrayref-81fde35c69841043,libsolana_address_lookup_table_interface-5675b8618e616f14,libsolana_slot_hashes-bc68e5588e8198c6,libsolana_clock-f0f1ed6f099f50ab,libsolana_sysvar_id-be81e54fde8c6304,libmemoffset-d5728f86d1484854,libgorb_ctpg-ca7b070528f6a479,libsolana_zk_sdk-259c4ae3610269e8,libserde_json-4aa65302a8e08633,libmemchr-f639ee087ae982c6,libitoa-ef40fa516293a9d3,libryu-a7164637bc4900ee,libsolana_sdk_ids-b4bd91dad2bd4589,libmerlin-b3064ea8733e0401,libbyteorder-9f6ac6743e38a88c,libthiserror-2ad6a99456ba8593,libitertools-144f4b3efc3ba30a,libeither-e5ea87bd27ac73a9,libsolana_signer-3dc670ec3251eab9,libsolana_transaction_error-9d632e22e935736c,libsolana_instruction-28e4475c2291dbf7,libbincode-ac658ca013a30e79,libsolana_pubkey-7d4b3ee0d05da177,libborsh-51bf917ce9641724,libsolana_sha256_hasher-3414f40b80c7c3bd,libsolana_hash-eff32e47d8302059,libfive8_const-9c0ea176deecfce0,libbytemuck-28def4a26e872ac1,libsolana_decode_error-e056d157155e5840,libsolana_atomic_u64-7931cbf8f88ab3a7,libnum_traits-61451ab850bd490d,libborsh-ea8fadf21fb90914,libsolana_signature-b68cc177430cd1cd,libsolana_sanitize-03f5eba22e0bbf4f,libfive8-588d3ad992351c6b,libfive8_core-439d68f6f99e0eec,libsolana_seed_phrase-d3f5bac5fa9b4c49,libsha2-6efcd0db16b4c321,libpbkdf2-0f59299db04bac29,libhmac-05fd8555706e7c83,libsolana_seed_derivable-f864af5b071fc77f,libsolana_derivation_path-b1cc2d5f103d0d26,libqstring-639189da0e5a65dc,libpercent_encoding-af9df9186596bd92,liburiparse-19f8c80c3f0e3f41,liblazy_static-3674be3f4245d19b,libfnv-79e2cbfbe03dcd16,libderivation_path-014b75022b4cfaf3,libsha3-d5bf9ab7141a85a1,libkeccak-b3eea90d0aeeb926,librand-3891ebcf05d947fe,librand_chacha-2be00fa29f044bbd,libppv_lite86-8e0e0ee375812b97,libzerocopy-57f1b6f6b592ba8f,libbase64-32787b0325ea6df8,libaes_gcm_siv-7a5d53221dd733a0,libctr-5f242dad66650ad6,libaes-6896b3a416acd6a0,libpolyval-71aeb76dc387bb80,libopaque_debug-90e66d859d53ff28,libuniversal_hash-6d5da40b318bed29,libcipher-091a5b8f2f862f70,libinout-4a4587a2bbd84895,libaead-5e99e765a318022b,libcurve25519_dalek-fc99a5ed96cee5a3,libcpufeatures-e04321643d03190d,libserde-5591ef68b9466321,libzeroize-c802db98d3b08dd5,libdigest-fda0af9cd80913bc,libsubtle-b15921e9180cf17e,libblock_buffer-0dc685f90ebcf515,libcrypto_common-1ddb98592c615b32,libgeneric_array-373dfccc781d5b87,libtypenum-2411508f27232473,librand_core-5bb3e71f5b289719,libgetrandom-8a7d7f77427ddc51,liblibc-6e4fec98315b287d,libcfg_if-3a213765134f0c85}.rlib" "<sysroot>/lib/rustlib/x86_64-unknown-linux-gnu/lib/{libstd-*,libpanic_unwind-*,libobject-*,libmemchr-*,libaddr2line-*,libgimli-*,libcfg_if-*,librustc_demangle-*,libstd_detect-*,libhashbrown-*,librustc_std_workspace_alloc-*,libminiz_oxide-*,libadler2-*,libunwind-*,liblibc-*,librustc_std_workspace_core-*,liballoc-*,libcore-*,libcompiler_builtins-*}.rlib" "-Wl,-Bdynamic" "-lc" "-lm" "-lrt" "-lpthread" "-lgcc_s" "-lutil" "-lrt" "-lpthread" "-lm" "-ldl" "-lc" "-L" "/opt/rustwide/target/debug/deps/rustcRdCdsi/raw-dylibs" "-B<sysroot>/lib/rustlib/x86_64-unknown-linux-gnu/bin/gcc-ld" "-fuse-ld=lld" "-Wl,--eh-frame-hdr" "-Wl,-z,noexecstack" "-L" "/opt/rustwide/target/debug/build/blake3-008f0109e7db1cf2/out" "-L" "<sysroot>/lib/rustlib/x86_64-unknown-linux-gnu/lib" "-o" "/opt/rustwide/target/debug/deps/libgor22_token-00f5fc26f0463a45.so" "-Wl,--gc-sections" "-shared" "-Wl,-z,relro,-z,now" "-nodefaultlibs"
[INFO] [stdout]   = note: some arguments are omitted. use `--verbose` to show all linker arguments
[INFO] [stdout]   = note: rust-lld: error: duplicate symbol: entrypoint
[INFO] [stdout]           >>> defined at lib.rs:132 (/opt/rustwide/cargo-home/registry/src/index.crates.io-1949cf8c6b5b557f/solana-program-entrypoint-2.3.0/src/lib.rs:132)
[INFO] [stdout]           >>>            /opt/rustwide/target/debug/deps/gor22_token-00f5fc26f0463a45.gor22_token.b3d93966a930045d-cgu.08.rcgu.o:(entrypoint)
[INFO] [stdout]           >>> defined at lib.rs:132 (/opt/rustwide/cargo-home/registry/src/index.crates.io-1949cf8c6b5b557f/solana-program-entrypoint-2.3.0/src/lib.rs:132)
[INFO] [stdout]           >>>            gorb_token-45023961a12b2bf3.gorb_token.a66085c11fcbe84c-cgu.1.rcgu.o:(.text.entrypoint+0x0) in archive /opt/rustwide/target/debug/deps/libgorb_token-45023961a12b2bf3.rlib
[INFO] [stdout]           
[INFO] [stdout]           rust-lld: error: duplicate symbol: entrypoint
[INFO] [stdout]           >>> defined at lib.rs:132 (/opt/rustwide/cargo-home/registry/src/index.crates.io-1949cf8c6b5b557f/solana-program-entrypoint-2.3.0/src/lib.rs:132)
[INFO] [stdout]           >>>            /opt/rustwide/target/debug/deps/gor22_token-00f5fc26f0463a45.gor22_token.b3d93966a930045d-cgu.08.rcgu.o:(entrypoint)
[INFO] [stdout]           >>> defined at lib.rs:132 (/opt/rustwide/cargo-home/registry/src/index.crates.io-1949cf8c6b5b557f/solana-program-entrypoint-2.3.0/src/lib.rs:132)
[INFO] [stdout]           >>>            spl_memo-62d6820fdab86545.spl_memo.9357643cc5df8a94-cgu.0.rcgu.o:(.text.entrypoint+0x0) in archive /opt/rustwide/target/debug/deps/libspl_memo-62d6820fdab86545.rlib
[INFO] [stdout]           collect2: error: ld returned 1 exit status
[INFO] [stdout]           
[INFO] [stdout] 
[INFO] [stdout] 
[INFO] [stderr] error: could not compile `gor22-token` (lib) due to 1 previous error
[INFO] running `Command { std: "docker" "inspect" "2aa6b382b9784bf020263f5845b2424e546a3d8fd43503fc965401ccc61119ee", kill_on_drop: false }`
[INFO] running `Command { std: "docker" "rm" "-f" "2aa6b382b9784bf020263f5845b2424e546a3d8fd43503fc965401ccc61119ee", kill_on_drop: false }`
[INFO] [stdout] 2aa6b382b9784bf020263f5845b2424e546a3d8fd43503fc965401ccc61119ee
