[INFO] fetching crate tokeira-edge 0.5.1...
[INFO] testing tokeira-edge-0.5.1 against 1.99.0-beta.8 for beta-1.100-2
[INFO] extracting crate tokeira-edge 0.5.1 into /workspace/builds/worker-3-tc1/source
[INFO] started tweaking crates.io crate tokeira-edge 0.5.1
[INFO] removed 0 missing tests
[INFO] finished tweaking crates.io crate tokeira-edge 0.5.1
[INFO] tweaked toml for crates.io crate tokeira-edge 0.5.1 written to /workspace/builds/worker-3-tc1/source/Cargo.toml
[INFO] validating manifest of crates.io crate tokeira-edge 0.5.1 on toolchain 1.99.0-beta.8
[INFO] running `Command { std: CARGO_HOME="/workspace/cargo-home" RUSTUP_HOME="/workspace/rustup-home" "/workspace/cargo-home/bin/cargo" "+1.99.0-beta.8" "metadata" "--manifest-path" "Cargo.toml" "--no-deps", kill_on_drop: false }`
[INFO] crate crates.io crate tokeira-edge 0.5.1 already has a lockfile, it will not be regenerated
[INFO] running `Command { std: CARGO_HOME="/workspace/cargo-home" RUSTUP_HOME="/workspace/rustup-home" "/workspace/cargo-home/bin/cargo" "+1.99.0-beta.8" "fetch" "--manifest-path" "Cargo.toml", kill_on_drop: false }`
[INFO] [stderr]     Updating crates.io index
[INFO] [stderr]  Downloading crates ...
[INFO] [stderr]   Downloaded wasm-bindgen-shared v0.2.115
[INFO] [stderr]   Downloaded wasm-bindgen-macro-support v0.2.115
[INFO] [stderr]   Downloaded wasm-bindgen-macro v0.2.115
[INFO] [stderr]   Downloaded wasm-bindgen v0.2.115
[INFO] [stderr]   Downloaded uuid v1.23.0
[INFO] [stderr]   Downloaded js-sys v0.3.92
[INFO] [stderr]   Downloaded opentelemetry v0.31.0
[INFO] [stderr]   Downloaded tracing-opentelemetry v0.32.1
[INFO] [stderr]   Downloaded zlib-rs v0.6.3
[INFO] [stderr]   Downloaded tokeira-types v0.5.1
[INFO] [stderr]   Downloaded cc v1.2.60
[INFO] [stderr]   Downloaded tokeira-storage v0.5.1
[INFO] [stderr]   Downloaded wasm-bindgen-futures v0.4.65
[INFO] [stderr]   Downloaded tokeira-observability v0.5.1
[INFO] [stderr]   Downloaded opentelemetry-otlp v0.31.1
[INFO] [stderr]   Downloaded nibble_vec v0.1.0
[INFO] [stderr]   Downloaded endian-type v0.1.2
[INFO] [stderr]   Downloaded sketches-ddsketch v0.3.1
[INFO] [stderr]   Downloaded opentelemetry-http v0.31.0
[INFO] [stderr]   Downloaded rand_xoshiro v0.7.0
[INFO] [stderr]   Downloaded async-recursion v1.1.1
[INFO] [stderr]   Downloaded tokeira-build-info v0.5.1
[INFO] [stderr]   Downloaded metrics-exporter-prometheus v0.16.2
[INFO] [stderr]   Downloaded pem v3.0.6
[INFO] [stderr]   Downloaded metrics v0.24.3
[INFO] [stderr]   Downloaded simple_asn1 v0.6.4
[INFO] [stderr]   Downloaded dashmap v6.1.0
[INFO] [stderr]   Downloaded tokeira-chasm-derive v0.5.1
[INFO] [stderr]   Downloaded opentelemetry_sdk v0.31.0
[INFO] [stderr]   Downloaded tokeira-auth v0.5.1
[INFO] [stderr]   Downloaded opentelemetry-proto v0.31.0
[INFO] [stderr]   Downloaded metrics-util v0.19.1
[INFO] [stderr]   Downloaded smoothutf8 v0.2.3
[INFO] [stderr]   Downloaded tokeira-chasm-activity v0.5.1
[INFO] [stderr]   Downloaded jsonwebtoken v9.3.1
[INFO] [stderr]   Downloaded tokeira-chasm v0.5.1
[INFO] [stderr]   Downloaded arc-swap v1.9.1
[INFO] [stderr]   Downloaded jiff-static v0.2.32
[INFO] [stderr]   Downloaded tokeira-compatibility v0.5.1
[INFO] [stderr]   Downloaded prost-reflect v0.16.5
[INFO] [stderr]   Downloaded tokeira-projection v0.5.1
[INFO] [stderr]   Downloaded buffa-types v0.9.2
[INFO] [stderr]   Downloaded tokeira-kernel v0.5.1
[INFO] [stderr]   Downloaded radix_trie v0.2.1
[INFO] [stderr]   Downloaded quick-xml v0.41.0
[INFO] [stderr]   Downloaded buffa v0.9.2
[INFO] [stderr]   Downloaded connectrpc v0.9.1
[INFO] [stderr]   Downloaded web-sys v0.3.92
[INFO] [stderr]   Downloaded tokeira-runtime v0.5.1
[INFO] [stderr]   Downloaded tokeira-proto v0.5.1
[INFO] [stderr]   Downloaded jiff v0.2.32
[INFO] running `Command { std: "docker" "create" "-v" "/var/lib/crater-agent-workspace/builds/worker-3-tc1/source:/opt/rustwide/workdir:ro,Z" "-v" "/var/lib/crater-agent-workspace/builds/worker-3-tc1/target:/opt/rustwide/target:rw,Z" "-v" "/var/lib/crater-agent-workspace/cargo-home:/opt/rustwide/cargo-home:ro,Z" "-v" "/var/lib/crater-agent-workspace/rustup-home:/opt/rustwide/rustup-home:ro,Z" "-m" "1610612736" "--network" "none" "ghcr.io/rust-lang/crates-build-env/linux@sha256:3111399a4047eeb3a02b7a90e478d715f38a8c6669b5c4b49d30a17385265909" "sleep" "infinity", kill_on_drop: false }`
[INFO] [stdout] a9dcdc3f8c3dcdf02f2358680b9d81660181ba2a6dfaf87f015ac383d4c0ba39
[INFO] running `Command { std: "docker" "start" "a9dcdc3f8c3dcdf02f2358680b9d81660181ba2a6dfaf87f015ac383d4c0ba39", kill_on_drop: false }`
[INFO] running `Command { std: "docker" "inspect" "a9dcdc3f8c3dcdf02f2358680b9d81660181ba2a6dfaf87f015ac383d4c0ba39", kill_on_drop: false }`
[INFO] running `Command { std: "docker" "exec" "-e" "SOURCE_DIR=/opt/rustwide/workdir" "-e" "CARGO_HOME=/opt/rustwide/cargo-home" "-e" "RUSTUP_HOME=/opt/rustwide/rustup-home" "-e" "CARGO_TARGET_DIR=/opt/rustwide/target" "-w" "/opt/rustwide/workdir" "--user" "0:0" "a9dcdc3f8c3dcdf02f2358680b9d81660181ba2a6dfaf87f015ac383d4c0ba39" "/opt/rustwide/cargo-home/bin/cargo" "+1.99.0-beta.8" "metadata" "--no-deps" "--format-version=1", kill_on_drop: false }`
[INFO] running `Command { std: "docker" "inspect" "a9dcdc3f8c3dcdf02f2358680b9d81660181ba2a6dfaf87f015ac383d4c0ba39", kill_on_drop: false }`
[INFO] running `Command { std: "docker" "exec" "-e" "SOURCE_DIR=/opt/rustwide/workdir" "-e" "CARGO_HOME=/opt/rustwide/cargo-home" "-e" "RUSTUP_HOME=/opt/rustwide/rustup-home" "-e" "CARGO_TARGET_DIR=/opt/rustwide/target" "-e" "CARGO_INCREMENTAL=0" "-e" "RUST_BACKTRACE=full" "-e" "RUSTFLAGS=--cap-lints=warn" "-e" "RUSTDOCFLAGS=--cap-lints=warn" "-w" "/opt/rustwide/workdir" "--user" "0:0" "a9dcdc3f8c3dcdf02f2358680b9d81660181ba2a6dfaf87f015ac383d4c0ba39" "/opt/rustwide/cargo-home/bin/cargo" "+1.99.0-beta.8" "build" "--frozen" "--message-format=json", kill_on_drop: false }`
[INFO] [stderr]    Compiling libc v0.2.186
[INFO] [stderr]    Compiling serde_core v1.0.228
[INFO] [stderr]    Compiling find-msvc-tools v0.1.9
[INFO] [stderr]    Compiling memchr v2.8.0
[INFO] [stderr]    Compiling futures-core v0.3.32
[INFO] [stderr]    Compiling indexmap v2.14.0
[INFO] [stderr]    Compiling futures-sink v0.3.32
[INFO] [stderr]    Compiling futures-task v0.3.32
[INFO] [stderr]    Compiling futures-io v0.3.32
[INFO] [stderr]    Compiling pkg-config v0.3.33
[INFO] [stderr]    Compiling slab v0.4.12
[INFO] [stderr]    Compiling thiserror v2.0.18
[INFO] [stderr]    Compiling syn v2.0.117
[INFO] [stderr]    Compiling zmij v1.0.21
[INFO] [stderr]    Compiling serde_json v1.0.149
[INFO] [stderr]    Compiling httpdate v1.0.3
[INFO] [stderr]    Compiling futures-channel v0.3.32
[INFO] [stderr]    Compiling sync_wrapper v1.0.2
[INFO] [stderr]    Compiling ipnet v2.12.0
[INFO] [stderr]    Compiling dunce v1.0.5
[INFO] [stderr]    Compiling fs_extra v1.3.0
[INFO] [stderr]    Compiling zerocopy v0.8.48
[INFO] [stderr]    Compiling aws-lc-rs v1.18.1
[INFO] [stderr]    Compiling num-traits v0.2.19
[INFO] [stderr]    Compiling rustls-pki-types v1.14.0
[INFO] [stderr]    Compiling either v1.15.0
[INFO] [stderr]    Compiling untrusted v0.9.0
[INFO] [stderr]    Compiling serde v1.0.228
[INFO] [stderr]    Compiling crc32fast v1.5.0
[INFO] [stderr]    Compiling writeable v0.6.3
[INFO] [stderr]    Compiling litemap v0.8.2
[INFO] [stderr]    Compiling getrandom v0.3.4
[INFO] [stderr]    Compiling itertools v0.14.0
[INFO] [stderr]    Compiling icu_properties_data v2.2.0
[INFO] [stderr]    Compiling simd-adler32 v0.3.9
[INFO] [stderr]    Compiling time-core v0.1.8
[INFO] [stderr]    Compiling num-conv v0.2.1
[INFO] [stderr]    Compiling icu_normalizer_data v2.2.0
[INFO] [stderr]    Compiling miniz_oxide v0.8.9
[INFO] [stderr]    Compiling zlib-rs v0.6.3
[INFO] [stderr]    Compiling foldhash v0.1.5
[INFO] [stderr]    Compiling bitflags v2.13.1
[INFO] [stderr]    Compiling time-macros v0.2.27
[INFO] [stderr]    Compiling getrandom v0.4.2
[INFO] [stderr]    Compiling rustls v0.23.45
[INFO] [stderr]    Compiling matchit v0.8.4
[INFO] [stderr]    Compiling typenum v1.20.0
[INFO] [stderr]    Compiling log v0.4.29
[INFO] [stderr]    Compiling toml_write v0.1.2
[INFO] [stderr]    Compiling winnow v0.7.15
[INFO] [stderr]    Compiling openssl-probe v0.2.1
[INFO] [stderr]    Compiling arrayref v0.3.9
[INFO] [stderr]    Compiling constant_time_eq v0.4.2
[INFO] [stderr]    Compiling webpki-roots v1.0.7
[INFO] [stderr]    Compiling zstd-safe v7.2.4
[INFO] [stderr]    Compiling ryu v1.0.23
[INFO] [stderr]    Compiling simdutf8 v0.1.5
[INFO] [stderr]    Compiling rustls-native-certs v0.8.3
[INFO] [stderr]    Compiling iri-string v0.7.12
[INFO] [stderr]    Compiling regex-syntax v0.8.10
[INFO] [stderr]    Compiling raw-cpuid v11.6.0
[INFO] [stderr]    Compiling smoothutf8 v0.2.3
[INFO] [stderr]    Compiling sharded-slab v0.1.7
[INFO] [stderr]    Compiling crossbeam-epoch v0.9.20
[INFO] [stderr]    Compiling deranged v0.5.8
[INFO] [stderr]    Compiling generic-array v0.14.7
[INFO] [stderr]    Compiling aho-corasick v1.1.4
[INFO] [stderr]    Compiling jobserver v0.1.34
[INFO] [stderr]    Compiling parking_lot_core v0.9.12
[INFO] [stderr]    Compiling errno v0.3.14
[INFO] [stderr]    Compiling signal-hook-registry v1.4.8
[INFO] [stderr]    Compiling cc v1.2.60
[INFO] [stderr]    Compiling parking_lot v0.12.5
[INFO] [stderr]    Compiling socket2 v0.6.3
[INFO] [stderr]    Compiling mio v1.2.0
[INFO] [stderr]    Compiling getrandom v0.2.17
[INFO] [stderr]    Compiling synstructure v0.13.2
[INFO] [stderr]    Compiling cmake v0.1.58
[INFO] [stderr]    Compiling rand_core v0.9.5
[INFO] [stderr]    Compiling uuid v1.23.0
[INFO] [stderr]    Compiling time v0.3.47
[INFO] [stderr]    Compiling block-buffer v0.10.4
[INFO] [stderr]    Compiling toml_datetime v0.6.11
[INFO] [stderr]    Compiling serde_spanned v0.6.9
[INFO] [stderr]    Compiling crypto-common v0.1.7
[INFO] [stderr]    Compiling regex-automata v0.4.18
[INFO] [stderr]    Compiling rand_xoshiro v0.7.0
[INFO] [stderr]    Compiling digest v0.10.7
[INFO] [stderr]    Compiling quanta v0.12.6
[INFO] [stderr]    Compiling tracing-log v0.2.0
[INFO] [stderr]    Compiling thread_local v1.1.9
[INFO] [stderr]    Compiling toml_edit v0.22.27
[INFO] [stderr]    Compiling sketches-ddsketch v0.3.1
[INFO] [stderr]    Compiling aws-lc-sys v0.45.0
[INFO] [stderr]    Compiling ring v0.17.14
[INFO] [stderr]    Compiling zstd-sys v2.0.16+zstd.1.5.7
[INFO] [stderr]    Compiling blake3 v1.8.5
[INFO] [stderr]    Compiling sha2 v0.10.9
[INFO] [stderr]    Compiling nu-ansi-term v0.50.3
[INFO] [stderr]    Compiling unsafe-libyaml v0.2.11
[INFO] [stderr]    Compiling flate2 v1.1.9
[INFO] [stderr]    Compiling num-integer v0.1.46
[INFO] [stderr]    Compiling siphasher v1.0.2
[INFO] [stderr]    Compiling chrono-tz v0.10.4
[INFO] [stderr]    Compiling iana-time-zone v0.1.65
[INFO] [stderr]    Compiling phf_shared v0.12.1
[INFO] [stderr]    Compiling num-bigint v0.4.8
[INFO] [stderr]    Compiling chrono v0.4.44
[INFO] [stderr]    Compiling phf v0.12.1
[INFO] [stderr]    Compiling ordered-float v2.10.1
[INFO] [stderr]    Compiling ordered-float v4.6.0
[INFO] [stderr]    Compiling pem v3.0.6
[INFO] [stderr]    Compiling serde_derive v1.0.228
[INFO] [stderr]    Compiling tracing-attributes v0.1.31
[INFO] [stderr]    Compiling futures-macro v0.3.32
[INFO] [stderr]    Compiling tokio-macros v2.6.1
[INFO] [stderr]    Compiling thiserror-impl v2.0.18
[INFO] [stderr]    Compiling zerofrom-derive v0.1.7
[INFO] [stderr]    Compiling yoke-derive v0.8.2
[INFO] [stderr]    Compiling zerovec-derive v0.11.3
[INFO] [stderr]    Compiling displaydoc v0.2.5
[INFO] [stderr]    Compiling futures-util v0.3.32
[INFO] [stderr]    Compiling tracing v0.1.44
[INFO] [stderr]    Compiling async-trait v0.1.89
[INFO] [stderr]    Compiling prost-derive v0.14.3
[INFO] [stderr]    Compiling pin-project-internal v1.1.11
[INFO] [stderr]    Compiling ppv-lite86 v0.2.21
[INFO] [stderr]    Compiling toml v0.8.23
[INFO] [stderr]    Compiling zerofrom v0.1.7
[INFO] [stderr]    Compiling yoke v0.8.2
[INFO] [stderr]    Compiling rand_chacha v0.9.0
[INFO] [stderr]    Compiling thiserror-impl v1.0.69
[INFO] [stderr]    Compiling ahash v0.8.12
[INFO] [stderr]    Compiling zerovec v0.11.6
[INFO] [stderr]    Compiling zerotrie v0.2.4
[INFO] [stderr]    Compiling opentelemetry v0.31.0
[INFO] [stderr]    Compiling metrics v0.24.3
[INFO] [stderr]    Compiling rand v0.9.2
[INFO] [stderr]    Compiling pin-project v1.1.11
[INFO] [stderr]    Compiling matchers v0.2.0
[INFO] [stderr]    Compiling cobs v0.3.0
[INFO] [stderr]    Compiling regex v1.12.3
[INFO] [stderr]    Compiling tokeira-storage v0.5.1
[INFO] [stderr]    Compiling simple_asn1 v0.6.4
[INFO] [stderr]    Compiling tinystr v0.8.3
[INFO] [stderr]    Compiling potential_utf v0.1.5
[INFO] [stderr]    Compiling icu_locale_core v2.2.0
[INFO] [stderr]    Compiling async-recursion v1.1.1
[INFO] [stderr]    Compiling icu_collections v2.2.0
[INFO] [stderr]    Compiling thiserror v1.0.69
[INFO] [stderr]    Compiling hashbrown v0.14.5
[INFO] [stderr]    Compiling tokeira-chasm-derive v0.5.1
[INFO] [stderr]    Compiling arc-swap v1.9.1
[INFO] [stderr]    Compiling tokeira-build-info v0.5.1
[INFO] [stderr]    Compiling bytes v1.11.1
[INFO] [stderr]    Compiling hashbrown v0.15.5
[INFO] [stderr]    Compiling tokeira-types v0.5.1
[INFO] [stderr]    Compiling serde_urlencoded v0.7.1
[INFO] [stderr]    Compiling tracing-serde v0.2.0
[INFO] [stderr]    Compiling postcard v1.1.3
[INFO] [stderr]    Compiling tracing-subscriber v0.3.23
[INFO] [stderr]    Compiling serde_yaml v0.9.34+deprecated
[INFO] [stderr]    Compiling tokio v1.50.0
[INFO] [stderr]    Compiling http v1.4.0
[INFO] [stderr]    Compiling icu_provider v2.2.0
[INFO] [stderr]    Compiling futures-executor v0.3.32
[INFO] [stderr]    Compiling prost v0.14.3
[INFO] [stderr]    Compiling buffa v0.9.2
[INFO] [stderr]    Compiling futures v0.3.32
[INFO] [stderr]    Compiling metrics-util v0.19.1
[INFO] [stderr]    Compiling icu_normalizer v2.2.0
[INFO] [stderr]    Compiling icu_properties v2.2.0
[INFO] [stderr]    Compiling dashmap v6.1.0
[INFO] [stderr]    Compiling prost-types v0.14.3
[INFO] [stderr]    Compiling http-body v1.0.1
[INFO] [stderr]    Compiling jsonwebtoken v9.3.1
[INFO] [stderr]    Compiling http-body-util v0.1.3
[INFO] [stderr]    Compiling serde-value v0.7.0
[INFO] [stderr]    Compiling axum-core v0.5.6
[INFO] [stderr]    Compiling tokeira-kernel v0.5.1
[INFO] [stderr]    Compiling quick-xml v0.41.0
[INFO] [stderr]    Compiling tracing-opentelemetry v0.32.1
[INFO] [stderr]    Compiling tokeira-compatibility v0.5.1
[INFO] [stderr]    Compiling prost-reflect v0.16.5
[INFO] [stderr]    Compiling idna_adapter v1.2.1
[INFO] [stderr]    Compiling idna v1.1.0
[INFO] [stderr]    Compiling buffa-types v0.9.2
[INFO] [stderr]    Compiling url v2.5.8
[INFO] [stderr]    Compiling zstd v0.13.3
[INFO] [stderr]    Compiling tokio-util v0.7.18
[INFO] [stderr]    Compiling tokio-stream v0.1.18
[INFO] [stderr]    Compiling opentelemetry_sdk v0.31.0
[INFO] [stderr]    Compiling h2 v0.4.16
[INFO] [stderr]    Compiling tower v0.5.3
[INFO] [stderr]    Compiling axum v0.8.9
[INFO] [stderr]    Compiling tower-http v0.6.8
[INFO] [stderr]    Compiling hyper v1.10.1
[INFO] [stderr]    Compiling hyper-util v0.1.20
[INFO] [stderr]    Compiling hyper-timeout v0.5.2
[INFO] [stderr]    Compiling connectrpc v0.9.1
[INFO] [stderr]    Compiling tonic v0.14.6
[INFO] [stderr]    Compiling tonic-prost v0.14.6
[INFO] [stderr]    Compiling opentelemetry-proto v0.31.0
[INFO] [stderr]    Compiling rustls-webpki v0.103.15
[INFO] [stderr]    Compiling tokeira-proto v0.5.1
[INFO] [stderr]    Compiling tokio-rustls v0.26.4
[INFO] [stderr]    Compiling hyper-rustls v0.27.9
[INFO] [stderr]    Compiling reqwest v0.12.28
[INFO] [stderr]    Compiling metrics-exporter-prometheus v0.16.2
[INFO] [stderr]    Compiling opentelemetry-http v0.31.0
[INFO] [stderr]    Compiling tokeira-auth v0.5.1
[INFO] [stderr]    Compiling opentelemetry-otlp v0.31.1
[INFO] [stderr]    Compiling tokeira-observability v0.5.1
[INFO] [stderr]    Compiling tokeira-chasm v0.5.1
[INFO] [stderr]    Compiling tokeira-chasm-activity v0.5.1
[INFO] [stderr]    Compiling tokeira-projection v0.5.1
[INFO] [stderr]    Compiling tokeira-runtime v0.5.1
[INFO] [stderr]    Compiling tokeira-edge v0.5.1 (/opt/rustwide/workdir)
[INFO] [stderr]     Finished `dev` profile [unoptimized + debuginfo] target(s) in 3m 35s
[INFO] running `Command { std: "docker" "inspect" "a9dcdc3f8c3dcdf02f2358680b9d81660181ba2a6dfaf87f015ac383d4c0ba39", kill_on_drop: false }`
[INFO] running `Command { std: "docker" "exec" "-e" "SOURCE_DIR=/opt/rustwide/workdir" "-e" "CARGO_HOME=/opt/rustwide/cargo-home" "-e" "RUSTUP_HOME=/opt/rustwide/rustup-home" "-e" "CARGO_TARGET_DIR=/opt/rustwide/target" "-e" "CARGO_INCREMENTAL=0" "-e" "RUST_BACKTRACE=full" "-e" "RUSTFLAGS=--cap-lints=warn" "-e" "RUSTDOCFLAGS=--cap-lints=warn" "-w" "/opt/rustwide/workdir" "--user" "0:0" "a9dcdc3f8c3dcdf02f2358680b9d81660181ba2a6dfaf87f015ac383d4c0ba39" "/opt/rustwide/cargo-home/bin/cargo" "+1.99.0-beta.8" "test" "--frozen" "--no-run" "--message-format=json", kill_on_drop: false }`
[INFO] [stderr]    Compiling bitflags v2.13.1
[INFO] [stderr]    Compiling regex-syntax v0.8.10
[INFO] [stderr]    Compiling nibble_vec v0.1.0
[INFO] [stderr]    Compiling endian-type v0.1.2
[INFO] [stderr]    Compiling aho-corasick v1.1.4
[INFO] [stderr]    Compiling rustix v1.1.4
[INFO] [stderr]    Compiling linux-raw-sys v0.12.1
[INFO] [stderr]    Compiling fastrand v2.4.1
[INFO] [stderr]    Compiling wait-timeout v0.2.1
[INFO] [stderr]    Compiling bit-vec v0.8.0
[INFO] [stderr]    Compiling quick-error v1.2.3
[INFO] [stderr]    Compiling rand_xorshift v0.4.0
[INFO] [stderr]    Compiling unarray v0.1.4
[INFO] [stderr]    Compiling tower-http v0.6.8
[INFO] [stderr]    Compiling raw-cpuid v11.6.0
[INFO] [stderr]    Compiling radix_trie v0.2.1
[INFO] [stderr]    Compiling bit-set v0.8.0
[INFO] [stderr]    Compiling reqwest v0.12.28
[INFO] [stderr]    Compiling regex-automata v0.4.18
[INFO] [stderr]    Compiling quanta v0.12.6
[INFO] [stderr]    Compiling opentelemetry-http v0.31.0
[INFO] [stderr]    Compiling tokeira-auth v0.5.1
[INFO] [stderr]    Compiling metrics-util v0.19.1
[INFO] [stderr]    Compiling tempfile v3.27.0
[INFO] [stderr]    Compiling opentelemetry-otlp v0.31.1
[INFO] [stderr]    Compiling rusty-fork v0.3.1
[INFO] [stderr]    Compiling proptest v1.11.0
[INFO] [stderr]    Compiling metrics-exporter-prometheus v0.16.2
[INFO] [stderr]    Compiling matchers v0.2.0
[INFO] [stderr]    Compiling tracing-subscriber v0.3.23
[INFO] [stderr]    Compiling regex v1.12.3
[INFO] [stderr]    Compiling tokeira-build-info v0.5.1
[INFO] [stderr]    Compiling tracing-opentelemetry v0.32.1
[INFO] [stderr]    Compiling tokeira-compatibility v0.5.1
[INFO] [stderr]    Compiling tokeira-observability v0.5.1
[INFO] [stderr]    Compiling tokeira-storage v0.5.1
[INFO] [stderr]    Compiling tokeira-projection v0.5.1
[INFO] [stderr]    Compiling tokeira-runtime v0.5.1
[INFO] [stderr]    Compiling tokeira-edge v0.5.1 (/opt/rustwide/workdir)
[INFO] [stdout] error: couldn't read `src/grpc/../../../../proto/upstream/temporal/api/workflowservice/v1/request_response.proto`: No such file or directory (os error 2)
[INFO] [stdout]     --> src/grpc/translate.rs:8608:46
[INFO] [stdout]      |
[INFO] [stdout] 8608 |           const REQUEST_RESPONSE_PROTO: &str = include_str!(
[INFO] [stdout]      |  ______________________________________________^
[INFO] [stdout] 8609 | |             "../../../../proto/upstream/temporal/api/workflowservice/v1/request_response.proto"
[INFO] [stdout] 8610 | |         );
[INFO] [stdout]      | |_________^
[INFO] [stdout] 
[INFO] [stdout] 
[INFO] [stdout] error[E0599]: no associated function or constant named `new` found for struct `tokeira_types::RunKey` in the current scope
[INFO] [stdout]     --> src/grpc/workflow_service.rs:6860:31
[INFO] [stdout]      |
[INFO] [stdout] 6860 |         let run_key = RunKey::new();
[INFO] [stdout]      |                               ^^^ associated function or constant not found in `tokeira_types::RunKey`
[INFO] [stdout]      |
[INFO] [stdout] note: if you're trying to build a new `tokeira_types::RunKey`, consider using `tokeira_types::RunKey::derive` which returns `tokeira_types::RunKey`
[INFO] [stdout]     --> /opt/rustwide/cargo-home/registry/src/index.crates.io-1949cf8c6b5b557f/tokeira-types-0.5.1/src/ids.rs:129:5
[INFO] [stdout]      |
[INFO] [stdout]  129 |     pub fn derive(namespace_id: NamespaceId, workflow_id: &WorkflowId, run_id: RunId) -> Self {
[INFO] [stdout]      |     ^^^^^^^^^^^^^^^^^^^^^^^^^^^^^^^^^^^^^^^^^^^^^^^^^^^^^^^^^^^^^^^^^^^^^^^^^^^^^^^^^^^^^^^^^
[INFO] [stdout] help: there is a method `ne` with a similar name, but with different arguments
[INFO] [stdout]     --> /rustc/dfb0accb7f508ae8be965d8629557221c889dd98/library/core/src/cmp.rs:275:4
[INFO] [stdout] 
[INFO] [stdout] 
[INFO] [stdout] error[E0599]: no associated function or constant named `new` found for struct `tokeira_types::RunKey` in the current scope
[INFO] [stdout]      --> src/workflow_service.rs:10350:34
[INFO] [stdout]       |
[INFO] [stdout] 10350 |                 run_key: RunKey::new(),
[INFO] [stdout]       |                                  ^^^ associated function or constant not found in `tokeira_types::RunKey`
[INFO] [stdout]       |
[INFO] [stdout] note: if you're trying to build a new `tokeira_types::RunKey`, consider using `tokeira_types::RunKey::derive` which returns `tokeira_types::RunKey`
[INFO] [stdout]      --> /opt/rustwide/cargo-home/registry/src/index.crates.io-1949cf8c6b5b557f/tokeira-types-0.5.1/src/ids.rs:129:5
[INFO] [stdout]       |
[INFO] [stdout]   129 |     pub fn derive(namespace_id: NamespaceId, workflow_id: &WorkflowId, run_id: RunId) -> Self {
[INFO] [stdout]       |     ^^^^^^^^^^^^^^^^^^^^^^^^^^^^^^^^^^^^^^^^^^^^^^^^^^^^^^^^^^^^^^^^^^^^^^^^^^^^^^^^^^^^^^^^^
[INFO] [stdout] help: there is a method `ne` with a similar name, but with different arguments
[INFO] [stdout]      --> /rustc/dfb0accb7f508ae8be965d8629557221c889dd98/library/core/src/cmp.rs:275:4
[INFO] [stdout] 
[INFO] [stdout] 
[INFO] [stdout] error[E0599]: no associated function or constant named `new` found for struct `tokeira_types::RunKey` in the current scope
[INFO] [stdout]      --> src/workflow_service.rs:10436:31
[INFO] [stdout]       |
[INFO] [stdout] 10436 |         let run_key = RunKey::new();
[INFO] [stdout]       |                               ^^^ associated function or constant not found in `tokeira_types::RunKey`
[INFO] [stdout]       |
[INFO] [stdout] note: if you're trying to build a new `tokeira_types::RunKey`, consider using `tokeira_types::RunKey::derive` which returns `tokeira_types::RunKey`
[INFO] [stdout]      --> /opt/rustwide/cargo-home/registry/src/index.crates.io-1949cf8c6b5b557f/tokeira-types-0.5.1/src/ids.rs:129:5
[INFO] [stdout]       |
[INFO] [stdout]   129 |     pub fn derive(namespace_id: NamespaceId, workflow_id: &WorkflowId, run_id: RunId) -> Self {
[INFO] [stdout]       |     ^^^^^^^^^^^^^^^^^^^^^^^^^^^^^^^^^^^^^^^^^^^^^^^^^^^^^^^^^^^^^^^^^^^^^^^^^^^^^^^^^^^^^^^^^
[INFO] [stdout] help: there is a method `ne` with a similar name, but with different arguments
[INFO] [stdout]      --> /rustc/dfb0accb7f508ae8be965d8629557221c889dd98/library/core/src/cmp.rs:275:4
[INFO] [stdout] 
[INFO] [stdout] 
[INFO] [stdout] error[E0599]: no associated function or constant named `new` found for struct `tokeira_types::RunKey` in the current scope
[INFO] [stdout]     --> src/grpc/translate.rs:9644:45
[INFO] [stdout]      |
[INFO] [stdout] 9644 |             run_key: tokeira_types::RunKey::new(),
[INFO] [stdout]      |                                             ^^^ associated function or constant not found in `tokeira_types::RunKey`
[INFO] [stdout]      |
[INFO] [stdout] note: if you're trying to build a new `tokeira_types::RunKey`, consider using `tokeira_types::RunKey::derive` which returns `tokeira_types::RunKey`
[INFO] [stdout]     --> /opt/rustwide/cargo-home/registry/src/index.crates.io-1949cf8c6b5b557f/tokeira-types-0.5.1/src/ids.rs:129:5
[INFO] [stdout]      |
[INFO] [stdout]  129 |     pub fn derive(namespace_id: NamespaceId, workflow_id: &WorkflowId, run_id: RunId) -> Self {
[INFO] [stdout]      |     ^^^^^^^^^^^^^^^^^^^^^^^^^^^^^^^^^^^^^^^^^^^^^^^^^^^^^^^^^^^^^^^^^^^^^^^^^^^^^^^^^^^^^^^^^
[INFO] [stdout] help: there is a method `ne` with a similar name, but with different arguments
[INFO] [stdout]     --> /rustc/dfb0accb7f508ae8be965d8629557221c889dd98/library/core/src/cmp.rs:275:4
[INFO] [stdout] 
[INFO] [stdout] 
[INFO] [stdout] error[E0599]: no associated function or constant named `new` found for struct `tokeira_types::RunKey` in the current scope
[INFO] [stdout]     --> src/grpc/workflow_service.rs:5951:38
[INFO] [stdout]      |
[INFO] [stdout] 5951 |                     run_key: RunKey::new(),
[INFO] [stdout]      |                                      ^^^ associated function or constant not found in `tokeira_types::RunKey`
[INFO] [stdout]      |
[INFO] [stdout] note: if you're trying to build a new `tokeira_types::RunKey`, consider using `tokeira_types::RunKey::derive` which returns `tokeira_types::RunKey`
[INFO] [stdout]     --> /opt/rustwide/cargo-home/registry/src/index.crates.io-1949cf8c6b5b557f/tokeira-types-0.5.1/src/ids.rs:129:5
[INFO] [stdout]      |
[INFO] [stdout]  129 |     pub fn derive(namespace_id: NamespaceId, workflow_id: &WorkflowId, run_id: RunId) -> Self {
[INFO] [stdout]      |     ^^^^^^^^^^^^^^^^^^^^^^^^^^^^^^^^^^^^^^^^^^^^^^^^^^^^^^^^^^^^^^^^^^^^^^^^^^^^^^^^^^^^^^^^^
[INFO] [stdout] help: there is a method `ne` with a similar name, but with different arguments
[INFO] [stdout]     --> /rustc/dfb0accb7f508ae8be965d8629557221c889dd98/library/core/src/cmp.rs:275:4
[INFO] [stdout] 
[INFO] [stdout] 
[INFO] [stdout] error[E0599]: no associated function or constant named `new` found for struct `tokeira_types::RunKey` in the current scope
[INFO] [stdout]     --> src/grpc/workflow_service.rs:6224:38
[INFO] [stdout]      |
[INFO] [stdout] 6224 |                     run_key: RunKey::new(),
[INFO] [stdout]      |                                      ^^^ associated function or constant not found in `tokeira_types::RunKey`
[INFO] [stdout]      |
[INFO] [stdout] note: if you're trying to build a new `tokeira_types::RunKey`, consider using `tokeira_types::RunKey::derive` which returns `tokeira_types::RunKey`
[INFO] [stdout]     --> /opt/rustwide/cargo-home/registry/src/index.crates.io-1949cf8c6b5b557f/tokeira-types-0.5.1/src/ids.rs:129:5
[INFO] [stdout]      |
[INFO] [stdout]  129 |     pub fn derive(namespace_id: NamespaceId, workflow_id: &WorkflowId, run_id: RunId) -> Self {
[INFO] [stdout]      |     ^^^^^^^^^^^^^^^^^^^^^^^^^^^^^^^^^^^^^^^^^^^^^^^^^^^^^^^^^^^^^^^^^^^^^^^^^^^^^^^^^^^^^^^^^
[INFO] [stdout] help: there is a method `ne` with a similar name, but with different arguments
[INFO] [stdout]     --> /rustc/dfb0accb7f508ae8be965d8629557221c889dd98/library/core/src/cmp.rs:275:4
[INFO] [stdout] 
[INFO] [stdout] 
[INFO] [stdout] error[E0599]: no associated function or constant named `new` found for struct `tokeira_types::RunKey` in the current scope
[INFO] [stdout]     --> src/grpc/workflow_service.rs:7553:25
[INFO] [stdout]      |
[INFO] [stdout] 7553 |                 RunKey::new(),
[INFO] [stdout]      |                         ^^^ associated function or constant not found in `tokeira_types::RunKey`
[INFO] [stdout]      |
[INFO] [stdout] note: if you're trying to build a new `tokeira_types::RunKey`, consider using `tokeira_types::RunKey::derive` which returns `tokeira_types::RunKey`
[INFO] [stdout]     --> /opt/rustwide/cargo-home/registry/src/index.crates.io-1949cf8c6b5b557f/tokeira-types-0.5.1/src/ids.rs:129:5
[INFO] [stdout]      |
[INFO] [stdout]  129 |     pub fn derive(namespace_id: NamespaceId, workflow_id: &WorkflowId, run_id: RunId) -> Self {
[INFO] [stdout]      |     ^^^^^^^^^^^^^^^^^^^^^^^^^^^^^^^^^^^^^^^^^^^^^^^^^^^^^^^^^^^^^^^^^^^^^^^^^^^^^^^^^^^^^^^^^
[INFO] [stdout] help: there is a method `ne` with a similar name, but with different arguments
[INFO] [stdout]     --> /rustc/dfb0accb7f508ae8be965d8629557221c889dd98/library/core/src/cmp.rs:275:4
[INFO] [stdout] 
[INFO] [stdout] 
[INFO] [stdout] error[E0599]: no associated function or constant named `new` found for struct `tokeira_types::RunKey` in the current scope
[INFO] [stdout]     --> src/grpc/workflow_service.rs:7681:71
[INFO] [stdout]      |
[INFO] [stdout] 7681 |         let token = publish_test_workflow_nexus_task(&broker, RunKey::new()).await;
[INFO] [stdout]      |                                                                       ^^^ associated function or constant not found in `tokeira_types::RunKey`
[INFO] [stdout]      |
[INFO] [stdout] note: if you're trying to build a new `tokeira_types::RunKey`, consider using `tokeira_types::RunKey::derive` which returns `tokeira_types::RunKey`
[INFO] [stdout]     --> /opt/rustwide/cargo-home/registry/src/index.crates.io-1949cf8c6b5b557f/tokeira-types-0.5.1/src/ids.rs:129:5
[INFO] [stdout]      |
[INFO] [stdout]  129 |     pub fn derive(namespace_id: NamespaceId, workflow_id: &WorkflowId, run_id: RunId) -> Self {
[INFO] [stdout]      |     ^^^^^^^^^^^^^^^^^^^^^^^^^^^^^^^^^^^^^^^^^^^^^^^^^^^^^^^^^^^^^^^^^^^^^^^^^^^^^^^^^^^^^^^^^
[INFO] [stdout] help: there is a method `ne` with a similar name, but with different arguments
[INFO] [stdout]     --> /rustc/dfb0accb7f508ae8be965d8629557221c889dd98/library/core/src/cmp.rs:275:4
[INFO] [stdout] 
[INFO] [stdout] 
[INFO] [stdout] error[E0599]: no associated function or constant named `new` found for struct `tokeira_types::RunKey` in the current scope
[INFO] [stdout]     --> src/grpc/workflow_service.rs:7721:78
[INFO] [stdout]      |
[INFO] [stdout] 7721 |         let failed_token = publish_test_workflow_nexus_task(&broker, RunKey::new()).await;
[INFO] [stdout]      |                                                                              ^^^ associated function or constant not found in `tokeira_types::RunKey`
[INFO] [stdout]      |
[INFO] [stdout] note: if you're trying to build a new `tokeira_types::RunKey`, consider using `tokeira_types::RunKey::derive` which returns `tokeira_types::RunKey`
[INFO] [stdout]     --> /opt/rustwide/cargo-home/registry/src/index.crates.io-1949cf8c6b5b557f/tokeira-types-0.5.1/src/ids.rs:129:5
[INFO] [stdout]      |
[INFO] [stdout]  129 |     pub fn derive(namespace_id: NamespaceId, workflow_id: &WorkflowId, run_id: RunId) -> Self {
[INFO] [stdout]      |     ^^^^^^^^^^^^^^^^^^^^^^^^^^^^^^^^^^^^^^^^^^^^^^^^^^^^^^^^^^^^^^^^^^^^^^^^^^^^^^^^^^^^^^^^^
[INFO] [stdout] help: there is a method `ne` with a similar name, but with different arguments
[INFO] [stdout]     --> /rustc/dfb0accb7f508ae8be965d8629557221c889dd98/library/core/src/cmp.rs:275:4
[INFO] [stdout] 
[INFO] [stdout] 
[INFO] [stdout] error[E0599]: no associated function or constant named `new` found for struct `tokeira_types::RunKey` in the current scope
[INFO] [stdout]     --> src/grpc/workflow_service.rs:7745:78
[INFO] [stdout]      |
[INFO] [stdout] 7745 |         let modern_token = publish_test_workflow_nexus_task(&broker, RunKey::new()).await;
[INFO] [stdout]      |                                                                              ^^^ associated function or constant not found in `tokeira_types::RunKey`
[INFO] [stdout]      |
[INFO] [stdout] note: if you're trying to build a new `tokeira_types::RunKey`, consider using `tokeira_types::RunKey::derive` which returns `tokeira_types::RunKey`
[INFO] [stdout]     --> /opt/rustwide/cargo-home/registry/src/index.crates.io-1949cf8c6b5b557f/tokeira-types-0.5.1/src/ids.rs:129:5
[INFO] [stdout]      |
[INFO] [stdout]  129 |     pub fn derive(namespace_id: NamespaceId, workflow_id: &WorkflowId, run_id: RunId) -> Self {
[INFO] [stdout]      |     ^^^^^^^^^^^^^^^^^^^^^^^^^^^^^^^^^^^^^^^^^^^^^^^^^^^^^^^^^^^^^^^^^^^^^^^^^^^^^^^^^^^^^^^^^
[INFO] [stdout] help: there is a method `ne` with a similar name, but with different arguments
[INFO] [stdout]     --> /rustc/dfb0accb7f508ae8be965d8629557221c889dd98/library/core/src/cmp.rs:275:4
[INFO] [stdout] 
[INFO] [stdout] 
[INFO] [stdout] error[E0599]: no associated function or constant named `new` found for struct `tokeira_types::RunKey` in the current scope
[INFO] [stdout]     --> src/grpc/workflow_service.rs:7781:79
[INFO] [stdout]      |
[INFO] [stdout] 7781 |                 let token = publish_test_workflow_nexus_task(&broker, RunKey::new()).await;
[INFO] [stdout]      |                                                                               ^^^ associated function or constant not found in `tokeira_types::RunKey`
[INFO] [stdout]      |
[INFO] [stdout] note: if you're trying to build a new `tokeira_types::RunKey`, consider using `tokeira_types::RunKey::derive` which returns `tokeira_types::RunKey`
[INFO] [stdout]     --> /opt/rustwide/cargo-home/registry/src/index.crates.io-1949cf8c6b5b557f/tokeira-types-0.5.1/src/ids.rs:129:5
[INFO] [stdout]      |
[INFO] [stdout]  129 |     pub fn derive(namespace_id: NamespaceId, workflow_id: &WorkflowId, run_id: RunId) -> Self {
[INFO] [stdout]      |     ^^^^^^^^^^^^^^^^^^^^^^^^^^^^^^^^^^^^^^^^^^^^^^^^^^^^^^^^^^^^^^^^^^^^^^^^^^^^^^^^^^^^^^^^^
[INFO] [stdout] help: there is a method `ne` with a similar name, but with different arguments
[INFO] [stdout]     --> /rustc/dfb0accb7f508ae8be965d8629557221c889dd98/library/core/src/cmp.rs:275:4
[INFO] [stdout] 
[INFO] [stdout] 
[INFO] [stdout] error[E0599]: no associated function or constant named `new` found for struct `tokeira_types::RunKey` in the current scope
[INFO] [stdout]     --> src/grpc/workflow_service.rs:7824:31
[INFO] [stdout]      |
[INFO] [stdout] 7824 |         let run_key = RunKey::new();
[INFO] [stdout]      |                               ^^^ associated function or constant not found in `tokeira_types::RunKey`
[INFO] [stdout]      |
[INFO] [stdout] note: if you're trying to build a new `tokeira_types::RunKey`, consider using `tokeira_types::RunKey::derive` which returns `tokeira_types::RunKey`
[INFO] [stdout]     --> /opt/rustwide/cargo-home/registry/src/index.crates.io-1949cf8c6b5b557f/tokeira-types-0.5.1/src/ids.rs:129:5
[INFO] [stdout]      |
[INFO] [stdout]  129 |     pub fn derive(namespace_id: NamespaceId, workflow_id: &WorkflowId, run_id: RunId) -> Self {
[INFO] [stdout]      |     ^^^^^^^^^^^^^^^^^^^^^^^^^^^^^^^^^^^^^^^^^^^^^^^^^^^^^^^^^^^^^^^^^^^^^^^^^^^^^^^^^^^^^^^^^
[INFO] [stdout] help: there is a method `ne` with a similar name, but with different arguments
[INFO] [stdout]     --> /rustc/dfb0accb7f508ae8be965d8629557221c889dd98/library/core/src/cmp.rs:275:4
[INFO] [stdout] 
[INFO] [stdout] 
[INFO] [stdout] error[E0599]: no associated function or constant named `new` found for struct `tokeira_types::RunKey` in the current scope
[INFO] [stdout]     --> src/grpc/workflow_service.rs:7929:31
[INFO] [stdout]      |
[INFO] [stdout] 7929 |         let run_key = RunKey::new();
[INFO] [stdout]      |                               ^^^ associated function or constant not found in `tokeira_types::RunKey`
[INFO] [stdout]      |
[INFO] [stdout] note: if you're trying to build a new `tokeira_types::RunKey`, consider using `tokeira_types::RunKey::derive` which returns `tokeira_types::RunKey`
[INFO] [stdout]     --> /opt/rustwide/cargo-home/registry/src/index.crates.io-1949cf8c6b5b557f/tokeira-types-0.5.1/src/ids.rs:129:5
[INFO] [stdout]      |
[INFO] [stdout]  129 |     pub fn derive(namespace_id: NamespaceId, workflow_id: &WorkflowId, run_id: RunId) -> Self {
[INFO] [stdout]      |     ^^^^^^^^^^^^^^^^^^^^^^^^^^^^^^^^^^^^^^^^^^^^^^^^^^^^^^^^^^^^^^^^^^^^^^^^^^^^^^^^^^^^^^^^^
[INFO] [stdout] help: there is a method `ne` with a similar name, but with different arguments
[INFO] [stdout]     --> /rustc/dfb0accb7f508ae8be965d8629557221c889dd98/library/core/src/cmp.rs:275:4
[INFO] [stdout] 
[INFO] [stdout] 
[INFO] [stdout] error[E0599]: no associated function or constant named `new` found for struct `tokeira_types::RunKey` in the current scope
[INFO] [stdout]     --> src/grpc/workflow_service.rs:8006:71
[INFO] [stdout]      |
[INFO] [stdout] 8006 |         let token = publish_test_workflow_nexus_task(&broker, RunKey::new()).await;
[INFO] [stdout]      |                                                                       ^^^ associated function or constant not found in `tokeira_types::RunKey`
[INFO] [stdout]      |
[INFO] [stdout] note: if you're trying to build a new `tokeira_types::RunKey`, consider using `tokeira_types::RunKey::derive` which returns `tokeira_types::RunKey`
[INFO] [stdout]     --> /opt/rustwide/cargo-home/registry/src/index.crates.io-1949cf8c6b5b557f/tokeira-types-0.5.1/src/ids.rs:129:5
[INFO] [stdout]      |
[INFO] [stdout]  129 |     pub fn derive(namespace_id: NamespaceId, workflow_id: &WorkflowId, run_id: RunId) -> Self {
[INFO] [stdout]      |     ^^^^^^^^^^^^^^^^^^^^^^^^^^^^^^^^^^^^^^^^^^^^^^^^^^^^^^^^^^^^^^^^^^^^^^^^^^^^^^^^^^^^^^^^^
[INFO] [stdout] help: there is a method `ne` with a similar name, but with different arguments
[INFO] [stdout]     --> /rustc/dfb0accb7f508ae8be965d8629557221c889dd98/library/core/src/cmp.rs:275:4
[INFO] [stdout] 
[INFO] [stdout] 
[INFO] [stdout] error[E0599]: no associated function or constant named `new` found for struct `tokeira_types::RunKey` in the current scope
[INFO] [stdout]    --> src/task_token.rs:52:30
[INFO] [stdout]     |
[INFO] [stdout]  52 |             run_key: RunKey::new(),
[INFO] [stdout]     |                              ^^^ associated function or constant not found in `tokeira_types::RunKey`
[INFO] [stdout]     |
[INFO] [stdout] note: if you're trying to build a new `tokeira_types::RunKey`, consider using `tokeira_types::RunKey::derive` which returns `tokeira_types::RunKey`
[INFO] [stdout]    --> /opt/rustwide/cargo-home/registry/src/index.crates.io-1949cf8c6b5b557f/tokeira-types-0.5.1/src/ids.rs:129:5
[INFO] [stdout]     |
[INFO] [stdout] 129 |     pub fn derive(namespace_id: NamespaceId, workflow_id: &WorkflowId, run_id: RunId) -> Self {
[INFO] [stdout]     |     ^^^^^^^^^^^^^^^^^^^^^^^^^^^^^^^^^^^^^^^^^^^^^^^^^^^^^^^^^^^^^^^^^^^^^^^^^^^^^^^^^^^^^^^^^
[INFO] [stdout] help: there is a method `ne` with a similar name, but with different arguments
[INFO] [stdout]    --> /rustc/dfb0accb7f508ae8be965d8629557221c889dd98/library/core/src/cmp.rs:275:4
[INFO] [stdout] 
[INFO] [stdout] 
[INFO] [stdout] error[E0599]: no associated function or constant named `new` found for struct `tokeira_types::RunKey` in the current scope
[INFO] [stdout]    --> src/translate/from_internal.rs:363:31
[INFO] [stdout]     |
[INFO] [stdout] 363 |         let run_key = RunKey::new();
[INFO] [stdout]     |                               ^^^ associated function or constant not found in `tokeira_types::RunKey`
[INFO] [stdout]     |
[INFO] [stdout] note: if you're trying to build a new `tokeira_types::RunKey`, consider using `tokeira_types::RunKey::derive` which returns `tokeira_types::RunKey`
[INFO] [stdout]    --> /opt/rustwide/cargo-home/registry/src/index.crates.io-1949cf8c6b5b557f/tokeira-types-0.5.1/src/ids.rs:129:5
[INFO] [stdout]     |
[INFO] [stdout] 129 |     pub fn derive(namespace_id: NamespaceId, workflow_id: &WorkflowId, run_id: RunId) -> Self {
[INFO] [stdout]     |     ^^^^^^^^^^^^^^^^^^^^^^^^^^^^^^^^^^^^^^^^^^^^^^^^^^^^^^^^^^^^^^^^^^^^^^^^^^^^^^^^^^^^^^^^^
[INFO] [stdout] help: there is a method `ne` with a similar name, but with different arguments
[INFO] [stdout]    --> /rustc/dfb0accb7f508ae8be965d8629557221c889dd98/library/core/src/cmp.rs:275:4
[INFO] [stdout] 
[INFO] [stdout] 
[INFO] [stdout] error[E0599]: no associated function or constant named `new` found for struct `tokeira_types::RunKey` in the current scope
[INFO] [stdout]    --> src/translate/from_internal.rs:390:31
[INFO] [stdout]     |
[INFO] [stdout] 390 |         let run_key = RunKey::new();
[INFO] [stdout]     |                               ^^^ associated function or constant not found in `tokeira_types::RunKey`
[INFO] [stdout]     |
[INFO] [stdout] note: if you're trying to build a new `tokeira_types::RunKey`, consider using `tokeira_types::RunKey::derive` which returns `tokeira_types::RunKey`
[INFO] [stdout]    --> /opt/rustwide/cargo-home/registry/src/index.crates.io-1949cf8c6b5b557f/tokeira-types-0.5.1/src/ids.rs:129:5
[INFO] [stdout]     |
[INFO] [stdout] 129 |     pub fn derive(namespace_id: NamespaceId, workflow_id: &WorkflowId, run_id: RunId) -> Self {
[INFO] [stdout]     |     ^^^^^^^^^^^^^^^^^^^^^^^^^^^^^^^^^^^^^^^^^^^^^^^^^^^^^^^^^^^^^^^^^^^^^^^^^^^^^^^^^^^^^^^^^
[INFO] [stdout] help: there is a method `ne` with a similar name, but with different arguments
[INFO] [stdout]    --> /rustc/dfb0accb7f508ae8be965d8629557221c889dd98/library/core/src/cmp.rs:275:4
[INFO] [stdout] 
[INFO] [stdout] 
[INFO] [stdout] error[E0599]: no associated function or constant named `new` found for struct `tokeira_types::RunKey` in the current scope
[INFO] [stdout]     --> src/translate/history_serializer.rs:4256:34
[INFO] [stdout]      |
[INFO] [stdout] 4256 |                 run_key: RunKey::new(),
[INFO] [stdout]      |                                  ^^^ associated function or constant not found in `tokeira_types::RunKey`
[INFO] [stdout]      |
[INFO] [stdout] note: if you're trying to build a new `tokeira_types::RunKey`, consider using `tokeira_types::RunKey::derive` which returns `tokeira_types::RunKey`
[INFO] [stdout]     --> /opt/rustwide/cargo-home/registry/src/index.crates.io-1949cf8c6b5b557f/tokeira-types-0.5.1/src/ids.rs:129:5
[INFO] [stdout]      |
[INFO] [stdout]  129 |     pub fn derive(namespace_id: NamespaceId, workflow_id: &WorkflowId, run_id: RunId) -> Self {
[INFO] [stdout]      |     ^^^^^^^^^^^^^^^^^^^^^^^^^^^^^^^^^^^^^^^^^^^^^^^^^^^^^^^^^^^^^^^^^^^^^^^^^^^^^^^^^^^^^^^^^
[INFO] [stdout] help: there is a method `ne` with a similar name, but with different arguments
[INFO] [stdout]     --> /rustc/dfb0accb7f508ae8be965d8629557221c889dd98/library/core/src/cmp.rs:275:4
[INFO] [stdout] 
[INFO] [stdout] 
[INFO] [stdout] error[E0599]: no associated function or constant named `new` found for struct `tokeira_types::RunKey` in the current scope
[INFO] [stdout]    --> src/translate/to_internal.rs:972:30
[INFO] [stdout]     |
[INFO] [stdout] 972 |             run_key: RunKey::new(),
[INFO] [stdout]     |                              ^^^ associated function or constant not found in `tokeira_types::RunKey`
[INFO] [stdout]     |
[INFO] [stdout] note: if you're trying to build a new `tokeira_types::RunKey`, consider using `tokeira_types::RunKey::derive` which returns `tokeira_types::RunKey`
[INFO] [stdout]    --> /opt/rustwide/cargo-home/registry/src/index.crates.io-1949cf8c6b5b557f/tokeira-types-0.5.1/src/ids.rs:129:5
[INFO] [stdout]     |
[INFO] [stdout] 129 |     pub fn derive(namespace_id: NamespaceId, workflow_id: &WorkflowId, run_id: RunId) -> Self {
[INFO] [stdout]     |     ^^^^^^^^^^^^^^^^^^^^^^^^^^^^^^^^^^^^^^^^^^^^^^^^^^^^^^^^^^^^^^^^^^^^^^^^^^^^^^^^^^^^^^^^^
[INFO] [stdout] help: there is a method `ne` with a similar name, but with different arguments
[INFO] [stdout]    --> /rustc/dfb0accb7f508ae8be965d8629557221c889dd98/library/core/src/cmp.rs:275:4
[INFO] [stdout] 
[INFO] [stdout] 
[INFO] [stdout] warning: unused import: `prost::Message`
[INFO] [stdout]    --> src/grpc/errors.rs:453:9
[INFO] [stdout]     |
[INFO] [stdout] 453 |     use prost::Message as _;
[INFO] [stdout]     |         ^^^^^^^^^^^^^^
[INFO] [stdout]     |
[INFO] [stdout]     = note: `#[warn(unused_imports)]` (part of `#[warn(unused)]`) on by default
[INFO] [stdout] 
[INFO] [stdout] 
[INFO] [stderr] error: could not compile `tokeira-edge` (lib)
[INFO] [stderr] 
[INFO] [stderr] Caused by:
[INFO] [stderr]   process didn't exit successfully: `/opt/rustwide/rustup-home/toolchains/1.99.0-beta.8-x86_64-unknown-linux-gnu/bin/rustc --crate-name tokeira_edge --edition=2024 src/lib.rs --error-format=json --json=diagnostic-rendered-ansi,artifacts,future-incompat --crate-type lib --emit=dep-info,metadata,link -C embed-bitcode=no -C debuginfo=2 '--deny=clippy::unwrap_used' --deny=unsafe_code --warn=unreachable_pub '--deny=clippy::undocumented_unsafe_blocks' '--deny=clippy::print_stdout' '--deny=clippy::print_stderr' --deny=missing_debug_implementations '--warn=clippy::dbg_macro' --check-cfg 'cfg(docsrs,test)' --check-cfg 'cfg(feature, values("conformance"))' -C metadata=788f4f3e91b1150f -C extra-filename=-e6000d90cb5a3995 --out-dir /opt/rustwide/target/debug/deps -L dependency=/opt/rustwide/target/debug/deps --extern anyhow=/opt/rustwide/target/debug/deps/libanyhow-eeb2152985963809.rmeta --extern arc_swap=/opt/rustwide/target/debug/deps/libarc_swap-1b0c7080be28b8c0.rmeta --extern async_trait=/opt/rustwide/target/debug/deps/libasync_trait-3453bb6e76f3ba47.so --extern base64=/opt/rustwide/target/debug/deps/libbase64-32787b0325ea6df8.rmeta --extern buffa=/opt/rustwide/target/debug/deps/libbuffa-7f897ce39495070f.rmeta --extern bytes=/opt/rustwide/target/debug/deps/libbytes-1e765f450bf97048.rmeta --extern connectrpc=/opt/rustwide/target/debug/deps/libconnectrpc-e757775c322d69b8.rmeta --extern http=/opt/rustwide/target/debug/deps/libhttp-9383bf774fc00c88.rmeta --extern http_body_util=/opt/rustwide/target/debug/deps/libhttp_body_util-29e4a290d348dcaf.rmeta --extern metrics=/opt/rustwide/target/debug/deps/libmetrics-8fe776b6a1362630.rmeta --extern opentelemetry=/opt/rustwide/target/debug/deps/libopentelemetry-60c920828bcb7b08.rmeta --extern opentelemetry_sdk=/opt/rustwide/target/debug/deps/libopentelemetry_sdk-2f6315219d1a232e.rmeta --extern percent_encoding=/opt/rustwide/target/debug/deps/libpercent_encoding-fa055ecaa1e57cfa.rmeta --extern prost=/opt/rustwide/target/debug/deps/libprost-f254a7c3c9218cd0.rmeta --extern prost_reflect=/opt/rustwide/target/debug/deps/libprost_reflect-da491fc280a02094.rmeta --extern prost_types=/opt/rustwide/target/debug/deps/libprost_types-d2eec61059d03df7.rmeta --extern serde=/opt/rustwide/target/debug/deps/libserde-7b764bc0ba2ada0b.rmeta --extern serde_json=/opt/rustwide/target/debug/deps/libserde_json-ff3658416ee5762d.rmeta --extern thiserror=/opt/rustwide/target/debug/deps/libthiserror-5e90adc18491a337.rmeta --extern time=/opt/rustwide/target/debug/deps/libtime-6365e4efbb2ba77c.rmeta --extern tokeira_auth=/opt/rustwide/target/debug/deps/libtokeira_auth-d03c088e8b5454f2.rmeta --extern tokeira_build_info=/opt/rustwide/target/debug/deps/libtokeira_build_info-b90425bad9385e27.rmeta --extern tokeira_chasm=/opt/rustwide/target/debug/deps/libtokeira_chasm-237e2f353b13a667.rmeta --extern tokeira_chasm_activity=/opt/rustwide/target/debug/deps/libtokeira_chasm_activity-72302f34991d7c70.rmeta --extern tokeira_compatibility=/opt/rustwide/target/debug/deps/libtokeira_compatibility-cf77657f089b5462.rmeta --extern tokeira_kernel=/opt/rustwide/target/debug/deps/libtokeira_kernel-bcc718ff7b67ace8.rmeta --extern tokeira_projection=/opt/rustwide/target/debug/deps/libtokeira_projection-d4003930347568ec.rmeta --extern tokeira_proto=/opt/rustwide/target/debug/deps/libtokeira_proto-93df014b38b02de0.rmeta --extern tokeira_runtime=/opt/rustwide/target/debug/deps/libtokeira_runtime-cfed654f582d7cde.rmeta --extern tokeira_storage=/opt/rustwide/target/debug/deps/libtokeira_storage-b70e0865163ce6bd.rmeta --extern tokeira_types=/opt/rustwide/target/debug/deps/libtokeira_types-8504bd17eca08c44.rmeta --extern tokio=/opt/rustwide/target/debug/deps/libtokio-8270e5528e2f8d66.rmeta --extern tokio_stream=/opt/rustwide/target/debug/deps/libtokio_stream-c7274a31f38d62bf.rmeta --extern tokio_util=/opt/rustwide/target/debug/deps/libtokio_util-981e4cf816c4609a.rmeta --extern tonic=/opt/rustwide/target/debug/deps/libtonic-f16df67dbeb96ec5.rmeta --extern tower=/opt/rustwide/target/debug/deps/libtower-99993f962f1d0a77.rmeta --extern tracing=/opt/rustwide/target/debug/deps/libtracing-9244677a201ade0f.rmeta --extern tracing_opentelemetry=/opt/rustwide/target/debug/deps/libtracing_opentelemetry-46c1e8a3736b0145.rmeta --extern url=/opt/rustwide/target/debug/deps/liburl-20242b664c8191a8.rmeta --extern uuid=/opt/rustwide/target/debug/deps/libuuid-e0ce7a6f89151a65.rmeta --cap-lints=warn -L native=/opt/rustwide/target/debug/build/zstd-sys-677060d3b25da2ec/out -L native=/opt/rustwide/target/debug/build/ring-c569df8c9614ac7b/out -L native=/opt/rustwide/target/debug/build/aws-lc-sys-34e8776b8c6f1025/out -L native=/opt/rustwide/target/debug/build/blake3-f63e14e5337e37a1/out -L native=/opt/rustwide/target/debug/build/blake3-f63e14e5337e37a1/out` (signal: 9, SIGKILL: kill)
[INFO] [stderr] warning: build failed, waiting for other jobs to finish...
[INFO] [stdout] For more information about this error, try `rustc --explain E0599`.
[INFO] [stdout] 
[INFO] [stderr] error: could not compile `tokeira-edge` (lib test) due to 20 previous errors; 1 warning emitted
[INFO] running `Command { std: "docker" "inspect" "a9dcdc3f8c3dcdf02f2358680b9d81660181ba2a6dfaf87f015ac383d4c0ba39", kill_on_drop: false }`
[INFO] running `Command { std: "docker" "rm" "-f" "a9dcdc3f8c3dcdf02f2358680b9d81660181ba2a6dfaf87f015ac383d4c0ba39", kill_on_drop: false }`
[INFO] [stdout] a9dcdc3f8c3dcdf02f2358680b9d81660181ba2a6dfaf87f015ac383d4c0ba39
