[INFO] fetching crate tlw_irus 0.1.6...
[INFO] testing tlw_irus-0.1.6 against 1.100.0-beta.1 for beta-1.100-2
[INFO] extracting crate tlw_irus 0.1.6 into /workspace/builds/worker-7-tc2/source
[INFO] removed /workspace/builds/worker-7-tc2/source/.cargo/config.toml
[INFO] started tweaking crates.io crate tlw_irus 0.1.6
[INFO] removed 0 missing examples
[INFO] finished tweaking crates.io crate tlw_irus 0.1.6
[INFO] tweaked toml for crates.io crate tlw_irus 0.1.6 written to /workspace/builds/worker-7-tc2/source/Cargo.toml
[INFO] validating manifest of crates.io crate tlw_irus 0.1.6 on toolchain 1.100.0-beta.1
[INFO] running `Command { std: CARGO_HOME="/workspace/cargo-home" RUSTUP_HOME="/workspace/rustup-home" "/workspace/cargo-home/bin/cargo" "+1.100.0-beta.1" "metadata" "--manifest-path" "Cargo.toml" "--no-deps", kill_on_drop: false }`
[INFO] crate crates.io crate tlw_irus 0.1.6 already has a lockfile, it will not be regenerated
[INFO] running `Command { std: CARGO_HOME="/workspace/cargo-home" RUSTUP_HOME="/workspace/rustup-home" "/workspace/cargo-home/bin/cargo" "+1.100.0-beta.1" "fetch" "--manifest-path" "Cargo.toml", kill_on_drop: false }`
[INFO] running `Command { std: "docker" "create" "-v" "/var/lib/crater-agent-workspace/builds/worker-7-tc2/source:/opt/rustwide/workdir:ro,Z" "-v" "/var/lib/crater-agent-workspace/builds/worker-7-tc2/target:/opt/rustwide/target:rw,Z" "-v" "/var/lib/crater-agent-workspace/cargo-home:/opt/rustwide/cargo-home:ro,Z" "-v" "/var/lib/crater-agent-workspace/rustup-home:/opt/rustwide/rustup-home:ro,Z" "-m" "1610612736" "--network" "none" "ghcr.io/rust-lang/crates-build-env/linux@sha256:3111399a4047eeb3a02b7a90e478d715f38a8c6669b5c4b49d30a17385265909" "sleep" "infinity", kill_on_drop: false }`
[INFO] [stdout] 2700af55475279b93fcd64f5e8fda8cd5588b67d42e359228e99044898a1f886
[INFO] running `Command { std: "docker" "start" "2700af55475279b93fcd64f5e8fda8cd5588b67d42e359228e99044898a1f886", kill_on_drop: false }`
[INFO] running `Command { std: "docker" "inspect" "2700af55475279b93fcd64f5e8fda8cd5588b67d42e359228e99044898a1f886", kill_on_drop: false }`
[INFO] running `Command { std: "docker" "exec" "-e" "SOURCE_DIR=/opt/rustwide/workdir" "-e" "CARGO_HOME=/opt/rustwide/cargo-home" "-e" "RUSTUP_HOME=/opt/rustwide/rustup-home" "-e" "CARGO_TARGET_DIR=/opt/rustwide/target" "-w" "/opt/rustwide/workdir" "--user" "0:0" "2700af55475279b93fcd64f5e8fda8cd5588b67d42e359228e99044898a1f886" "/opt/rustwide/cargo-home/bin/cargo" "+1.100.0-beta.1" "metadata" "--no-deps" "--format-version=1", kill_on_drop: false }`
[INFO] running `Command { std: "docker" "inspect" "2700af55475279b93fcd64f5e8fda8cd5588b67d42e359228e99044898a1f886", kill_on_drop: false }`
[INFO] running `Command { std: "docker" "exec" "-e" "SOURCE_DIR=/opt/rustwide/workdir" "-e" "CARGO_HOME=/opt/rustwide/cargo-home" "-e" "RUSTUP_HOME=/opt/rustwide/rustup-home" "-e" "CARGO_TARGET_DIR=/opt/rustwide/target" "-e" "CARGO_INCREMENTAL=0" "-e" "RUST_BACKTRACE=full" "-e" "RUSTFLAGS=--cap-lints=warn" "-e" "RUSTDOCFLAGS=--cap-lints=warn" "-w" "/opt/rustwide/workdir" "--user" "0:0" "2700af55475279b93fcd64f5e8fda8cd5588b67d42e359228e99044898a1f886" "/opt/rustwide/cargo-home/bin/cargo" "+1.100.0-beta.1" "build" "--frozen" "--message-format=json", kill_on_drop: false }`
[INFO] [stderr]    Compiling cc v1.2.47
[INFO] [stderr]    Compiling icu_properties_data v2.1.1
[INFO] [stderr]    Compiling tracing-core v0.1.35
[INFO] [stderr]    Compiling openssl v0.10.75
[INFO] [stderr]    Compiling http-body v1.0.1
[INFO] [stderr]    Compiling mio v1.1.0
[INFO] [stderr]    Compiling tracing-attributes v0.1.31
[INFO] [stderr]    Compiling openssl-macros v0.1.1
[INFO] [stderr]    Compiling log v0.4.28
[INFO] [stderr]    Compiling serde_json v1.0.145
[INFO] [stderr]    Compiling rustls-pki-types v1.13.0
[INFO] [stderr]    Compiling serde_urlencoded v0.7.1
[INFO] [stderr]    Compiling http-body-util v0.1.3
[INFO] [stderr]    Compiling icu_properties v2.1.1
[INFO] [stderr]    Compiling tokio v1.48.0
[INFO] [stderr]    Compiling tracing v0.1.41
[INFO] [stderr]    Compiling openssl-sys v0.9.111
[INFO] [stderr]    Compiling idna_adapter v1.2.1
[INFO] [stderr]    Compiling idna v1.1.0
[INFO] [stderr]    Compiling url v2.5.7
[INFO] [stderr]    Compiling native-tls v0.2.14
[INFO] [stderr]    Compiling tokio-util v0.7.17
[INFO] [stderr]    Compiling tower v0.5.2
[INFO] [stderr]    Compiling tower-http v0.6.7
[INFO] [stderr]    Compiling h2 v0.4.12
[INFO] [stderr]    Compiling tokio-native-tls v0.3.1
[INFO] [stderr]    Compiling hyper v1.8.1
[INFO] [stderr]    Compiling hyper-util v0.1.18
[INFO] [stderr]    Compiling hyper-tls v0.6.0
[INFO] [stderr]    Compiling reqwest v0.12.24
[INFO] [stderr]    Compiling tlw_irus v0.1.6 (/opt/rustwide/workdir)
[INFO] [stdout] warning: unexpected `cfg` condition value: `winthor`
[INFO] [stdout]    --> src/api/shop.rs:977:11
[INFO] [stdout]     |
[INFO] [stdout] 977 |     #[cfg(feature = "winthor")]
[INFO] [stdout]     |           ^^^^^^^^^^^^^^^^^^^ help: remove the condition
[INFO] [stdout]     |
[INFO] [stdout]     = note: no expected values for `feature`
[INFO] [stdout]     = help: consider adding `winthor` as a feature in `Cargo.toml`
[INFO] [stdout]     = note: see <https://doc.rust-lang.org/nightly/rustc/check-cfg/cargo-specifics.html> for more information about checking conditional configuration
[INFO] [stdout]     = note: `#[warn(unexpected_cfgs)]` on by default
[INFO] [stdout] 
[INFO] [stdout] 
[INFO] [stdout] warning: unexpected `cfg` condition value: `winthor`
[INFO] [stdout]     --> src/api/shop.rs:1083:11
[INFO] [stdout]      |
[INFO] [stdout] 1083 |     #[cfg(feature = "winthor")]
[INFO] [stdout]      |           ^^^^^^^^^^^^^^^^^^^ help: remove the condition
[INFO] [stdout]      |
[INFO] [stdout]      = note: no expected values for `feature`
[INFO] [stdout]      = help: consider adding `winthor` as a feature in `Cargo.toml`
[INFO] [stdout]      = note: see <https://doc.rust-lang.org/nightly/rustc/check-cfg/cargo-specifics.html> for more information about checking conditional configuration
[INFO] [stdout] 
[INFO] [stdout] 
[INFO] [stdout] warning: unexpected `cfg` condition value: `winthor`
[INFO] [stdout]     --> src/api/shop.rs:1367:11
[INFO] [stdout]      |
[INFO] [stdout] 1367 |     #[cfg(feature = "winthor")]
[INFO] [stdout]      |           ^^^^^^^^^^^^^^^^^^^ help: remove the condition
[INFO] [stdout]      |
[INFO] [stdout]      = note: no expected values for `feature`
[INFO] [stdout]      = help: consider adding `winthor` as a feature in `Cargo.toml`
[INFO] [stdout]      = note: see <https://doc.rust-lang.org/nightly/rustc/check-cfg/cargo-specifics.html> for more information about checking conditional configuration
[INFO] [stdout] 
[INFO] [stdout] 
[INFO] [stdout] warning: unexpected `cfg` condition value: `winthor`
[INFO] [stdout]     --> src/api/shop.rs:1463:11
[INFO] [stdout]      |
[INFO] [stdout] 1463 |     #[cfg(feature = "winthor")]
[INFO] [stdout]      |           ^^^^^^^^^^^^^^^^^^^ help: remove the condition
[INFO] [stdout]      |
[INFO] [stdout]      = note: no expected values for `feature`
[INFO] [stdout]      = help: consider adding `winthor` as a feature in `Cargo.toml`
[INFO] [stdout]      = note: see <https://doc.rust-lang.org/nightly/rustc/check-cfg/cargo-specifics.html> for more information about checking conditional configuration
[INFO] [stdout] 
[INFO] [stdout] 
[INFO] [stdout] warning: missing documentation for a struct field
[INFO] [stdout]    --> src/types/shop/category.rs:438:5
[INFO] [stdout]     |
[INFO] [stdout] 438 |     pub id: String,
[INFO] [stdout]     |     ^^^^^^^^^^^^^^
[INFO] [stdout]     |
[INFO] [stdout] note: the lint level is defined here
[INFO] [stdout]    --> src/lib.rs:221:9
[INFO] [stdout]     |
[INFO] [stdout] 221 | #![warn(missing_docs)]
[INFO] [stdout]     |         ^^^^^^^^^^^^
[INFO] [stdout] 
[INFO] [stdout] 
[INFO] [stdout] warning: missing documentation for a struct field
[INFO] [stdout]    --> src/types/shop/category.rs:439:5
[INFO] [stdout]     |
[INFO] [stdout] 439 |     pub name: String,
[INFO] [stdout]     |     ^^^^^^^^^^^^^^^^
[INFO] [stdout] 
[INFO] [stdout] 
[INFO] [stdout] warning: missing documentation for a struct
[INFO] [stdout]    --> src/types/shop/category.rs:443:1
[INFO] [stdout]     |
[INFO] [stdout] 443 | pub struct CategoryJson {
[INFO] [stdout]     | ^^^^^^^^^^^^^^^^^^^^^^^
[INFO] [stdout] 
[INFO] [stdout] 
[INFO] [stdout] warning: missing documentation for a struct field
[INFO] [stdout]    --> src/types/shop/category.rs:444:5
[INFO] [stdout]     |
[INFO] [stdout] 444 |     pub id: String,
[INFO] [stdout]     |     ^^^^^^^^^^^^^^
[INFO] [stdout] 
[INFO] [stdout] 
[INFO] [stdout] warning: missing documentation for a struct field
[INFO] [stdout]    --> src/types/shop/category.rs:445:5
[INFO] [stdout]     |
[INFO] [stdout] 445 |     pub name: String,
[INFO] [stdout]     |     ^^^^^^^^^^^^^^^^
[INFO] [stdout] 
[INFO] [stdout] 
[INFO] [stdout] warning: missing documentation for a struct field
[INFO] [stdout]    --> src/types/shop/category.rs:446:5
[INFO] [stdout]     |
[INFO] [stdout] 446 |     pub description: Option<String>,
[INFO] [stdout]     |     ^^^^^^^^^^^^^^^^^^^^^^^^^^^^^^^
[INFO] [stdout] 
[INFO] [stdout] 
[INFO] [stdout] warning: missing documentation for a struct field
[INFO] [stdout]    --> src/types/shop/category.rs:447:5
[INFO] [stdout]     |
[INFO] [stdout] 447 |     pub has_subcategories: bool,
[INFO] [stdout]     |     ^^^^^^^^^^^^^^^^^^^^^^^^^^^
[INFO] [stdout] 
[INFO] [stdout] 
[INFO] [stdout] warning: missing documentation for a struct field
[INFO] [stdout]    --> src/types/shop/category.rs:448:5
[INFO] [stdout]     |
[INFO] [stdout] 448 |     pub subcategories_count: usize,
[INFO] [stdout]     |     ^^^^^^^^^^^^^^^^^^^^^^^^^^^^^^
[INFO] [stdout] 
[INFO] [stdout] 
[INFO] [stdout] warning: missing documentation for a struct field
[INFO] [stdout]    --> src/types/shop/category.rs:449:5
[INFO] [stdout]     |
[INFO] [stdout] 449 |     pub subcategories: Vec<SubcategoryJson>,
[INFO] [stdout]     |     ^^^^^^^^^^^^^^^^^^^^^^^^^^^^^^^^^^^^^^^
[INFO] [stdout] 
[INFO] [stdout] 
[INFO] [stderr]     Finished `dev` profile [unoptimized + debuginfo] target(s) in 33.58s
[INFO] running `Command { std: "docker" "inspect" "2700af55475279b93fcd64f5e8fda8cd5588b67d42e359228e99044898a1f886", kill_on_drop: false }`
[INFO] running `Command { std: "docker" "exec" "-e" "SOURCE_DIR=/opt/rustwide/workdir" "-e" "CARGO_HOME=/opt/rustwide/cargo-home" "-e" "RUSTUP_HOME=/opt/rustwide/rustup-home" "-e" "CARGO_TARGET_DIR=/opt/rustwide/target" "-e" "CARGO_INCREMENTAL=0" "-e" "RUST_BACKTRACE=full" "-e" "RUSTFLAGS=--cap-lints=warn" "-e" "RUSTDOCFLAGS=--cap-lints=warn" "-w" "/opt/rustwide/workdir" "--user" "0:0" "2700af55475279b93fcd64f5e8fda8cd5588b67d42e359228e99044898a1f886" "/opt/rustwide/cargo-home/bin/cargo" "+1.100.0-beta.1" "test" "--frozen" "--no-run" "--message-format=json", kill_on_drop: false }`
[INFO] [stderr]    Compiling parking_lot_core v0.9.12
[INFO] [stderr]    Compiling signal-hook-registry v1.4.7
[INFO] [stderr]    Compiling tokio-macros v2.6.0
[INFO] [stderr]    Compiling dotenvy v0.15.7
[INFO] [stderr]    Compiling parking_lot v0.12.5
[INFO] [stderr]    Compiling tokio v1.48.0
[INFO] [stderr]    Compiling tokio-util v0.7.17
[INFO] [stderr]    Compiling tokio-native-tls v0.3.1
[INFO] [stderr]    Compiling tower v0.5.2
[INFO] [stderr]    Compiling h2 v0.4.12
[INFO] [stderr]    Compiling tower-http v0.6.7
[INFO] [stderr]    Compiling hyper v1.8.1
[INFO] [stderr]    Compiling hyper-util v0.1.18
[INFO] [stderr]    Compiling hyper-tls v0.6.0
[INFO] [stderr]    Compiling reqwest v0.12.24
[INFO] [stderr]    Compiling tlw_irus v0.1.6 (/opt/rustwide/workdir)
[INFO] [stdout] warning: unexpected `cfg` condition value: `winthor`
[INFO] [stdout]    --> src/api/shop.rs:977:11
[INFO] [stdout]     |
[INFO] [stdout] 977 |     #[cfg(feature = "winthor")]
[INFO] [stdout]     |           ^^^^^^^^^^^^^^^^^^^ help: remove the condition
[INFO] [stdout]     |
[INFO] [stdout]     = note: no expected values for `feature`
[INFO] [stdout]     = help: consider adding `winthor` as a feature in `Cargo.toml`
[INFO] [stdout]     = note: see <https://doc.rust-lang.org/nightly/rustc/check-cfg/cargo-specifics.html> for more information about checking conditional configuration
[INFO] [stdout]     = note: `#[warn(unexpected_cfgs)]` on by default
[INFO] [stdout] 
[INFO] [stdout] 
[INFO] [stdout] warning: unexpected `cfg` condition value: `winthor`
[INFO] [stdout]     --> src/api/shop.rs:1083:11
[INFO] [stdout]      |
[INFO] [stdout] 1083 |     #[cfg(feature = "winthor")]
[INFO] [stdout]      |           ^^^^^^^^^^^^^^^^^^^ help: remove the condition
[INFO] [stdout]      |
[INFO] [stdout]      = note: no expected values for `feature`
[INFO] [stdout]      = help: consider adding `winthor` as a feature in `Cargo.toml`
[INFO] [stdout]      = note: see <https://doc.rust-lang.org/nightly/rustc/check-cfg/cargo-specifics.html> for more information about checking conditional configuration
[INFO] [stdout] 
[INFO] [stdout] 
[INFO] [stdout] warning: unexpected `cfg` condition value: `winthor`
[INFO] [stdout]     --> src/api/shop.rs:1367:11
[INFO] [stdout]      |
[INFO] [stdout] 1367 |     #[cfg(feature = "winthor")]
[INFO] [stdout]      |           ^^^^^^^^^^^^^^^^^^^ help: remove the condition
[INFO] [stdout]      |
[INFO] [stdout]      = note: no expected values for `feature`
[INFO] [stdout]      = help: consider adding `winthor` as a feature in `Cargo.toml`
[INFO] [stdout]      = note: see <https://doc.rust-lang.org/nightly/rustc/check-cfg/cargo-specifics.html> for more information about checking conditional configuration
[INFO] [stdout] 
[INFO] [stdout] 
[INFO] [stdout] warning: unexpected `cfg` condition value: `winthor`
[INFO] [stdout]     --> src/api/shop.rs:1463:11
[INFO] [stdout]      |
[INFO] [stdout] 1463 |     #[cfg(feature = "winthor")]
[INFO] [stdout]      |           ^^^^^^^^^^^^^^^^^^^ help: remove the condition
[INFO] [stdout]      |
[INFO] [stdout]      = note: no expected values for `feature`
[INFO] [stdout]      = help: consider adding `winthor` as a feature in `Cargo.toml`
[INFO] [stdout]      = note: see <https://doc.rust-lang.org/nightly/rustc/check-cfg/cargo-specifics.html> for more information about checking conditional configuration
[INFO] [stdout] 
[INFO] [stdout] 
[INFO] [stdout] warning: unexpected `cfg` condition value: `winthor`
[INFO] [stdout]    --> src/api/shop.rs:977:11
[INFO] [stdout]     |
[INFO] [stdout] 977 |     #[cfg(feature = "winthor")]
[INFO] [stdout]     |           ^^^^^^^^^^^^^^^^^^^ help: remove the condition
[INFO] [stdout]     |
[INFO] [stdout]     = note: no expected values for `feature`
[INFO] [stdout]     = help: consider adding `winthor` as a feature in `Cargo.toml`
[INFO] [stdout]     = note: see <https://doc.rust-lang.org/nightly/rustc/check-cfg/cargo-specifics.html> for more information about checking conditional configuration
[INFO] [stdout]     = note: `#[warn(unexpected_cfgs)]` on by default
[INFO] [stdout] 
[INFO] [stdout] 
[INFO] [stdout] warning: unexpected `cfg` condition value: `winthor`
[INFO] [stdout]     --> src/api/shop.rs:1083:11
[INFO] [stdout]      |
[INFO] [stdout] 1083 |     #[cfg(feature = "winthor")]
[INFO] [stdout]      |           ^^^^^^^^^^^^^^^^^^^ help: remove the condition
[INFO] [stdout]      |
[INFO] [stdout]      = note: no expected values for `feature`
[INFO] [stdout]      = help: consider adding `winthor` as a feature in `Cargo.toml`
[INFO] [stdout]      = note: see <https://doc.rust-lang.org/nightly/rustc/check-cfg/cargo-specifics.html> for more information about checking conditional configuration
[INFO] [stdout] 
[INFO] [stdout] 
[INFO] [stdout] warning: unexpected `cfg` condition value: `winthor`
[INFO] [stdout]     --> src/api/shop.rs:1367:11
[INFO] [stdout]      |
[INFO] [stdout] 1367 |     #[cfg(feature = "winthor")]
[INFO] [stdout]      |           ^^^^^^^^^^^^^^^^^^^ help: remove the condition
[INFO] [stdout]      |
[INFO] [stdout]      = note: no expected values for `feature`
[INFO] [stdout]      = help: consider adding `winthor` as a feature in `Cargo.toml`
[INFO] [stdout]      = note: see <https://doc.rust-lang.org/nightly/rustc/check-cfg/cargo-specifics.html> for more information about checking conditional configuration
[INFO] [stdout] 
[INFO] [stdout] 
[INFO] [stdout] warning: unexpected `cfg` condition value: `winthor`
[INFO] [stdout]     --> src/api/shop.rs:1463:11
[INFO] [stdout]      |
[INFO] [stdout] 1463 |     #[cfg(feature = "winthor")]
[INFO] [stdout]      |           ^^^^^^^^^^^^^^^^^^^ help: remove the condition
[INFO] [stdout]      |
[INFO] [stdout]      = note: no expected values for `feature`
[INFO] [stdout]      = help: consider adding `winthor` as a feature in `Cargo.toml`
[INFO] [stdout]      = note: see <https://doc.rust-lang.org/nightly/rustc/check-cfg/cargo-specifics.html> for more information about checking conditional configuration
[INFO] [stdout] 
[INFO] [stdout] 
[INFO] [stdout] warning: missing documentation for a struct field
[INFO] [stdout]    --> src/types/shop/category.rs:438:5
[INFO] [stdout]     |
[INFO] [stdout] 438 |     pub id: String,
[INFO] [stdout]     |     ^^^^^^^^^^^^^^
[INFO] [stdout]     |
[INFO] [stdout] note: the lint level is defined here
[INFO] [stdout]    --> src/lib.rs:221:9
[INFO] [stdout]     |
[INFO] [stdout] 221 | #![warn(missing_docs)]
[INFO] [stdout]     |         ^^^^^^^^^^^^
[INFO] [stdout] 
[INFO] [stdout] 
[INFO] [stdout] warning: missing documentation for a struct field
[INFO] [stdout]    --> src/types/shop/category.rs:439:5
[INFO] [stdout]     |
[INFO] [stdout] 439 |     pub name: String,
[INFO] [stdout]     |     ^^^^^^^^^^^^^^^^
[INFO] [stdout] 
[INFO] [stdout] 
[INFO] [stdout] warning: missing documentation for a struct
[INFO] [stdout]    --> src/types/shop/category.rs:443:1
[INFO] [stdout]     |
[INFO] [stdout] 443 | pub struct CategoryJson {
[INFO] [stdout]     | ^^^^^^^^^^^^^^^^^^^^^^^
[INFO] [stdout] 
[INFO] [stdout] 
[INFO] [stdout] warning: missing documentation for a struct field
[INFO] [stdout]    --> src/types/shop/category.rs:444:5
[INFO] [stdout]     |
[INFO] [stdout] 444 |     pub id: String,
[INFO] [stdout]     |     ^^^^^^^^^^^^^^
[INFO] [stdout] 
[INFO] [stdout] 
[INFO] [stdout] warning: missing documentation for a struct field
[INFO] [stdout]    --> src/types/shop/category.rs:445:5
[INFO] [stdout]     |
[INFO] [stdout] 445 |     pub name: String,
[INFO] [stdout]     |     ^^^^^^^^^^^^^^^^
[INFO] [stdout] 
[INFO] [stdout] 
[INFO] [stdout] warning: missing documentation for a struct field
[INFO] [stdout]    --> src/types/shop/category.rs:446:5
[INFO] [stdout]     |
[INFO] [stdout] 446 |     pub description: Option<String>,
[INFO] [stdout]     |     ^^^^^^^^^^^^^^^^^^^^^^^^^^^^^^^
[INFO] [stdout] 
[INFO] [stdout] 
[INFO] [stdout] warning: missing documentation for a struct field
[INFO] [stdout]    --> src/types/shop/category.rs:447:5
[INFO] [stdout]     |
[INFO] [stdout] 447 |     pub has_subcategories: bool,
[INFO] [stdout]     |     ^^^^^^^^^^^^^^^^^^^^^^^^^^^
[INFO] [stdout] 
[INFO] [stdout] 
[INFO] [stdout] warning: missing documentation for a struct field
[INFO] [stdout]    --> src/types/shop/category.rs:448:5
[INFO] [stdout]     |
[INFO] [stdout] 448 |     pub subcategories_count: usize,
[INFO] [stdout]     |     ^^^^^^^^^^^^^^^^^^^^^^^^^^^^^^
[INFO] [stdout] 
[INFO] [stdout] 
[INFO] [stdout] warning: missing documentation for a struct field
[INFO] [stdout]    --> src/types/shop/category.rs:449:5
[INFO] [stdout]     |
[INFO] [stdout] 449 |     pub subcategories: Vec<SubcategoryJson>,
[INFO] [stdout]     |     ^^^^^^^^^^^^^^^^^^^^^^^^^^^^^^^^^^^^^^^
[INFO] [stdout] 
[INFO] [stdout] 
[INFO] [stdout] error[E0432]: unresolved import `winthor_rs`
[INFO] [stdout]   --> examples/test_batch_produtos.rs:33:5
[INFO] [stdout]    |
[INFO] [stdout] 33 | use winthor_rs::WinthorClient;
[INFO] [stdout]    |     ^^^^^^^^^^ use of unresolved module or unlinked crate `winthor_rs`
[INFO] [stdout]    |
[INFO] [stdout]    = help: if you wanted to use a crate named `winthor_rs`, use `cargo add winthor_rs` to add it to your `Cargo.toml`
[INFO] [stdout] 
[INFO] [stdout] 
[INFO] [stdout] warning: unexpected `cfg` condition value: `winthor`
[INFO] [stdout]    --> examples/test_criar_loja.rs:102:11
[INFO] [stdout]     |
[INFO] [stdout] 102 |     #[cfg(feature = "winthor")]
[INFO] [stdout]     |           ^^^^^^^^^^^^^^^^^^^ help: remove the condition
[INFO] [stdout]     |
[INFO] [stdout]     = note: no expected values for `feature`
[INFO] [stdout]     = help: consider adding `winthor` as a feature in `Cargo.toml`
[INFO] [stdout]     = note: see <https://doc.rust-lang.org/nightly/rustc/check-cfg/cargo-specifics.html> for more information about checking conditional configuration
[INFO] [stdout]     = note: `#[warn(unexpected_cfgs)]` on by default
[INFO] [stdout] 
[INFO] [stdout] 
[INFO] [stdout] warning: unexpected `cfg` condition value: `winthor`
[INFO] [stdout]    --> examples/test_criar_loja.rs:161:15
[INFO] [stdout]     |
[INFO] [stdout] 161 |     #[cfg(not(feature = "winthor"))]
[INFO] [stdout]     |               ^^^^^^^^^^^^^^^^^^^ help: remove the condition
[INFO] [stdout]     |
[INFO] [stdout]     = note: no expected values for `feature`
[INFO] [stdout]     = help: consider adding `winthor` as a feature in `Cargo.toml`
[INFO] [stdout]     = note: see <https://doc.rust-lang.org/nightly/rustc/check-cfg/cargo-specifics.html> for more information about checking conditional configuration
[INFO] [stdout] 
[INFO] [stdout] 
[INFO] [stdout] error[E0432]: unresolved import `winthor_rs`
[INFO] [stdout]   --> examples/test_produtos_acucar.rs:14:5
[INFO] [stdout]    |
[INFO] [stdout] 14 | use winthor_rs::WinthorClient;
[INFO] [stdout]    |     ^^^^^^^^^^ use of unresolved module or unlinked crate `winthor_rs`
[INFO] [stdout]    |
[INFO] [stdout]    = help: if you wanted to use a crate named `winthor_rs`, use `cargo add winthor_rs` to add it to your `Cargo.toml`
[INFO] [stdout] 
[INFO] [stdout] 
[INFO] [stdout] error[E0432]: unresolved import `winthor_rs`
[INFO] [stdout]   --> examples/test_winthor_suri.rs:12:5
[INFO] [stdout]    |
[INFO] [stdout] 12 | use winthor_rs::WinthorClient;
[INFO] [stdout]    |     ^^^^^^^^^^ use of unresolved module or unlinked crate `winthor_rs`
[INFO] [stdout]    |
[INFO] [stdout]    = help: if you wanted to use a crate named `winthor_rs`, use `cargo add winthor_rs` to add it to your `Cargo.toml`
[INFO] [stdout] 
[INFO] [stdout] 
[INFO] [stdout] warning: method call on a diverging inference variable
[INFO] [stdout]    --> examples/test_batch_produtos.rs:498:16
[INFO] [stdout]     |
[INFO] [stdout] 498 |     if !health.is_healthy() {
[INFO] [stdout]     |                ^^^^^^^^^^
[INFO] [stdout]     |
[INFO] [stdout]     = help: consider providing a type annotation
[INFO] [stdout]     = warning: this was previously accepted by the compiler but is being phased out; it will become a hard error in a future release!
[INFO] [stdout]     = note: for more information, see issue #156047 <https://github.com/rust-lang/rust/issues/156047>
[INFO] [stdout]     = note: `#[warn(method_call_on_diverging_infer_var)]` (part of `#[warn(future_incompatible)]`) on by default
[INFO] [stdout] 
[INFO] [stdout] 
[INFO] [stdout] warning: method call on a diverging inference variable
[INFO] [stdout]   --> examples/test_winthor_suri.rs:38:16
[INFO] [stdout]    |
[INFO] [stdout] 38 |     if !health.is_healthy() {
[INFO] [stdout]    |                ^^^^^^^^^^
[INFO] [stdout]    |
[INFO] [stdout]    = help: consider providing a type annotation
[INFO] [stdout]    = warning: this was previously accepted by the compiler but is being phased out; it will become a hard error in a future release!
[INFO] [stdout]    = note: for more information, see issue #156047 <https://github.com/rust-lang/rust/issues/156047>
[INFO] [stdout]    = note: `#[warn(method_call_on_diverging_infer_var)]` (part of `#[warn(future_incompatible)]`) on by default
[INFO] [stdout] 
[INFO] [stdout] 
[INFO] [stdout] warning: method call on a diverging inference variable
[INFO] [stdout]   --> examples/test_produtos_acucar.rs:40:16
[INFO] [stdout]    |
[INFO] [stdout] 40 |     if !health.is_healthy() {
[INFO] [stdout]    |                ^^^^^^^^^^
[INFO] [stdout]    |
[INFO] [stdout]    = help: consider providing a type annotation
[INFO] [stdout]    = warning: this was previously accepted by the compiler but is being phased out; it will become a hard error in a future release!
[INFO] [stdout]    = note: for more information, see issue #156047 <https://github.com/rust-lang/rust/issues/156047>
[INFO] [stdout]    = note: `#[warn(method_call_on_diverging_infer_var)]` (part of `#[warn(future_incompatible)]`) on by default
[INFO] [stdout] 
[INFO] [stdout] 
[INFO] [stdout] error[E0599]: no method named `is_healthy` found for type `!` in the current scope
[INFO] [stdout]    --> examples/test_batch_produtos.rs:498:16
[INFO] [stdout]     |
[INFO] [stdout] 498 |     if !health.is_healthy() {
[INFO] [stdout]     |                ^^^^^^^^^^ method not found in `!`
[INFO] [stdout] 
[INFO] [stdout] 
[INFO] [stdout] error[E0609]: no field `status` on type `!`
[INFO] [stdout]    --> examples/test_batch_produtos.rs:499:72
[INFO] [stdout]     |
[INFO] [stdout] 499 |         return Err(format!("API Winthor não está saudável: {}", health.status).into());
[INFO] [stdout]     |                                                                        ^^^^^^ unknown field
[INFO] [stdout] 
[INFO] [stdout] 
[INFO] [stdout] error[E0599]: no method named `is_healthy` found for type `!` in the current scope
[INFO] [stdout]   --> examples/test_winthor_suri.rs:38:16
[INFO] [stdout]    |
[INFO] [stdout] 38 |     if !health.is_healthy() {
[INFO] [stdout]    |                ^^^^^^^^^^ method not found in `!`
[INFO] [stdout] 
[INFO] [stdout] 
[INFO] [stdout] error[E0609]: no field `status` on type `!`
[INFO] [stdout]   --> examples/test_winthor_suri.rs:39:72
[INFO] [stdout]    |
[INFO] [stdout] 39 |         return Err(format!("API Winthor não está saudável: {}", health.status).into());
[INFO] [stdout]    |                                                                        ^^^^^^ unknown field
[INFO] [stdout] 
[INFO] [stdout] 
[INFO] [stdout] error[E0599]: no method named `is_healthy` found for type `!` in the current scope
[INFO] [stdout]   --> examples/test_produtos_acucar.rs:40:16
[INFO] [stdout]    |
[INFO] [stdout] 40 |     if !health.is_healthy() {
[INFO] [stdout]    |                ^^^^^^^^^^ method not found in `!`
[INFO] [stdout] 
[INFO] [stdout] 
[INFO] [stdout] error[E0609]: no field `status` on type `!`
[INFO] [stdout]   --> examples/test_produtos_acucar.rs:41:72
[INFO] [stdout]    |
[INFO] [stdout] 41 |         return Err(format!("API Winthor não está saudável: {}", health.status).into());
[INFO] [stdout]    |                                                                        ^^^^^^ unknown field
[INFO] [stdout] 
[INFO] [stdout] 
[INFO] [stdout] error[E0599]: no method named `parse_winthor_products` found for struct `ShopApi` in the current scope
[INFO] [stdout]    --> examples/test_winthor_suri.rs:108:44
[INFO] [stdout]     |
[INFO] [stdout] 108 |     let produtos = suri_client_temp.shop().parse_winthor_products(&query_result);
[INFO] [stdout]     |                                            ^^^^^^^^^^^^^^^^^^^^^^
[INFO] [stdout]     |
[INFO] [stdout] help: there is a method `search_products` with a similar name
[INFO] [stdout]     |
[INFO] [stdout] 108 -     let produtos = suri_client_temp.shop().parse_winthor_products(&query_result);
[INFO] [stdout] 108 +     let produtos = suri_client_temp.shop().search_products(&query_result);
[INFO] [stdout]     |
[INFO] [stdout] 
[INFO] [stdout] 
[INFO] [stdout] error[E0599]: no method named `parse_winthor_products` found for struct `ShopApi` in the current scope
[INFO] [stdout]    --> examples/test_produtos_acucar.rs:131:48
[INFO] [stdout]     |
[INFO] [stdout] 131 |     let produtos_fallback = suri_client.shop().parse_winthor_products(&query_result);
[INFO] [stdout]     |                                                ^^^^^^^^^^^^^^^^^^^^^^
[INFO] [stdout]     |
[INFO] [stdout] help: there is a method `search_products` with a similar name
[INFO] [stdout]     |
[INFO] [stdout] 131 -     let produtos_fallback = suri_client.shop().parse_winthor_products(&query_result);
[INFO] [stdout] 131 +     let produtos_fallback = suri_client.shop().search_products(&query_result);
[INFO] [stdout]     |
[INFO] [stdout] 
[INFO] [stdout] 
[INFO] [stderr] error: could not compile `tlw_irus` (example "test_batch_produtos") due to 3 previous errors; 2 warnings emitted
[INFO] [stdout] Some errors have detailed explanations: E0432, E0599, E0609.
[INFO] [stdout] 
[INFO] [stderr] warning: build failed, waiting for other jobs to finish...
[INFO] [stdout] For more information about an error, try `rustc --explain E0432`.
[INFO] [stdout] 
[INFO] [stdout] Some errors have detailed explanations: E0432, E0599, E0609.
[INFO] [stdout] 
[INFO] [stdout] For more information about an error, try `rustc --explain E0432`.
[INFO] [stdout] 
[INFO] [stdout] error[E0599]: no method named `parse_winthor_product_full` found for struct `ShopApi` in the current scope
[INFO] [stdout]    --> examples/test_produtos_acucar.rs:172:58
[INFO] [stdout]     |
[INFO] [stdout] 172 |                     let produto_suri = suri_clone.shop().parse_winthor_product_full(&product_full);
[INFO] [stdout]     |                                                          ^^^^^^^^^^^^^^^^^^^^^^^^^^ method not found in `ShopApi`
[INFO] [stdout] 
[INFO] [stdout] 
[INFO] [stderr] error: could not compile `tlw_irus` (example "test_winthor_suri") due to 4 previous errors; 2 warnings emitted
[INFO] [stdout] error[E0433]: cannot find module or crate `winthor_rs` in this scope
[INFO] [stdout]    --> examples/test_produtos_acucar.rs:193:161
[INFO] [stdout]     |
[INFO] [stdout] 193 | ...n<std::time::Duration>, Option<winthor_rs::WinthorError>)> = Vec::new();
[INFO] [stdout]     |                                   ^^^^^^^^^^ use of unresolved module or unlinked crate `winthor_rs`
[INFO] [stdout]     |
[INFO] [stdout]     = help: if you wanted to use a crate named `winthor_rs`, use `cargo add winthor_rs` to add it to your `Cargo.toml`
[INFO] [stdout] 
[INFO] [stdout] 
[INFO] [stdout] Some errors have detailed explanations: E0432, E0433, E0599, E0609.
[INFO] [stdout] 
[INFO] [stdout] For more information about an error, try `rustc --explain E0432`.
[INFO] [stdout] 
[INFO] [stderr] error: could not compile `tlw_irus` (example "test_produtos_acucar") due to 6 previous errors; 2 warnings emitted
[INFO] [stdout] warning: missing documentation for a struct field
[INFO] [stdout]    --> src/types/shop/category.rs:438:5
[INFO] [stdout]     |
[INFO] [stdout] 438 |     pub id: String,
[INFO] [stdout]     |     ^^^^^^^^^^^^^^
[INFO] [stdout]     |
[INFO] [stdout] note: the lint level is defined here
[INFO] [stdout]    --> src/lib.rs:221:9
[INFO] [stdout]     |
[INFO] [stdout] 221 | #![warn(missing_docs)]
[INFO] [stdout]     |         ^^^^^^^^^^^^
[INFO] [stdout] 
[INFO] [stdout] 
[INFO] [stdout] warning: missing documentation for a struct field
[INFO] [stdout]    --> src/types/shop/category.rs:439:5
[INFO] [stdout]     |
[INFO] [stdout] 439 |     pub name: String,
[INFO] [stdout]     |     ^^^^^^^^^^^^^^^^
[INFO] [stdout] 
[INFO] [stdout] 
[INFO] [stdout] warning: missing documentation for a struct
[INFO] [stdout]    --> src/types/shop/category.rs:443:1
[INFO] [stdout]     |
[INFO] [stdout] 443 | pub struct CategoryJson {
[INFO] [stdout]     | ^^^^^^^^^^^^^^^^^^^^^^^
[INFO] [stdout] 
[INFO] [stdout] 
[INFO] [stdout] warning: missing documentation for a struct field
[INFO] [stdout]    --> src/types/shop/category.rs:444:5
[INFO] [stdout]     |
[INFO] [stdout] 444 |     pub id: String,
[INFO] [stdout]     |     ^^^^^^^^^^^^^^
[INFO] [stdout] 
[INFO] [stdout] 
[INFO] [stdout] warning: missing documentation for a struct field
[INFO] [stdout]    --> src/types/shop/category.rs:445:5
[INFO] [stdout]     |
[INFO] [stdout] 445 |     pub name: String,
[INFO] [stdout]     |     ^^^^^^^^^^^^^^^^
[INFO] [stdout] 
[INFO] [stdout] 
[INFO] [stdout] warning: missing documentation for a struct field
[INFO] [stdout]    --> src/types/shop/category.rs:446:5
[INFO] [stdout]     |
[INFO] [stdout] 446 |     pub description: Option<String>,
[INFO] [stdout]     |     ^^^^^^^^^^^^^^^^^^^^^^^^^^^^^^^
[INFO] [stdout] 
[INFO] [stdout] 
[INFO] [stdout] warning: missing documentation for a struct field
[INFO] [stdout]    --> src/types/shop/category.rs:447:5
[INFO] [stdout]     |
[INFO] [stdout] 447 |     pub has_subcategories: bool,
[INFO] [stdout]     |     ^^^^^^^^^^^^^^^^^^^^^^^^^^^
[INFO] [stdout] 
[INFO] [stdout] 
[INFO] [stdout] warning: missing documentation for a struct field
[INFO] [stdout]    --> src/types/shop/category.rs:448:5
[INFO] [stdout]     |
[INFO] [stdout] 448 |     pub subcategories_count: usize,
[INFO] [stdout]     |     ^^^^^^^^^^^^^^^^^^^^^^^^^^^^^^
[INFO] [stdout] 
[INFO] [stdout] 
[INFO] [stdout] warning: missing documentation for a struct field
[INFO] [stdout]    --> src/types/shop/category.rs:449:5
[INFO] [stdout]     |
[INFO] [stdout] 449 |     pub subcategories: Vec<SubcategoryJson>,
[INFO] [stdout]     |     ^^^^^^^^^^^^^^^^^^^^^^^^^^^^^^^^^^^^^^^
[INFO] [stdout] 
[INFO] [stdout] 
[INFO] running `Command { std: "docker" "inspect" "2700af55475279b93fcd64f5e8fda8cd5588b67d42e359228e99044898a1f886", kill_on_drop: false }`
[INFO] running `Command { std: "docker" "rm" "-f" "2700af55475279b93fcd64f5e8fda8cd5588b67d42e359228e99044898a1f886", kill_on_drop: false }`
[INFO] [stdout] 2700af55475279b93fcd64f5e8fda8cd5588b67d42e359228e99044898a1f886
