[INFO] fetching crate tlsinit 0.1.7...
[INFO] testing tlsinit-0.1.7 against 1.99.0-beta.8 for beta-1.100-2
[INFO] extracting crate tlsinit 0.1.7 into /workspace/builds/worker-2-tc1/source
[INFO] started tweaking crates.io crate tlsinit 0.1.7
[INFO] removed 0 missing tests
[INFO] finished tweaking crates.io crate tlsinit 0.1.7
[INFO] tweaked toml for crates.io crate tlsinit 0.1.7 written to /workspace/builds/worker-2-tc1/source/Cargo.toml
[INFO] validating manifest of crates.io crate tlsinit 0.1.7 on toolchain 1.99.0-beta.8
[INFO] running `Command { std: CARGO_HOME="/workspace/cargo-home" RUSTUP_HOME="/workspace/rustup-home" "/workspace/cargo-home/bin/cargo" "+1.99.0-beta.8" "metadata" "--manifest-path" "Cargo.toml" "--no-deps", kill_on_drop: false }`
[INFO] crate crates.io crate tlsinit 0.1.7 already has a lockfile, it will not be regenerated
[INFO] running `Command { std: CARGO_HOME="/workspace/cargo-home" RUSTUP_HOME="/workspace/rustup-home" "/workspace/cargo-home/bin/cargo" "+1.99.0-beta.8" "fetch" "--manifest-path" "Cargo.toml", kill_on_drop: false }`
[INFO] [stderr]     Updating crates.io index
[INFO] [stderr]  Downloading crates ...
[INFO] [stderr]   Downloaded once_cell v1.20.3
[INFO] [stderr]   Downloaded quote v1.0.38
[INFO] [stderr]   Downloaded iana-time-zone v0.1.61
[INFO] [stderr]   Downloaded tokio-rustls v0.26.1
[INFO] [stderr]   Downloaded redox_syscall v0.5.8
[INFO] [stderr]   Downloaded unicode-ident v1.0.17
[INFO] [stderr]   Downloaded pem v3.0.4
[INFO] [stderr]   Downloaded matchers v0.1.0
[INFO] [stderr]   Downloaded genv v0.1.15
[INFO] [stderr]   Downloaded tokio-postgres-tls v0.12.0
[INFO] [stderr]   Downloaded wit-bindgen-rt v0.33.0
[INFO] [stderr]   Downloaded static_init_macro v1.0.4
[INFO] [stderr]   Downloaded errno v0.3.10
[INFO] [stderr]   Downloaded cfg_aliases v0.1.1
[INFO] [stderr]   Downloaded aok v0.1.17
[INFO] [stderr]   Downloaded security-framework-sys v2.14.0
[INFO] [stderr]   Downloaded which v4.4.2
[INFO] [stderr]   Downloaded rustversion v1.0.19
[INFO] [stderr]   Downloaded bitflags v2.8.0
[INFO] [stderr]   Downloaded thread_local v1.1.8
[INFO] [stderr]   Downloaded jobserver v0.1.32
[INFO] [stderr]   Downloaded core-foundation v0.10.0
[INFO] [stderr]   Downloaded whoami v1.5.2
[INFO] [stderr]   Downloaded const-str v0.5.7
[INFO] [stderr]   Downloaded async-trait v0.1.86
[INFO] [stderr]   Downloaded proc-macro2 v1.0.93
[INFO] [stderr]   Downloaded smallvec v1.14.0
[INFO] [stderr]   Downloaded rand_core v0.9.1
[INFO] [stderr]   Downloaded getrandom v0.3.1
[INFO] [stderr]   Downloaded postgres-protocol v0.6.8
[INFO] [stderr]   Downloaded unicode-properties v0.1.3
[INFO] [stderr]   Downloaded tinyvec v1.8.1
[INFO] [stderr]   Downloaded rustls-native-certs v0.8.1
[INFO] [stderr]   Downloaded schannel v0.1.27
[INFO] [stderr]   Downloaded loginit v0.1.18
[INFO] [stderr]   Downloaded log v0.4.25
[INFO] [stderr]   Downloaded bytes v1.10.0
[INFO] [stderr]   Downloaded socket2 v0.5.8
[INFO] [stderr]   Downloaded libloading v0.8.6
[INFO] [stderr]   Downloaded x509-certificate v0.23.1
[INFO] [stderr]   Downloaded windows-core v0.52.0
[INFO] [stderr]   Downloaded bcder v0.7.5
[INFO] [stderr]   Downloaded postgres-types v0.2.9
[INFO] [stderr]   Downloaded anyhow v1.0.95
[INFO] [stderr]   Downloaded serde v1.0.217
[INFO] [stderr]   Downloaded serde_derive v1.0.217
[INFO] [stderr]   Downloaded miniz_oxide v0.8.4
[INFO] [stderr]   Downloaded rustls-pki-types v1.11.0
[INFO] [stderr]   Downloaded static_init v1.0.3
[INFO] [stderr]   Downloaded tokio-postgres v0.7.13
[INFO] [stderr]   Downloaded rand v0.9.0
[INFO] [stderr]   Downloaded zerocopy-derive v0.8.18
[INFO] [stderr]   Downloaded security-framework v3.2.0
[INFO] [stderr]   Downloaded der v0.7.9
[INFO] [stderr]   Downloaded cc v1.2.14
[INFO] [stderr]   Downloaded prettyplease v0.2.29
[INFO] [stderr]   Downloaded tokio-util v0.7.13
[INFO] [stderr]   Downloaded wasi v0.13.3+wasi-0.2.2
[INFO] [stderr]   Downloaded unicode-normalization v0.1.24
[INFO] [stderr]   Downloaded syn v2.0.98
[INFO] [stderr]   Downloaded rustls-webpki v0.102.8
[INFO] [stderr]   Downloaded tracing-subscriber v0.3.19
[INFO] [stderr]   Downloaded aws-lc-rs v1.12.2
[INFO] [stderr]   Downloaded chrono v0.4.39
[INFO] [stderr]   Downloaded zerocopy v0.8.18
[INFO] [stderr]   Downloaded rustls v0.23.23
[INFO] [stderr]   Downloaded libc v0.2.169
[INFO] [stderr]   Downloaded tokio v1.43.0
[INFO] [stderr]   Downloaded ring v0.17.9
[INFO] [stderr]   Downloaded aws-lc-sys v0.25.1
[INFO] running `Command { std: "docker" "create" "-v" "/var/lib/crater-agent-workspace/builds/worker-2-tc1/source:/opt/rustwide/workdir:ro,Z" "-v" "/var/lib/crater-agent-workspace/builds/worker-2-tc1/target:/opt/rustwide/target:rw,Z" "-v" "/var/lib/crater-agent-workspace/cargo-home:/opt/rustwide/cargo-home:ro,Z" "-v" "/var/lib/crater-agent-workspace/rustup-home:/opt/rustwide/rustup-home:ro,Z" "-m" "1610612736" "--network" "none" "ghcr.io/rust-lang/crates-build-env/linux@sha256:3111399a4047eeb3a02b7a90e478d715f38a8c6669b5c4b49d30a17385265909" "sleep" "infinity", kill_on_drop: false }`
[INFO] [stdout] cfc5d761f8aa5ca3dbc8c6cd6627f7c688dcf92916b27bb024e4e9a968371227
[INFO] running `Command { std: "docker" "start" "cfc5d761f8aa5ca3dbc8c6cd6627f7c688dcf92916b27bb024e4e9a968371227", kill_on_drop: false }`
[INFO] running `Command { std: "docker" "inspect" "cfc5d761f8aa5ca3dbc8c6cd6627f7c688dcf92916b27bb024e4e9a968371227", kill_on_drop: false }`
[INFO] running `Command { std: "docker" "exec" "-e" "SOURCE_DIR=/opt/rustwide/workdir" "-e" "CARGO_HOME=/opt/rustwide/cargo-home" "-e" "RUSTUP_HOME=/opt/rustwide/rustup-home" "-e" "CARGO_TARGET_DIR=/opt/rustwide/target" "-w" "/opt/rustwide/workdir" "--user" "0:0" "cfc5d761f8aa5ca3dbc8c6cd6627f7c688dcf92916b27bb024e4e9a968371227" "/opt/rustwide/cargo-home/bin/cargo" "+1.99.0-beta.8" "metadata" "--no-deps" "--format-version=1", kill_on_drop: false }`
[INFO] running `Command { std: "docker" "inspect" "cfc5d761f8aa5ca3dbc8c6cd6627f7c688dcf92916b27bb024e4e9a968371227", kill_on_drop: false }`
[INFO] running `Command { std: "docker" "exec" "-e" "SOURCE_DIR=/opt/rustwide/workdir" "-e" "CARGO_HOME=/opt/rustwide/cargo-home" "-e" "RUSTUP_HOME=/opt/rustwide/rustup-home" "-e" "CARGO_TARGET_DIR=/opt/rustwide/target" "-e" "CARGO_INCREMENTAL=0" "-e" "RUST_BACKTRACE=full" "-e" "RUSTFLAGS=--cap-lints=warn" "-e" "RUSTDOCFLAGS=--cap-lints=warn" "-w" "/opt/rustwide/workdir" "--user" "0:0" "cfc5d761f8aa5ca3dbc8c6cd6627f7c688dcf92916b27bb024e4e9a968371227" "/opt/rustwide/cargo-home/bin/cargo" "+1.99.0-beta.8" "build" "--frozen" "--message-format=json", kill_on_drop: false }`
[INFO] [stderr]    Compiling libc v0.2.169
[INFO] [stderr]    Compiling fs_extra v1.3.0
[INFO] [stderr]    Compiling dunce v1.0.5
[INFO] [stderr]    Compiling cfg_aliases v0.1.1
[INFO] [stderr]    Compiling proc-macro2 v1.0.93
[INFO] [stderr]    Compiling unicode-ident v1.0.17
[INFO] [stderr]    Compiling aws-lc-rs v1.12.2
[INFO] [stderr]    Compiling syn v1.0.109
[INFO] [stderr]    Compiling zeroize v1.8.1
[INFO] [stderr]    Compiling untrusted v0.9.0
[INFO] [stderr]    Compiling rustls-pki-types v1.11.0
[INFO] [stderr]    Compiling rustls v0.23.23
[INFO] [stderr]    Compiling memchr v2.7.4
[INFO] [stderr]    Compiling subtle v2.6.1
[INFO] [stderr]    Compiling once_cell v1.20.3
[INFO] [stderr]    Compiling static_init_macro v1.0.4
[INFO] [stderr]    Compiling static_init v1.0.3
[INFO] [stderr]    Compiling log v0.4.25
[INFO] [stderr]    Compiling rustls-native-certs v0.8.1
[INFO] [stderr]    Compiling quote v1.0.38
[INFO] [stderr]    Compiling jobserver v0.1.32
[INFO] [stderr]    Compiling getrandom v0.2.15
[INFO] [stderr]    Compiling cc v1.2.14
[INFO] [stderr]    Compiling cmake v0.1.54
[INFO] [stderr]    Compiling ring v0.17.9
[INFO] [stderr]    Compiling aws-lc-sys v0.25.1
[INFO] [stdout] error[E0433]: cannot find module or crate `parking_lot` in this scope
[INFO] [stdout]    --> /opt/rustwide/cargo-home/registry/src/index.crates.io-1949cf8c6b5b557f/static_init-1.0.3/src/lazy_sequentializer.rs:336:13
[INFO] [stdout]     |
[INFO] [stdout] 336 |         use parking_lot::lock_api::GetThreadId;
[INFO] [stdout]     |             ^^^^^^^^^^^ use of unresolved module or unlinked crate `parking_lot`
[INFO] [stdout]     |
[INFO] [stdout]     = help: if you wanted to use a crate named `parking_lot`, use `cargo add parking_lot` to add it to your `Cargo.toml`
[INFO] [stdout] 
[INFO] [stdout] 
[INFO] [stdout] error[E0433]: cannot find module or crate `parking_lot` in this scope
[INFO] [stdout]    --> /opt/rustwide/cargo-home/registry/src/index.crates.io-1949cf8c6b5b557f/static_init-1.0.3/src/lazy_sequentializer.rs:371:21
[INFO] [stdout]     |
[INFO] [stdout] 371 |                 use parking_lot::lock_api::GetThreadId;
[INFO] [stdout]     |                     ^^^^^^^^^^^ use of unresolved module or unlinked crate `parking_lot`
[INFO] [stdout]     |
[INFO] [stdout]     = help: if you wanted to use a crate named `parking_lot`, use `cargo add parking_lot` to add it to your `Cargo.toml`
[INFO] [stdout] 
[INFO] [stdout] 
[INFO] [stdout] error[E0433]: cannot find module or crate `parking_lot` in this scope
[INFO] [stdout]    --> /opt/rustwide/cargo-home/registry/src/index.crates.io-1949cf8c6b5b557f/static_init-1.0.3/src/lazy_sequentializer.rs:338:13
[INFO] [stdout]     |
[INFO] [stdout] 338 |             parking_lot::RawThreadId.nonzero_thread_id().into(),
[INFO] [stdout]     |             ^^^^^^^^^^^ use of unresolved module or unlinked crate `parking_lot`
[INFO] [stdout]     |
[INFO] [stdout]     = help: if you wanted to use a crate named `parking_lot`, use `cargo add parking_lot` to add it to your `Cargo.toml`
[INFO] [stdout] 
[INFO] [stdout] 
[INFO] [stdout] error[E0433]: cannot find module or crate `parking_lot` in this scope
[INFO] [stdout]    --> /opt/rustwide/cargo-home/registry/src/index.crates.io-1949cf8c6b5b557f/static_init-1.0.3/src/lazy_sequentializer.rs:372:26
[INFO] [stdout]     |
[INFO] [stdout] 372 |                 if id == parking_lot::RawThreadId.nonzero_thread_id().into() {
[INFO] [stdout]     |                          ^^^^^^^^^^^ use of unresolved module or unlinked crate `parking_lot`
[INFO] [stdout]     |
[INFO] [stdout]     = help: if you wanted to use a crate named `parking_lot`, use `cargo add parking_lot` to add it to your `Cargo.toml`
[INFO] [stdout] 
[INFO] [stdout] 
[INFO] [stdout] For more information about this error, try `rustc --explain E0433`.
[INFO] [stdout] 
[INFO] [stderr] error: could not compile `static_init` (lib) due to 4 previous errors
[INFO] [stderr] warning: build failed, waiting for other jobs to finish...
[INFO] running `Command { std: "docker" "inspect" "cfc5d761f8aa5ca3dbc8c6cd6627f7c688dcf92916b27bb024e4e9a968371227", kill_on_drop: false }`
[INFO] running `Command { std: "docker" "rm" "-f" "cfc5d761f8aa5ca3dbc8c6cd6627f7c688dcf92916b27bb024e4e9a968371227", kill_on_drop: false }`
[INFO] [stdout] cfc5d761f8aa5ca3dbc8c6cd6627f7c688dcf92916b27bb024e4e9a968371227
