[INFO] fetching crate tk 0.1.10...
[INFO] testing tk-0.1.10 against 1.100.0-beta.1 for beta-1.100-2
[INFO] extracting crate tk 0.1.10 into /workspace/builds/worker-4-tc2/source
[INFO] started tweaking crates.io crate tk 0.1.10
[INFO] finished tweaking crates.io crate tk 0.1.10
[INFO] tweaked toml for crates.io crate tk 0.1.10 written to /workspace/builds/worker-4-tc2/source/Cargo.toml
[INFO] validating manifest of crates.io crate tk 0.1.10 on toolchain 1.100.0-beta.1
[INFO] running `Command { std: CARGO_HOME="/workspace/cargo-home" RUSTUP_HOME="/workspace/rustup-home" "/workspace/cargo-home/bin/cargo" "+1.100.0-beta.1" "metadata" "--manifest-path" "Cargo.toml" "--no-deps", kill_on_drop: false }`
[INFO] crate crates.io crate tk 0.1.10 already has a lockfile, it will not be regenerated
[INFO] running `Command { std: CARGO_HOME="/workspace/cargo-home" RUSTUP_HOME="/workspace/rustup-home" "/workspace/cargo-home/bin/cargo" "+1.100.0-beta.1" "fetch" "--manifest-path" "Cargo.toml", kill_on_drop: false }`
[INFO] running `Command { std: "docker" "create" "-v" "/var/lib/crater-agent-workspace/builds/worker-4-tc2/source:/opt/rustwide/workdir:ro,Z" "-v" "/var/lib/crater-agent-workspace/builds/worker-4-tc2/target:/opt/rustwide/target:rw,Z" "-v" "/var/lib/crater-agent-workspace/cargo-home:/opt/rustwide/cargo-home:ro,Z" "-v" "/var/lib/crater-agent-workspace/rustup-home:/opt/rustwide/rustup-home:ro,Z" "-m" "1610612736" "--network" "none" "ghcr.io/rust-lang/crates-build-env/linux@sha256:3111399a4047eeb3a02b7a90e478d715f38a8c6669b5c4b49d30a17385265909" "sleep" "infinity", kill_on_drop: false }`
[INFO] [stdout] 0e1d9658fb6a6707171e9dc9b47e388deec2995715264fa112230ce2ba046a7e
[INFO] running `Command { std: "docker" "start" "0e1d9658fb6a6707171e9dc9b47e388deec2995715264fa112230ce2ba046a7e", kill_on_drop: false }`
[INFO] running `Command { std: "docker" "inspect" "0e1d9658fb6a6707171e9dc9b47e388deec2995715264fa112230ce2ba046a7e", kill_on_drop: false }`
[INFO] running `Command { std: "docker" "exec" "-e" "SOURCE_DIR=/opt/rustwide/workdir" "-e" "CARGO_HOME=/opt/rustwide/cargo-home" "-e" "RUSTUP_HOME=/opt/rustwide/rustup-home" "-e" "CARGO_TARGET_DIR=/opt/rustwide/target" "-w" "/opt/rustwide/workdir" "--user" "0:0" "0e1d9658fb6a6707171e9dc9b47e388deec2995715264fa112230ce2ba046a7e" "/opt/rustwide/cargo-home/bin/cargo" "+1.100.0-beta.1" "metadata" "--no-deps" "--format-version=1", kill_on_drop: false }`
[INFO] running `Command { std: "docker" "inspect" "0e1d9658fb6a6707171e9dc9b47e388deec2995715264fa112230ce2ba046a7e", kill_on_drop: false }`
[INFO] running `Command { std: "docker" "exec" "-e" "SOURCE_DIR=/opt/rustwide/workdir" "-e" "CARGO_HOME=/opt/rustwide/cargo-home" "-e" "RUSTUP_HOME=/opt/rustwide/rustup-home" "-e" "CARGO_TARGET_DIR=/opt/rustwide/target" "-e" "CARGO_INCREMENTAL=0" "-e" "RUST_BACKTRACE=full" "-e" "RUSTFLAGS=--cap-lints=warn" "-e" "RUSTDOCFLAGS=--cap-lints=warn" "-w" "/opt/rustwide/workdir" "--user" "0:0" "0e1d9658fb6a6707171e9dc9b47e388deec2995715264fa112230ce2ba046a7e" "/opt/rustwide/cargo-home/bin/cargo" "+1.100.0-beta.1" "build" "--frozen" "--message-format=json", kill_on_drop: false }`
[INFO] [stderr]    Compiling proc-macro2 v1.0.78
[INFO] [stderr]    Compiling unicode-ident v1.0.12
[INFO] [stderr]    Compiling serde v1.0.196
[INFO] [stderr]    Compiling equivalent v1.0.1
[INFO] [stderr]    Compiling hashbrown v0.14.3
[INFO] [stderr]    Compiling winnow v0.5.36
[INFO] [stderr]    Compiling syn v1.0.109
[INFO] [stderr]    Compiling libc v0.2.153
[INFO] [stderr]    Compiling cfg-if v1.0.0
[INFO] [stderr]    Compiling glob v0.3.1
[INFO] [stderr]    Compiling rustix v0.38.31
[INFO] [stderr]    Compiling autocfg v1.1.0
[INFO] [stderr]    Compiling bitflags v2.4.2
[INFO] [stderr]    Compiling linux-raw-sys v0.4.13
[INFO] [stderr]    Compiling memchr v2.7.1
[INFO] [stderr]    Compiling regex-syntax v0.8.2
[INFO] [stderr]    Compiling minimal-lexical v0.2.1
[INFO] [stderr]    Compiling libloading v0.8.1
[INFO] [stderr]    Compiling anyhow v1.0.79
[INFO] [stderr]    Compiling home v0.5.9
[INFO] [stderr]    Compiling either v1.9.0
[INFO] [stderr]    Compiling hashbrown v0.12.3
[INFO] [stderr]    Compiling bindgen v0.64.0
[INFO] [stderr]    Compiling log v0.4.20
[INFO] [stderr]    Compiling clang-sys v1.7.0
[INFO] [stderr]    Compiling lazycell v1.3.0
[INFO] [stderr]    Compiling lazy_static v1.4.0
[INFO] [stderr]    Compiling indexmap v1.9.3
[INFO] [stderr]    Compiling bitflags v1.3.2
[INFO] [stderr]    Compiling shlex v1.3.0
[INFO] [stderr]    Compiling rustc-hash v1.1.0
[INFO] [stderr]    Compiling peeking_take_while v0.1.2
[INFO] [stderr]    Compiling pkg-config v0.3.29
[INFO] [stderr]    Compiling unicode-segmentation v1.10.1
[INFO] [stderr]    Compiling tuplex v0.1.2
[INFO] [stderr]    Compiling mutf8 v0.2.0
[INFO] [stderr]    Compiling strum v0.19.5
[INFO] [stderr]    Compiling once_cell v1.19.0
[INFO] [stderr]    Compiling indexmap v2.2.2
[INFO] [stderr]    Compiling nom v7.1.3
[INFO] [stderr]    Compiling quote v1.0.35
[INFO] [stderr]    Compiling syn v2.0.48
[INFO] [stderr]    Compiling heck v0.3.3
[INFO] [stderr]    Compiling getrandom v0.2.12
[INFO] [stderr]    Compiling uuid v1.7.0
[INFO] [stderr]    Compiling heredom v0.1.0
[INFO] [stderr]    Compiling regex-automata v0.4.5
[INFO] [stderr]    Compiling cexpr v0.6.0
[INFO] [stderr]    Compiling which v4.4.2
[INFO] [stderr]    Compiling regex v1.10.3
[INFO] [stderr]    Compiling toml_datetime v0.6.5
[INFO] [stderr]    Compiling serde_spanned v0.6.5
[INFO] [stderr]    Compiling toml_edit v0.19.15
[INFO] [stderr]    Compiling toml_edit v0.21.1
[INFO] [stderr]    Compiling bind_syn v0.1.0
[INFO] [stderr]    Compiling enumx_derive v0.4.2
[INFO] [stderr]    Compiling cex_derive v0.5.2
[INFO] [stderr]    Compiling strum_macros v0.19.4
[INFO] [stderr]    Compiling proc-macro-crate v3.1.0
[INFO] [stderr]    Compiling serde_derive v1.0.196
[INFO] [stderr]    Compiling tcl_derive v0.1.5
[INFO] [stderr]    Compiling toml v0.7.8
[INFO] [stderr]    Compiling num_enum_derive v0.7.2
[INFO] [stderr]    Compiling inwelling v0.5.2
[INFO] [stderr]    Compiling num_enum v0.7.2
[INFO] [stderr]    Compiling tcl v0.1.9
[INFO] [stderr]    Compiling tk v0.1.10 (/opt/rustwide/workdir)
[INFO] [stderr]    Compiling enumx v0.4.3
[INFO] [stderr]    Compiling cex v0.5.2
[INFO] [stderr]    Compiling clib v0.2.4
[INFO] [stdout] error[E0432]: unresolved imports `clib::ClientData`, `clib::TCL_ERROR`, `clib::TCL_OK`, `clib::Tcl_Interp`, `clib::Tcl_InvalidateStringRep`, `clib::Tcl_Obj`, `clib::Tcl_SetObjResult`, `clib::Tcl_WrongNumArgs`
[INFO] [stdout]    --> /opt/rustwide/cargo-home/registry/src/index.crates.io-1949cf8c6b5b557f/tcl-0.1.9/src/lib.rs:151:9
[INFO] [stdout]     |
[INFO] [stdout] 151 |         ClientData,
[INFO] [stdout]     |         ^^^^^^^^^^ no `ClientData` in the root
[INFO] [stdout] 152 |         TCL_ERROR,
[INFO] [stdout]     |         ^^^^^^^^^ no `TCL_ERROR` in the root
[INFO] [stdout] 153 |         TCL_OK,
[INFO] [stdout]     |         ^^^^^^ no `TCL_OK` in the root
[INFO] [stdout] 154 |         Tcl_Interp,
[INFO] [stdout]     |         ^^^^^^^^^^ no `Tcl_Interp` in the root
[INFO] [stdout] 155 |         Tcl_InvalidateStringRep,
[INFO] [stdout]     |         ^^^^^^^^^^^^^^^^^^^^^^^ no `Tcl_InvalidateStringRep` in the root
[INFO] [stdout] 156 |         Tcl_Obj,
[INFO] [stdout]     |         ^^^^^^^ no `Tcl_Obj` in the root
[INFO] [stdout] 157 |         Tcl_SetObjResult,
[INFO] [stdout]     |         ^^^^^^^^^^^^^^^^ no `Tcl_SetObjResult` in the root
[INFO] [stdout] 158 |         Tcl_WrongNumArgs,
[INFO] [stdout]     |         ^^^^^^^^^^^^^^^^ no `Tcl_WrongNumArgs` in the root
[INFO] [stdout] 
[INFO] [stdout] 
[INFO] [stdout] error[E0432]: unresolved imports `clib::Tcl_DString`, `clib::Tcl_DStringInit`, `clib::Tcl_DStringAppendElement`, `clib::Tcl_DStringStartSublist`, `clib::Tcl_DStringEndSublist`, `clib::Tcl_DStringFree`
[INFO] [stdout]   --> /opt/rustwide/cargo-home/registry/src/index.crates.io-1949cf8c6b5b557f/tcl-0.1.9/src/ser.rs:8:5
[INFO] [stdout]    |
[INFO] [stdout]  8 |     Tcl_DString,
[INFO] [stdout]    |     ^^^^^^^^^^^ no `Tcl_DString` in the root
[INFO] [stdout]  9 |     Tcl_DStringInit,
[INFO] [stdout]    |     ^^^^^^^^^^^^^^^ no `Tcl_DStringInit` in the root
[INFO] [stdout] 10 |     Tcl_DStringAppendElement,
[INFO] [stdout]    |     ^^^^^^^^^^^^^^^^^^^^^^^^ no `Tcl_DStringAppendElement` in the root
[INFO] [stdout] 11 |     Tcl_DStringStartSublist,
[INFO] [stdout]    |     ^^^^^^^^^^^^^^^^^^^^^^^ no `Tcl_DStringStartSublist` in the root
[INFO] [stdout] 12 |     Tcl_DStringEndSublist,
[INFO] [stdout]    |     ^^^^^^^^^^^^^^^^^^^^^ no `Tcl_DStringEndSublist` in the root
[INFO] [stdout] 13 |     Tcl_DStringFree,
[INFO] [stdout]    |     ^^^^^^^^^^^^^^^ no `Tcl_DStringFree` in the root
[INFO] [stdout] 
[INFO] [stdout] 
[INFO] [stdout] error[E0425]: cannot find function, tuple struct or tuple variant `Tcl_Panic` in crate `clib`
[INFO] [stdout]    --> /opt/rustwide/cargo-home/registry/src/index.crates.io-1949cf8c6b5b557f/tcl-0.1.9/src/lib.rs:179:23
[INFO] [stdout]     |
[INFO] [stdout] 175 | macro_rules! tcl_panic {
[INFO] [stdout] ...
[INFO] [stdout] 179 |         unsafe{ clib::Tcl_Panic( s.as_c_str().as_ptr() ); }
[INFO] [stdout]     |                       ^^^^^^^^^ not found in `clib`
[INFO] [stdout] ...
[INFO] [stdout] 197 |         self.unwrap_or_else( || tcl_panic!( format!( "unwrap_or_abort on None value: {}", message ).as_str() ))
[INFO] [stdout]     |                                 ------------------------------------------------------------------------------ in this macro invocation
[INFO] [stdout] 
[INFO] [stdout] 
[INFO] [stdout] error[E0425]: cannot find function, tuple struct or tuple variant `Tcl_Panic` in crate `clib`
[INFO] [stdout]    --> /opt/rustwide/cargo-home/registry/src/index.crates.io-1949cf8c6b5b557f/tcl-0.1.9/src/lib.rs:179:23
[INFO] [stdout]     |
[INFO] [stdout] 175 | macro_rules! tcl_panic {
[INFO] [stdout] ...
[INFO] [stdout] 179 |         unsafe{ clib::Tcl_Panic( s.as_c_str().as_ptr() ); }
[INFO] [stdout]     |                       ^^^^^^^^^ not found in `clib`
[INFO] [stdout] ...
[INFO] [stdout] 208 |         self.unwrap_or_else( |err| tcl_panic!( format!( "unwrap_or_abort on Err: {:?}\n{}", err, message ).as_str() ))
[INFO] [stdout]     |                                    ---------------------------------------------------------------------------------- in this macro invocation
[INFO] [stdout] 
[INFO] [stdout] 
[INFO] [stdout] error[E0425]: cannot find value `TCL_ERROR` in crate `clib`
[INFO] [stdout]   --> /opt/rustwide/cargo-home/registry/src/index.crates.io-1949cf8c6b5b557f/tcl-0.1.9/src/interp.rs:32:31
[INFO] [stdout]    |
[INFO] [stdout] 32 |         let tcl_error = clib::TCL_ERROR as c_int;
[INFO] [stdout]    |                               ^^^^^^^^^ not found in `clib`
[INFO] [stdout] 
[INFO] [stdout] 
[INFO] [stdout] error[E0425]: cannot find value `TCL_OK` in crate `clib`
[INFO] [stdout]   --> /opt/rustwide/cargo-home/registry/src/index.crates.io-1949cf8c6b5b557f/tcl-0.1.9/src/interp.rs:42:33
[INFO] [stdout]    |
[INFO] [stdout] 42 |         if self.into() == clib::TCL_OK as c_int {
[INFO] [stdout]    |                                 ^^^^^^ not found in `clib`
[INFO] [stdout] 
[INFO] [stdout] 
[INFO] [stdout] error[E0425]: cannot find value `TCL_OK` in crate `clib`
[INFO] [stdout]   --> /opt/rustwide/cargo-home/registry/src/index.crates.io-1949cf8c6b5b557f/tcl-0.1.9/src/interp.rs:51:30
[INFO] [stdout]    |
[INFO] [stdout] 51 |         self.into() == clib::TCL_OK as c_int
[INFO] [stdout]    |                              ^^^^^^ not found in `clib`
[INFO] [stdout] 
[INFO] [stdout] 
[INFO] [stdout] error[E0425]: cannot find function, tuple struct or tuple variant `Tcl_CreateInterp` in crate `clib`
[INFO] [stdout]   --> /opt/rustwide/cargo-home/registry/src/index.crates.io-1949cf8c6b5b557f/tcl-0.1.9/src/interp.rs:66:60
[INFO] [stdout]    |
[INFO] [stdout] 66 |         let tcl_interp = match NonNull::new( unsafe{ clib::Tcl_CreateInterp() }) {
[INFO] [stdout]    |                                                            ^^^^^^^^^^^^^^^^ not found in `clib`
[INFO] [stdout] 
[INFO] [stdout] 
[INFO] [stdout] error[E0425]: cannot find function, tuple struct or tuple variant `Tcl_Init` in crate `clib`
[INFO] [stdout]   --> /opt/rustwide/cargo-home/registry/src/index.crates.io-1949cf8c6b5b557f/tcl-0.1.9/src/interp.rs:72:23
[INFO] [stdout]    |
[INFO] [stdout] 72 |         unsafe{ clib::Tcl_Init( (this.0).0.as_ptr() )}
[INFO] [stdout]    |                       ^^^^^^^^ not found in `clib`
[INFO] [stdout] 
[INFO] [stdout] 
[INFO] [stdout] error[E0425]: cannot find type `Tcl_Interp` in crate `clib`
[INFO] [stdout]   --> /opt/rustwide/cargo-home/registry/src/index.crates.io-1949cf8c6b5b557f/tcl-0.1.9/src/interp.rs:79:55
[INFO] [stdout]    |
[INFO] [stdout] 79 |     pub fn into_raw_non_null( self ) -> NonNull<clib::Tcl_Interp> {
[INFO] [stdout]    |                                                       ^^^^^^^^^^ not found in `clib`
[INFO] [stdout] 
[INFO] [stdout] 
[INFO] [stdout] error[E0425]: cannot find function, tuple struct or tuple variant `Tcl_DeleteInterp` in crate `clib`
[INFO] [stdout]   --> /opt/rustwide/cargo-home/registry/src/index.crates.io-1949cf8c6b5b557f/tcl-0.1.9/src/interp.rs:93:23
[INFO] [stdout]    |
[INFO] [stdout] 93 |         unsafe{ clib::Tcl_DeleteInterp( (self.0).0.as_ptr() )}
[INFO] [stdout]    |                       ^^^^^^^^^^^^^^^^ not found in `clib`
[INFO] [stdout] 
[INFO] [stdout] 
[INFO] [stdout] error[E0425]: cannot find type `Tcl_Interp` in crate `clib`
[INFO] [stdout]   --> /opt/rustwide/cargo-home/registry/src/index.crates.io-1949cf8c6b5b557f/tcl-0.1.9/src/interp.rs:99:34
[INFO] [stdout]    |
[INFO] [stdout] 99 | pub struct Interp( NonNull<clib::Tcl_Interp> );
[INFO] [stdout]    |                                  ^^^^^^^^^^ not found in `clib`
[INFO] [stdout] 
[INFO] [stdout] 
[INFO] [stdout] error[E0425]: cannot find type `ClientData` in crate `clib`
[INFO] [stdout]    --> /opt/rustwide/cargo-home/registry/src/index.crates.io-1949cf8c6b5b557f/tcl-0.1.9/src/interp.rs:102:44
[INFO] [stdout]     |
[INFO] [stdout] 102 | pub type ObjCmdProc = extern "C" fn( clib::ClientData, *mut clib::Tcl_Interp, c_int, *const *mut clib::Tcl_Obj ) -> c_int;
[INFO] [stdout]     |                                            ^^^^^^^^^^ not found in `clib`
[INFO] [stdout] 
[INFO] [stdout] 
[INFO] [stdout] error[E0425]: cannot find type `Tcl_Interp` in crate `clib`
[INFO] [stdout]    --> /opt/rustwide/cargo-home/registry/src/index.crates.io-1949cf8c6b5b557f/tcl-0.1.9/src/interp.rs:102:67
[INFO] [stdout]     |
[INFO] [stdout] 102 | pub type ObjCmdProc = extern "C" fn( clib::ClientData, *mut clib::Tcl_Interp, c_int, *const *mut clib::Tcl_Obj ) -> c_int;
[INFO] [stdout]     |                                                                   ^^^^^^^^^^ not found in `clib`
[INFO] [stdout] 
[INFO] [stdout] 
[INFO] [stdout] error[E0425]: cannot find type `Tcl_Obj` in crate `clib`
[INFO] [stdout]    --> /opt/rustwide/cargo-home/registry/src/index.crates.io-1949cf8c6b5b557f/tcl-0.1.9/src/interp.rs:102:104
[INFO] [stdout]     |
[INFO] [stdout] 102 | pub type ObjCmdProc = extern "C" fn( clib::ClientData, *mut clib::Tcl_Interp, c_int, *const *mut clib::Tcl_Obj ) -> c_int;
[INFO] [stdout]     |                                                                                                        ^^^^^^^ not found in `clib`
[INFO] [stdout] 
[INFO] [stdout] 
[INFO] [stdout] error[E0425]: cannot find type `Tcl_Interp` in crate `clib`
[INFO] [stdout]    --> /opt/rustwide/cargo-home/registry/src/index.crates.io-1949cf8c6b5b557f/tcl-0.1.9/src/interp.rs:110:45
[INFO] [stdout]     |
[INFO] [stdout] 110 |     pub unsafe fn from_raw( raw: *mut clib::Tcl_Interp ) -> Result<Self, NullInterp> {
[INFO] [stdout]     |                                             ^^^^^^^^^^ not found in `clib`
[INFO] [stdout] 
[INFO] [stdout] 
[INFO] [stdout] error[E0425]: cannot find type `Tcl_Interp` in crate `clib`
[INFO] [stdout]    --> /opt/rustwide/cargo-home/registry/src/index.crates.io-1949cf8c6b5b557f/tcl-0.1.9/src/interp.rs:118:42
[INFO] [stdout]     |
[INFO] [stdout] 118 |     pub fn as_ptr( &self ) -> *mut clib::Tcl_Interp {
[INFO] [stdout]     |                                          ^^^^^^^^^^ not found in `clib`
[INFO] [stdout] 
[INFO] [stdout] 
[INFO] [stdout] error[E0425]: cannot find function, tuple struct or tuple variant `Tcl_GetObjResult` in crate `clib`
[INFO] [stdout]    --> /opt/rustwide/cargo-home/registry/src/index.crates.io-1949cf8c6b5b557f/tcl-0.1.9/src/interp.rs:124:38
[INFO] [stdout]     |
[INFO] [stdout] 124 |         unsafe{ Obj::from_raw( clib::Tcl_GetObjResult( self.0.as_ptr() ))}
[INFO] [stdout]     |                                      ^^^^^^^^^^^^^^^^ not found in `clib`
[INFO] [stdout] 
[INFO] [stdout] 
[INFO] [stdout] error[E0425]: cannot find function, tuple struct or tuple variant `Tcl_GetReturnOptions` in crate `clib`
[INFO] [stdout]    --> /opt/rustwide/cargo-home/registry/src/index.crates.io-1949cf8c6b5b557f/tcl-0.1.9/src/interp.rs:130:34
[INFO] [stdout]     |
[INFO] [stdout] 130 |             Obj::from_raw( clib::Tcl_GetReturnOptions( self.0.as_ptr(), clib::TCL_ERROR as c_int ))
[INFO] [stdout]     |                                  ^^^^^^^^^^^^^^^^^^^^ not found in `clib`
[INFO] [stdout] 
[INFO] [stdout] 
[INFO] [stdout] error[E0425]: cannot find value `TCL_ERROR` in crate `clib`
[INFO] [stdout]    --> /opt/rustwide/cargo-home/registry/src/index.crates.io-1949cf8c6b5b557f/tcl-0.1.9/src/interp.rs:130:79
[INFO] [stdout]     |
[INFO] [stdout] 130 |             Obj::from_raw( clib::Tcl_GetReturnOptions( self.0.as_ptr(), clib::TCL_ERROR as c_int ))
[INFO] [stdout]     |                                                                               ^^^^^^^^^ not found in `clib`
[INFO] [stdout] 
[INFO] [stdout] 
[INFO] [stdout] error[E0425]: cannot find type `Tcl_Obj` in crate `clib`
[INFO] [stdout]    --> /opt/rustwide/cargo-home/registry/src/index.crates.io-1949cf8c6b5b557f/tcl-0.1.9/src/interp.rs:137:49
[INFO] [stdout]     |
[INFO] [stdout] 137 |     fn obj_from_ptr( &self, obj_ptr: *mut clib::Tcl_Obj ) -> Result<Obj> {
[INFO] [stdout]     |                                                 ^^^^^^^ not found in `clib`
[INFO] [stdout] 
[INFO] [stdout] 
[INFO] [stdout] error[E0425]: cannot find function, tuple struct or tuple variant `Tcl_EvalObjEx` in crate `clib`
[INFO] [stdout]    --> /opt/rustwide/cargo-home/registry/src/index.crates.io-1949cf8c6b5b557f/tcl-0.1.9/src/interp.rs:172:19
[INFO] [stdout]     |
[INFO] [stdout] 172 |             clib::Tcl_EvalObjEx( self.0.as_ptr(), code.as_ptr(), flags ).code_to_result( self )?;
[INFO] [stdout]     |                   ^^^^^^^^^^^^^ not found in `clib`
[INFO] [stdout] 
[INFO] [stdout] 
[INFO] [stdout] error[E0425]: cannot find value `TCL_LEAVE_ERR_MSG` in crate `clib`
[INFO] [stdout]    --> /opt/rustwide/cargo-home/registry/src/index.crates.io-1949cf8c6b5b557f/tcl-0.1.9/src/interp.rs:191:29
[INFO] [stdout]     |
[INFO] [stdout] 191 |         let flags = ( clib::TCL_LEAVE_ERR_MSG ) as c_int;
[INFO] [stdout]     |                             ^^^^^^^^^^^^^^^^^ not found in `clib`
[INFO] [stdout] 
[INFO] [stdout] 
[INFO] [stdout] error[E0425]: cannot find function, tuple struct or tuple variant `Tcl_ObjGetVar2` in crate `clib`
[INFO] [stdout]    --> /opt/rustwide/cargo-home/registry/src/index.crates.io-1949cf8c6b5b557f/tcl-0.1.9/src/interp.rs:192:33
[INFO] [stdout]     |
[INFO] [stdout] 192 |         let ptr = unsafe{ clib::Tcl_ObjGetVar2( self.0.as_ptr(), var.as_ptr(), ptr::null_mut(), flags )};
[INFO] [stdout]     |                                 ^^^^^^^^^^^^^^ not found in `clib`
[INFO] [stdout] 
[INFO] [stdout] 
[INFO] [stdout] error[E0425]: cannot find value `TCL_LEAVE_ERR_MSG` in crate `clib`
[INFO] [stdout]    --> /opt/rustwide/cargo-home/registry/src/index.crates.io-1949cf8c6b5b557f/tcl-0.1.9/src/interp.rs:199:29
[INFO] [stdout]     |
[INFO] [stdout] 199 |         let flags = ( clib::TCL_LEAVE_ERR_MSG ) as c_int;
[INFO] [stdout]     |                             ^^^^^^^^^^^^^^^^^ not found in `clib`
[INFO] [stdout] 
[INFO] [stdout] 
[INFO] [stdout] error[E0425]: cannot find function, tuple struct or tuple variant `Tcl_ObjGetVar2` in crate `clib`
[INFO] [stdout]    --> /opt/rustwide/cargo-home/registry/src/index.crates.io-1949cf8c6b5b557f/tcl-0.1.9/src/interp.rs:200:33
[INFO] [stdout]     |
[INFO] [stdout] 200 |         let ptr = unsafe{ clib::Tcl_ObjGetVar2( self.0.as_ptr(), arr.as_ptr(), elem.as_ptr(), flags )};
[INFO] [stdout]     |                                 ^^^^^^^^^^^^^^ not found in `clib`
[INFO] [stdout] 
[INFO] [stdout] 
[INFO] [stdout] error[E0425]: cannot find value `TCL_LEAVE_ERR_MSG` in crate `clib`
[INFO] [stdout]    --> /opt/rustwide/cargo-home/registry/src/index.crates.io-1949cf8c6b5b557f/tcl-0.1.9/src/interp.rs:217:29
[INFO] [stdout]     |
[INFO] [stdout] 217 |         let flags = ( clib::TCL_LEAVE_ERR_MSG ) as c_int;
[INFO] [stdout]     |                             ^^^^^^^^^^^^^^^^^ not found in `clib`
[INFO] [stdout] 
[INFO] [stdout] 
[INFO] [stdout] error[E0425]: cannot find function, tuple struct or tuple variant `Tcl_ObjSetVar2` in crate `clib`
[INFO] [stdout]    --> /opt/rustwide/cargo-home/registry/src/index.crates.io-1949cf8c6b5b557f/tcl-0.1.9/src/interp.rs:219:33
[INFO] [stdout]     |
[INFO] [stdout] 219 |             let obj_ptr = clib::Tcl_ObjSetVar2( self.0.as_ptr(), lhs.as_ptr(), ptr::null_mut(), rhs.as_ptr(), flags );
[INFO] [stdout]     |                                 ^^^^^^^^^^^^^^ not found in `clib`
[INFO] [stdout] 
[INFO] [stdout] 
[INFO] [stdout] error[E0425]: cannot find value `TCL_LIST_ELEMENT` in crate `clib`
[INFO] [stdout]    --> /opt/rustwide/cargo-home/registry/src/index.crates.io-1949cf8c6b5b557f/tcl-0.1.9/src/interp.rs:240:29
[INFO] [stdout]     |
[INFO] [stdout] 240 |         let flags = ( clib::TCL_LIST_ELEMENT | clib::TCL_LEAVE_ERR_MSG ) as c_int;
[INFO] [stdout]     |                             ^^^^^^^^^^^^^^^^ not found in `clib`
[INFO] [stdout] 
[INFO] [stdout] 
[INFO] [stdout] error[E0425]: cannot find value `TCL_LEAVE_ERR_MSG` in crate `clib`
[INFO] [stdout]    --> /opt/rustwide/cargo-home/registry/src/index.crates.io-1949cf8c6b5b557f/tcl-0.1.9/src/interp.rs:240:54
[INFO] [stdout]     |
[INFO] [stdout] 240 |         let flags = ( clib::TCL_LIST_ELEMENT | clib::TCL_LEAVE_ERR_MSG ) as c_int;
[INFO] [stdout]     |                                                      ^^^^^^^^^^^^^^^^^ not found in `clib`
[INFO] [stdout] 
[INFO] [stdout] 
[INFO] [stdout] error[E0425]: cannot find function, tuple struct or tuple variant `Tcl_ObjSetVar2` in crate `clib`
[INFO] [stdout]    --> /opt/rustwide/cargo-home/registry/src/index.crates.io-1949cf8c6b5b557f/tcl-0.1.9/src/interp.rs:242:33
[INFO] [stdout]     |
[INFO] [stdout] 242 |             let obj_ptr = clib::Tcl_ObjSetVar2( self.0.as_ptr(), lhs.as_ptr(), ptr::null_mut(), rhs.as_ptr(), flags );
[INFO] [stdout]     |                                 ^^^^^^^^^^^^^^ not found in `clib`
[INFO] [stdout] 
[INFO] [stdout] 
[INFO] [stdout] error[E0425]: cannot find value `TCL_LEAVE_ERR_MSG` in crate `clib`
[INFO] [stdout]    --> /opt/rustwide/cargo-home/registry/src/index.crates.io-1949cf8c6b5b557f/tcl-0.1.9/src/interp.rs:275:29
[INFO] [stdout]     |
[INFO] [stdout] 275 |         let flags = ( clib::TCL_LEAVE_ERR_MSG ) as c_int;
[INFO] [stdout]     |                             ^^^^^^^^^^^^^^^^^ not found in `clib`
[INFO] [stdout] 
[INFO] [stdout] 
[INFO] [stdout] error[E0425]: cannot find function, tuple struct or tuple variant `Tcl_ObjSetVar2` in crate `clib`
[INFO] [stdout]    --> /opt/rustwide/cargo-home/registry/src/index.crates.io-1949cf8c6b5b557f/tcl-0.1.9/src/interp.rs:277:33
[INFO] [stdout]     |
[INFO] [stdout] 277 |             let obj_ptr = clib::Tcl_ObjSetVar2( self.0.as_ptr(), arr.as_ptr(), elem.as_ptr(), rhs.as_ptr(), flags );
[INFO] [stdout]     |                                 ^^^^^^^^^^^^^^ not found in `clib`
[INFO] [stdout] 
[INFO] [stdout] 
[INFO] [stdout] error[E0425]: cannot find value `TCL_LIST_ELEMENT` in crate `clib`
[INFO] [stdout]    --> /opt/rustwide/cargo-home/registry/src/index.crates.io-1949cf8c6b5b557f/tcl-0.1.9/src/interp.rs:289:29
[INFO] [stdout]     |
[INFO] [stdout] 289 |         let flags = ( clib::TCL_LIST_ELEMENT | clib::TCL_LEAVE_ERR_MSG ) as c_int;
[INFO] [stdout]     |                             ^^^^^^^^^^^^^^^^ not found in `clib`
[INFO] [stdout] 
[INFO] [stdout] 
[INFO] [stdout] error[E0425]: cannot find value `TCL_LEAVE_ERR_MSG` in crate `clib`
[INFO] [stdout]    --> /opt/rustwide/cargo-home/registry/src/index.crates.io-1949cf8c6b5b557f/tcl-0.1.9/src/interp.rs:289:54
[INFO] [stdout]     |
[INFO] [stdout] 289 |         let flags = ( clib::TCL_LIST_ELEMENT | clib::TCL_LEAVE_ERR_MSG ) as c_int;
[INFO] [stdout]     |                                                      ^^^^^^^^^^^^^^^^^ not found in `clib`
[INFO] [stdout] 
[INFO] [stdout] 
[INFO] [stdout] error[E0425]: cannot find function, tuple struct or tuple variant `Tcl_ObjSetVar2` in crate `clib`
[INFO] [stdout]    --> /opt/rustwide/cargo-home/registry/src/index.crates.io-1949cf8c6b5b557f/tcl-0.1.9/src/interp.rs:291:33
[INFO] [stdout]     |
[INFO] [stdout] 291 |             let obj_ptr = clib::Tcl_ObjSetVar2( self.0.as_ptr(), arr.as_ptr(), elem.as_ptr(), rhs.as_ptr(), flags );
[INFO] [stdout]     |                                 ^^^^^^^^^^^^^^ not found in `clib`
[INFO] [stdout] 
[INFO] [stdout] 
[INFO] [stdout] error[E0425]: cannot find value `TCL_APPEND_VALUE` in crate `clib`
[INFO] [stdout]    --> /opt/rustwide/cargo-home/registry/src/index.crates.io-1949cf8c6b5b557f/tcl-0.1.9/src/interp.rs:311:29
[INFO] [stdout]     |
[INFO] [stdout] 311 |         let flags = ( clib::TCL_APPEND_VALUE | clib::TCL_LEAVE_ERR_MSG ) as c_int;
[INFO] [stdout]     |                             ^^^^^^^^^^^^^^^^ not found in `clib`
[INFO] [stdout] 
[INFO] [stdout] 
[INFO] [stdout] error[E0425]: cannot find value `TCL_LEAVE_ERR_MSG` in crate `clib`
[INFO] [stdout]    --> /opt/rustwide/cargo-home/registry/src/index.crates.io-1949cf8c6b5b557f/tcl-0.1.9/src/interp.rs:311:54
[INFO] [stdout]     |
[INFO] [stdout] 311 |         let flags = ( clib::TCL_APPEND_VALUE | clib::TCL_LEAVE_ERR_MSG ) as c_int;
[INFO] [stdout]     |                                                      ^^^^^^^^^^^^^^^^^ not found in `clib`
[INFO] [stdout] 
[INFO] [stdout] 
[INFO] [stdout] error[E0425]: cannot find function, tuple struct or tuple variant `Tcl_ObjSetVar2` in crate `clib`
[INFO] [stdout]    --> /opt/rustwide/cargo-home/registry/src/index.crates.io-1949cf8c6b5b557f/tcl-0.1.9/src/interp.rs:313:19
[INFO] [stdout]     |
[INFO] [stdout] 313 |             clib::Tcl_ObjSetVar2( self.0.as_ptr(), lhs.as_ptr(), ptr::null_mut(), rhs.as_ptr(), flags ))}
[INFO] [stdout]     |                   ^^^^^^^^^^^^^^ not found in `clib`
[INFO] [stdout] 
[INFO] [stdout] 
[INFO] [stdout] error[E0425]: cannot find value `TCL_APPEND_VALUE` in crate `clib`
[INFO] [stdout]    --> /opt/rustwide/cargo-home/registry/src/index.crates.io-1949cf8c6b5b557f/tcl-0.1.9/src/interp.rs:331:29
[INFO] [stdout]     |
[INFO] [stdout] 331 |         let flags = ( clib::TCL_APPEND_VALUE | clib::TCL_LIST_ELEMENT | clib::TCL_LEAVE_ERR_MSG ) as c_int;
[INFO] [stdout]     |                             ^^^^^^^^^^^^^^^^ not found in `clib`
[INFO] [stdout] 
[INFO] [stdout] 
[INFO] [stdout] error[E0425]: cannot find value `TCL_LIST_ELEMENT` in crate `clib`
[INFO] [stdout]    --> /opt/rustwide/cargo-home/registry/src/index.crates.io-1949cf8c6b5b557f/tcl-0.1.9/src/interp.rs:331:54
[INFO] [stdout]     |
[INFO] [stdout] 331 |         let flags = ( clib::TCL_APPEND_VALUE | clib::TCL_LIST_ELEMENT | clib::TCL_LEAVE_ERR_MSG ) as c_int;
[INFO] [stdout]     |                                                      ^^^^^^^^^^^^^^^^ not found in `clib`
[INFO] [stdout] 
[INFO] [stdout] 
[INFO] [stdout] error[E0425]: cannot find value `TCL_LEAVE_ERR_MSG` in crate `clib`
[INFO] [stdout]    --> /opt/rustwide/cargo-home/registry/src/index.crates.io-1949cf8c6b5b557f/tcl-0.1.9/src/interp.rs:331:79
[INFO] [stdout]     |
[INFO] [stdout] 331 |         let flags = ( clib::TCL_APPEND_VALUE | clib::TCL_LIST_ELEMENT | clib::TCL_LEAVE_ERR_MSG ) as c_int;
[INFO] [stdout]     |                                                                               ^^^^^^^^^^^^^^^^^ not found in `clib`
[INFO] [stdout] 
[INFO] [stdout] 
[INFO] [stdout] error[E0425]: cannot find function, tuple struct or tuple variant `Tcl_ObjSetVar2` in crate `clib`
[INFO] [stdout]    --> /opt/rustwide/cargo-home/registry/src/index.crates.io-1949cf8c6b5b557f/tcl-0.1.9/src/interp.rs:333:19
[INFO] [stdout]     |
[INFO] [stdout] 333 |             clib::Tcl_ObjSetVar2( self.0.as_ptr(), lhs.as_ptr(), ptr::null_mut(), rhs.as_ptr(), flags ))}
[INFO] [stdout]     |                   ^^^^^^^^^^^^^^ not found in `clib`
[INFO] [stdout] 
[INFO] [stdout] 
[INFO] [stdout] error[E0425]: cannot find value `TCL_APPEND_VALUE` in crate `clib`
[INFO] [stdout]    --> /opt/rustwide/cargo-home/registry/src/index.crates.io-1949cf8c6b5b557f/tcl-0.1.9/src/interp.rs:339:29
[INFO] [stdout]     |
[INFO] [stdout] 339 |         let flags = ( clib::TCL_APPEND_VALUE | clib::TCL_LEAVE_ERR_MSG ) as c_int;
[INFO] [stdout]     |                             ^^^^^^^^^^^^^^^^ not found in `clib`
[INFO] [stdout] 
[INFO] [stdout] 
[INFO] [stdout] error[E0425]: cannot find value `TCL_LEAVE_ERR_MSG` in crate `clib`
[INFO] [stdout]    --> /opt/rustwide/cargo-home/registry/src/index.crates.io-1949cf8c6b5b557f/tcl-0.1.9/src/interp.rs:339:54
[INFO] [stdout]     |
[INFO] [stdout] 339 |         let flags = ( clib::TCL_APPEND_VALUE | clib::TCL_LEAVE_ERR_MSG ) as c_int;
[INFO] [stdout]     |                                                      ^^^^^^^^^^^^^^^^^ not found in `clib`
[INFO] [stdout] 
[INFO] [stdout] 
[INFO] [stdout] error[E0425]: cannot find function, tuple struct or tuple variant `Tcl_ObjSetVar2` in crate `clib`
[INFO] [stdout]    --> /opt/rustwide/cargo-home/registry/src/index.crates.io-1949cf8c6b5b557f/tcl-0.1.9/src/interp.rs:341:19
[INFO] [stdout]     |
[INFO] [stdout] 341 |             clib::Tcl_ObjSetVar2( self.0.as_ptr(), arr.as_ptr(), elem.as_ptr(), rhs.as_ptr(), flags ))}
[INFO] [stdout]     |                   ^^^^^^^^^^^^^^ not found in `clib`
[INFO] [stdout] 
[INFO] [stdout] 
[INFO] [stdout] error[E0425]: cannot find value `TCL_APPEND_VALUE` in crate `clib`
[INFO] [stdout]    --> /opt/rustwide/cargo-home/registry/src/index.crates.io-1949cf8c6b5b557f/tcl-0.1.9/src/interp.rs:349:29
[INFO] [stdout]     |
[INFO] [stdout] 349 |         let flags = ( clib::TCL_APPEND_VALUE | clib::TCL_LIST_ELEMENT | clib::TCL_LEAVE_ERR_MSG ) as c_int;
[INFO] [stdout]     |                             ^^^^^^^^^^^^^^^^ not found in `clib`
[INFO] [stdout] 
[INFO] [stdout] 
[INFO] [stdout] error[E0425]: cannot find value `TCL_LIST_ELEMENT` in crate `clib`
[INFO] [stdout]    --> /opt/rustwide/cargo-home/registry/src/index.crates.io-1949cf8c6b5b557f/tcl-0.1.9/src/interp.rs:349:54
[INFO] [stdout]     |
[INFO] [stdout] 349 |         let flags = ( clib::TCL_APPEND_VALUE | clib::TCL_LIST_ELEMENT | clib::TCL_LEAVE_ERR_MSG ) as c_int;
[INFO] [stdout]     |                                                      ^^^^^^^^^^^^^^^^ not found in `clib`
[INFO] [stdout] 
[INFO] [stdout] 
[INFO] [stdout] error[E0425]: cannot find value `TCL_LEAVE_ERR_MSG` in crate `clib`
[INFO] [stdout]    --> /opt/rustwide/cargo-home/registry/src/index.crates.io-1949cf8c6b5b557f/tcl-0.1.9/src/interp.rs:349:79
[INFO] [stdout]     |
[INFO] [stdout] 349 |         let flags = ( clib::TCL_APPEND_VALUE | clib::TCL_LIST_ELEMENT | clib::TCL_LEAVE_ERR_MSG ) as c_int;
[INFO] [stdout]     |                                                                               ^^^^^^^^^^^^^^^^^ not found in `clib`
[INFO] [stdout] 
[INFO] [stdout] 
[INFO] [stdout] error[E0425]: cannot find function, tuple struct or tuple variant `Tcl_ObjSetVar2` in crate `clib`
[INFO] [stdout]    --> /opt/rustwide/cargo-home/registry/src/index.crates.io-1949cf8c6b5b557f/tcl-0.1.9/src/interp.rs:351:19
[INFO] [stdout]     |
[INFO] [stdout] 351 |             clib::Tcl_ObjSetVar2( self.0.as_ptr(), arr.as_ptr(), elem.as_ptr(), rhs.as_ptr(), flags ))}
[INFO] [stdout]     |                   ^^^^^^^^^^^^^^ not found in `clib`
[INFO] [stdout] 
[INFO] [stdout] 
[INFO] [stdout] error[E0425]: cannot find value `TCL_LEAVE_ERR_MSG` in crate `clib`
[INFO] [stdout]    --> /opt/rustwide/cargo-home/registry/src/index.crates.io-1949cf8c6b5b557f/tcl-0.1.9/src/interp.rs:361:29
[INFO] [stdout]     |
[INFO] [stdout] 361 |         let flags = ( clib::TCL_LEAVE_ERR_MSG ) as c_int;
[INFO] [stdout]     |                             ^^^^^^^^^^^^^^^^^ not found in `clib`
[INFO] [stdout] 
[INFO] [stdout] 
[INFO] [stdout] error[E0425]: cannot find function, tuple struct or tuple variant `Tcl_UnsetVar` in crate `clib`
[INFO] [stdout]    --> /opt/rustwide/cargo-home/registry/src/index.crates.io-1949cf8c6b5b557f/tcl-0.1.9/src/interp.rs:364:23
[INFO] [stdout]     |
[INFO] [stdout] 364 |                 clib::Tcl_UnsetVar( self.0.as_ptr(), var_name.as_ptr(), flags )
[INFO] [stdout]     |                       ^^^^^^^^^^^^ not found in `clib`
[INFO] [stdout] 
[INFO] [stdout] 
[INFO] [stdout] error[E0425]: cannot find function, tuple struct or tuple variant `Tcl_UnsetVar` in crate `clib`
[INFO] [stdout]    --> /opt/rustwide/cargo-home/registry/src/index.crates.io-1949cf8c6b5b557f/tcl-0.1.9/src/interp.rs:380:23
[INFO] [stdout]     |
[INFO] [stdout] 380 |                 clib::Tcl_UnsetVar( self.0.as_ptr(), var_name.as_ptr(), flags );
[INFO] [stdout]     |                       ^^^^^^^^^^^^ not found in `clib`
[INFO] [stdout] 
[INFO] [stdout] 
[INFO] [stdout] error[E0425]: cannot find value `TCL_LEAVE_ERR_MSG` in crate `clib`
[INFO] [stdout]    --> /opt/rustwide/cargo-home/registry/src/index.crates.io-1949cf8c6b5b557f/tcl-0.1.9/src/interp.rs:390:29
[INFO] [stdout]     |
[INFO] [stdout] 390 |         let flags = ( clib::TCL_LEAVE_ERR_MSG ) as c_int;
[INFO] [stdout]     |                             ^^^^^^^^^^^^^^^^^ not found in `clib`
[INFO] [stdout] 
[INFO] [stdout] 
[INFO] [stdout] error[E0425]: cannot find function, tuple struct or tuple variant `Tcl_UnsetVar2` in crate `clib`
[INFO] [stdout]    --> /opt/rustwide/cargo-home/registry/src/index.crates.io-1949cf8c6b5b557f/tcl-0.1.9/src/interp.rs:394:27
[INFO] [stdout]     |
[INFO] [stdout] 394 |                     clib::Tcl_UnsetVar2( self.0.as_ptr(), arr_name.as_ptr(), elem_name.as_ptr(), flags )
[INFO] [stdout]     |                           ^^^^^^^^^^^^^ not found in `clib`
[INFO] [stdout] 
[INFO] [stdout] 
[INFO] [stdout] error[E0425]: cannot find function, tuple struct or tuple variant `Tcl_UnsetVar2` in crate `clib`
[INFO] [stdout]    --> /opt/rustwide/cargo-home/registry/src/index.crates.io-1949cf8c6b5b557f/tcl-0.1.9/src/interp.rs:408:27
[INFO] [stdout]     |
[INFO] [stdout] 408 |                     clib::Tcl_UnsetVar2( self.0.as_ptr(), arr_name.as_ptr(), elem_name.as_ptr(), flags );
[INFO] [stdout]     |                           ^^^^^^^^^^^^^ not found in `clib`
[INFO] [stdout] 
[INFO] [stdout] 
[INFO] [stdout] error[E0425]: cannot find function, tuple struct or tuple variant `Tcl_GetBooleanFromObj` in crate `clib`
[INFO] [stdout]    --> /opt/rustwide/cargo-home/registry/src/index.crates.io-1949cf8c6b5b557f/tcl-0.1.9/src/interp.rs:437:19
[INFO] [stdout]     |
[INFO] [stdout] 437 |             clib::Tcl_GetBooleanFromObj( self.0.as_ptr(), val.into().as_ptr(), &mut value as *mut _ )
[INFO] [stdout]     |                   ^^^^^^^^^^^^^^^^^^^^^ not found in `clib`
[INFO] [stdout] 
[INFO] [stdout] 
[INFO] [stdout] error[E0425]: cannot find function, tuple struct or tuple variant `Tcl_GetIntFromObj` in crate `clib`
[INFO] [stdout]    --> /opt/rustwide/cargo-home/registry/src/index.crates.io-1949cf8c6b5b557f/tcl-0.1.9/src/interp.rs:465:19
[INFO] [stdout]     |
[INFO] [stdout] 465 |             clib::Tcl_GetIntFromObj( self.0.as_ptr(), val.into().as_ptr(), &mut value as *mut _ )
[INFO] [stdout]     |                   ^^^^^^^^^^^^^^^^^ not found in `clib`
[INFO] [stdout] 
[INFO] [stdout] 
[INFO] [stdout] error[E0425]: cannot find function, tuple struct or tuple variant `Tcl_GetWideIntFromObj` in crate `clib`
[INFO] [stdout]    --> /opt/rustwide/cargo-home/registry/src/index.crates.io-1949cf8c6b5b557f/tcl-0.1.9/src/interp.rs:498:19
[INFO] [stdout]     |
[INFO] [stdout] 498 |             clib::Tcl_GetWideIntFromObj( self.0.as_ptr(), val.into().as_ptr(), &mut value as *mut _ )
[INFO] [stdout]     |                   ^^^^^^^^^^^^^^^^^^^^^ not found in `clib`
[INFO] [stdout] 
[INFO] [stdout] 
[INFO] [stdout] error[E0425]: cannot find function, tuple struct or tuple variant `Tcl_GetDoubleFromObj` in crate `clib`
[INFO] [stdout]    --> /opt/rustwide/cargo-home/registry/src/index.crates.io-1949cf8c6b5b557f/tcl-0.1.9/src/interp.rs:532:19
[INFO] [stdout]     |
[INFO] [stdout] 532 |             clib::Tcl_GetDoubleFromObj( arg0, arg1.as_ptr(), &mut value as *mut _ )
[INFO] [stdout]     |                   ^^^^^^^^^^^^^^^^^^^^ not found in `clib`
[INFO] [stdout] 
[INFO] [stdout] 
[INFO] [stdout] error[E0425]: cannot find type `ClientData` in crate `clib`
[INFO] [stdout]    --> /opt/rustwide/cargo-home/registry/src/index.crates.io-1949cf8c6b5b557f/tcl-0.1.9/src/interp.rs:559:95
[INFO] [stdout]     |
[INFO] [stdout] 559 |     pub unsafe fn def_proc_with_client_data( &self, name: &str, proc: ObjCmdProc, data: clib::ClientData, deleter: clib::Tcl_CmdDel...
[INFO] [stdout]     |                                                                                               ^^^^^^^^^^ not found in `clib`
[INFO] [stdout] 
[INFO] [stdout] 
[INFO] [stdout] error[E0425]: cannot find type `Tcl_CmdDeleteProc` in crate `clib`
[INFO] [stdout]    --> /opt/rustwide/cargo-home/registry/src/index.crates.io-1949cf8c6b5b557f/tcl-0.1.9/src/interp.rs:559:122
[INFO] [stdout]     |
[INFO] [stdout] 559 | ...Proc, data: clib::ClientData, deleter: clib::Tcl_CmdDeleteProc ) {
[INFO] [stdout]     |                                                 ^^^^^^^^^^^^^^^^^ not found in `clib`
[INFO] [stdout] 
[INFO] [stdout] 
[INFO] [stdout] error[E0425]: cannot find function, tuple struct or tuple variant `Tcl_CreateObjCommand` in crate `clib`
[INFO] [stdout]    --> /opt/rustwide/cargo-home/registry/src/index.crates.io-1949cf8c6b5b557f/tcl-0.1.9/src/interp.rs:561:15
[INFO] [stdout]     |
[INFO] [stdout] 561 |         clib::Tcl_CreateObjCommand( self.as_ptr(), name.as_c_str().as_ptr(), Some( proc ), data, deleter );
[INFO] [stdout]     |               ^^^^^^^^^^^^^^^^^^^^ not found in `clib`
[INFO] [stdout] 
[INFO] [stdout] 
[INFO] [stdout] error[E0425]: cannot find function, tuple struct or tuple variant `Tcl_PkgProvide` in crate `clib`
[INFO] [stdout]    --> /opt/rustwide/cargo-home/registry/src/index.crates.io-1949cf8c6b5b557f/tcl-0.1.9/src/interp.rs:597:19
[INFO] [stdout]     |
[INFO] [stdout] 597 |             clib::Tcl_PkgProvide(
[INFO] [stdout]     |                   ^^^^^^^^^^^^^^ not found in `clib`
[INFO] [stdout] 
[INFO] [stdout] 
[INFO] [stdout] error[E0425]: cannot find function, tuple struct or tuple variant `Tcl_IsSafe` in crate `clib`
[INFO] [stdout]    --> /opt/rustwide/cargo-home/registry/src/index.crates.io-1949cf8c6b5b557f/tcl-0.1.9/src/interp.rs:629:19
[INFO] [stdout]     |
[INFO] [stdout] 629 |             clib::Tcl_IsSafe( self.as_ptr() ) != 0
[INFO] [stdout]     |                   ^^^^^^^^^^ not found in `clib`
[INFO] [stdout] 
[INFO] [stdout] 
[INFO] [stdout] error[E0425]: cannot find function, tuple struct or tuple variant `Tcl_MakeSafe` in crate `clib`
[INFO] [stdout]    --> /opt/rustwide/cargo-home/registry/src/index.crates.io-1949cf8c6b5b557f/tcl-0.1.9/src/interp.rs:653:19
[INFO] [stdout]     |
[INFO] [stdout] 653 |             clib::Tcl_MakeSafe( self.as_ptr() ).code_to_result( self )
[INFO] [stdout]     |                   ^^^^^^^^^^^^ not found in `clib`
[INFO] [stdout] 
[INFO] [stdout] 
[INFO] [stdout] error[E0425]: cannot find function, tuple struct or tuple variant `Tcl_CreateSlave` in crate `clib`
[INFO] [stdout]    --> /opt/rustwide/cargo-home/registry/src/index.crates.io-1949cf8c6b5b557f/tcl-0.1.9/src/interp.rs:678:54
[INFO] [stdout]     |
[INFO] [stdout] 678 |             Ok( Interpreter( Interp::from_raw( clib::Tcl_CreateSlave(
[INFO] [stdout]     |                                                      ^^^^^^^^^^^^^^^ not found in `clib`
[INFO] [stdout] 
[INFO] [stdout] 
[INFO] [stdout] error[E0425]: cannot find function, tuple struct or tuple variant `Tcl_GetSlave` in crate `clib`
[INFO] [stdout]    --> /opt/rustwide/cargo-home/registry/src/index.crates.io-1949cf8c6b5b557f/tcl-0.1.9/src/interp.rs:707:33
[INFO] [stdout]     |
[INFO] [stdout] 707 |         Interp::from_raw( clib::Tcl_GetSlave(
[INFO] [stdout]     |                                 ^^^^^^^^^^^^ not found in `clib`
[INFO] [stdout] 
[INFO] [stdout] 
[INFO] [stdout] error[E0425]: cannot find function, tuple struct or tuple variant `Tcl_GetMaster` in crate `clib`
[INFO] [stdout]    --> /opt/rustwide/cargo-home/registry/src/index.crates.io-1949cf8c6b5b557f/tcl-0.1.9/src/interp.rs:731:33
[INFO] [stdout]     |
[INFO] [stdout] 731 |         Interp::from_raw( clib::Tcl_GetMaster(
[INFO] [stdout]     |                                 ^^^^^^^^^^^^^ not found in `clib`
[INFO] [stdout] 
[INFO] [stdout] 
[INFO] [stdout] error[E0425]: cannot find function, tuple struct or tuple variant `Tcl_ExposeCommand` in crate `clib`
[INFO] [stdout]    --> /opt/rustwide/cargo-home/registry/src/index.crates.io-1949cf8c6b5b557f/tcl-0.1.9/src/interp.rs:757:19
[INFO] [stdout]     |
[INFO] [stdout] 757 |             clib::Tcl_ExposeCommand(
[INFO] [stdout]     |                   ^^^^^^^^^^^^^^^^^ not found in `clib`
[INFO] [stdout] 
[INFO] [stdout] 
[INFO] [stdout] error[E0425]: cannot find function, tuple struct or tuple variant `Tcl_HideCommand` in crate `clib`
[INFO] [stdout]    --> /opt/rustwide/cargo-home/registry/src/index.crates.io-1949cf8c6b5b557f/tcl-0.1.9/src/interp.rs:788:19
[INFO] [stdout]     |
[INFO] [stdout] 788 |             clib::Tcl_HideCommand(
[INFO] [stdout]     |                   ^^^^^^^^^^^^^^^ not found in `clib`
[INFO] [stdout] 
[INFO] [stdout] 
[INFO] [stdout] error[E0425]: cannot find type `Tcl_Obj` in crate `clib`
[INFO] [stdout]   --> /opt/rustwide/cargo-home/registry/src/index.crates.io-1949cf8c6b5b557f/tcl-0.1.9/src/obj.rs:71:42
[INFO] [stdout]    |
[INFO] [stdout] 71 | pub struct Obj( pub(crate) NonNull<clib::Tcl_Obj> );
[INFO] [stdout]    |                                          ^^^^^^^ not found in `clib`
[INFO] [stdout] 
[INFO] [stdout] 
[INFO] [stdout] error[E0425]: cannot find function, tuple struct or tuple variant `Tcl_NewObj` in crate `clib`
[INFO] [stdout]    --> /opt/rustwide/cargo-home/registry/src/index.crates.io-1949cf8c6b5b557f/tcl-0.1.9/src/obj.rs:106:37
[INFO] [stdout]     |
[INFO] [stdout] 106 |         let tcl_obj = unsafe{ clib::Tcl_NewObj() };
[INFO] [stdout]     |                                     ^^^^^^^^^^ not found in `clib`
[INFO] [stdout] 
[INFO] [stdout] 
[INFO] [stdout] error[E0425]: cannot find type `Tcl_Obj` in crate `clib`
[INFO] [stdout]    --> /opt/rustwide/cargo-home/registry/src/index.crates.io-1949cf8c6b5b557f/tcl-0.1.9/src/obj.rs:116:49
[INFO] [stdout]     |
[INFO] [stdout] 116 |     pub unsafe fn from_raw( tcl_obj: *mut clib::Tcl_Obj ) -> Obj {
[INFO] [stdout]     |                                                 ^^^^^^^ not found in `clib`
[INFO] [stdout] 
[INFO] [stdout] 
[INFO] [stdout] error[E0425]: cannot find type `Tcl_Obj` in crate `clib`
[INFO] [stdout]    --> /opt/rustwide/cargo-home/registry/src/index.crates.io-1949cf8c6b5b557f/tcl-0.1.9/src/obj.rs:128:42
[INFO] [stdout]     |
[INFO] [stdout] 128 |     pub fn as_ptr( &self ) -> *mut clib::Tcl_Obj {
[INFO] [stdout]     |                                          ^^^^^^^ not found in `clib`
[INFO] [stdout] 
[INFO] [stdout] 
[INFO] [stdout] error[E0425]: cannot find type `Tcl_Obj` in crate `clib`
[INFO] [stdout]    --> /opt/rustwide/cargo-home/registry/src/index.crates.io-1949cf8c6b5b557f/tcl-0.1.9/src/obj.rs:134:43
[INFO] [stdout]     |
[INFO] [stdout] 134 |     pub fn into_raw( self ) -> *mut clib::Tcl_Obj {
[INFO] [stdout]     |                                           ^^^^^^^ not found in `clib`
[INFO] [stdout] 
[INFO] [stdout] 
[INFO] [stdout] error[E0425]: cannot find function, tuple struct or tuple variant `Tcl_GetStringFromObj` in crate `clib`
[INFO] [stdout]    --> /opt/rustwide/cargo-home/registry/src/index.crates.io-1949cf8c6b5b557f/tcl-0.1.9/src/obj.rs:146:30
[INFO] [stdout]     |
[INFO] [stdout] 146 |             let data = clib::Tcl_GetStringFromObj( self.as_ptr(), &mut len as *mut _ ) as *const u8;
[INFO] [stdout]     |                              ^^^^^^^^^^^^^^^^^^^^ not found in `clib`
[INFO] [stdout] 
[INFO] [stdout] 
[INFO] [stdout] error[E0425]: cannot find function, tuple struct or tuple variant `Tcl_InvalidateStringRep` in crate `clib`
[INFO] [stdout]    --> /opt/rustwide/cargo-home/registry/src/index.crates.io-1949cf8c6b5b557f/tcl-0.1.9/src/obj.rs:155:23
[INFO] [stdout]     |
[INFO] [stdout] 155 |         unsafe{ clib::Tcl_InvalidateStringRep( self.0.as_ptr() ); }
[INFO] [stdout]     |                       ^^^^^^^^^^^^^^^^^^^^^^^ not found in `clib`
[INFO] [stdout] 
[INFO] [stdout] 
[INFO] [stdout] error[E0425]: cannot find type `Tcl_Obj` in crate `clib`
[INFO] [stdout]    --> /opt/rustwide/cargo-home/registry/src/index.crates.io-1949cf8c6b5b557f/tcl-0.1.9/src/obj.rs:171:60
[INFO] [stdout]     |
[INFO] [stdout] 171 |             let tcl_obj = &*(self.as_ptr() as *const clib::Tcl_Obj);
[INFO] [stdout]     |                                                            ^^^^^^^ not found in `clib`
[INFO] [stdout] 
[INFO] [stdout] 
[INFO] [stdout] error[E0425]: cannot find function, tuple struct or tuple variant `Tcl_GetStringFromObj` in crate `clib`
[INFO] [stdout]    --> /opt/rustwide/cargo-home/registry/src/index.crates.io-1949cf8c6b5b557f/tcl-0.1.9/src/obj.rs:175:31
[INFO] [stdout]     |
[INFO] [stdout] 175 |                 let _ = clib::Tcl_GetStringFromObj( self.as_ptr(), &mut len as *mut _ ) as *const u8;
[INFO] [stdout]     |                               ^^^^^^^^^^^^^^^^^^^^ not found in `clib`
[INFO] [stdout] 
[INFO] [stdout] 
[INFO] [stdout] error[E0425]: cannot find type `Tcl_ObjType` in crate `clib`
[INFO] [stdout]    --> /opt/rustwide/cargo-home/registry/src/index.crates.io-1949cf8c6b5b557f/tcl-0.1.9/src/obj.rs:198:53
[INFO] [stdout]     |
[INFO] [stdout] 198 |     pub(crate) fn type_ptr( &self ) -> *const clib::Tcl_ObjType {
[INFO] [stdout]     |                                                     ^^^^^^^^^^^ not found in `clib`
[INFO] [stdout] 
[INFO] [stdout] 
[INFO] [stdout] error[E0425]: cannot find type `Tcl_ObjType` in crate `clib`
[INFO] [stdout]    --> /opt/rustwide/cargo-home/registry/src/index.crates.io-1949cf8c6b5b557f/tcl-0.1.9/src/obj.rs:207:53
[INFO] [stdout]     |
[INFO] [stdout] 207 |         NonNull::new( self.type_ptr() as *mut clib::Tcl_ObjType )
[INFO] [stdout]     |                                                     ^^^^^^^^^^^ not found in `clib`
[INFO] [stdout] 
[INFO] [stdout] 
[INFO] [stdout] error[E0425]: cannot find function, tuple struct or tuple variant `Tcl_NewIntObj` in crate `clib`
[INFO] [stdout]    --> /opt/rustwide/cargo-home/registry/src/index.crates.io-1949cf8c6b5b557f/tcl-0.1.9/src/obj.rs:225:34
[INFO] [stdout]     |
[INFO] [stdout] 225 |             Obj::from_raw( clib::Tcl_NewIntObj( if b {1} else {0} ))
[INFO] [stdout]     |                                  ^^^^^^^^^^^^^ not found in `clib`
[INFO] [stdout] 
[INFO] [stdout] 
[INFO] [stdout] error[E0425]: cannot find function, tuple struct or tuple variant `Tcl_GetBooleanFromObj` in crate `clib`
[INFO] [stdout]    --> /opt/rustwide/cargo-home/registry/src/index.crates.io-1949cf8c6b5b557f/tcl-0.1.9/src/obj.rs:236:19
[INFO] [stdout]     |
[INFO] [stdout] 236 |             clib::Tcl_GetBooleanFromObj( null_mut(), obj.as_ptr(), &mut value )
[INFO] [stdout]     |                   ^^^^^^^^^^^^^^^^^^^^^ not found in `clib`
[INFO] [stdout] 
[INFO] [stdout] 
[INFO] [stdout] error[E0425]: cannot find function, tuple struct or tuple variant `Tcl_GetBooleanFromObj` in crate `clib`
[INFO] [stdout]    --> /opt/rustwide/cargo-home/registry/src/index.crates.io-1949cf8c6b5b557f/tcl-0.1.9/src/obj.rs:252:19
[INFO] [stdout]     |
[INFO] [stdout] 252 |             clib::Tcl_GetBooleanFromObj( null_mut(), self.as_ptr(), &mut value )
[INFO] [stdout]     |                   ^^^^^^^^^^^^^^^^^^^^^ not found in `clib`
[INFO] [stdout] 
[INFO] [stdout] 
[INFO] [stdout] error[E0425]: cannot find function, tuple struct or tuple variant `Tcl_NewIntObj` in crate `clib`
[INFO] [stdout]    --> /opt/rustwide/cargo-home/registry/src/index.crates.io-1949cf8c6b5b557f/tcl-0.1.9/src/obj.rs:273:16
[INFO] [stdout]     |
[INFO] [stdout] 266 |                     Obj::from_raw( clib::$tcl_api( i as $c_ty ))
[INFO] [stdout]     |                                          -------- due to this macro variable
[INFO] [stdout] ...
[INFO] [stdout] 273 | obj_from_int!( Tcl_NewIntObj      i8   => c_int      );
[INFO] [stdout]     |                ^^^^^^^^^^^^^ not found in `clib`
[INFO] [stdout] 
[INFO] [stdout] 
[INFO] [stdout] error[E0425]: cannot find function, tuple struct or tuple variant `Tcl_NewIntObj` in crate `clib`
[INFO] [stdout]    --> /opt/rustwide/cargo-home/registry/src/index.crates.io-1949cf8c6b5b557f/tcl-0.1.9/src/obj.rs:274:16
[INFO] [stdout]     |
[INFO] [stdout] 266 |                     Obj::from_raw( clib::$tcl_api( i as $c_ty ))
[INFO] [stdout]     |                                          -------- due to this macro variable
[INFO] [stdout] ...
[INFO] [stdout] 274 | obj_from_int!( Tcl_NewIntObj      u8   => c_int      );
[INFO] [stdout]     |                ^^^^^^^^^^^^^ not found in `clib`
[INFO] [stdout] 
[INFO] [stdout] 
[INFO] [stdout] error[E0425]: cannot find function, tuple struct or tuple variant `Tcl_NewIntObj` in crate `clib`
[INFO] [stdout]    --> /opt/rustwide/cargo-home/registry/src/index.crates.io-1949cf8c6b5b557f/tcl-0.1.9/src/obj.rs:275:16
[INFO] [stdout]     |
[INFO] [stdout] 266 |                     Obj::from_raw( clib::$tcl_api( i as $c_ty ))
[INFO] [stdout]     |                                          -------- due to this macro variable
[INFO] [stdout] ...
[INFO] [stdout] 275 | obj_from_int!( Tcl_NewIntObj     i16   => c_int      );
[INFO] [stdout]     |                ^^^^^^^^^^^^^ not found in `clib`
[INFO] [stdout] 
[INFO] [stdout] 
[INFO] [stdout] error[E0425]: cannot find function, tuple struct or tuple variant `Tcl_NewIntObj` in crate `clib`
[INFO] [stdout]    --> /opt/rustwide/cargo-home/registry/src/index.crates.io-1949cf8c6b5b557f/tcl-0.1.9/src/obj.rs:276:16
[INFO] [stdout]     |
[INFO] [stdout] 266 |                     Obj::from_raw( clib::$tcl_api( i as $c_ty ))
[INFO] [stdout]     |                                          -------- due to this macro variable
[INFO] [stdout] ...
[INFO] [stdout] 276 | obj_from_int!( Tcl_NewIntObj     u16   => c_int      );
[INFO] [stdout]     |                ^^^^^^^^^^^^^ not found in `clib`
[INFO] [stdout] 
[INFO] [stdout] 
[INFO] [stdout] error[E0425]: cannot find function, tuple struct or tuple variant `Tcl_NewIntObj` in crate `clib`
[INFO] [stdout]    --> /opt/rustwide/cargo-home/registry/src/index.crates.io-1949cf8c6b5b557f/tcl-0.1.9/src/obj.rs:277:16
[INFO] [stdout]     |
[INFO] [stdout] 266 |                     Obj::from_raw( clib::$tcl_api( i as $c_ty ))
[INFO] [stdout]     |                                          -------- due to this macro variable
[INFO] [stdout] ...
[INFO] [stdout] 277 | obj_from_int!( Tcl_NewIntObj     i32   => c_int      );
[INFO] [stdout]     |                ^^^^^^^^^^^^^ not found in `clib`
[INFO] [stdout] 
[INFO] [stdout] 
[INFO] [stdout] error[E0425]: cannot find function, tuple struct or tuple variant `Tcl_NewWideIntObj` in crate `clib`
[INFO] [stdout]    --> /opt/rustwide/cargo-home/registry/src/index.crates.io-1949cf8c6b5b557f/tcl-0.1.9/src/obj.rs:278:16
[INFO] [stdout]     |
[INFO] [stdout] 266 |                     Obj::from_raw( clib::$tcl_api( i as $c_ty ))
[INFO] [stdout]     |                                          -------- due to this macro variable
[INFO] [stdout] ...
[INFO] [stdout] 278 | obj_from_int!( Tcl_NewWideIntObj u32   => c_longlong );
[INFO] [stdout]     |                ^^^^^^^^^^^^^^^^^ not found in `clib`
[INFO] [stdout] 
[INFO] [stdout] 
[INFO] [stdout] error[E0425]: cannot find function, tuple struct or tuple variant `Tcl_NewWideIntObj` in crate `clib`
[INFO] [stdout]    --> /opt/rustwide/cargo-home/registry/src/index.crates.io-1949cf8c6b5b557f/tcl-0.1.9/src/obj.rs:279:16
[INFO] [stdout]     |
[INFO] [stdout] 266 |                     Obj::from_raw( clib::$tcl_api( i as $c_ty ))
[INFO] [stdout]     |                                          -------- due to this macro variable
[INFO] [stdout] ...
[INFO] [stdout] 279 | obj_from_int!( Tcl_NewWideIntObj i64   => c_longlong );
[INFO] [stdout]     |                ^^^^^^^^^^^^^^^^^ not found in `clib`
[INFO] [stdout] 
[INFO] [stdout] 
[INFO] [stdout] error[E0425]: cannot find function, tuple struct or tuple variant `Tcl_NewWideIntObj` in crate `clib`
[INFO] [stdout]    --> /opt/rustwide/cargo-home/registry/src/index.crates.io-1949cf8c6b5b557f/tcl-0.1.9/src/obj.rs:280:16
[INFO] [stdout]     |
[INFO] [stdout] 266 |                     Obj::from_raw( clib::$tcl_api( i as $c_ty ))
[INFO] [stdout]     |                                          -------- due to this macro variable
[INFO] [stdout] ...
[INFO] [stdout] 280 | obj_from_int!( Tcl_NewWideIntObj isize => c_longlong );
[INFO] [stdout]     |                ^^^^^^^^^^^^^^^^^ not found in `clib`
[INFO] [stdout] 
[INFO] [stdout] 
[INFO] [stdout] error[E0425]: cannot find function, tuple struct or tuple variant `Tcl_GetIntFromObj` in crate `clib`
[INFO] [stdout]    --> /opt/rustwide/cargo-home/registry/src/index.crates.io-1949cf8c6b5b557f/tcl-0.1.9/src/obj.rs:312:16
[INFO] [stdout]     |
[INFO] [stdout] 289 |                 if unsafe{ clib::$tcl_api( null_mut(), obj.as_ptr(), &mut value )}.is_ok() {
[INFO] [stdout]     |                                  -------- due to this macro variable
[INFO] [stdout] ...
[INFO] [stdout] 312 | int_from_obj!( Tcl_GetIntFromObj     c_int      =>  i8   as_i8    NotI8    );
[INFO] [stdout]     |                ^^^^^^^^^^^^^^^^^ not found in `clib`
[INFO] [stdout] 
[INFO] [stdout] 
[INFO] [stdout] error[E0425]: cannot find function, tuple struct or tuple variant `Tcl_GetLongFromObj` in crate `clib`
[INFO] [stdout]    --> /opt/rustwide/cargo-home/registry/src/index.crates.io-1949cf8c6b5b557f/tcl-0.1.9/src/obj.rs:313:16
[INFO] [stdout]     |
[INFO] [stdout] 289 |                 if unsafe{ clib::$tcl_api( null_mut(), obj.as_ptr(), &mut value )}.is_ok() {
[INFO] [stdout]     |                                  -------- due to this macro variable
[INFO] [stdout] ...
[INFO] [stdout] 313 | int_from_obj!( Tcl_GetLongFromObj    c_long     => i16   as_i16   NotI16   );
[INFO] [stdout]     |                ^^^^^^^^^^^^^^^^^^ not found in `clib`
[INFO] [stdout] 
[INFO] [stdout] 
[INFO] [stdout] error[E0425]: cannot find function, tuple struct or tuple variant `Tcl_GetWideIntFromObj` in crate `clib`
[INFO] [stdout]    --> /opt/rustwide/cargo-home/registry/src/index.crates.io-1949cf8c6b5b557f/tcl-0.1.9/src/obj.rs:314:16
[INFO] [stdout]     |
[INFO] [stdout] 289 |                 if unsafe{ clib::$tcl_api( null_mut(), obj.as_ptr(), &mut value )}.is_ok() {
[INFO] [stdout]     |                                  -------- due to this macro variable
[INFO] [stdout] ...
[INFO] [stdout] 314 | int_from_obj!( Tcl_GetWideIntFromObj c_longlong => i32   as_i32   NotI32   );
[INFO] [stdout]     |                ^^^^^^^^^^^^^^^^^^^^^ not found in `clib`
[INFO] [stdout] 
[INFO] [stdout] 
[INFO] [stdout] error[E0425]: cannot find function, tuple struct or tuple variant `Tcl_GetWideIntFromObj` in crate `clib`
[INFO] [stdout]    --> /opt/rustwide/cargo-home/registry/src/index.crates.io-1949cf8c6b5b557f/tcl-0.1.9/src/obj.rs:315:16
[INFO] [stdout]     |
[INFO] [stdout] 289 |                 if unsafe{ clib::$tcl_api( null_mut(), obj.as_ptr(), &mut value )}.is_ok() {
[INFO] [stdout]     |                                  -------- due to this macro variable
[INFO] [stdout] ...
[INFO] [stdout] 315 | int_from_obj!( Tcl_GetWideIntFromObj c_longlong => i64   as_i64   NotI64   );
[INFO] [stdout]     |                ^^^^^^^^^^^^^^^^^^^^^ not found in `clib`
[INFO] [stdout] 
[INFO] [stdout] 
[INFO] [stdout] error[E0425]: cannot find function, tuple struct or tuple variant `Tcl_GetWideIntFromObj` in crate `clib`
[INFO] [stdout]    --> /opt/rustwide/cargo-home/registry/src/index.crates.io-1949cf8c6b5b557f/tcl-0.1.9/src/obj.rs:316:16
[INFO] [stdout]     |
[INFO] [stdout] 289 |                 if unsafe{ clib::$tcl_api( null_mut(), obj.as_ptr(), &mut value )}.is_ok() {
[INFO] [stdout]     |                                  -------- due to this macro variable
[INFO] [stdout] ...
[INFO] [stdout] 316 | int_from_obj!( Tcl_GetWideIntFromObj c_longlong => isize as_isize NotISize );
[INFO] [stdout]     |                ^^^^^^^^^^^^^^^^^^^^^ not found in `clib`
[INFO] [stdout] 
[INFO] [stdout] 
[INFO] [stdout] error[E0425]: cannot find function, tuple struct or tuple variant `Tcl_GetIntFromObj` in crate `clib`
[INFO] [stdout]    --> /opt/rustwide/cargo-home/registry/src/index.crates.io-1949cf8c6b5b557f/tcl-0.1.9/src/obj.rs:348:17
[INFO] [stdout]     |
[INFO] [stdout] 325 |                 if unsafe{ clib::$tcl_api( null_mut(), obj.as_ptr(), &mut value )}.is_ok() {
[INFO] [stdout]     |                                  -------- due to this macro variable
[INFO] [stdout] ...
[INFO] [stdout] 348 | uint_from_obj!( Tcl_GetIntFromObj     c_int      =>  u8 as_u8  NotU8  );
[INFO] [stdout]     |                 ^^^^^^^^^^^^^^^^^ not found in `clib`
[INFO] [stdout] 
[INFO] [stdout] 
[INFO] [stdout] error[E0425]: cannot find function, tuple struct or tuple variant `Tcl_GetLongFromObj` in crate `clib`
[INFO] [stdout]    --> /opt/rustwide/cargo-home/registry/src/index.crates.io-1949cf8c6b5b557f/tcl-0.1.9/src/obj.rs:349:17
[INFO] [stdout]     |
[INFO] [stdout] 325 |                 if unsafe{ clib::$tcl_api( null_mut(), obj.as_ptr(), &mut value )}.is_ok() {
[INFO] [stdout]     |                                  -------- due to this macro variable
[INFO] [stdout] ...
[INFO] [stdout] 349 | uint_from_obj!( Tcl_GetLongFromObj    c_long     => u16 as_u16 NotU16 );
[INFO] [stdout]     |                 ^^^^^^^^^^^^^^^^^^ not found in `clib`
[INFO] [stdout] 
[INFO] [stdout] 
[INFO] [stdout] error[E0425]: cannot find function, tuple struct or tuple variant `Tcl_GetWideIntFromObj` in crate `clib`
[INFO] [stdout]    --> /opt/rustwide/cargo-home/registry/src/index.crates.io-1949cf8c6b5b557f/tcl-0.1.9/src/obj.rs:350:17
[INFO] [stdout]     |
[INFO] [stdout] 325 |                 if unsafe{ clib::$tcl_api( null_mut(), obj.as_ptr(), &mut value )}.is_ok() {
[INFO] [stdout]     |                                  -------- due to this macro variable
[INFO] [stdout] ...
[INFO] [stdout] 350 | uint_from_obj!( Tcl_GetWideIntFromObj c_longlong => u32 as_u32 NotU32 );
[INFO] [stdout]     |                 ^^^^^^^^^^^^^^^^^^^^^ not found in `clib`
[INFO] [stdout] 
[INFO] [stdout] 
[INFO] [stdout] error[E0425]: cannot find function, tuple struct or tuple variant `Tcl_NewDoubleObj` in crate `clib`
[INFO] [stdout]    --> /opt/rustwide/cargo-home/registry/src/index.crates.io-1949cf8c6b5b557f/tcl-0.1.9/src/obj.rs:393:16
[INFO] [stdout]     |
[INFO] [stdout] 266 |                     Obj::from_raw( clib::$tcl_api( i as $c_ty ))
[INFO] [stdout]     |                                          -------- due to this macro variable
[INFO] [stdout] ...
[INFO] [stdout] 393 | obj_from_int!( Tcl_NewDoubleObj f64 => c_double );
[INFO] [stdout]     |                ^^^^^^^^^^^^^^^^ not found in `clib`
[INFO] [stdout] 
[INFO] [stdout] 
[INFO] [stdout] error[E0425]: cannot find function, tuple struct or tuple variant `Tcl_GetDoubleFromObj` in crate `clib`
[INFO] [stdout]    --> /opt/rustwide/cargo-home/registry/src/index.crates.io-1949cf8c6b5b557f/tcl-0.1.9/src/obj.rs:403:27
[INFO] [stdout]     |
[INFO] [stdout] 395 | macro_rules! float_from_obj {
[INFO] [stdout] ...
[INFO] [stdout] 403 |                     clib::Tcl_GetDoubleFromObj( null_mut(), obj.as_ptr(), &mut value )
[INFO] [stdout]     |                           ^^^^^^^^^^^^^^^^^^^^ not found in `clib`
[INFO] [stdout] ...
[INFO] [stdout] 425 | float_from_obj!( f32, NotF32, as_f32 );
[INFO] [stdout]     | -------------------------------------- in this macro invocation
[INFO] [stdout] 
[INFO] [stdout] 
[INFO] [stdout] error[E0425]: cannot find function, tuple struct or tuple variant `Tcl_GetDoubleFromObj` in crate `clib`
[INFO] [stdout]    --> /opt/rustwide/cargo-home/registry/src/index.crates.io-1949cf8c6b5b557f/tcl-0.1.9/src/obj.rs:415:27
[INFO] [stdout]     |
[INFO] [stdout] 395 | macro_rules! float_from_obj {
[INFO] [stdout] ...
[INFO] [stdout] 415 |                     clib::Tcl_GetDoubleFromObj( null_mut(), self.as_ptr(), &mut value )
[INFO] [stdout]     |                           ^^^^^^^^^^^^^^^^^^^^ not found in `clib`
[INFO] [stdout] ...
[INFO] [stdout] 425 | float_from_obj!( f32, NotF32, as_f32 );
[INFO] [stdout]     | -------------------------------------- in this macro invocation
[INFO] [stdout] 
[INFO] [stdout] 
[INFO] [stdout] error[E0425]: cannot find function, tuple struct or tuple variant `Tcl_GetDoubleFromObj` in crate `clib`
[INFO] [stdout]    --> /opt/rustwide/cargo-home/registry/src/index.crates.io-1949cf8c6b5b557f/tcl-0.1.9/src/obj.rs:403:27
[INFO] [stdout]     |
[INFO] [stdout] 395 | macro_rules! float_from_obj {
[INFO] [stdout] ...
[INFO] [stdout] 403 |                     clib::Tcl_GetDoubleFromObj( null_mut(), obj.as_ptr(), &mut value )
[INFO] [stdout]     |                           ^^^^^^^^^^^^^^^^^^^^ not found in `clib`
[INFO] [stdout] ...
[INFO] [stdout] 426 | float_from_obj!( f64, NotF64, as_f64 );
[INFO] [stdout]     | -------------------------------------- in this macro invocation
[INFO] [stdout] 
[INFO] [stdout] 
[INFO] [stdout] error[E0425]: cannot find function, tuple struct or tuple variant `Tcl_GetDoubleFromObj` in crate `clib`
[INFO] [stdout]    --> /opt/rustwide/cargo-home/registry/src/index.crates.io-1949cf8c6b5b557f/tcl-0.1.9/src/obj.rs:415:27
[INFO] [stdout]     |
[INFO] [stdout] 395 | macro_rules! float_from_obj {
[INFO] [stdout] ...
[INFO] [stdout] 415 |                     clib::Tcl_GetDoubleFromObj( null_mut(), self.as_ptr(), &mut value )
[INFO] [stdout]     |                           ^^^^^^^^^^^^^^^^^^^^ not found in `clib`
[INFO] [stdout] ...
[INFO] [stdout] 426 | float_from_obj!( f64, NotF64, as_f64 );
[INFO] [stdout]     | -------------------------------------- in this macro invocation
[INFO] [stdout] 
[INFO] [stdout] 
[INFO] [stdout] error[E0425]: cannot find function, tuple struct or tuple variant `Tcl_NewStringObj` in crate `clib`
[INFO] [stdout]    --> /opt/rustwide/cargo-home/registry/src/index.crates.io-1949cf8c6b5b557f/tcl-0.1.9/src/obj.rs:454:38
[INFO] [stdout]     |
[INFO] [stdout] 454 |         unsafe{ Obj::from_raw( clib::Tcl_NewStringObj( cow.as_ptr() as *const c_char, cow.len() as c_int ))}
[INFO] [stdout]     |                                      ^^^^^^^^^^^^^^^^ not found in `clib`
[INFO] [stdout] 
[INFO] [stdout] 
[INFO] [stdout] error[E0425]: cannot find function, tuple struct or tuple variant `Tcl_NewStringObj` in crate `clib`
[INFO] [stdout]    --> /opt/rustwide/cargo-home/registry/src/index.crates.io-1949cf8c6b5b557f/tcl-0.1.9/src/obj.rs:462:38
[INFO] [stdout]     |
[INFO] [stdout] 462 |         unsafe{ Obj::from_raw( clib::Tcl_NewStringObj( cow.as_ptr() as *const c_char, cow.len() as c_int ))}
[INFO] [stdout]     |                                      ^^^^^^^^^^^^^^^^ not found in `clib`
[INFO] [stdout] 
[INFO] [stdout] 
[INFO] [stdout] error[E0425]: cannot find function, tuple struct or tuple variant `Tcl_NewStringObj` in crate `clib`
[INFO] [stdout]    --> /opt/rustwide/cargo-home/registry/src/index.crates.io-1949cf8c6b5b557f/tcl-0.1.9/src/obj.rs:478:38
[INFO] [stdout]     |
[INFO] [stdout] 478 |         unsafe{ Obj::from_raw( clib::Tcl_NewStringObj( cow.as_ptr() as *const c_char, cow.len() as c_int ))}
[INFO] [stdout]     |                                      ^^^^^^^^^^^^^^^^ not found in `clib`
[INFO] [stdout] 
[INFO] [stdout] 
[INFO] [stdout] error[E0425]: cannot find type `Tcl_Obj` in crate `clib`
[INFO] [stdout]    --> /opt/rustwide/cargo-home/registry/src/index.crates.io-1949cf8c6b5b557f/tcl-0.1.9/src/obj.rs:525:32
[INFO] [stdout]     |
[INFO] [stdout] 525 |         let v: Box<[*mut clib::Tcl_Obj]> = v.iter().map( |e| e.to_owned().into().into_raw() ).collect();
[INFO] [stdout]     |                                ^^^^^^^ not found in `clib`
[INFO] [stdout] 
[INFO] [stdout] 
[INFO] [stdout] error[E0425]: cannot find function, tuple struct or tuple variant `Tcl_NewListObj` in crate `clib`
[INFO] [stdout]    --> /opt/rustwide/cargo-home/registry/src/index.crates.io-1949cf8c6b5b557f/tcl-0.1.9/src/obj.rs:526:34
[INFO] [stdout]     |
[INFO] [stdout] 526 |         let list = unsafe{ clib::Tcl_NewListObj( v.len() as c_int, v.as_ptr() as *const *mut clib::Tcl_Obj )};
[INFO] [stdout]     |                                  ^^^^^^^^^^^^^^ not found in `clib`
[INFO] [stdout] 
[INFO] [stdout] 
[INFO] [stdout] error[E0425]: cannot find type `Tcl_Obj` in crate `clib`
[INFO] [stdout]    --> /opt/rustwide/cargo-home/registry/src/index.crates.io-1949cf8c6b5b557f/tcl-0.1.9/src/obj.rs:526:100
[INFO] [stdout]     |
[INFO] [stdout] 526 |         let list = unsafe{ clib::Tcl_NewListObj( v.len() as c_int, v.as_ptr() as *const *mut clib::Tcl_Obj )};
[INFO] [stdout]     |                                                                                                    ^^^^^^^ not found in `clib`
[INFO] [stdout] 
[INFO] [stdout] 
[INFO] [stdout] error[E0425]: cannot find type `Tcl_Obj` in crate `clib`
[INFO] [stdout]    --> /opt/rustwide/cargo-home/registry/src/index.crates.io-1949cf8c6b5b557f/tcl-0.1.9/src/obj.rs:537:32
[INFO] [stdout]     |
[INFO] [stdout] 537 |         let v: Box<[*mut clib::Tcl_Obj]> = v.into_iter().map( |e| e.into().into_raw() ).collect();
[INFO] [stdout]     |                                ^^^^^^^ not found in `clib`
[INFO] [stdout] 
[INFO] [stdout] 
[INFO] [stdout] error[E0425]: cannot find function, tuple struct or tuple variant `Tcl_NewListObj` in crate `clib`
[INFO] [stdout]    --> /opt/rustwide/cargo-home/registry/src/index.crates.io-1949cf8c6b5b557f/tcl-0.1.9/src/obj.rs:538:34
[INFO] [stdout]     |
[INFO] [stdout] 538 |         let list = unsafe{ clib::Tcl_NewListObj( v.len() as c_int, v.as_ptr() as *const *mut clib::Tcl_Obj )};
[INFO] [stdout]     |                                  ^^^^^^^^^^^^^^ not found in `clib`
[INFO] [stdout] 
[INFO] [stdout] 
[INFO] [stdout] error[E0425]: cannot find type `Tcl_Obj` in crate `clib`
[INFO] [stdout]    --> /opt/rustwide/cargo-home/registry/src/index.crates.io-1949cf8c6b5b557f/tcl-0.1.9/src/obj.rs:538:100
[INFO] [stdout]     |
[INFO] [stdout] 538 |         let list = unsafe{ clib::Tcl_NewListObj( v.len() as c_int, v.as_ptr() as *const *mut clib::Tcl_Obj )};
[INFO] [stdout]     |                                                                                                    ^^^^^^^ not found in `clib`
[INFO] [stdout] 
[INFO] [stdout] 
[INFO] [stdout] error[E0425]: cannot find type `Tcl_Obj` in crate `clib`
[INFO] [stdout]    --> /opt/rustwide/cargo-home/registry/src/index.crates.io-1949cf8c6b5b557f/tcl-0.1.9/src/obj.rs:618:46
[INFO] [stdout]     |
[INFO] [stdout] 618 |         , HTup: MapHomoTuple<Obj, *mut clib::Tcl_Obj, Output=MTup>
[INFO] [stdout]     |                                              ^^^^^^^ not found in `clib`
[INFO] [stdout] 
[INFO] [stdout] 
[INFO] [stdout] error[E0425]: cannot find type `Tcl_Obj` in crate `clib`
[INFO] [stdout]    --> /opt/rustwide/cargo-home/registry/src/index.crates.io-1949cf8c6b5b557f/tcl-0.1.9/src/obj.rs:619:38
[INFO] [stdout]     |
[INFO] [stdout] 619 |         , MTup: HomoTuple<*mut clib::Tcl_Obj>
[INFO] [stdout]     |                                      ^^^^^^^ not found in `clib`
[INFO] [stdout] 
[INFO] [stdout] 
[INFO] [stdout] error[E0425]: cannot find type `Tcl_Obj` in crate `clib`
[INFO] [stdout]    --> /opt/rustwide/cargo-home/registry/src/index.crates.io-1949cf8c6b5b557f/tcl-0.1.9/src/obj.rs:632:64
[INFO] [stdout]     |
[INFO] [stdout] 632 |             let objv = &array as *const _ as *const *mut clib::Tcl_Obj;
[INFO] [stdout]     |                                                                ^^^^^^^ not found in `clib`
[INFO] [stdout] 
[INFO] [stdout] 
[INFO] [stdout] error[E0425]: cannot find function, tuple struct or tuple variant `Tcl_NewListObj` in crate `clib`
[INFO] [stdout]    --> /opt/rustwide/cargo-home/registry/src/index.crates.io-1949cf8c6b5b557f/tcl-0.1.9/src/obj.rs:634:38
[INFO] [stdout]     |
[INFO] [stdout] 634 |                 Obj::from_raw( clib::Tcl_NewListObj( objc, objv ))
[INFO] [stdout]     |                                      ^^^^^^^^^^^^^^ not found in `clib`
[INFO] [stdout] 
[INFO] [stdout] 
[INFO] [stdout] error[E0425]: cannot find type `Tcl_Obj` in crate `clib`
[INFO] [stdout]    --> /opt/rustwide/cargo-home/registry/src/index.crates.io-1949cf8c6b5b557f/tcl-0.1.9/src/obj.rs:708:45
[INFO] [stdout]     |
[INFO] [stdout] 708 | pub unsafe fn incr_ref( tcl_obj: *mut clib::Tcl_Obj ) {
[INFO] [stdout]     |                                             ^^^^^^^ not found in `clib`
[INFO] [stdout] 
[INFO] [stdout] 
[INFO] [stdout] error[E0425]: cannot find function, tuple struct or tuple variant `Tcl_GetStringFromObj` in crate `clib`
[INFO] [stdout]    --> /opt/rustwide/cargo-home/registry/src/index.crates.io-1949cf8c6b5b557f/tcl-0.1.9/src/obj.rs:713:30
[INFO] [stdout]     |
[INFO] [stdout] 713 |             let data = clib::Tcl_GetStringFromObj( tcl_obj, &mut len ) as *const u8;
[INFO] [stdout]     |                              ^^^^^^^^^^^^^^^^^^^^ not found in `clib`
[INFO] [stdout] 
[INFO] [stdout] 
[INFO] [stdout] error[E0425]: cannot find type `Tcl_Obj` in crate `clib`
[INFO] [stdout]    --> /opt/rustwide/cargo-home/registry/src/index.crates.io-1949cf8c6b5b557f/tcl-0.1.9/src/obj.rs:727:45
[INFO] [stdout]     |
[INFO] [stdout] 727 | pub unsafe fn decr_ref( tcl_obj: *mut clib::Tcl_Obj ) {
[INFO] [stdout]     |                                             ^^^^^^^ not found in `clib`
[INFO] [stdout] 
[INFO] [stdout] 
[INFO] [stdout] error[E0425]: cannot find function, tuple struct or tuple variant `Tcl_GetStringFromObj` in crate `clib`
[INFO] [stdout]    --> /opt/rustwide/cargo-home/registry/src/index.crates.io-1949cf8c6b5b557f/tcl-0.1.9/src/obj.rs:733:30
[INFO] [stdout]     |
[INFO] [stdout] 733 |             let data = clib::Tcl_GetStringFromObj( tcl_obj, &mut len ) as *const u8;
[INFO] [stdout]     |                              ^^^^^^^^^^^^^^^^^^^^ not found in `clib`
[INFO] [stdout] 
[INFO] [stdout] 
[INFO] [stdout] error[E0425]: cannot find function, tuple struct or tuple variant `TclFreeObj` in crate `clib`
[INFO] [stdout]    --> /opt/rustwide/cargo-home/registry/src/index.crates.io-1949cf8c6b5b557f/tcl-0.1.9/src/obj.rs:739:15
[INFO] [stdout]     |
[INFO] [stdout] 739 |         clib::TclFreeObj( tcl_obj );
[INFO] [stdout]     |               ^^^^^^^^^^ not found in `clib`
[INFO] [stdout] 
[INFO] [stdout] 
[INFO] [stdout] error[E0425]: cannot find function, tuple struct or tuple variant `Tcl_RegisterObjType` in crate `clib`
[INFO] [stdout]    --> /opt/rustwide/cargo-home/registry/src/index.crates.io-1949cf8c6b5b557f/tcl-0.1.9/src/ext.rs:141:19
[INFO] [stdout]     |
[INFO] [stdout] 141 |             clib::Tcl_RegisterObjType( Box::into_raw( Box::new( clib::Tcl_ObjType{
[INFO] [stdout]     |                   ^^^^^^^^^^^^^^^^^^^ not found in `clib`
[INFO] [stdout] 
[INFO] [stdout] 
[INFO] [stdout] error[E0422]: cannot find struct, variant or union type `Tcl_ObjType` in crate `clib`
[INFO] [stdout]    --> /opt/rustwide/cargo-home/registry/src/index.crates.io-1949cf8c6b5b557f/tcl-0.1.9/src/ext.rs:141:71
[INFO] [stdout]     |
[INFO] [stdout] 141 |             clib::Tcl_RegisterObjType( Box::into_raw( Box::new( clib::Tcl_ObjType{
[INFO] [stdout]     |                                                                       ^^^^^^^^^^^ not found in `clib`
[INFO] [stdout] 
[INFO] [stdout] 
[INFO] [stdout] error[E0425]: cannot find type `Tcl_Obj` in crate `clib`
[INFO] [stdout]    --> /opt/rustwide/cargo-home/registry/src/index.crates.io-1949cf8c6b5b557f/tcl-0.1.9/src/ext.rs:180:55
[INFO] [stdout]     |
[INFO] [stdout] 180 |     unsafe fn non_null_ptr_cast_from( obj: *mut clib::Tcl_Obj ) -> Result!( NonNull<Self> throws MismatchedObjType, NullDataPtr ) {
[INFO] [stdout]     |                                                       ^^^^^^^ not found in `clib`
[INFO] [stdout] 
[INFO] [stdout] 
[INFO] [stdout] error[E0425]: cannot find type `Tcl_Obj` in crate `clib`
[INFO] [stdout]    --> /opt/rustwide/cargo-home/registry/src/index.crates.io-1949cf8c6b5b557f/tcl-0.1.9/src/ext.rs:191:65
[INFO] [stdout]     |
[INFO] [stdout] 191 |     unsafe extern "C" fn free_internal_rep( obj_ptr: *mut clib::Tcl_Obj ) {
[INFO] [stdout]     |                                                                 ^^^^^^^ not found in `clib`
[INFO] [stdout] 
[INFO] [stdout] 
[INFO] [stdout] error[E0425]: cannot find type `Tcl_Obj` in crate `clib`
[INFO] [stdout]    --> /opt/rustwide/cargo-home/registry/src/index.crates.io-1949cf8c6b5b557f/tcl-0.1.9/src/ext.rs:206:60
[INFO] [stdout]     |
[INFO] [stdout] 206 |     unsafe extern "C" fn dup_internal_rep( src: *mut clib::Tcl_Obj, dup: *mut clib::Tcl_Obj ) {
[INFO] [stdout]     |                                                            ^^^^^^^ not found in `clib`
[INFO] [stdout] 
[INFO] [stdout] 
[INFO] [stdout] error[E0425]: cannot find type `Tcl_Obj` in crate `clib`
[INFO] [stdout]    --> /opt/rustwide/cargo-home/registry/src/index.crates.io-1949cf8c6b5b557f/tcl-0.1.9/src/ext.rs:206:85
[INFO] [stdout]     |
[INFO] [stdout] 206 |     unsafe extern "C" fn dup_internal_rep( src: *mut clib::Tcl_Obj, dup: *mut clib::Tcl_Obj ) {
[INFO] [stdout]     |                                                                                     ^^^^^^^ not found in `clib`
[INFO] [stdout] 
[INFO] [stdout] 
[INFO] [stdout] error[E0425]: cannot find type `Tcl_Obj` in crate `clib`
[INFO] [stdout]    --> /opt/rustwide/cargo-home/registry/src/index.crates.io-1949cf8c6b5b557f/tcl-0.1.9/src/ext.rs:212:61
[INFO] [stdout]     |
[INFO] [stdout] 212 |     unsafe extern "C" fn update_string( obj_ptr: *mut clib::Tcl_Obj ) {
[INFO] [stdout]     |                                                             ^^^^^^^ not found in `clib`
[INFO] [stdout] 
[INFO] [stdout] 
[INFO] [stdout] error[E0425]: cannot find function, tuple struct or tuple variant `Tcl_InvalidateStringRep` in crate `clib`
[INFO] [stdout]    --> /opt/rustwide/cargo-home/registry/src/index.crates.io-1949cf8c6b5b557f/tcl-0.1.9/src/ext.rs:218:19
[INFO] [stdout]     |
[INFO] [stdout] 218 |             clib::Tcl_InvalidateStringRep( obj_ptr );
[INFO] [stdout]     |                   ^^^^^^^^^^^^^^^^^^^^^^^ not found in `clib`
[INFO] [stdout] 
[INFO] [stdout] 
[INFO] [stdout] error[E0425]: cannot find type `Tcl_Interp` in crate `clib`
[INFO] [stdout]    --> /opt/rustwide/cargo-home/registry/src/index.crates.io-1949cf8c6b5b557f/tcl-0.1.9/src/ext.rs:225:59
[INFO] [stdout]     |
[INFO] [stdout] 225 |     unsafe extern "C" fn set_from_any( interp: *mut clib::Tcl_Interp, obj_ptr: *mut clib::Tcl_Obj ) -> c_int {
[INFO] [stdout]     |                                                           ^^^^^^^^^^ not found in `clib`
[INFO] [stdout] 
[INFO] [stdout] 
[INFO] [stdout] error[E0425]: cannot find type `Tcl_Obj` in crate `clib`
[INFO] [stdout]    --> /opt/rustwide/cargo-home/registry/src/index.crates.io-1949cf8c6b5b557f/tcl-0.1.9/src/ext.rs:225:91
[INFO] [stdout]     |
[INFO] [stdout] 225 |     unsafe extern "C" fn set_from_any( interp: *mut clib::Tcl_Interp, obj_ptr: *mut clib::Tcl_Obj ) -> c_int {
[INFO] [stdout]     |                                                                                           ^^^^^^^ not found in `clib`
[INFO] [stdout] 
[INFO] [stdout] 
[INFO] [stdout] error[E0425]: cannot find function, tuple struct or tuple variant `Tcl_SetObjResult` in crate `clib`
[INFO] [stdout]    --> /opt/rustwide/cargo-home/registry/src/index.crates.io-1949cf8c6b5b557f/tcl-0.1.9/src/ext.rs:230:23
[INFO] [stdout]     |
[INFO] [stdout] 230 |                 clib::Tcl_SetObjResult( interp, Obj::from( "set_from_any() failed" ).into_raw() );
[INFO] [stdout]     |                       ^^^^^^^^^^^^^^^^ not found in `clib`
[INFO] [stdout] 
[INFO] [stdout] 
[INFO] [stdout] error[E0425]: cannot find function, tuple struct or tuple variant `Tcl_SetObjErrorCode` in crate `clib`
[INFO] [stdout]    --> /opt/rustwide/cargo-home/registry/src/index.crates.io-1949cf8c6b5b557f/tcl-0.1.9/src/ext.rs:232:23
[INFO] [stdout]     |
[INFO] [stdout] 232 |                 clib::Tcl_SetObjErrorCode( interp, obj.into_raw() );
[INFO] [stdout]     |                       ^^^^^^^^^^^^^^^^^^^ not found in `clib`
[INFO] [stdout] 
[INFO] [stdout] 
[INFO] [stdout] error[E0425]: cannot find value `TCL_ERROR` in crate `clib`
[INFO] [stdout]    --> /opt/rustwide/cargo-home/registry/src/index.crates.io-1949cf8c6b5b557f/tcl-0.1.9/src/ext.rs:233:30
[INFO] [stdout]     |
[INFO] [stdout] 233 |                 return clib::TCL_ERROR as c_int;
[INFO] [stdout]     |                              ^^^^^^^^^ not found in `clib`
[INFO] [stdout] 
[INFO] [stdout] 
[INFO] [stdout] error[E0425]: cannot find function, tuple struct or tuple variant `Tcl_GetObjType` in crate `clib`
[INFO] [stdout]    --> /opt/rustwide/cargo-home/registry/src/index.crates.io-1949cf8c6b5b557f/tcl-0.1.9/src/ext.rs:239:36
[INFO] [stdout]     |
[INFO] [stdout] 239 |         (*obj_ptr).typePtr = clib::Tcl_GetObjType( type_id.as_ptr() );
[INFO] [stdout]     |                                    ^^^^^^^^^^^^^^ not found in `clib`
[INFO] [stdout] 
[INFO] [stdout] 
[INFO] [stdout] error[E0425]: cannot find value `TCL_OK` in crate `clib`
[INFO] [stdout]    --> /opt/rustwide/cargo-home/registry/src/index.crates.io-1949cf8c6b5b557f/tcl-0.1.9/src/ext.rs:242:15
[INFO] [stdout]     |
[INFO] [stdout] 242 |         clib::TCL_OK as c_int
[INFO] [stdout]     |               ^^^^^^ not found in `clib`
[INFO] [stdout] 
[INFO] [stdout] 
[INFO] [stdout] error[E0425]: cannot find type `Tcl_ObjType` in crate `clib`
[INFO] [stdout]    --> /opt/rustwide/cargo-home/registry/src/index.crates.io-1949cf8c6b5b557f/tcl-0.1.9/src/ext.rs:254:73
[INFO] [stdout]     |
[INFO] [stdout] 254 | pub fn register_or_get_tcl_obj_type<T:'static+Register>() -> *mut clib::Tcl_ObjType {
[INFO] [stdout]     |                                                                         ^^^^^^^^^^^ not found in `clib`
[INFO] [stdout] 
[INFO] [stdout] 
[INFO] [stdout] error[E0425]: cannot find function, tuple struct or tuple variant `Tcl_GetObjType` in crate `clib`
[INFO] [stdout]    --> /opt/rustwide/cargo-home/registry/src/index.crates.io-1949cf8c6b5b557f/tcl-0.1.9/src/ext.rs:256:38
[INFO] [stdout]     |
[INFO] [stdout] 256 |     let mut type_ptr = unsafe{ clib::Tcl_GetObjType( type_id.as_ptr() )};
[INFO] [stdout]     |                                      ^^^^^^^^^^^^^^ not found in `clib`
[INFO] [stdout] 
[INFO] [stdout] 
[INFO] [stdout] error[E0425]: cannot find function, tuple struct or tuple variant `Tcl_GetObjType` in crate `clib`
[INFO] [stdout]    --> /opt/rustwide/cargo-home/registry/src/index.crates.io-1949cf8c6b5b557f/tcl-0.1.9/src/ext.rs:259:34
[INFO] [stdout]     |
[INFO] [stdout] 259 |         type_ptr = unsafe{ clib::Tcl_GetObjType( type_id.as_ptr() )};
[INFO] [stdout]     |                                  ^^^^^^^^^^^^^^ not found in `clib`
[INFO] [stdout] 
[INFO] [stdout] 
[INFO] [stdout] error[E0425]: cannot find type `Tcl_ObjType` in crate `clib`
[INFO] [stdout]    --> /opt/rustwide/cargo-home/registry/src/index.crates.io-1949cf8c6b5b557f/tcl-0.1.9/src/ext.rs:281:79
[INFO] [stdout]     |
[INFO] [stdout] 281 |         let type_ptr = register_or_get_tcl_obj_type::<Self>() as *const clib::Tcl_ObjType;
[INFO] [stdout]     |                                                                               ^^^^^^^^^^^ not found in `clib`
[INFO] [stdout] 
[INFO] [stdout] 
[INFO] [stdout] error[E0425]: cannot find function, tuple struct or tuple variant `Tcl_RegisterObjType` in crate `clib`
[INFO] [stdout]    --> /opt/rustwide/cargo-home/registry/src/index.crates.io-1949cf8c6b5b557f/tcl-0.1.9/src/ext.rs:305:19
[INFO] [stdout]     |
[INFO] [stdout] 305 |             clib::Tcl_RegisterObjType( Box::into_raw( Box::new( clib::Tcl_ObjType{
[INFO] [stdout]     |                   ^^^^^^^^^^^^^^^^^^^ not found in `clib`
[INFO] [stdout] 
[INFO] [stdout] 
[INFO] [stdout] error[E0422]: cannot find struct, variant or union type `Tcl_ObjType` in crate `clib`
[INFO] [stdout]    --> /opt/rustwide/cargo-home/registry/src/index.crates.io-1949cf8c6b5b557f/tcl-0.1.9/src/ext.rs:305:71
[INFO] [stdout]     |
[INFO] [stdout] 305 |             clib::Tcl_RegisterObjType( Box::into_raw( Box::new( clib::Tcl_ObjType{
[INFO] [stdout]     |                                                                       ^^^^^^^^^^^ not found in `clib`
[INFO] [stdout] 
[INFO] [stdout] 
[INFO] [stdout] error[E0425]: cannot find type `Tcl_Obj` in crate `clib`
[INFO] [stdout]    --> /opt/rustwide/cargo-home/registry/src/index.crates.io-1949cf8c6b5b557f/tcl-0.1.9/src/ext.rs:316:60
[INFO] [stdout]     |
[INFO] [stdout] 316 | unsafe extern "C" fn u64_dup_internal_rep( src: *mut clib::Tcl_Obj, dup: *mut clib::Tcl_Obj ) {
[INFO] [stdout]     |                                                            ^^^^^^^ not found in `clib`
[INFO] [stdout] 
[INFO] [stdout] 
[INFO] [stdout] error[E0425]: cannot find type `Tcl_Obj` in crate `clib`
[INFO] [stdout]    --> /opt/rustwide/cargo-home/registry/src/index.crates.io-1949cf8c6b5b557f/tcl-0.1.9/src/ext.rs:316:85
[INFO] [stdout]     |
[INFO] [stdout] 316 | unsafe extern "C" fn u64_dup_internal_rep( src: *mut clib::Tcl_Obj, dup: *mut clib::Tcl_Obj ) {
[INFO] [stdout]     |                                                                                     ^^^^^^^ not found in `clib`
[INFO] [stdout] 
[INFO] [stdout] 
[INFO] [stdout] error[E0425]: cannot find type `Tcl_Obj` in crate `clib`
[INFO] [stdout]    --> /opt/rustwide/cargo-home/registry/src/index.crates.io-1949cf8c6b5b557f/tcl-0.1.9/src/ext.rs:321:61
[INFO] [stdout]     |
[INFO] [stdout] 321 | unsafe extern "C" fn u64_update_string( obj_ptr: *mut clib::Tcl_Obj ) {
[INFO] [stdout]     |                                                             ^^^^^^^ not found in `clib`
[INFO] [stdout] 
[INFO] [stdout] 
[INFO] [stdout] error[E0425]: cannot find function, tuple struct or tuple variant `Tcl_Alloc` in crate `clib`
[INFO] [stdout]    --> /opt/rustwide/cargo-home/registry/src/index.crates.io-1949cf8c6b5b557f/tcl-0.1.9/src/ext.rs:323:24
[INFO] [stdout]     |
[INFO] [stdout] 323 |     let result = clib::Tcl_Alloc( s.len() as u32 + 1 );
[INFO] [stdout]     |                        ^^^^^^^^^ not found in `clib`
[INFO] [stdout] 
[INFO] [stdout] 
[INFO] [stdout] error[E0425]: cannot find type `Tcl_Interp` in crate `clib`
[INFO] [stdout]    --> /opt/rustwide/cargo-home/registry/src/index.crates.io-1949cf8c6b5b557f/tcl-0.1.9/src/ext.rs:330:60
[INFO] [stdout]     |
[INFO] [stdout] 330 | unsafe extern "C" fn u64_set_from_any( _interp: *mut clib::Tcl_Interp, obj_ptr: *mut clib::Tcl_Obj ) -> c_int {
[INFO] [stdout]     |                                                            ^^^^^^^^^^ not found in `clib`
[INFO] [stdout] 
[INFO] [stdout] 
[INFO] [stdout] error[E0425]: cannot find type `Tcl_Obj` in crate `clib`
[INFO] [stdout]    --> /opt/rustwide/cargo-home/registry/src/index.crates.io-1949cf8c6b5b557f/tcl-0.1.9/src/ext.rs:330:92
[INFO] [stdout]     |
[INFO] [stdout] 330 | unsafe extern "C" fn u64_set_from_any( _interp: *mut clib::Tcl_Interp, obj_ptr: *mut clib::Tcl_Obj ) -> c_int {
[INFO] [stdout]     |                                                                                            ^^^^^^^ not found in `clib`
[INFO] [stdout] 
[INFO] [stdout] 
[INFO] [stdout] error[E0425]: cannot find value `TCL_OK` in crate `clib`
[INFO] [stdout]    --> /opt/rustwide/cargo-home/registry/src/index.crates.io-1949cf8c6b5b557f/tcl-0.1.9/src/ext.rs:338:26
[INFO] [stdout]     |
[INFO] [stdout] 338 |             return clib::TCL_OK as c_int;
[INFO] [stdout]     |                          ^^^^^^ not found in `clib`
[INFO] [stdout] 
[INFO] [stdout] 
[INFO] [stdout] error[E0425]: cannot find value `TCL_ERROR` in crate `clib`
[INFO] [stdout]    --> /opt/rustwide/cargo-home/registry/src/index.crates.io-1949cf8c6b5b557f/tcl-0.1.9/src/ext.rs:342:11
[INFO] [stdout]     |
[INFO] [stdout] 342 |     clib::TCL_ERROR as c_int
[INFO] [stdout]     |           ^^^^^^^^^ not found in `clib`
[INFO] [stdout] 
[INFO] [stdout] 
[INFO] [stdout] error[E0425]: cannot find function, tuple struct or tuple variant `Tcl_Alloc` in crate `clib`
[INFO] [stdout]   --> /opt/rustwide/cargo-home/registry/src/index.crates.io-1949cf8c6b5b557f/tcl-0.1.9/src/ser.rs:71:31
[INFO] [stdout]    |
[INFO] [stdout] 71 |         let s = unsafe{ clib::Tcl_Alloc( len + 1 )};
[INFO] [stdout]    |                               ^^^^^^^^^ not found in `clib`
[INFO] [stdout] 
[INFO] [stdout] 
[INFO] [stdout] error[E0425]: cannot find function, tuple struct or tuple variant `Tcl_NewStringObj` in crate `clib`
[INFO] [stdout]    --> /opt/rustwide/cargo-home/registry/src/index.crates.io-1949cf8c6b5b557f/tcl-0.1.9/src/error.rs:209:29
[INFO] [stdout]     |
[INFO] [stdout] 209 |             let key = clib::Tcl_NewStringObj( name.as_ptr(), -1 );
[INFO] [stdout]     |                             ^^^^^^^^^^^^^^^^ not found in `clib`
[INFO] [stdout] 
[INFO] [stdout] 
[INFO] [stdout] error[E0425]: cannot find type `Tcl_Obj` in crate `clib`
[INFO] [stdout]    --> /opt/rustwide/cargo-home/registry/src/index.crates.io-1949cf8c6b5b557f/tcl-0.1.9/src/error.rs:210:51
[INFO] [stdout]     |
[INFO] [stdout] 210 |             let mut value = ptr::null_mut::<clib::Tcl_Obj>();
[INFO] [stdout]     |                                                   ^^^^^^^ not found in `clib`
[INFO] [stdout] 
[INFO] [stdout] 
[INFO] [stdout] error[E0425]: cannot find function, tuple struct or tuple variant `Tcl_DictObjGet` in crate `clib`
[INFO] [stdout]    --> /opt/rustwide/cargo-home/registry/src/index.crates.io-1949cf8c6b5b557f/tcl-0.1.9/src/error.rs:212:19
[INFO] [stdout]     |
[INFO] [stdout] 212 |             clib::Tcl_DictObjGet( ptr::null_mut(), self.options.as_ptr(), key, &mut value );
[INFO] [stdout]     |                   ^^^^^^^^^^^^^^ not found in `clib`
[INFO] [stdout] 
[INFO] [stdout] 
[INFO] [stdout] error[E0425]: cannot find function, tuple struct or tuple variant `Tcl_NewDictObj` in crate `clib`
[INFO] [stdout]   --> /opt/rustwide/cargo-home/registry/src/index.crates.io-1949cf8c6b5b557f/tcl-0.1.9/src/dict.rs:36:37
[INFO] [stdout]    |
[INFO] [stdout] 36 |         let tcl_obj = unsafe{ clib::Tcl_NewDictObj() };
[INFO] [stdout]    |                                     ^^^^^^^^^^^^^^ not found in `clib`
[INFO] [stdout] 
[INFO] [stdout] 
[INFO] [stdout] error[E0425]: cannot find type `Tcl_Obj` in crate `clib`
[INFO] [stdout]   --> /opt/rustwide/cargo-home/registry/src/index.crates.io-1949cf8c6b5b557f/tcl-0.1.9/src/dict.rs:62:47
[INFO] [stdout]    |
[INFO] [stdout] 62 |         let mut value = ptr::null_mut::<clib::Tcl_Obj>();
[INFO] [stdout]    |                                               ^^^^^^^ not found in `clib`
[INFO] [stdout] 
[INFO] [stdout] 
[INFO] [stdout] error[E0425]: cannot find function, tuple struct or tuple variant `Tcl_DictObjGet` in crate `clib`
[INFO] [stdout]   --> /opt/rustwide/cargo-home/registry/src/index.crates.io-1949cf8c6b5b557f/tcl-0.1.9/src/dict.rs:65:19
[INFO] [stdout]    |
[INFO] [stdout] 65 |             clib::Tcl_DictObjGet(
[INFO] [stdout]    |                   ^^^^^^^^^^^^^^ not found in `clib`
[INFO] [stdout] 
[INFO] [stdout] 
[INFO] [stdout] error[E0425]: cannot find function, tuple struct or tuple variant `Tcl_DictObjPut` in crate `clib`
[INFO] [stdout]    --> /opt/rustwide/cargo-home/registry/src/index.crates.io-1949cf8c6b5b557f/tcl-0.1.9/src/dict.rs:108:23
[INFO] [stdout]     |
[INFO] [stdout] 108 |                 clib::Tcl_DictObjPut(
[INFO] [stdout]     |                       ^^^^^^^^^^^^^^ not found in `clib`
[INFO] [stdout] 
[INFO] [stdout] 
[INFO] [stdout] error[E0425]: cannot find function, tuple struct or tuple variant `Tcl_DictObjRemove` in crate `clib`
[INFO] [stdout]    --> /opt/rustwide/cargo-home/registry/src/index.crates.io-1949cf8c6b5b557f/tcl-0.1.9/src/dict.rs:149:23
[INFO] [stdout]     |
[INFO] [stdout] 149 |                 clib::Tcl_DictObjRemove(
[INFO] [stdout]     |                       ^^^^^^^^^^^^^^^^^ not found in `clib`
[INFO] [stdout] 
[INFO] [stdout] 
[INFO] [stdout] error[E0425]: cannot find function, tuple struct or tuple variant `Tcl_DictObjSize` in crate `clib`
[INFO] [stdout]    --> /opt/rustwide/cargo-home/registry/src/index.crates.io-1949cf8c6b5b557f/tcl-0.1.9/src/dict.rs:180:19
[INFO] [stdout]     |
[INFO] [stdout] 180 |             clib::Tcl_DictObjSize(
[INFO] [stdout]     |                   ^^^^^^^^^^^^^^^ not found in `clib`
[INFO] [stdout] 
[INFO] [stdout] 
[INFO] [stdout] error[E0425]: cannot find type `Tcl_DictSearch` in crate `clib`
[INFO] [stdout]    --> /opt/rustwide/cargo-home/registry/src/index.crates.io-1949cf8c6b5b557f/tcl-0.1.9/src/dict.rs:225:28
[INFO] [stdout]     |
[INFO] [stdout] 225 |     search  : Option<clib::Tcl_DictSearch>,
[INFO] [stdout]     |                            ^^^^^^^^^^^^^^ not found in `clib`
[INFO] [stdout] 
[INFO] [stdout] 
[INFO] [stdout] error[E0425]: cannot find type `Tcl_Obj` in crate `clib`
[INFO] [stdout]    --> /opt/rustwide/cargo-home/registry/src/index.crates.io-1949cf8c6b5b557f/tcl-0.1.9/src/dict.rs:233:47
[INFO] [stdout]     |
[INFO] [stdout] 233 |         let mut key   = ptr::null_mut::<clib::Tcl_Obj>();
[INFO] [stdout]     |                                               ^^^^^^^ not found in `clib`
[INFO] [stdout] 
[INFO] [stdout] 
[INFO] [stdout] error[E0425]: cannot find type `Tcl_Obj` in crate `clib`
[INFO] [stdout]    --> /opt/rustwide/cargo-home/registry/src/index.crates.io-1949cf8c6b5b557f/tcl-0.1.9/src/dict.rs:234:47
[INFO] [stdout]     |
[INFO] [stdout] 234 |         let mut value = ptr::null_mut::<clib::Tcl_Obj>();
[INFO] [stdout]     |                                               ^^^^^^^ not found in `clib`
[INFO] [stdout] 
[INFO] [stdout] 
[INFO] [stdout] error[E0425]: cannot find function, tuple struct or tuple variant `Tcl_DictObjNext` in crate `clib`
[INFO] [stdout]    --> /opt/rustwide/cargo-home/registry/src/index.crates.io-1949cf8c6b5b557f/tcl-0.1.9/src/dict.rs:239:23
[INFO] [stdout]     |
[INFO] [stdout] 239 |                 clib::Tcl_DictObjNext( &mut search, &mut key, &mut value, &mut done );
[INFO] [stdout]     |                       ^^^^^^^^^^^^^^^ not found in `clib`
[INFO] [stdout] 
[INFO] [stdout] 
[INFO] [stdout] error[E0425]: cannot find type `Tcl_DictSearch` in crate `clib`
[INFO] [stdout]    --> /opt/rustwide/cargo-home/registry/src/index.crates.io-1949cf8c6b5b557f/tcl-0.1.9/src/dict.rs:243:68
[INFO] [stdout]     |
[INFO] [stdout] 243 |                 let mut new_search = std::mem::MaybeUninit::<clib::Tcl_DictSearch>::zeroed().assume_init();
[INFO] [stdout]     |                                                                    ^^^^^^^^^^^^^^ not found in `clib`
[INFO] [stdout] 
[INFO] [stdout] 
[INFO] [stdout] error[E0425]: cannot find function, tuple struct or tuple variant `Tcl_DictObjFirst` in crate `clib`
[INFO] [stdout]    --> /opt/rustwide/cargo-home/registry/src/index.crates.io-1949cf8c6b5b557f/tcl-0.1.9/src/dict.rs:245:23
[INFO] [stdout]     |
[INFO] [stdout] 245 |                 clib::Tcl_DictObjFirst(
[INFO] [stdout]     |                       ^^^^^^^^^^^^^^^^ not found in `clib`
[INFO] [stdout] 
[INFO] [stdout] 
[INFO] [stdout] error[E0425]: cannot find type `Tcl_Obj` in crate `clib`
[INFO] [stdout]   --> /opt/rustwide/cargo-home/registry/src/index.crates.io-1949cf8c6b5b557f/tcl-0.1.9/src/list.rs:21:35
[INFO] [stdout]    |
[INFO] [stdout] 21 |         let objs: Box<[*mut clib::Tcl_Obj]> = objs.map( Obj::into_raw ).collect();
[INFO] [stdout]    |                                   ^^^^^^^ not found in `clib`
[INFO] [stdout] 
[INFO] [stdout] 
[INFO] [stdout] error[E0425]: cannot find type `Tcl_Obj` in crate `clib`
[INFO] [stdout]   --> /opt/rustwide/cargo-home/registry/src/index.crates.io-1949cf8c6b5b557f/tcl-0.1.9/src/list.rs:23:55
[INFO] [stdout]    |
[INFO] [stdout] 23 |         let objv = objs.as_ptr() as *const *mut clib::Tcl_Obj;
[INFO] [stdout]    |                                                       ^^^^^^^ not found in `clib`
[INFO] [stdout] 
[INFO] [stdout] 
[INFO] [stdout] error[E0425]: cannot find function, tuple struct or tuple variant `Tcl_NewListObj` in crate `clib`
[INFO] [stdout]   --> /opt/rustwide/cargo-home/registry/src/index.crates.io-1949cf8c6b5b557f/tcl-0.1.9/src/list.rs:24:34
[INFO] [stdout]    |
[INFO] [stdout] 24 |         let list = unsafe{ clib::Tcl_NewListObj( objc, objv )};
[INFO] [stdout]    |                                  ^^^^^^^^^^^^^^ not found in `clib`
[INFO] [stdout] 
[INFO] [stdout] 
[INFO] [stdout] error[E0425]: cannot find function, tuple struct or tuple variant `Tcl_NewListObj` in crate `clib`
[INFO] [stdout]   --> /opt/rustwide/cargo-home/registry/src/index.crates.io-1949cf8c6b5b557f/tcl-0.1.9/src/list.rs:31:38
[INFO] [stdout]    |
[INFO] [stdout] 31 |         unsafe{ Obj::from_raw( clib::Tcl_NewListObj( cap as c_int, null_mut() ))}
[INFO] [stdout]    |                                      ^^^^^^^^^^^^^^ not found in `clib`
[INFO] [stdout] 
[INFO] [stdout] 
[INFO] [stdout] error[E0425]: cannot find type `Tcl_Obj` in crate `clib`
[INFO] [stdout]   --> /opt/rustwide/cargo-home/registry/src/index.crates.io-1949cf8c6b5b557f/tcl-0.1.9/src/list.rs:36:35
[INFO] [stdout]    |
[INFO] [stdout] 36 |         let objs: Box<[*mut clib::Tcl_Obj]> = objs.map( Obj::into_raw ).collect();
[INFO] [stdout]    |                                   ^^^^^^^ not found in `clib`
[INFO] [stdout] 
[INFO] [stdout] 
[INFO] [stdout] error[E0425]: cannot find type `Tcl_Obj` in crate `clib`
[INFO] [stdout]   --> /opt/rustwide/cargo-home/registry/src/index.crates.io-1949cf8c6b5b557f/tcl-0.1.9/src/list.rs:38:55
[INFO] [stdout]    |
[INFO] [stdout] 38 |         let objv = objs.as_ptr() as *const *mut clib::Tcl_Obj;
[INFO] [stdout]    |                                                       ^^^^^^^ not found in `clib`
[INFO] [stdout] 
[INFO] [stdout] 
[INFO] [stdout] error[E0425]: cannot find function, tuple struct or tuple variant `Tcl_SetListObj` in crate `clib`
[INFO] [stdout]   --> /opt/rustwide/cargo-home/registry/src/index.crates.io-1949cf8c6b5b557f/tcl-0.1.9/src/list.rs:39:23
[INFO] [stdout]    |
[INFO] [stdout] 39 |         unsafe{ clib::Tcl_SetListObj( self.as_ptr(), objc, objv ); }
[INFO] [stdout]    |                       ^^^^^^^^^^^^^^ not found in `clib`
[INFO] [stdout] 
[INFO] [stdout] 
[INFO] [stdout] error[E0425]: cannot find function, tuple struct or tuple variant `Tcl_ListObjAppendList` in crate `clib`
[INFO] [stdout]   --> /opt/rustwide/cargo-home/registry/src/index.crates.io-1949cf8c6b5b557f/tcl-0.1.9/src/list.rs:56:23
[INFO] [stdout]    |
[INFO] [stdout] 56 |         unsafe{ clib::Tcl_ListObjAppendList( null_mut(), self.as_ptr(), to_append.as_ptr() )}
[INFO] [stdout]    |                       ^^^^^^^^^^^^^^^^^^^^^ not found in `clib`
[INFO] [stdout] 
[INFO] [stdout] 
[INFO] [stdout] error[E0425]: cannot find function, tuple struct or tuple variant `Tcl_ListObjAppendElement` in crate `clib`
[INFO] [stdout]   --> /opt/rustwide/cargo-home/registry/src/index.crates.io-1949cf8c6b5b557f/tcl-0.1.9/src/list.rs:73:23
[INFO] [stdout]    |
[INFO] [stdout] 73 |         unsafe{ clib::Tcl_ListObjAppendElement( null_mut(), self.as_ptr(), elem.as_ptr() )}
[INFO] [stdout]    |                       ^^^^^^^^^^^^^^^^^^^^^^^^ not found in `clib`
[INFO] [stdout] 
[INFO] [stdout] 
[INFO] [stdout] error[E0425]: cannot find function, tuple struct or tuple variant `Tcl_ListObjGetElements` in crate `clib`
[INFO] [stdout]   --> /opt/rustwide/cargo-home/registry/src/index.crates.io-1949cf8c6b5b557f/tcl-0.1.9/src/list.rs:95:27
[INFO] [stdout]    |
[INFO] [stdout] 95 |             unsafe{ clib::Tcl_ListObjGetElements( null_mut(), self.as_ptr(), &mut objc, &mut objv )}
[INFO] [stdout]    |                           ^^^^^^^^^^^^^^^^^^^^^^ not found in `clib`
[INFO] [stdout] 
[INFO] [stdout] 
[INFO] [stdout] error[E0425]: cannot find function, tuple struct or tuple variant `Tcl_ListObjLength` in crate `clib`
[INFO] [stdout]    --> /opt/rustwide/cargo-home/registry/src/index.crates.io-1949cf8c6b5b557f/tcl-0.1.9/src/list.rs:120:23
[INFO] [stdout]     |
[INFO] [stdout] 120 |         unsafe{ clib::Tcl_ListObjLength( null_mut(), self.as_ptr(), &mut len )}
[INFO] [stdout]     |                       ^^^^^^^^^^^^^^^^^ not found in `clib`
[INFO] [stdout] 
[INFO] [stdout] 
[INFO] [stdout] error[E0425]: cannot find function, tuple struct or tuple variant `Tcl_ListObjIndex` in crate `clib`
[INFO] [stdout]    --> /opt/rustwide/cargo-home/registry/src/index.crates.io-1949cf8c6b5b557f/tcl-0.1.9/src/list.rs:139:23
[INFO] [stdout]     |
[INFO] [stdout] 139 |         unsafe{ clib::Tcl_ListObjIndex( null_mut(), self.as_ptr(), index, &mut obj_ptr )}
[INFO] [stdout]     |                       ^^^^^^^^^^^^^^^^ not found in `clib`
[INFO] [stdout] 
[INFO] [stdout] 
[INFO] [stdout] error[E0425]: cannot find type `Tcl_Obj` in crate `clib`
[INFO] [stdout]    --> /opt/rustwide/cargo-home/registry/src/index.crates.io-1949cf8c6b5b557f/tcl-0.1.9/src/list.rs:171:35
[INFO] [stdout]     |
[INFO] [stdout] 171 |         let objs: Box<[*mut clib::Tcl_Obj]> = objs.map( Obj::into_raw ).collect();
[INFO] [stdout]     |                                   ^^^^^^^ not found in `clib`
[INFO] [stdout] 
[INFO] [stdout] 
[INFO] [stdout] error[E0425]: cannot find type `Tcl_Obj` in crate `clib`
[INFO] [stdout]    --> /opt/rustwide/cargo-home/registry/src/index.crates.io-1949cf8c6b5b557f/tcl-0.1.9/src/list.rs:173:55
[INFO] [stdout]     |
[INFO] [stdout] 173 |         let objv = objs.as_ptr() as *const *mut clib::Tcl_Obj;
[INFO] [stdout]     |                                                       ^^^^^^^ not found in `clib`
[INFO] [stdout] 
[INFO] [stdout] 
[INFO] [stdout] error[E0425]: cannot find function, tuple struct or tuple variant `Tcl_ListObjReplace` in crate `clib`
[INFO] [stdout]    --> /opt/rustwide/cargo-home/registry/src/index.crates.io-1949cf8c6b5b557f/tcl-0.1.9/src/list.rs:175:36
[INFO] [stdout]     |
[INFO] [stdout] 175 |         let result = unsafe{ clib::Tcl_ListObjReplace( null_mut(), self.as_ptr(), first, count, objc, objv )}
[INFO] [stdout]     |                                    ^^^^^^^^^^^^^^^^^^ not found in `clib`
[INFO] [stdout] 
[INFO] [stdout] 
[INFO] [stdout] error[E0425]: cannot find function, tuple struct or tuple variant `Tcl_FindExecutable` in crate `clib`
[INFO] [stdout]    --> /opt/rustwide/cargo-home/registry/src/index.crates.io-1949cf8c6b5b557f/tcl-0.1.9/src/lib.rs:251:19
[INFO] [stdout]     |
[INFO] [stdout] 251 |             clib::Tcl_FindExecutable( arg0.as_ptr() );
[INFO] [stdout]     |                   ^^^^^^^^^^^^^^^^^^ not found in `clib`
[INFO] [stdout] 
[INFO] [stdout] 
[INFO] [stdout] error[E0425]: cannot find function, tuple struct or tuple variant `Tcl_GetNameOfExecutable` in crate `clib`
[INFO] [stdout]    --> /opt/rustwide/cargo-home/registry/src/index.crates.io-1949cf8c6b5b557f/tcl-0.1.9/src/lib.rs:252:22
[INFO] [stdout]     |
[INFO] [stdout] 252 |             if clib::Tcl_GetNameOfExecutable().is_null() {
[INFO] [stdout]     |                      ^^^^^^^^^^^^^^^^^^^^^^^ not found in `clib`
[INFO] [stdout] 
[INFO] [stdout] 
[INFO] [stdout] Some errors have detailed explanations: E0422, E0425, E0432.
[INFO] [stdout] 
[INFO] [stdout] For more information about an error, try `rustc --explain E0422`.
[INFO] [stdout] 
[INFO] [stderr] error: could not compile `tcl` (lib) due to 186 previous errors
[INFO] running `Command { std: "docker" "inspect" "0e1d9658fb6a6707171e9dc9b47e388deec2995715264fa112230ce2ba046a7e", kill_on_drop: false }`
[INFO] running `Command { std: "docker" "rm" "-f" "0e1d9658fb6a6707171e9dc9b47e388deec2995715264fa112230ce2ba046a7e", kill_on_drop: false }`
[INFO] [stdout] 0e1d9658fb6a6707171e9dc9b47e388deec2995715264fa112230ce2ba046a7e
