[INFO] fetching crate timr-tui 1.11.1...
[INFO] testing timr-tui-1.11.1 against 1.99.0-beta.8 for beta-1.100-2
[INFO] extracting crate timr-tui 1.11.1 into /workspace/builds/worker-2-tc1/source
[INFO] removed /workspace/builds/worker-2-tc1/source/rust-toolchain.toml
[INFO] started tweaking crates.io crate timr-tui 1.11.1
[INFO] finished tweaking crates.io crate timr-tui 1.11.1
[INFO] tweaked toml for crates.io crate timr-tui 1.11.1 written to /workspace/builds/worker-2-tc1/source/Cargo.toml
[INFO] validating manifest of crates.io crate timr-tui 1.11.1 on toolchain 1.99.0-beta.8
[INFO] running `Command { std: CARGO_HOME="/workspace/cargo-home" RUSTUP_HOME="/workspace/rustup-home" "/workspace/cargo-home/bin/cargo" "+1.99.0-beta.8" "metadata" "--manifest-path" "Cargo.toml" "--no-deps", kill_on_drop: false }`
[INFO] crate crates.io crate timr-tui 1.11.1 already has a lockfile, it will not be regenerated
[INFO] running `Command { std: CARGO_HOME="/workspace/cargo-home" RUSTUP_HOME="/workspace/rustup-home" "/workspace/cargo-home/bin/cargo" "+1.99.0-beta.8" "fetch" "--manifest-path" "Cargo.toml", kill_on_drop: false }`
[INFO] [stderr]     Updating crates.io index
[INFO] [stderr]  Downloading crates ...
[INFO] [stderr]   Downloaded ratatui v0.30.1
[INFO] [stderr]   Downloaded lru v0.18.0
[INFO] [stderr]   Downloaded tui-input v0.15.3
[INFO] [stderr]   Downloaded ratatui-termwiz v0.1.1
[INFO] [stderr]   Downloaded uuid v1.23.2
[INFO] [stderr]   Downloaded ratatui-widgets v0.3.1
[INFO] [stderr]   Downloaded ratatui-core v0.1.1
[INFO] [stderr]   Downloaded ratatui-crossterm v0.1.1
[INFO] [stderr]   Downloaded ratatui-macros v0.7.1
[INFO] [stderr]   Downloaded symphonia-metadata v0.5.5
[INFO] [stderr]   Downloaded symphonia v0.5.5
[INFO] [stderr]   Downloaded symphonia-format-riff v0.5.5
[INFO] [stderr]   Downloaded extended v0.1.0
[INFO] [stderr]   Downloaded rodio v0.22.2
[INFO] [stderr]   Downloaded symphonia-core v0.5.5
[INFO] [stderr]   Downloaded dasp_sample v0.11.0
[INFO] [stderr]   Downloaded cpal v0.17.3
[INFO] [stderr]   Downloaded symphonia-bundle-mp3 v0.5.5
[INFO] [stderr]   Downloaded wasm-bindgen-futures v0.4.72
[INFO] [stderr]   Downloaded alsa v0.11.0
[INFO] [stderr]   Downloaded zbus_names v4.3.2
[INFO] [stderr]   Downloaded zbus_macros v5.16.0
[INFO] [stderr]   Downloaded objc2-core-audio-types v0.3.2
[INFO] [stderr]   Downloaded coreaudio-rs v0.14.2
[INFO] [stderr]   Downloaded mach2 v0.5.0
[INFO] [stderr]   Downloaded enumflags2_derive v0.7.12
[INFO] [stderr]   Downloaded endi v1.1.1
[INFO] [stderr]   Downloaded objc2-avf-audio v0.3.2
[INFO] [stderr]   Downloaded alsa-sys v0.4.0
[INFO] [stderr]   Downloaded zvariant_utils v3.4.0
[INFO] [stderr]   Downloaded enumflags2 v0.7.12
[INFO] [stderr]   Downloaded objc2-core-audio v0.3.2
[INFO] [stderr]   Downloaded objc2-audio-toolbox v0.3.2
[INFO] [stderr]   Downloaded zvariant_derive v5.12.0
[INFO] [stderr]   Downloaded notify-rust v4.17.0
[INFO] [stderr]   Downloaded zbus v5.16.0
[INFO] [stderr]   Downloaded zvariant v5.12.0
[INFO] [stderr]   Downloaded uds_windows v1.2.1
[INFO] [stderr]   Downloaded tauri-winrt-notification v0.7.2
[INFO] [stderr]   Downloaded mac-notification-sys v0.6.13
[INFO] [stderr]   Downloaded cc v1.2.63
[INFO] [stderr]   Downloaded insta v1.47.2
[INFO] running `Command { std: "docker" "create" "-v" "/var/lib/crater-agent-workspace/builds/worker-2-tc1/source:/opt/rustwide/workdir:ro,Z" "-v" "/var/lib/crater-agent-workspace/builds/worker-2-tc1/target:/opt/rustwide/target:rw,Z" "-v" "/var/lib/crater-agent-workspace/cargo-home:/opt/rustwide/cargo-home:ro,Z" "-v" "/var/lib/crater-agent-workspace/rustup-home:/opt/rustwide/rustup-home:ro,Z" "-m" "1610612736" "--network" "none" "ghcr.io/rust-lang/crates-build-env/linux@sha256:3111399a4047eeb3a02b7a90e478d715f38a8c6669b5c4b49d30a17385265909" "sleep" "infinity", kill_on_drop: false }`
[INFO] [stdout] 77a073264b46dc718d7803e4e4f3b89d9483fc8cc69742441673eeab16811183
[INFO] running `Command { std: "docker" "start" "77a073264b46dc718d7803e4e4f3b89d9483fc8cc69742441673eeab16811183", kill_on_drop: false }`
[INFO] running `Command { std: "docker" "inspect" "77a073264b46dc718d7803e4e4f3b89d9483fc8cc69742441673eeab16811183", kill_on_drop: false }`
[INFO] running `Command { std: "docker" "exec" "-e" "SOURCE_DIR=/opt/rustwide/workdir" "-e" "CARGO_HOME=/opt/rustwide/cargo-home" "-e" "RUSTUP_HOME=/opt/rustwide/rustup-home" "-e" "CARGO_TARGET_DIR=/opt/rustwide/target" "-w" "/opt/rustwide/workdir" "--user" "0:0" "77a073264b46dc718d7803e4e4f3b89d9483fc8cc69742441673eeab16811183" "/opt/rustwide/cargo-home/bin/cargo" "+1.99.0-beta.8" "metadata" "--no-deps" "--format-version=1", kill_on_drop: false }`
[INFO] running `Command { std: "docker" "inspect" "77a073264b46dc718d7803e4e4f3b89d9483fc8cc69742441673eeab16811183", kill_on_drop: false }`
[INFO] running `Command { std: "docker" "exec" "-e" "SOURCE_DIR=/opt/rustwide/workdir" "-e" "CARGO_HOME=/opt/rustwide/cargo-home" "-e" "RUSTUP_HOME=/opt/rustwide/rustup-home" "-e" "CARGO_TARGET_DIR=/opt/rustwide/target" "-e" "CARGO_INCREMENTAL=0" "-e" "RUST_BACKTRACE=full" "-e" "RUSTFLAGS=--cap-lints=warn" "-e" "RUSTDOCFLAGS=--cap-lints=warn" "-w" "/opt/rustwide/workdir" "--user" "0:0" "77a073264b46dc718d7803e4e4f3b89d9483fc8cc69742441673eeab16811183" "/opt/rustwide/cargo-home/bin/cargo" "+1.99.0-beta.8" "build" "--frozen" "--message-format=json", kill_on_drop: false }`
[INFO] [stderr]    Compiling proc-macro2 v1.0.106
[INFO] [stderr]    Compiling unicode-ident v1.0.24
[INFO] [stderr]    Compiling quote v1.0.45
[INFO] [stderr]    Compiling libc v0.2.186
[INFO] [stderr]    Compiling futures-core v0.3.32
[INFO] [stderr]    Compiling log v0.4.32
[INFO] [stderr]    Compiling crossbeam-utils v0.8.21
[INFO] [stderr]    Compiling smallvec v1.15.1
[INFO] [stderr]    Compiling winnow v1.0.3
[INFO] [stderr]    Compiling serde_core v1.0.228
[INFO] [stderr]    Compiling rustix v1.1.4
[INFO] [stderr]    Compiling futures-io v0.3.32
[INFO] [stderr]    Compiling strsim v0.11.1
[INFO] [stderr]    Compiling unicode-segmentation v1.13.3
[INFO] [stderr]    Compiling bitflags v2.13.0
[INFO] [stderr]    Compiling indexmap v2.14.0
[INFO] [stderr]    Compiling thiserror v2.0.18
[INFO] [stderr]    Compiling fastrand v2.4.1
[INFO] [stderr]    Compiling either v1.16.0
[INFO] [stderr]    Compiling memchr v2.8.1
[INFO] [stderr]    Compiling instability v0.3.12
[INFO] [stderr]    Compiling futures-lite v2.6.1
[INFO] [stderr]    Compiling endi v1.1.1
[INFO] [stderr]    Compiling compact_str v0.9.1
[INFO] [stderr]    Compiling lru v0.18.0
[INFO] [stderr]    Compiling itertools v0.14.0
[INFO] [stderr]    Compiling regex-syntax v0.8.10
[INFO] [stderr]    Compiling time-core v0.1.8
[INFO] [stderr]    Compiling critical-section v1.2.0
[INFO] [stderr]    Compiling deranged v0.5.8
[INFO] [stderr]    Compiling concurrent-queue v2.5.0
[INFO] [stderr]    Compiling convert_case v0.10.0
[INFO] [stderr]    Compiling time-macros v0.2.27
[INFO] [stderr]    Compiling num_threads v0.1.7
[INFO] [stderr]    Compiling futures-sink v0.3.32
[INFO] [stderr]    Compiling event-listener v5.4.1
[INFO] [stderr]    Compiling sharded-slab v0.1.7
[INFO] [stderr]    Compiling document-features v0.2.12
[INFO] [stderr]    Compiling tracing-log v0.2.0
[INFO] [stderr]    Compiling event-listener-strategy v0.5.4
[INFO] [stderr]    Compiling async-channel v2.5.0
[INFO] [stderr]    Compiling line-clipping v0.3.7
[INFO] [stderr]    Compiling thread_local v1.1.9
[INFO] [stderr]    Compiling syn v2.0.117
[INFO] [stderr]    Compiling errno v0.3.14
[INFO] [stderr]    Compiling parking_lot_core v0.9.12
[INFO] [stderr]    Compiling mio v1.2.1
[INFO] [stderr]    Compiling utf8parse v0.2.2
[INFO] [stderr]    Compiling signal-hook-registry v1.4.8
[INFO] [stderr]    Compiling toml_parser v1.1.2+spec-1.1.0
[INFO] [stderr]    Compiling object v0.37.3
[INFO] [stderr]    Compiling owo-colors v4.3.0
[INFO] [stderr]    Compiling parking_lot v0.12.5
[INFO] [stderr]    Compiling piper v0.2.5
[INFO] [stderr]    Compiling signal-hook v0.3.18
[INFO] [stderr]    Compiling anstyle-parse v1.0.0
[INFO] [stderr]    Compiling toml_edit v0.25.12+spec-1.1.0
[INFO] [stderr]    Compiling unicode-truncate v2.0.1
[INFO] [stderr]    Compiling socket2 v0.6.4
[INFO] [stderr]    Compiling async-lock v3.4.2
[INFO] [stderr]    Compiling futures-channel v0.3.32
[INFO] [stderr]    Compiling color-spantrace v0.3.0
[INFO] [stderr]    Compiling signal-hook-mio v0.2.5
[INFO] [stderr]    Compiling is_terminal_polyfill v1.70.2
[INFO] [stderr]    Compiling eyre v0.6.12
[INFO] [stderr]    Compiling gimli v0.32.3
[INFO] [stderr]    Compiling anstyle v1.0.14
[INFO] [stderr]    Compiling anstyle-query v1.1.5
[INFO] [stderr]    Compiling colorchoice v1.0.5
[INFO] [stderr]    Compiling miniz_oxide v0.8.9
[INFO] [stderr]    Compiling blocking v1.6.2
[INFO] [stderr]    Compiling regex-automata v0.4.14
[INFO] [stderr]    Compiling time v0.3.47
[INFO] [stderr]    Compiling anstream v1.0.0
[INFO] [stderr]    Compiling async-broadcast v0.7.2
[INFO] [stderr]    Compiling async-executor v1.14.0
[INFO] [stderr]    Compiling ordered-stream v0.2.0
[INFO] [stderr]    Compiling uuid v1.23.2
[INFO] [stderr]    Compiling serde_json v1.0.150
[INFO] [stderr]    Compiling proc-macro-crate v3.5.0
[INFO] [stderr]    Compiling indenter v0.3.4
[INFO] [stderr]    Compiling rustc-demangle v0.1.27
[INFO] [stderr]    Compiling clap_lex v1.1.0
[INFO] [stderr]    Compiling dirs-sys v0.5.0
[INFO] [stderr]    Compiling clap_builder v4.6.0
[INFO] [stderr]    Compiling directories v6.0.0
[INFO] [stderr]    Compiling matchers v0.2.0
[INFO] [stderr]    Compiling addr2line v0.25.1
[INFO] [stderr]    Compiling darling_core v0.23.0
[INFO] [stderr]    Compiling backtrace v0.3.76
[INFO] [stderr]    Compiling serde_derive v1.0.228
[INFO] [stderr]    Compiling enumflags2_derive v0.7.12
[INFO] [stderr]    Compiling thiserror-impl v2.0.18
[INFO] [stderr]    Compiling strum_macros v0.28.0
[INFO] [stderr]    Compiling tracing-attributes v0.1.31
[INFO] [stderr]    Compiling derive_more-impl v2.1.1
[INFO] [stderr]    Compiling tokio-macros v2.7.0
[INFO] [stderr]    Compiling futures-macro v0.3.32
[INFO] [stderr]    Compiling async-recursion v1.1.1
[INFO] [stderr]    Compiling serde_repr v0.1.20
[INFO] [stderr]    Compiling async-trait v0.1.89
[INFO] [stderr]    Compiling polling v3.11.0
[INFO] [stderr]    Compiling clap_derive v4.6.1
[INFO] [stderr]    Compiling async-io v2.6.0
[INFO] [stderr]    Compiling futures-util v0.3.32
[INFO] [stderr]    Compiling tokio v1.52.3
[INFO] [stderr]    Compiling derive_more v2.1.1
[INFO] [stderr]    Compiling async-signal v0.2.14
[INFO] [stderr]    Compiling kasuari v0.4.12
[INFO] [stderr]    Compiling async-process v2.5.0
[INFO] [stderr]    Compiling tracing v0.1.44
[INFO] [stderr]    Compiling tracing-subscriber v0.3.23
[INFO] [stderr]    Compiling darling_macro v0.23.0
[INFO] [stderr]    Compiling clap v4.6.1
[INFO] [stderr]    Compiling darling v0.23.0
[INFO] [stderr]    Compiling strum v0.28.0
[INFO] [stderr]    Compiling ratatui-core v0.1.1
[INFO] [stderr]    Compiling serde v1.0.228
[INFO] [stderr]    Compiling zvariant_utils v3.4.0
[INFO] [stderr]    Compiling enumflags2 v0.7.12
[INFO] [stderr]    Compiling crossterm v0.29.0
[INFO] [stderr]    Compiling tracing-error v0.2.1
[INFO] [stderr]    Compiling color-eyre v0.6.5
[INFO] [stderr]    Compiling zvariant_derive v5.12.0
[INFO] [stderr]    Compiling futures-executor v0.3.32
[INFO] [stderr]    Compiling ratatui-widgets v0.3.1
[INFO] [stderr]    Compiling futures v0.3.32
[INFO] [stderr]    Compiling zvariant v5.12.0
[INFO] [stderr]    Compiling ratatui-crossterm v0.1.1
[INFO] [stderr]    Compiling ratatui-macros v0.7.1
[INFO] [stderr]    Compiling ratatui v0.30.1
[INFO] [stderr]    Compiling tui-input v0.15.3
[INFO] [stderr]    Compiling tokio-stream v0.1.18
[INFO] [stderr]    Compiling tokio-util v0.7.18
[INFO] [stderr]    Compiling zbus_names v4.3.2
[INFO] [stderr]    Compiling zbus_macros v5.16.0
[INFO] [stderr]    Compiling zbus v5.16.0
[INFO] [stderr]    Compiling notify-rust v4.17.0
[INFO] [stderr]    Compiling timr-tui v1.11.1 (/opt/rustwide/workdir)
[INFO] [stderr]     Finished `dev` profile [unoptimized + debuginfo] target(s) in 1m 05s
[INFO] running `Command { std: "docker" "inspect" "77a073264b46dc718d7803e4e4f3b89d9483fc8cc69742441673eeab16811183", kill_on_drop: false }`
[INFO] running `Command { std: "docker" "exec" "-e" "SOURCE_DIR=/opt/rustwide/workdir" "-e" "CARGO_HOME=/opt/rustwide/cargo-home" "-e" "RUSTUP_HOME=/opt/rustwide/rustup-home" "-e" "CARGO_TARGET_DIR=/opt/rustwide/target" "-e" "CARGO_INCREMENTAL=0" "-e" "RUST_BACKTRACE=full" "-e" "RUSTFLAGS=--cap-lints=warn" "-e" "RUSTDOCFLAGS=--cap-lints=warn" "-w" "/opt/rustwide/workdir" "--user" "0:0" "77a073264b46dc718d7803e4e4f3b89d9483fc8cc69742441673eeab16811183" "/opt/rustwide/cargo-home/bin/cargo" "+1.99.0-beta.8" "test" "--frozen" "--no-run" "--message-format=json", kill_on_drop: false }`
[INFO] [stderr]    Compiling rustix v1.1.4
[INFO] [stderr]    Compiling getrandom v0.4.2
[INFO] [stderr]    Compiling console v0.16.3
[INFO] [stderr]    Compiling polling v3.11.0
[INFO] [stderr]    Compiling crossterm v0.29.0
[INFO] [stderr]    Compiling tempfile v3.27.0
[INFO] [stderr]    Compiling async-io v2.6.0
[INFO] [stderr]    Compiling insta v1.47.2
[INFO] [stderr]    Compiling async-signal v0.2.14
[INFO] [stderr]    Compiling async-process v2.5.0
[INFO] [stderr]    Compiling zbus v5.16.0
[INFO] [stderr]    Compiling ratatui-crossterm v0.1.1
[INFO] [stderr]    Compiling ratatui v0.30.1
[INFO] [stderr]    Compiling tui-input v0.15.3
[INFO] [stderr]    Compiling notify-rust v4.17.0
[INFO] [stderr]    Compiling timr-tui v1.11.1 (/opt/rustwide/workdir)
[INFO] [stdout] error[E0583]: file not found for module `clock_elements_test`
[INFO] [stdout]  --> src/widgets.rs:4:1
[INFO] [stdout]   |
[INFO] [stdout] 4 | pub mod clock_elements_test;
[INFO] [stdout]   | ^^^^^^^^^^^^^^^^^^^^^^^^^^^^
[INFO] [stdout]   |
[INFO] [stdout]   = help: to create the module `clock_elements_test`, create file "src/widgets/clock_elements_test.rs" or "src/widgets/clock_elements_test/mod.rs"
[INFO] [stdout]   = note: if there is a `mod clock_elements_test` elsewhere in the crate already, import it with `use crate::...` instead
[INFO] [stdout] 
[INFO] [stdout] 
[INFO] [stdout] error[E0583]: file not found for module `clock_test`
[INFO] [stdout]  --> src/widgets.rs:6:1
[INFO] [stdout]   |
[INFO] [stdout] 6 | pub mod clock_test;
[INFO] [stdout]   | ^^^^^^^^^^^^^^^^^^^
[INFO] [stdout]   |
[INFO] [stdout]   = help: to create the module `clock_test`, create file "src/widgets/clock_test.rs" or "src/widgets/clock_test/mod.rs"
[INFO] [stdout]   = note: if there is a `mod clock_test` elsewhere in the crate already, import it with `use crate::...` instead
[INFO] [stdout] 
[INFO] [stdout] 
[INFO] [stdout] error[E0583]: file not found for module `clock_widget_test`
[INFO] [stdout]  --> src/widgets.rs:8:1
[INFO] [stdout]   |
[INFO] [stdout] 8 | pub mod clock_widget_test;
[INFO] [stdout]   | ^^^^^^^^^^^^^^^^^^^^^^^^^^
[INFO] [stdout]   |
[INFO] [stdout]   = help: to create the module `clock_widget_test`, create file "src/widgets/clock_widget_test.rs" or "src/widgets/clock_widget_test/mod.rs"
[INFO] [stdout]   = note: if there is a `mod clock_widget_test` elsewhere in the crate already, import it with `use crate::...` instead
[INFO] [stdout] 
[INFO] [stdout] 
[INFO] [stdout] error[E0583]: file not found for module `countdown_test`
[INFO] [stdout]   --> src/widgets.rs:11:1
[INFO] [stdout]    |
[INFO] [stdout] 11 | pub mod countdown_test;
[INFO] [stdout]    | ^^^^^^^^^^^^^^^^^^^^^^^
[INFO] [stdout]    |
[INFO] [stdout]    = help: to create the module `countdown_test`, create file "src/widgets/countdown_test.rs" or "src/widgets/countdown_test/mod.rs"
[INFO] [stdout]    = note: if there is a `mod countdown_test` elsewhere in the crate already, import it with `use crate::...` instead
[INFO] [stdout] 
[INFO] [stdout] 
[INFO] [stdout] error[E0583]: file not found for module `event_test`
[INFO] [stdout]   --> src/widgets.rs:15:1
[INFO] [stdout]    |
[INFO] [stdout] 15 | pub mod event_test;
[INFO] [stdout]    | ^^^^^^^^^^^^^^^^^^^
[INFO] [stdout]    |
[INFO] [stdout]    = help: to create the module `event_test`, create file "src/widgets/event_test.rs" or "src/widgets/event_test/mod.rs"
[INFO] [stdout]    = note: if there is a `mod event_test` elsewhere in the crate already, import it with `use crate::...` instead
[INFO] [stdout] 
[INFO] [stdout] 
[INFO] [stdout] error[E0583]: file not found for module `footer_test`
[INFO] [stdout]   --> src/widgets.rs:18:1
[INFO] [stdout]    |
[INFO] [stdout] 18 | pub mod footer_test;
[INFO] [stdout]    | ^^^^^^^^^^^^^^^^^^^^
[INFO] [stdout]    |
[INFO] [stdout]    = help: to create the module `footer_test`, create file "src/widgets/footer_test.rs" or "src/widgets/footer_test/mod.rs"
[INFO] [stdout]    = note: if there is a `mod footer_test` elsewhere in the crate already, import it with `use crate::...` instead
[INFO] [stdout] 
[INFO] [stdout] 
[INFO] [stdout] error[E0583]: file not found for module `header_test`
[INFO] [stdout]   --> src/widgets.rs:21:1
[INFO] [stdout]    |
[INFO] [stdout] 21 | pub mod header_test;
[INFO] [stdout]    | ^^^^^^^^^^^^^^^^^^^^
[INFO] [stdout]    |
[INFO] [stdout]    = help: to create the module `header_test`, create file "src/widgets/header_test.rs" or "src/widgets/header_test/mod.rs"
[INFO] [stdout]    = note: if there is a `mod header_test` elsewhere in the crate already, import it with `use crate::...` instead
[INFO] [stdout] 
[INFO] [stdout] 
[INFO] [stdout] error[E0583]: file not found for module `local_time_test`
[INFO] [stdout]   --> src/widgets.rs:24:1
[INFO] [stdout]    |
[INFO] [stdout] 24 | pub mod local_time_test;
[INFO] [stdout]    | ^^^^^^^^^^^^^^^^^^^^^^^^
[INFO] [stdout]    |
[INFO] [stdout]    = help: to create the module `local_time_test`, create file "src/widgets/local_time_test.rs" or "src/widgets/local_time_test/mod.rs"
[INFO] [stdout]    = note: if there is a `mod local_time_test` elsewhere in the crate already, import it with `use crate::...` instead
[INFO] [stdout] 
[INFO] [stdout] 
[INFO] [stdout] error[E0583]: file not found for module `pomodoro_test`
[INFO] [stdout]   --> src/widgets.rs:27:1
[INFO] [stdout]    |
[INFO] [stdout] 27 | pub mod pomodoro_test;
[INFO] [stdout]    | ^^^^^^^^^^^^^^^^^^^^^^
[INFO] [stdout]    |
[INFO] [stdout]    = help: to create the module `pomodoro_test`, create file "src/widgets/pomodoro_test.rs" or "src/widgets/pomodoro_test/mod.rs"
[INFO] [stdout]    = note: if there is a `mod pomodoro_test` elsewhere in the crate already, import it with `use crate::...` instead
[INFO] [stdout] 
[INFO] [stdout] 
[INFO] [stdout] error[E0583]: file not found for module `test_utils`
[INFO] [stdout]   --> src/widgets.rs:30:1
[INFO] [stdout]    |
[INFO] [stdout] 30 | pub mod test_utils;
[INFO] [stdout]    | ^^^^^^^^^^^^^^^^^^^
[INFO] [stdout]    |
[INFO] [stdout]    = help: to create the module `test_utils`, create file "src/widgets/test_utils.rs" or "src/widgets/test_utils/mod.rs"
[INFO] [stdout]    = note: if there is a `mod test_utils` elsewhere in the crate already, import it with `use crate::...` instead
[INFO] [stdout] 
[INFO] [stdout] 
[INFO] [stdout] error[E0583]: file not found for module `timer_test`
[INFO] [stdout]   --> src/widgets.rs:33:1
[INFO] [stdout]    |
[INFO] [stdout] 33 | pub mod timer_test;
[INFO] [stdout]    | ^^^^^^^^^^^^^^^^^^^
[INFO] [stdout]    |
[INFO] [stdout]    = help: to create the module `timer_test`, create file "src/widgets/timer_test.rs" or "src/widgets/timer_test/mod.rs"
[INFO] [stdout]    = note: if there is a `mod timer_test` elsewhere in the crate already, import it with `use crate::...` instead
[INFO] [stdout] 
[INFO] [stdout] 
[INFO] [stdout] For more information about this error, try `rustc --explain E0583`.
[INFO] [stdout] 
[INFO] [stderr] error: could not compile `timr-tui` (bin "timr-tui" test) due to 11 previous errors
[INFO] running `Command { std: "docker" "inspect" "77a073264b46dc718d7803e4e4f3b89d9483fc8cc69742441673eeab16811183", kill_on_drop: false }`
[INFO] running `Command { std: "docker" "rm" "-f" "77a073264b46dc718d7803e4e4f3b89d9483fc8cc69742441673eeab16811183", kill_on_drop: false }`
[INFO] [stdout] 77a073264b46dc718d7803e4e4f3b89d9483fc8cc69742441673eeab16811183
