[INFO] fetching crate tidepool-codegen 0.1.0...
[INFO] testing tidepool-codegen-0.1.0 against 1.99.0-beta.8 for beta-1.100-2
[INFO] extracting crate tidepool-codegen 0.1.0 into /workspace/builds/worker-1-tc1/source
[INFO] started tweaking crates.io crate tidepool-codegen 0.1.0
[INFO] removed 0 missing tests
[INFO] finished tweaking crates.io crate tidepool-codegen 0.1.0
[INFO] tweaked toml for crates.io crate tidepool-codegen 0.1.0 written to /workspace/builds/worker-1-tc1/source/Cargo.toml
[INFO] validating manifest of crates.io crate tidepool-codegen 0.1.0 on toolchain 1.99.0-beta.8
[INFO] running `Command { std: CARGO_HOME="/workspace/cargo-home" RUSTUP_HOME="/workspace/rustup-home" "/workspace/cargo-home/bin/cargo" "+1.99.0-beta.8" "metadata" "--manifest-path" "Cargo.toml" "--no-deps", kill_on_drop: false }`
[INFO] crate crates.io crate tidepool-codegen 0.1.0 already has a lockfile, it will not be regenerated
[INFO] running `Command { std: CARGO_HOME="/workspace/cargo-home" RUSTUP_HOME="/workspace/rustup-home" "/workspace/cargo-home/bin/cargo" "+1.99.0-beta.8" "fetch" "--manifest-path" "Cargo.toml", kill_on_drop: false }`
[INFO] [stderr]     Updating crates.io index
[INFO] [stderr]  Downloading crates ...
[INFO] [stderr]   Downloaded tidepool-heap v0.1.0
[INFO] [stderr]   Downloaded tidepool-eval v0.1.0
[INFO] [stderr]   Downloaded tidepool-repr v0.1.0
[INFO] [stderr]   Downloaded cranelift-native v0.129.1
[INFO] [stderr]   Downloaded tidepool-bridge v0.1.0
[INFO] [stderr]   Downloaded wasmtime-internal-jit-icache-coherence v42.0.1
[INFO] [stderr]   Downloaded frunk_proc_macros v0.1.4
[INFO] [stderr]   Downloaded cranelift-bitset v0.129.1
[INFO] [stderr]   Downloaded frunk_derives v0.4.4
[INFO] [stderr]   Downloaded tidepool-effect v0.1.0
[INFO] [stderr]   Downloaded frunk_core v0.4.4
[INFO] [stderr]   Downloaded cranelift-codegen-shared v0.129.1
[INFO] [stderr]   Downloaded frunk_proc_macro_helpers v0.1.4
[INFO] [stderr]   Downloaded cranelift-srcgen v0.129.1
[INFO] [stderr]   Downloaded cranelift-assembler-x64 v0.129.1
[INFO] [stderr]   Downloaded cranelift-control v0.129.1
[INFO] [stderr]   Downloaded cranelift-jit v0.129.1
[INFO] [stderr]   Downloaded cranelift-entity v0.129.1
[INFO] [stderr]   Downloaded cranelift-bforest v0.129.1
[INFO] [stderr]   Downloaded cranelift-module v0.129.1
[INFO] [stderr]   Downloaded region v3.0.2
[INFO] [stderr]   Downloaded wasmtime-internal-core v42.0.1
[INFO] [stderr]   Downloaded frunk v0.4.4
[INFO] [stderr]   Downloaded cranelift-frontend v0.129.1
[INFO] [stderr]   Downloaded cranelift-isle v0.129.1
[INFO] [stderr]   Downloaded cranelift-assembler-x64-meta v0.129.1
[INFO] [stderr]   Downloaded cranelift-codegen-meta v0.129.1
[INFO] [stderr]   Downloaded regalloc2 v0.13.5
[INFO] [stderr]   Downloaded cranelift-codegen v0.129.1
[INFO] [stderr]   Downloaded recursion v0.5.4
[INFO] running `Command { std: "docker" "create" "-v" "/var/lib/crater-agent-workspace/builds/worker-1-tc1/source:/opt/rustwide/workdir:ro,Z" "-v" "/var/lib/crater-agent-workspace/builds/worker-1-tc1/target:/opt/rustwide/target:rw,Z" "-v" "/var/lib/crater-agent-workspace/cargo-home:/opt/rustwide/cargo-home:ro,Z" "-v" "/var/lib/crater-agent-workspace/rustup-home:/opt/rustwide/rustup-home:ro,Z" "-m" "1610612736" "--network" "none" "ghcr.io/rust-lang/crates-build-env/linux@sha256:3111399a4047eeb3a02b7a90e478d715f38a8c6669b5c4b49d30a17385265909" "sleep" "infinity", kill_on_drop: false }`
[INFO] [stdout] 22c796208c47da5c726158e07818b76bcda1e92fc28a915e9d1311ebb092d6fe
[INFO] running `Command { std: "docker" "start" "22c796208c47da5c726158e07818b76bcda1e92fc28a915e9d1311ebb092d6fe", kill_on_drop: false }`
[INFO] running `Command { std: "docker" "inspect" "22c796208c47da5c726158e07818b76bcda1e92fc28a915e9d1311ebb092d6fe", kill_on_drop: false }`
[INFO] running `Command { std: "docker" "exec" "-e" "SOURCE_DIR=/opt/rustwide/workdir" "-e" "CARGO_HOME=/opt/rustwide/cargo-home" "-e" "RUSTUP_HOME=/opt/rustwide/rustup-home" "-e" "CARGO_TARGET_DIR=/opt/rustwide/target" "-w" "/opt/rustwide/workdir" "--user" "0:0" "22c796208c47da5c726158e07818b76bcda1e92fc28a915e9d1311ebb092d6fe" "/opt/rustwide/cargo-home/bin/cargo" "+1.99.0-beta.8" "metadata" "--no-deps" "--format-version=1", kill_on_drop: false }`
[INFO] running `Command { std: "docker" "inspect" "22c796208c47da5c726158e07818b76bcda1e92fc28a915e9d1311ebb092d6fe", kill_on_drop: false }`
[INFO] running `Command { std: "docker" "exec" "-e" "SOURCE_DIR=/opt/rustwide/workdir" "-e" "CARGO_HOME=/opt/rustwide/cargo-home" "-e" "RUSTUP_HOME=/opt/rustwide/rustup-home" "-e" "CARGO_TARGET_DIR=/opt/rustwide/target" "-e" "CARGO_INCREMENTAL=0" "-e" "RUST_BACKTRACE=full" "-e" "RUSTFLAGS=--cap-lints=warn" "-e" "RUSTDOCFLAGS=--cap-lints=warn" "-w" "/opt/rustwide/workdir" "--user" "0:0" "22c796208c47da5c726158e07818b76bcda1e92fc28a915e9d1311ebb092d6fe" "/opt/rustwide/cargo-home/bin/cargo" "+1.99.0-beta.8" "build" "--frozen" "--message-format=json", kill_on_drop: false }`
[INFO] [stderr]    Compiling cranelift-srcgen v0.129.1
[INFO] [stderr]    Compiling wasmtime-internal-core v42.0.1
[INFO] [stderr]    Compiling zerocopy v0.8.39
[INFO] [stderr]    Compiling cranelift-isle v0.129.1
[INFO] [stderr]    Compiling cranelift-codegen-shared v0.129.1
[INFO] [stderr]    Compiling serde v1.0.228
[INFO] [stderr]    Compiling bumpalo v3.19.1
[INFO] [stderr]    Compiling target-lexicon v0.13.5
[INFO] [stderr]    Compiling quote v1.0.44
[INFO] [stderr]    Compiling hashbrown v0.15.5
[INFO] [stderr]    Compiling indexmap v2.13.0
[INFO] [stderr]    Compiling smallvec v1.15.1
[INFO] [stderr]    Compiling im v15.1.0
[INFO] [stderr]    Compiling bitmaps v2.1.0
[INFO] [stderr]    Compiling arbitrary v1.4.2
[INFO] [stderr]    Compiling rustc-hash v2.1.1
[INFO] [stderr]    Compiling fnv v1.0.7
[INFO] [stderr]    Compiling rand_xoshiro v0.6.0
[INFO] [stderr]    Compiling frunk_core v0.4.4
[INFO] [stderr]    Compiling cranelift-assembler-x64-meta v0.129.1
[INFO] [stderr]    Compiling anyhow v1.0.101
[INFO] [stderr]    Compiling serde_json v1.0.149
[INFO] [stderr]    Compiling syn v2.0.116
[INFO] [stderr]    Compiling region v3.0.2
[INFO] [stderr]    Compiling tidepool-codegen v0.1.0 (/opt/rustwide/workdir)
[INFO] [stderr]    Compiling cranelift-bitset v0.129.1
[INFO] [stderr]    Compiling cranelift-entity v0.129.1
[INFO] [stderr]    Compiling cranelift-bforest v0.129.1
[INFO] [stderr]    Compiling wasmtime-internal-jit-icache-coherence v42.0.1
[INFO] [stderr]    Compiling regalloc2 v0.13.5
[INFO] [stderr]    Compiling recursion v0.5.4
[INFO] [stderr]    Compiling cranelift-codegen-meta v0.129.1
[INFO] [stderr]    Compiling cranelift-control v0.129.1
[INFO] [stderr]    Compiling sized-chunks v0.6.5
[INFO] [stderr]    Compiling cranelift-assembler-x64 v0.129.1
[INFO] [stderr]    Compiling gimli v0.33.0
[INFO] [stderr]    Compiling frunk_proc_macro_helpers v0.1.4
[INFO] [stderr]    Compiling cranelift-codegen v0.129.1
[INFO] [stderr]    Compiling zerocopy-derive v0.8.39
[INFO] [stderr]    Compiling serde_derive v1.0.228
[INFO] [stderr]    Compiling frunk_derives v0.4.4
[INFO] [stderr]    Compiling frunk_proc_macros v0.1.4
[INFO] [stderr]    Compiling thiserror-impl v1.0.69
[INFO] [stderr]    Compiling frunk v0.4.4
[INFO] [stderr]    Compiling thiserror v1.0.69
[INFO] [stderr]    Compiling half v2.7.1
[INFO] [stderr]    Compiling ciborium-ll v0.2.2
[INFO] [stderr]    Compiling ciborium v0.2.2
[INFO] [stderr]    Compiling tidepool-repr v0.1.0
[INFO] [stderr]    Compiling tidepool-eval v0.1.0
[INFO] [stderr]    Compiling tidepool-bridge v0.1.0
[INFO] [stderr]    Compiling tidepool-heap v0.1.0
[INFO] [stderr]    Compiling tidepool-effect v0.1.0
[INFO] [stderr]    Compiling cranelift-native v0.129.1
[INFO] [stderr]    Compiling cranelift-module v0.129.1
[INFO] [stderr]    Compiling cranelift-frontend v0.129.1
[INFO] [stderr]    Compiling cranelift-jit v0.129.1
[INFO] [stderr]     Finished `dev` profile [unoptimized + debuginfo] target(s) in 1m 03s
[INFO] running `Command { std: "docker" "inspect" "22c796208c47da5c726158e07818b76bcda1e92fc28a915e9d1311ebb092d6fe", kill_on_drop: false }`
[INFO] running `Command { std: "docker" "exec" "-e" "SOURCE_DIR=/opt/rustwide/workdir" "-e" "CARGO_HOME=/opt/rustwide/cargo-home" "-e" "RUSTUP_HOME=/opt/rustwide/rustup-home" "-e" "CARGO_TARGET_DIR=/opt/rustwide/target" "-e" "CARGO_INCREMENTAL=0" "-e" "RUST_BACKTRACE=full" "-e" "RUSTFLAGS=--cap-lints=warn" "-e" "RUSTDOCFLAGS=--cap-lints=warn" "-w" "/opt/rustwide/workdir" "--user" "0:0" "22c796208c47da5c726158e07818b76bcda1e92fc28a915e9d1311ebb092d6fe" "/opt/rustwide/cargo-home/bin/cargo" "+1.99.0-beta.8" "test" "--frozen" "--no-run" "--message-format=json", kill_on_drop: false }`
[INFO] [stderr]    Compiling getrandom v0.4.1
[INFO] [stderr]    Compiling gimli v0.33.0
[INFO] [stderr]    Compiling getrandom v0.3.4
[INFO] [stderr]    Compiling rustix v1.1.3
[INFO] [stderr]    Compiling once_cell v1.21.3
[INFO] [stderr]    Compiling ppv-lite86 v0.2.21
[INFO] [stderr]    Compiling wait-timeout v0.2.1
[INFO] [stderr]    Compiling regex-syntax v0.8.9
[INFO] [stderr]    Compiling rand_core v0.9.5
[INFO] [stderr]    Compiling rand_xorshift v0.4.0
[INFO] [stderr]    Compiling rand v0.9.2
[INFO] [stderr]    Compiling rand_chacha v0.9.0
[INFO] [stderr]    Compiling tempfile v3.25.0
[INFO] [stderr]    Compiling rusty-fork v0.3.1
[INFO] [stderr]    Compiling proptest v1.10.0
[INFO] [stderr]    Compiling cranelift-codegen v0.129.1
[INFO] [stderr]    Compiling cranelift-native v0.129.1
[INFO] [stderr]    Compiling cranelift-module v0.129.1
[INFO] [stderr]    Compiling cranelift-frontend v0.129.1
[INFO] [stderr]    Compiling cranelift-jit v0.129.1
[INFO] [stderr]    Compiling tidepool-codegen v0.1.0 (/opt/rustwide/workdir)
[INFO] [stdout] error[E0433]: cannot find module or crate `tidepool_testing` in this scope
[INFO] [stdout]   --> tests/proptest_compile.rs:11:5
[INFO] [stdout]    |
[INFO] [stdout] 11 | use tidepool_testing::gen::arb_core_expr;
[INFO] [stdout]    |     ^^^^^^^^^^^^^^^^ use of unresolved module or unlinked crate `tidepool_testing`
[INFO] [stdout]    |
[INFO] [stdout]    = help: if you wanted to use a crate named `tidepool_testing`, use `cargo add tidepool_testing` to add it to your `Cargo.toml`
[INFO] [stdout] 
[INFO] [stdout] 
[INFO] [stdout] error: couldn't read `tests/../../haskell/test/suite_cbor/meta.cbor`: No such file or directory (os error 2)
[INFO] [stdout]   --> tests/haskell_suite_differential.rs:16:22
[INFO] [stdout]    |
[INFO] [stdout] 16 | static META: &[u8] = include_bytes!("../../haskell/test/suite_cbor/meta.cbor");
[INFO] [stdout]    |                      ^^^^^^^^^^^^^^^^^^^^^^^^^^^^^^^^^^^^^^^^^^^^^^^^^^^^^^^^^
[INFO] [stdout] 
[INFO] [stdout] 
[INFO] [stdout] error[E0433]: cannot find module or crate `tidepool_testing` in this scope
[INFO] [stdout]   --> tests/proptest_differential.rs:15:5
[INFO] [stdout]    |
[INFO] [stdout] 15 | use tidepool_testing::gen::arb_ground_expr;
[INFO] [stdout]    |     ^^^^^^^^^^^^^^^^ use of unresolved module or unlinked crate `tidepool_testing`
[INFO] [stdout]    |
[INFO] [stdout]    = help: if you wanted to use a crate named `tidepool_testing`, use `cargo add tidepool_testing` to add it to your `Cargo.toml`
[INFO] [stdout] 
[INFO] [stdout] 
[INFO] [stdout] error[E0432]: unresolved import `tidepool_testing`
[INFO] [stdout]   --> tests/proptest_differential.rs:14:5
[INFO] [stdout]    |
[INFO] [stdout] 14 | use tidepool_testing::compare;
[INFO] [stdout]    |     ^^^^^^^^^^^^^^^^ use of unresolved module or unlinked crate `tidepool_testing`
[INFO] [stdout]    |
[INFO] [stdout]    = help: if you wanted to use a crate named `tidepool_testing`, use `cargo add tidepool_testing` to add it to your `Cargo.toml`
[INFO] [stdout] 
[INFO] [stdout] 
[INFO] [stdout] error[E0432]: unresolved import `tidepool_testing`
[INFO] [stdout]   --> tests/haskell_suite_differential.rs:14:5
[INFO] [stdout]    |
[INFO] [stdout] 14 | use tidepool_testing::compare;
[INFO] [stdout]    |     ^^^^^^^^^^^^^^^^ use of unresolved module or unlinked crate `tidepool_testing`
[INFO] [stdout]    |
[INFO] [stdout]    = help: if you wanted to use a crate named `tidepool_testing`, use `cargo add tidepool_testing` to add it to your `Cargo.toml`
[INFO] [stdout] 
[INFO] [stdout] 
[INFO] [stdout] For more information about this error, try `rustc --explain E0433`.
[INFO] [stdout] 
[INFO] [stderr] error: could not compile `tidepool-codegen` (test "proptest_compile") due to 1 previous error
[INFO] [stderr] warning: build failed, waiting for other jobs to finish...
[INFO] [stdout] Some errors have detailed explanations: E0432, E0433.
[INFO] [stdout] 
[INFO] [stdout] For more information about an error, try `rustc --explain E0432`.
[INFO] [stdout] 
[INFO] [stderr] error: could not compile `tidepool-codegen` (test "proptest_differential") due to 2 previous errors
[INFO] [stdout] For more information about this error, try `rustc --explain E0432`.
[INFO] [stdout] 
[INFO] [stderr] error: could not compile `tidepool-codegen` (test "haskell_suite_differential") due to 2 previous errors
[INFO] [stderr] error: could not compile `tidepool-codegen` (lib test)
[INFO] [stderr] 
[INFO] [stderr] Caused by:
[INFO] [stderr]   process didn't exit successfully: `/opt/rustwide/rustup-home/toolchains/1.99.0-beta.8-x86_64-unknown-linux-gnu/bin/rustc --crate-name tidepool_codegen --edition=2021 src/lib.rs --error-format=json --json=diagnostic-rendered-ansi,artifacts,future-incompat --emit=dep-info,link -C embed-bitcode=no -C debuginfo=2 --test --check-cfg 'cfg(docsrs,test)' --check-cfg 'cfg(feature, values())' -C metadata=0076bee558a34513 -C extra-filename=-f6e985778bed35b3 --out-dir /opt/rustwide/target/debug/deps -L dependency=/opt/rustwide/target/debug/deps --extern cranelift_codegen=/opt/rustwide/target/debug/deps/libcranelift_codegen-50dd1ff35b81de42.rlib --extern cranelift_frontend=/opt/rustwide/target/debug/deps/libcranelift_frontend-dc9a0881b851cb06.rlib --extern cranelift_jit=/opt/rustwide/target/debug/deps/libcranelift_jit-81842d269f8fe266.rlib --extern cranelift_module=/opt/rustwide/target/debug/deps/libcranelift_module-16fd8368fb4e45d2.rlib --extern cranelift_native=/opt/rustwide/target/debug/deps/libcranelift_native-5e49ecb67ac27719.rlib --extern libc=/opt/rustwide/target/debug/deps/liblibc-4fc9a7ee991d175f.rlib --extern proptest=/opt/rustwide/target/debug/deps/libproptest-88fd3789379f2133.rlib --extern recursion=/opt/rustwide/target/debug/deps/librecursion-9508b68b21f05887.rlib --extern target_lexicon=/opt/rustwide/target/debug/deps/libtarget_lexicon-ba407160cfb806dc.rlib --extern tidepool_effect=/opt/rustwide/target/debug/deps/libtidepool_effect-f22357b1c479923c.rlib --extern tidepool_eval=/opt/rustwide/target/debug/deps/libtidepool_eval-267df47c51fb5409.rlib --extern tidepool_heap=/opt/rustwide/target/debug/deps/libtidepool_heap-a631e889a5784aed.rlib --extern tidepool_repr=/opt/rustwide/target/debug/deps/libtidepool_repr-917dab95f63c7410.rlib --cap-lints=warn -L native=/opt/rustwide/target/debug/build/tidepool-codegen-fdd8e75389379f7f/out -l static=sigsetjmp_wrapper` (signal: 9, SIGKILL: kill)
[INFO] running `Command { std: "docker" "inspect" "22c796208c47da5c726158e07818b76bcda1e92fc28a915e9d1311ebb092d6fe", kill_on_drop: false }`
[INFO] running `Command { std: "docker" "rm" "-f" "22c796208c47da5c726158e07818b76bcda1e92fc28a915e9d1311ebb092d6fe", kill_on_drop: false }`
[INFO] [stdout] 22c796208c47da5c726158e07818b76bcda1e92fc28a915e9d1311ebb092d6fe
