[INFO] fetching crate termhog-avt 0.18.0...
[INFO] testing termhog-avt-0.18.0 against 1.99.0-beta.8 for beta-1.100-2
[INFO] extracting crate termhog-avt 0.18.0 into /workspace/builds/worker-0-tc1/source
[INFO] started tweaking crates.io crate termhog-avt 0.18.0
[INFO] removed 0 missing examples
[INFO] removed 0 missing tests
[INFO] finished tweaking crates.io crate termhog-avt 0.18.0
[INFO] tweaked toml for crates.io crate termhog-avt 0.18.0 written to /workspace/builds/worker-0-tc1/source/Cargo.toml
[INFO] validating manifest of crates.io crate termhog-avt 0.18.0 on toolchain 1.99.0-beta.8
[INFO] running `Command { std: CARGO_HOME="/workspace/cargo-home" RUSTUP_HOME="/workspace/rustup-home" "/workspace/cargo-home/bin/cargo" "+1.99.0-beta.8" "metadata" "--manifest-path" "Cargo.toml" "--no-deps", kill_on_drop: false }`
[INFO] crate crates.io crate termhog-avt 0.18.0 already has a lockfile, it will not be regenerated
[INFO] running `Command { std: CARGO_HOME="/workspace/cargo-home" RUSTUP_HOME="/workspace/rustup-home" "/workspace/cargo-home/bin/cargo" "+1.99.0-beta.8" "fetch" "--manifest-path" "Cargo.toml", kill_on_drop: false }`
[INFO] [stderr]     Blocking waiting for file lock on package cache
[INFO] [stderr]  Downloading crates ...
[INFO] [stderr]   Downloaded criterion-plot v0.4.5
[INFO] [stderr]   Downloaded serde_cbor v0.11.2
[INFO] [stderr]   Downloaded criterion v0.3.6
[INFO] [stderr]   Downloaded zerocopy v0.8.58
[INFO] [stderr]   Downloaded zerocopy-derive v0.8.58
[INFO] running `Command { std: "docker" "create" "-v" "/var/lib/crater-agent-workspace/builds/worker-0-tc1/source:/opt/rustwide/workdir:ro,Z" "-v" "/var/lib/crater-agent-workspace/builds/worker-0-tc1/target:/opt/rustwide/target:rw,Z" "-v" "/var/lib/crater-agent-workspace/cargo-home:/opt/rustwide/cargo-home:ro,Z" "-v" "/var/lib/crater-agent-workspace/rustup-home:/opt/rustwide/rustup-home:ro,Z" "-m" "1610612736" "--network" "none" "ghcr.io/rust-lang/crates-build-env/linux@sha256:3111399a4047eeb3a02b7a90e478d715f38a8c6669b5c4b49d30a17385265909" "sleep" "infinity", kill_on_drop: false }`
[INFO] [stdout] 6c16fea39856ae58af5883c33f0ebb298e88026c4a271e5ca89b1696f0e24dc8
[INFO] running `Command { std: "docker" "start" "6c16fea39856ae58af5883c33f0ebb298e88026c4a271e5ca89b1696f0e24dc8", kill_on_drop: false }`
[INFO] running `Command { std: "docker" "inspect" "6c16fea39856ae58af5883c33f0ebb298e88026c4a271e5ca89b1696f0e24dc8", kill_on_drop: false }`
[INFO] running `Command { std: "docker" "exec" "-e" "SOURCE_DIR=/opt/rustwide/workdir" "-e" "CARGO_HOME=/opt/rustwide/cargo-home" "-e" "RUSTUP_HOME=/opt/rustwide/rustup-home" "-e" "CARGO_TARGET_DIR=/opt/rustwide/target" "-w" "/opt/rustwide/workdir" "--user" "0:0" "6c16fea39856ae58af5883c33f0ebb298e88026c4a271e5ca89b1696f0e24dc8" "/opt/rustwide/cargo-home/bin/cargo" "+1.99.0-beta.8" "metadata" "--no-deps" "--format-version=1", kill_on_drop: false }`
[INFO] running `Command { std: "docker" "inspect" "6c16fea39856ae58af5883c33f0ebb298e88026c4a271e5ca89b1696f0e24dc8", kill_on_drop: false }`
[INFO] running `Command { std: "docker" "exec" "-e" "SOURCE_DIR=/opt/rustwide/workdir" "-e" "CARGO_HOME=/opt/rustwide/cargo-home" "-e" "RUSTUP_HOME=/opt/rustwide/rustup-home" "-e" "CARGO_TARGET_DIR=/opt/rustwide/target" "-e" "CARGO_INCREMENTAL=0" "-e" "RUST_BACKTRACE=full" "-e" "RUSTFLAGS=--cap-lints=warn" "-e" "RUSTDOCFLAGS=--cap-lints=warn" "-w" "/opt/rustwide/workdir" "--user" "0:0" "6c16fea39856ae58af5883c33f0ebb298e88026c4a271e5ca89b1696f0e24dc8" "/opt/rustwide/cargo-home/bin/cargo" "+1.99.0-beta.8" "build" "--frozen" "--message-format=json", kill_on_drop: false }`
[INFO] [stderr]    Compiling bytemuck v1.25.2
[INFO] [stderr]    Compiling rgb v0.8.53
[INFO] [stderr]    Compiling termhog-avt v0.18.0 (/opt/rustwide/workdir)
[INFO] [stderr]     Finished `dev` profile [unoptimized + debuginfo] target(s) in 1.77s
[INFO] running `Command { std: "docker" "inspect" "6c16fea39856ae58af5883c33f0ebb298e88026c4a271e5ca89b1696f0e24dc8", kill_on_drop: false }`
[INFO] running `Command { std: "docker" "exec" "-e" "SOURCE_DIR=/opt/rustwide/workdir" "-e" "CARGO_HOME=/opt/rustwide/cargo-home" "-e" "RUSTUP_HOME=/opt/rustwide/rustup-home" "-e" "CARGO_TARGET_DIR=/opt/rustwide/target" "-e" "CARGO_INCREMENTAL=0" "-e" "RUST_BACKTRACE=full" "-e" "RUSTFLAGS=--cap-lints=warn" "-e" "RUSTDOCFLAGS=--cap-lints=warn" "-w" "/opt/rustwide/workdir" "--user" "0:0" "6c16fea39856ae58af5883c33f0ebb298e88026c4a271e5ca89b1696f0e24dc8" "/opt/rustwide/cargo-home/bin/cargo" "+1.99.0-beta.8" "test" "--frozen" "--no-run" "--message-format=json", kill_on_drop: false }`
[INFO] [stderr]    Compiling zerocopy v0.8.58
[INFO] [stderr]    Compiling proc-macro2 v1.0.107
[INFO] [stderr]    Compiling getrandom v0.3.4
[INFO] [stderr]    Compiling num-traits v0.2.19
[INFO] [stderr]    Compiling serde v1.0.229
[INFO] [stderr]    Compiling rustix v1.1.5
[INFO] [stderr]    Compiling quote v1.0.47
[INFO] [stderr]    Compiling either v1.18.0
[INFO] [stderr]    Compiling serde_json v1.0.151
[INFO] [stderr]    Compiling bitflags v2.13.2
[INFO] [stderr]    Compiling rand_core v0.9.5
[INFO] [stderr]    Compiling getrandom v0.1.16
[INFO] [stderr]    Compiling plotters-backend v0.3.7
[INFO] [stderr]    Compiling fastrand v2.5.0
[INFO] [stderr]    Compiling rand_core v0.5.1
[INFO] [stderr]    Compiling plotters-svg v0.3.7
[INFO] [stderr]    Compiling regex-automata v0.4.18
[INFO] [stderr]    Compiling itertools v0.10.5
[INFO] [stderr]    Compiling syn v3.0.6
[INFO] [stderr]    Compiling csv-core v0.1.13
[INFO] [stderr]    Compiling wait-timeout v0.2.1
[INFO] [stderr]    Compiling cast v0.3.0
[INFO] [stderr]    Compiling clap v2.34.0
[INFO] [stderr]    Compiling csv v1.4.0
[INFO] [stderr]    Compiling tinytemplate v1.2.1
[INFO] [stderr]    Compiling criterion-plot v0.4.5
[INFO] [stderr]    Compiling serde_cbor v0.11.2
[INFO] [stderr]    Compiling tempfile v3.24.0
[INFO] [stderr]    Compiling regex v1.13.1
[INFO] [stderr]    Compiling plotters v0.3.7
[INFO] [stderr]    Compiling rusty-fork v0.3.1
[INFO] [stderr]    Compiling rayon v1.12.0
[INFO] [stderr]    Compiling rand v0.9.5
[INFO] [stderr]    Compiling rand_xorshift v0.4.0
[INFO] [stderr]    Compiling atty v0.2.14
[INFO] [stderr]    Compiling oorandom v11.1.5
[INFO] [stderr]    Compiling serde_derive v1.0.229
[INFO] [stderr]    Compiling ppv-lite86 v0.2.21
[INFO] [stderr]    Compiling rand_chacha v0.9.0
[INFO] [stderr]    Compiling rand_chacha v0.2.2
[INFO] [stderr]    Compiling rand v0.7.3
[INFO] [stderr]    Compiling criterion v0.3.6
[INFO] [stderr]    Compiling proptest v1.9.0
[INFO] [stderr]    Compiling termhog-avt v0.18.0 (/opt/rustwide/workdir)
[INFO] [stdout] error[E0433]: cannot find module or crate `avt` in this scope
[INFO] [stdout]  --> examples/text.rs:1:5
[INFO] [stdout]   |
[INFO] [stdout] 1 | use avt::util::TextCollector;
[INFO] [stdout]   |     ^^^ use of unresolved module or unlinked crate `avt`
[INFO] [stdout]   |
[INFO] [stdout]   = help: if you wanted to use a crate named `avt`, use `cargo add avt` to add it to your `Cargo.toml`
[INFO] [stdout] 
[INFO] [stdout] 
[INFO] [stdout] error[E0432]: unresolved import `avt`
[INFO] [stdout]  --> tests/integration_test.rs:1:5
[INFO] [stdout]   |
[INFO] [stdout] 1 | use avt::Vt;
[INFO] [stdout]   |     ^^^ use of unresolved module or unlinked crate `avt`
[INFO] [stdout]   |
[INFO] [stdout]   = help: if you wanted to use a crate named `avt`, use `cargo add avt` to add it to your `Cargo.toml`
[INFO] [stdout] 
[INFO] [stdout] 
[INFO] [stdout] error[E0432]: unresolved import `avt`
[INFO] [stdout]  --> examples/text.rs:2:5
[INFO] [stdout]   |
[INFO] [stdout] 2 | use avt::Vt;
[INFO] [stdout]   |     ^^^ use of unresolved module or unlinked crate `avt`
[INFO] [stdout]   |
[INFO] [stdout]   = help: if you wanted to use a crate named `avt`, use `cargo add avt` to add it to your `Cargo.toml`
[INFO] [stdout] 
[INFO] [stdout] 
[INFO] [stdout] For more information about this error, try `rustc --explain E0432`.
[INFO] [stdout] 
[INFO] [stderr] error: could not compile `termhog-avt` (test "integration_test") due to 1 previous error
[INFO] [stderr] warning: build failed, waiting for other jobs to finish...
[INFO] [stdout] Some errors have detailed explanations: E0432, E0433.
[INFO] [stdout] 
[INFO] [stdout] For more information about an error, try `rustc --explain E0432`.
[INFO] [stdout] 
[INFO] [stderr] error: could not compile `termhog-avt` (example "text") due to 2 previous errors
[INFO] running `Command { std: "docker" "inspect" "6c16fea39856ae58af5883c33f0ebb298e88026c4a271e5ca89b1696f0e24dc8", kill_on_drop: false }`
[INFO] running `Command { std: "docker" "rm" "-f" "6c16fea39856ae58af5883c33f0ebb298e88026c4a271e5ca89b1696f0e24dc8", kill_on_drop: false }`
[INFO] [stdout] 6c16fea39856ae58af5883c33f0ebb298e88026c4a271e5ca89b1696f0e24dc8
