[INFO] fetching crate tenferro-runtime 0.7.1...
[INFO] testing tenferro-runtime-0.7.1 against 1.99.0-beta.8 for beta-1.100-2
[INFO] extracting crate tenferro-runtime 0.7.1 into /workspace/builds/worker-1-tc1/source
[INFO] started tweaking crates.io crate tenferro-runtime 0.7.1
[INFO] removed 0 missing examples
[INFO] removed 0 missing tests
[INFO] finished tweaking crates.io crate tenferro-runtime 0.7.1
[INFO] tweaked toml for crates.io crate tenferro-runtime 0.7.1 written to /workspace/builds/worker-1-tc1/source/Cargo.toml
[INFO] validating manifest of crates.io crate tenferro-runtime 0.7.1 on toolchain 1.99.0-beta.8
[INFO] running `Command { std: CARGO_HOME="/workspace/cargo-home" RUSTUP_HOME="/workspace/rustup-home" "/workspace/cargo-home/bin/cargo" "+1.99.0-beta.8" "metadata" "--manifest-path" "Cargo.toml" "--no-deps", kill_on_drop: false }`
[INFO] crate crates.io crate tenferro-runtime 0.7.1 already has a lockfile, it will not be regenerated
[INFO] running `Command { std: CARGO_HOME="/workspace/cargo-home" RUSTUP_HOME="/workspace/rustup-home" "/workspace/cargo-home/bin/cargo" "+1.99.0-beta.8" "fetch" "--manifest-path" "Cargo.toml", kill_on_drop: false }`
[INFO] [stderr]     Updating crates.io index
[INFO] [stderr]  Downloading crates ...
[INFO] [stderr]   Downloaded tenferro-core-ops v0.7.1
[INFO] [stderr]   Downloaded tenferro-internal-extension-macros v0.7.1
[INFO] [stderr]   Downloaded tenferro-tensor-core v0.7.1
[INFO] [stderr]   Downloaded computegraph v0.1.0
[INFO] [stderr]   Downloaded tenferro-internal-ops v0.7.1
[INFO] [stderr]   Downloaded zerocopy-derive v0.8.57
[INFO] [stderr]   Downloaded tenferro-tensor v0.7.1
[INFO] [stderr]   Downloaded zerocopy v0.8.57
[INFO] running `Command { std: "docker" "create" "-v" "/var/lib/crater-agent-workspace/builds/worker-1-tc1/source:/opt/rustwide/workdir:ro,Z" "-v" "/var/lib/crater-agent-workspace/builds/worker-1-tc1/target:/opt/rustwide/target:rw,Z" "-v" "/var/lib/crater-agent-workspace/cargo-home:/opt/rustwide/cargo-home:ro,Z" "-v" "/var/lib/crater-agent-workspace/rustup-home:/opt/rustwide/rustup-home:ro,Z" "-m" "1610612736" "--network" "none" "ghcr.io/rust-lang/crates-build-env/linux@sha256:3111399a4047eeb3a02b7a90e478d715f38a8c6669b5c4b49d30a17385265909" "sleep" "infinity", kill_on_drop: false }`
[INFO] [stdout] e73703d2f3a31573a3c5085fd18830a0025fa11c5a7bc6be4683019e4ae0b5a1
[INFO] running `Command { std: "docker" "start" "e73703d2f3a31573a3c5085fd18830a0025fa11c5a7bc6be4683019e4ae0b5a1", kill_on_drop: false }`
[INFO] running `Command { std: "docker" "inspect" "e73703d2f3a31573a3c5085fd18830a0025fa11c5a7bc6be4683019e4ae0b5a1", kill_on_drop: false }`
[INFO] running `Command { std: "docker" "exec" "-e" "SOURCE_DIR=/opt/rustwide/workdir" "-e" "CARGO_HOME=/opt/rustwide/cargo-home" "-e" "RUSTUP_HOME=/opt/rustwide/rustup-home" "-e" "CARGO_TARGET_DIR=/opt/rustwide/target" "-w" "/opt/rustwide/workdir" "--user" "0:0" "e73703d2f3a31573a3c5085fd18830a0025fa11c5a7bc6be4683019e4ae0b5a1" "/opt/rustwide/cargo-home/bin/cargo" "+1.99.0-beta.8" "metadata" "--no-deps" "--format-version=1", kill_on_drop: false }`
[INFO] running `Command { std: "docker" "inspect" "e73703d2f3a31573a3c5085fd18830a0025fa11c5a7bc6be4683019e4ae0b5a1", kill_on_drop: false }`
[INFO] running `Command { std: "docker" "exec" "-e" "SOURCE_DIR=/opt/rustwide/workdir" "-e" "CARGO_HOME=/opt/rustwide/cargo-home" "-e" "RUSTUP_HOME=/opt/rustwide/rustup-home" "-e" "CARGO_TARGET_DIR=/opt/rustwide/target" "-e" "CARGO_INCREMENTAL=0" "-e" "RUST_BACKTRACE=full" "-e" "RUSTFLAGS=--cap-lints=warn" "-e" "RUSTDOCFLAGS=--cap-lints=warn" "-w" "/opt/rustwide/workdir" "--user" "0:0" "e73703d2f3a31573a3c5085fd18830a0025fa11c5a7bc6be4683019e4ae0b5a1" "/opt/rustwide/cargo-home/bin/cargo" "+1.99.0-beta.8" "build" "--frozen" "--message-format=json", kill_on_drop: false }`
[INFO] [stderr]    Compiling syn v3.0.6
[INFO] [stderr]    Compiling smallvec v1.16.1
[INFO] [stderr]    Compiling tenferro-core-ops v0.7.1
[INFO] [stderr]    Compiling computegraph v0.1.0
[INFO] [stderr]    Compiling tenferro-internal-extension-macros v0.7.1
[INFO] [stderr]    Compiling thiserror-impl v2.0.20
[INFO] [stderr]    Compiling thiserror v2.0.20
[INFO] [stderr]    Compiling tenferro-tensor-core v0.7.1
[INFO] [stderr]    Compiling tenferro-tensor v0.7.1
[INFO] [stderr]    Compiling tenferro-internal-ops v0.7.1
[INFO] [stderr]    Compiling tenferro-runtime v0.7.1 (/opt/rustwide/workdir)
[INFO] [stdout] warning: use of deprecated method `std::sync::atomic::Atomic::<u64>::fetch_update`: renamed to `try_update` for consistency
[INFO] [stdout]     --> src/runtime/snapshot.rs:2584:10
[INFO] [stdout]      |
[INFO] [stdout] 2584 |         .fetch_update(Ordering::SeqCst, Ordering::SeqCst, |next| {
[INFO] [stdout]      |          ^^^^^^^^^^^^
[INFO] [stdout]      |
[INFO] [stdout]      = note: `#[warn(deprecated)]` on by default
[INFO] [stdout] help: replace the use of the deprecated method
[INFO] [stdout]      |
[INFO] [stdout] 2584 -         .fetch_update(Ordering::SeqCst, Ordering::SeqCst, |next| {
[INFO] [stdout] 2584 +         .try_update(Ordering::SeqCst, Ordering::SeqCst, |next| {
[INFO] [stdout]      |
[INFO] [stdout] 
[INFO] [stdout] 
[INFO] [stderr]     Finished `dev` profile [unoptimized + debuginfo] target(s) in 23.09s
[INFO] running `Command { std: "docker" "inspect" "e73703d2f3a31573a3c5085fd18830a0025fa11c5a7bc6be4683019e4ae0b5a1", kill_on_drop: false }`
[INFO] running `Command { std: "docker" "exec" "-e" "SOURCE_DIR=/opt/rustwide/workdir" "-e" "CARGO_HOME=/opt/rustwide/cargo-home" "-e" "RUSTUP_HOME=/opt/rustwide/rustup-home" "-e" "CARGO_TARGET_DIR=/opt/rustwide/target" "-e" "CARGO_INCREMENTAL=0" "-e" "RUST_BACKTRACE=full" "-e" "RUSTFLAGS=--cap-lints=warn" "-e" "RUSTDOCFLAGS=--cap-lints=warn" "-w" "/opt/rustwide/workdir" "--user" "0:0" "e73703d2f3a31573a3c5085fd18830a0025fa11c5a7bc6be4683019e4ae0b5a1" "/opt/rustwide/cargo-home/bin/cargo" "+1.99.0-beta.8" "test" "--frozen" "--no-run" "--message-format=json", kill_on_drop: false }`
[INFO] [stderr]    Compiling zerocopy v0.8.57
[INFO] [stderr]    Compiling zerocopy-derive v0.8.57
[INFO] [stderr]    Compiling serde_derive v1.0.229
[INFO] [stderr]    Compiling itertools v0.10.5
[INFO] [stderr]    Compiling clap_builder v4.6.7
[INFO] [stderr]    Compiling tenferro-internal-extension-macros v0.7.1
[INFO] [stderr]    Compiling is-terminal v0.4.17
[INFO] [stderr]    Compiling plotters v0.3.7
[INFO] [stderr]    Compiling tenferro-internal-ops v0.7.1
[INFO] [stderr]    Compiling tenferro-runtime v0.7.1 (/opt/rustwide/workdir)
[INFO] [stderr]    Compiling criterion-plot v0.5.0
[INFO] [stderr]    Compiling clap v4.6.7
[INFO] [stderr]    Compiling serde v1.0.229
[INFO] [stdout] warning: use of deprecated method `std::sync::atomic::Atomic::<u64>::fetch_update`: renamed to `try_update` for consistency
[INFO] [stdout]     --> src/runtime/snapshot.rs:2584:10
[INFO] [stdout]      |
[INFO] [stdout] 2584 |         .fetch_update(Ordering::SeqCst, Ordering::SeqCst, |next| {
[INFO] [stdout]      |          ^^^^^^^^^^^^
[INFO] [stdout]      |
[INFO] [stdout]      = note: `#[warn(deprecated)]` on by default
[INFO] [stdout] help: replace the use of the deprecated method
[INFO] [stdout]      |
[INFO] [stdout] 2584 -         .fetch_update(Ordering::SeqCst, Ordering::SeqCst, |next| {
[INFO] [stdout] 2584 +         .try_update(Ordering::SeqCst, Ordering::SeqCst, |next| {
[INFO] [stdout]      |
[INFO] [stdout] 
[INFO] [stdout] 
[INFO] [stderr]    Compiling tinytemplate v1.2.1
[INFO] [stderr]    Compiling half v2.7.1
[INFO] [stderr]    Compiling ciborium-ll v0.2.2
[INFO] [stderr]    Compiling ciborium v0.2.2
[INFO] [stderr]    Compiling criterion v0.5.1
[INFO] [stdout] error[E0432]: unresolved import `tenferro_cpu`
[INFO] [stdout]   --> src/exec/tests.rs:30:5
[INFO] [stdout]    |
[INFO] [stdout] 30 | use tenferro_cpu::CpuBackend;
[INFO] [stdout]    |     ^^^^^^^^^^^^ use of unresolved module or unlinked crate `tenferro_cpu`
[INFO] [stdout]    |
[INFO] [stdout] help: there is a crate or module with a similar name
[INFO] [stdout]    |
[INFO] [stdout] 30 - use tenferro_cpu::CpuBackend;
[INFO] [stdout] 30 + use tenferro_ops::CpuBackend;
[INFO] [stdout]    |
[INFO] [stdout] 
[INFO] [stdout] 
[INFO] [stdout] error[E0432]: unresolved import `tenferro_cpu`
[INFO] [stdout]    --> src/extension_execution_context.rs:109:9
[INFO] [stdout]     |
[INFO] [stdout] 109 |     use tenferro_cpu::CpuBackend;
[INFO] [stdout]     |         ^^^^^^^^^^^^ use of unresolved module or unlinked crate `tenferro_cpu`
[INFO] [stdout]     |
[INFO] [stdout] help: there is a crate or module with a similar name
[INFO] [stdout]     |
[INFO] [stdout] 109 -     use tenferro_cpu::CpuBackend;
[INFO] [stdout] 109 +     use tenferro_ops::CpuBackend;
[INFO] [stdout]     |
[INFO] [stdout] 
[INFO] [stdout] 
[INFO] [stdout] error[E0432]: unresolved import `tenferro_cpu`
[INFO] [stdout]     --> src/runtime/execution.rs:3196:9
[INFO] [stdout]      |
[INFO] [stdout] 3196 |     use tenferro_cpu::CpuBackend;
[INFO] [stdout]      |         ^^^^^^^^^^^^ use of unresolved module or unlinked crate `tenferro_cpu`
[INFO] [stdout]      |
[INFO] [stdout] help: there is a crate or module with a similar name
[INFO] [stdout]      |
[INFO] [stdout] 3196 -     use tenferro_cpu::CpuBackend;
[INFO] [stdout] 3196 +     use tenferro_ops::CpuBackend;
[INFO] [stdout]      |
[INFO] [stdout] 
[INFO] [stdout] 
[INFO] [stdout] error[E0432]: unresolved import `tenferro_cpu`
[INFO] [stdout]  --> src/runtime/tests/cache.rs:8:5
[INFO] [stdout]   |
[INFO] [stdout] 8 | use tenferro_cpu::CpuBackend;
[INFO] [stdout]   |     ^^^^^^^^^^^^ use of unresolved module or unlinked crate `tenferro_cpu`
[INFO] [stdout]   |
[INFO] [stdout] help: there is a crate or module with a similar name
[INFO] [stdout]   |
[INFO] [stdout] 8 - use tenferro_cpu::CpuBackend;
[INFO] [stdout] 8 + use tenferro_ops::CpuBackend;
[INFO] [stdout]   |
[INFO] [stdout] 
[INFO] [stdout] 
[INFO] [stdout] error[E0432]: unresolved import `tenferro_cpu`
[INFO] [stdout]  --> src/runtime/tests/preparation.rs:7:5
[INFO] [stdout]   |
[INFO] [stdout] 7 | use tenferro_cpu::CpuBackend;
[INFO] [stdout]   |     ^^^^^^^^^^^^ use of unresolved module or unlinked crate `tenferro_cpu`
[INFO] [stdout]   |
[INFO] [stdout] help: there is a crate or module with a similar name
[INFO] [stdout]   |
[INFO] [stdout] 7 - use tenferro_cpu::CpuBackend;
[INFO] [stdout] 7 + use tenferro_ops::CpuBackend;
[INFO] [stdout]   |
[INFO] [stdout] 
[INFO] [stdout] 
[INFO] [stdout] error[E0432]: unresolved import `tenferro_cpu`
[INFO] [stdout]  --> src/segment/tests.rs:3:5
[INFO] [stdout]   |
[INFO] [stdout] 3 | use tenferro_cpu::CpuBackend;
[INFO] [stdout]   |     ^^^^^^^^^^^^ use of unresolved module or unlinked crate `tenferro_cpu`
[INFO] [stdout]   |
[INFO] [stdout] help: there is a crate or module with a similar name
[INFO] [stdout]   |
[INFO] [stdout] 3 - use tenferro_cpu::CpuBackend;
[INFO] [stdout] 3 + use tenferro_ops::CpuBackend;
[INFO] [stdout]   |
[INFO] [stdout] 
[INFO] [stdout] 
[INFO] [stdout] error[E0432]: unresolved import `tenferro_cpu`
[INFO] [stdout]  --> src/traced/tests.rs:8:5
[INFO] [stdout]   |
[INFO] [stdout] 8 | use tenferro_cpu::CpuBackend;
[INFO] [stdout]   |     ^^^^^^^^^^^^ use of unresolved module or unlinked crate `tenferro_cpu`
[INFO] [stdout]   |
[INFO] [stdout] help: there is a crate or module with a similar name
[INFO] [stdout]   |
[INFO] [stdout] 8 - use tenferro_cpu::CpuBackend;
[INFO] [stdout] 8 + use tenferro_ops::CpuBackend;
[INFO] [stdout]   |
[INFO] [stdout] 
[INFO] [stdout] 
[INFO] [stdout] error[E0432]: unresolved import `tenferro_cpu`
[INFO] [stdout]     --> src/compiler/tests.rs:1136:9
[INFO] [stdout]      |
[INFO] [stdout] 1136 |     use tenferro_cpu::CpuBackend;
[INFO] [stdout]      |         ^^^^^^^^^^^^ use of unresolved module or unlinked crate `tenferro_cpu`
[INFO] [stdout]      |
[INFO] [stdout] help: there is a crate or module with a similar name
[INFO] [stdout]      |
[INFO] [stdout] 1136 -     use tenferro_cpu::CpuBackend;
[INFO] [stdout] 1136 +     use tenferro_ops::CpuBackend;
[INFO] [stdout]      |
[INFO] [stdout] 
[INFO] [stdout] 
[INFO] [stdout] error[E0433]: cannot find module or crate `tenferro_cpu` in this scope
[INFO] [stdout]    --> src/runtime/snapshot.rs:354:13
[INFO] [stdout]     |
[INFO] [stdout] 354 |             tenferro_cpu::CpuBackend::new(),
[INFO] [stdout]     |             ^^^^^^^^^^^^ use of unresolved module or unlinked crate `tenferro_cpu`
[INFO] [stdout]     |
[INFO] [stdout] help: there is a crate or module with a similar name
[INFO] [stdout]     |
[INFO] [stdout] 354 -             tenferro_cpu::CpuBackend::new(),
[INFO] [stdout] 354 +             tenferro_ops::CpuBackend::new(),
[INFO] [stdout]     |
[INFO] [stdout] 
[INFO] [stdout] 
[INFO] [stdout] error[E0433]: cannot find module or crate `tenferro_cpu` in this scope
[INFO] [stdout]   --> src/runtime/tests/architectural_remediation.rs:93:17
[INFO] [stdout]    |
[INFO] [stdout] 93 |                 tenferro_cpu::CpuBackend::new(),
[INFO] [stdout]    |                 ^^^^^^^^^^^^ use of unresolved module or unlinked crate `tenferro_cpu`
[INFO] [stdout]    |
[INFO] [stdout] help: there is a crate or module with a similar name
[INFO] [stdout]    |
[INFO] [stdout] 93 -                 tenferro_cpu::CpuBackend::new(),
[INFO] [stdout] 93 +                 tenferro_ops::CpuBackend::new(),
[INFO] [stdout]    |
[INFO] [stdout] 
[INFO] [stdout] 
[INFO] [stdout] error[E0433]: cannot find module or crate `tenferro_cpu` in this scope
[INFO] [stdout]    --> src/runtime/tests/architectural_remediation.rs:126:13
[INFO] [stdout]     |
[INFO] [stdout] 126 |             tenferro_cpu::CpuBackend::new(),
[INFO] [stdout]     |             ^^^^^^^^^^^^ use of unresolved module or unlinked crate `tenferro_cpu`
[INFO] [stdout]     |
[INFO] [stdout] help: there is a crate or module with a similar name
[INFO] [stdout]     |
[INFO] [stdout] 126 -             tenferro_cpu::CpuBackend::new(),
[INFO] [stdout] 126 +             tenferro_ops::CpuBackend::new(),
[INFO] [stdout]     |
[INFO] [stdout] 
[INFO] [stdout] 
[INFO] [stdout] error[E0433]: cannot find module or crate `tenferro_cpu` in this scope
[INFO] [stdout]    --> src/runtime/tests/snapshot.rs:105:9
[INFO] [stdout]     |
[INFO] [stdout] 105 |         tenferro_cpu::CpuBackend::new(),
[INFO] [stdout]     |         ^^^^^^^^^^^^ use of unresolved module or unlinked crate `tenferro_cpu`
[INFO] [stdout]     |
[INFO] [stdout] help: there is a crate or module with a similar name
[INFO] [stdout]     |
[INFO] [stdout] 105 -         tenferro_cpu::CpuBackend::new(),
[INFO] [stdout] 105 +         tenferro_ops::CpuBackend::new(),
[INFO] [stdout]     |
[INFO] [stdout] 
[INFO] [stdout] 
[INFO] [stdout] error[E0432]: unresolved import `tenferro_cpu`
[INFO] [stdout]  --> examples/direct_tensor_execution.rs:1:5
[INFO] [stdout]   |
[INFO] [stdout] 1 | use tenferro_cpu::CpuBackend;
[INFO] [stdout]   |     ^^^^^^^^^^^^ use of unresolved module or unlinked crate `tenferro_cpu`
[INFO] [stdout]   |
[INFO] [stdout] help: there is a crate or module with a similar name
[INFO] [stdout]   |
[INFO] [stdout] 1 - use tenferro_cpu::CpuBackend;
[INFO] [stdout] 1 + use tenferro_ops::CpuBackend;
[INFO] [stdout]   |
[INFO] [stdout] 
[INFO] [stdout] 
[INFO] [stdout] error[E0432]: unresolved import `tenferro_cpu`
[INFO] [stdout]  --> examples/traced_graph_execution.rs:1:5
[INFO] [stdout]   |
[INFO] [stdout] 1 | use tenferro_cpu::CpuBackend;
[INFO] [stdout]   |     ^^^^^^^^^^^^ use of unresolved module or unlinked crate `tenferro_cpu`
[INFO] [stdout]   |
[INFO] [stdout] help: there is a crate or module with a similar name
[INFO] [stdout]   |
[INFO] [stdout] 1 - use tenferro_cpu::CpuBackend;
[INFO] [stdout] 1 + use tenferro_ops::CpuBackend;
[INFO] [stdout]   |
[INFO] [stdout] 
[INFO] [stdout] 
[INFO] [stdout] error[E0432]: unresolved import `tenferro_cpu`
[INFO] [stdout]  --> examples/cpu_quickstart.rs:1:5
[INFO] [stdout]   |
[INFO] [stdout] 1 | use tenferro_cpu::CpuBackend;
[INFO] [stdout]   |     ^^^^^^^^^^^^ use of unresolved module or unlinked crate `tenferro_cpu`
[INFO] [stdout]   |
[INFO] [stdout] help: there is a crate or module with a similar name
[INFO] [stdout]   |
[INFO] [stdout] 1 - use tenferro_cpu::CpuBackend;
[INFO] [stdout] 1 + use tenferro_ops::CpuBackend;
[INFO] [stdout]   |
[INFO] [stdout] 
[INFO] [stdout] 
[INFO] [stdout] error[E0432]: unresolved import `tenferro_cpu`
[INFO] [stdout]  --> tests/binary_allocations.rs:5:5
[INFO] [stdout]   |
[INFO] [stdout] 5 | use tenferro_cpu::CpuBackend;
[INFO] [stdout]   |     ^^^^^^^^^^^^ use of unresolved module or unlinked crate `tenferro_cpu`
[INFO] [stdout]   |
[INFO] [stdout] help: there is a crate or module with a similar name
[INFO] [stdout]   |
[INFO] [stdout] 5 - use tenferro_cpu::CpuBackend;
[INFO] [stdout] 5 + use tenferro_ops::CpuBackend;
[INFO] [stdout]   |
[INFO] [stdout] 
[INFO] [stdout] 
[INFO] [stdout] For more information about this error, try `rustc --explain E0432`.
[INFO] [stdout] 
[INFO] [stdout] For more information about this error, try `rustc --explain E0432`.
[INFO] [stdout] 
[INFO] [stderr] error: could not compile `tenferro-runtime` (example "direct_tensor_execution") due to 1 previous error
[INFO] [stderr] warning: build failed, waiting for other jobs to finish...
[INFO] [stderr] error: could not compile `tenferro-runtime` (example "cpu_quickstart") due to 1 previous error
[INFO] [stdout] error[E0432]: unresolved import `tenferro_cpu`
[INFO] [stdout]  --> tests/prelude.rs:1:5
[INFO] [stdout]   |
[INFO] [stdout] 1 | use tenferro_cpu::CpuBackend;
[INFO] [stdout]   |     ^^^^^^^^^^^^ use of unresolved module or unlinked crate `tenferro_cpu`
[INFO] [stdout]   |
[INFO] [stdout] help: there is a crate or module with a similar name
[INFO] [stdout]   |
[INFO] [stdout] 1 - use tenferro_cpu::CpuBackend;
[INFO] [stdout] 1 + use tenferro_ops::CpuBackend;
[INFO] [stdout]   |
[INFO] [stdout] 
[INFO] [stdout] 
[INFO] [stdout] error[E0433]: cannot find module or crate `tenferro_cpu` in this scope
[INFO] [stdout]  --> examples/traced_graph_execution.rs:6:29
[INFO] [stdout]   |
[INFO] [stdout] 6 |     builder.register_engine(tenferro_cpu::runtime_engine_registration(
[INFO] [stdout]   |                             ^^^^^^^^^^^^ use of unresolved module or unlinked crate `tenferro_cpu`
[INFO] [stdout]   |
[INFO] [stdout] help: there is a crate or module with a similar name
[INFO] [stdout]   |
[INFO] [stdout] 6 -     builder.register_engine(tenferro_cpu::runtime_engine_registration(
[INFO] [stdout] 6 +     builder.register_engine(tenferro_ops::runtime_engine_registration(
[INFO] [stdout]   |
[INFO] [stdout] 
[INFO] [stdout] 
[INFO] [stdout] For more information about this error, try `rustc --explain E0432`.
[INFO] [stdout] 
[INFO] [stderr] error: could not compile `tenferro-runtime` (test "prelude") due to 1 previous error
[INFO] [stdout] Some errors have detailed explanations: E0432, E0433.
[INFO] [stdout] 
[INFO] [stdout] For more information about an error, try `rustc --explain E0432`.
[INFO] [stdout] 
[INFO] [stderr] error: could not compile `tenferro-runtime` (example "traced_graph_execution") due to 2 previous errors
[INFO] [stdout] For more information about this error, try `rustc --explain E0432`.
[INFO] [stdout] 
[INFO] [stderr] error: could not compile `tenferro-runtime` (test "binary_allocations") due to 1 previous error
[INFO] [stdout] error[E0432]: unresolved import `tenferro_cpu`
[INFO] [stdout]  --> tests/integration/runtime_execution.rs:9:5
[INFO] [stdout]   |
[INFO] [stdout] 9 | use tenferro_cpu::CpuBackend;
[INFO] [stdout]   |     ^^^^^^^^^^^^ use of unresolved module or unlinked crate `tenferro_cpu`
[INFO] [stdout]   |
[INFO] [stdout] help: there is a crate or module with a similar name
[INFO] [stdout]   |
[INFO] [stdout] 9 - use tenferro_cpu::CpuBackend;
[INFO] [stdout] 9 + use tenferro_ops::CpuBackend;
[INFO] [stdout]   |
[INFO] [stdout] 
[INFO] [stdout] 
[INFO] [stdout] error[E0432]: unresolved import `tenferro_cpu`
[INFO] [stdout]  --> tests/integration/runtime_public_api.rs:1:5
[INFO] [stdout]   |
[INFO] [stdout] 1 | use tenferro_cpu::CpuBackend;
[INFO] [stdout]   |     ^^^^^^^^^^^^ use of unresolved module or unlinked crate `tenferro_cpu`
[INFO] [stdout]   |
[INFO] [stdout] help: there is a crate or module with a similar name
[INFO] [stdout]   |
[INFO] [stdout] 1 - use tenferro_cpu::CpuBackend;
[INFO] [stdout] 1 + use tenferro_ops::CpuBackend;
[INFO] [stdout]   |
[INFO] [stdout] 
[INFO] [stdout] 
[INFO] [stdout] error[E0432]: unresolved import `tenferro_cpu`
[INFO] [stdout]   --> tests/integration/session_ops.rs:12:5
[INFO] [stdout]    |
[INFO] [stdout] 12 | use tenferro_cpu::CpuBackend;
[INFO] [stdout]    |     ^^^^^^^^^^^^ use of unresolved module or unlinked crate `tenferro_cpu`
[INFO] [stdout]    |
[INFO] [stdout] help: there is a crate or module with a similar name
[INFO] [stdout]    |
[INFO] [stdout] 12 - use tenferro_cpu::CpuBackend;
[INFO] [stdout] 12 + use tenferro_ops::CpuBackend;
[INFO] [stdout]    |
[INFO] [stdout] 
[INFO] [stdout] 
[INFO] [stdout] error[E0432]: unresolved import `tenferro_cpu`
[INFO] [stdout]  --> tests/integration/trace_context.rs:1:5
[INFO] [stdout]   |
[INFO] [stdout] 1 | use tenferro_cpu::CpuBackend;
[INFO] [stdout]   |     ^^^^^^^^^^^^ use of unresolved module or unlinked crate `tenferro_cpu`
[INFO] [stdout]   |
[INFO] [stdout] help: there is a crate or module with a similar name
[INFO] [stdout]   |
[INFO] [stdout] 1 - use tenferro_cpu::CpuBackend;
[INFO] [stdout] 1 + use tenferro_ops::CpuBackend;
[INFO] [stdout]   |
[INFO] [stdout] 
[INFO] [stdout] 
[INFO] [stdout] error[E0432]: unresolved import `tenferro_cpu`
[INFO] [stdout]  --> tests/integration/typed_tensor_ops.rs:1:5
[INFO] [stdout]   |
[INFO] [stdout] 1 | use tenferro_cpu::CpuBackend;
[INFO] [stdout]   |     ^^^^^^^^^^^^ use of unresolved module or unlinked crate `tenferro_cpu`
[INFO] [stdout]   |
[INFO] [stdout] help: there is a crate or module with a similar name
[INFO] [stdout]   |
[INFO] [stdout] 1 - use tenferro_cpu::CpuBackend;
[INFO] [stdout] 1 + use tenferro_ops::CpuBackend;
[INFO] [stdout]   |
[INFO] [stdout] 
[INFO] [stdout] 
[INFO] [stdout] error[E0433]: cannot find module or crate `tenferro_cpu` in this scope
[INFO] [stdout]   --> tests/integration/runtime_public_api.rs:13:26
[INFO] [stdout]    |
[INFO] [stdout] 13 |         .register_engine(tenferro_cpu::runtime_engine_registration(&backend).unwrap())
[INFO] [stdout]    |                          ^^^^^^^^^^^^ use of unresolved module or unlinked crate `tenferro_cpu`
[INFO] [stdout]    |
[INFO] [stdout] help: there is a crate or module with a similar name
[INFO] [stdout]    |
[INFO] [stdout] 13 -         .register_engine(tenferro_cpu::runtime_engine_registration(&backend).unwrap())
[INFO] [stdout] 13 +         .register_engine(tenferro_ops::runtime_engine_registration(&backend).unwrap())
[INFO] [stdout]    |
[INFO] [stdout] 
[INFO] [stdout] 
[INFO] [stdout] error[E0614]: type `DType` cannot be dereferenced
[INFO] [stdout]    --> tests/integration/session_ops.rs:161:16
[INFO] [stdout]     |
[INFO] [stdout] 161 |     assert_eq!(*expected, tenferro_tensor::core::DType::F64);
[INFO] [stdout]     |                ^^^^^^^^^ can't be dereferenced
[INFO] [stdout] 
[INFO] [stdout] 
[INFO] [stdout] error[E0614]: type `DType` cannot be dereferenced
[INFO] [stdout]    --> tests/integration/session_ops.rs:162:16
[INFO] [stdout]     |
[INFO] [stdout] 162 |     assert_eq!(*actual, tenferro_tensor::core::DType::I32);
[INFO] [stdout]     |                ^^^^^^^ can't be dereferenced
[INFO] [stdout] 
[INFO] [stdout] 
[INFO] [stdout] error[E0614]: type `DType` cannot be dereferenced
[INFO] [stdout]    --> tests/integration/session_ops.rs:656:16
[INFO] [stdout]     |
[INFO] [stdout] 656 |     assert_eq!(*expected, tenferro_tensor::core::DType::F64);
[INFO] [stdout]     |                ^^^^^^^^^ can't be dereferenced
[INFO] [stdout] 
[INFO] [stdout] 
[INFO] [stdout] error[E0614]: type `DType` cannot be dereferenced
[INFO] [stdout]    --> tests/integration/session_ops.rs:657:16
[INFO] [stdout]     |
[INFO] [stdout] 657 |     assert_eq!(*actual, tenferro_tensor::core::DType::I32);
[INFO] [stdout]     |                ^^^^^^^ can't be dereferenced
[INFO] [stdout] 
[INFO] [stdout] 
[INFO] [stdout] error[E0433]: cannot find module or crate `tenferro_cpu` in this scope
[INFO] [stdout]   --> tests/integration/trace_context.rs:11:26
[INFO] [stdout]    |
[INFO] [stdout] 11 |         .register_engine(tenferro_cpu::runtime_engine_registration(&backend).unwrap())
[INFO] [stdout]    |                          ^^^^^^^^^^^^ use of unresolved module or unlinked crate `tenferro_cpu`
[INFO] [stdout]    |
[INFO] [stdout] help: there is a crate or module with a similar name
[INFO] [stdout]    |
[INFO] [stdout] 11 -         .register_engine(tenferro_cpu::runtime_engine_registration(&backend).unwrap())
[INFO] [stdout] 11 +         .register_engine(tenferro_ops::runtime_engine_registration(&backend).unwrap())
[INFO] [stdout]    |
[INFO] [stdout] 
[INFO] [stdout] 
[INFO] [stdout] Some errors have detailed explanations: E0432, E0433, E0614.
[INFO] [stdout] 
[INFO] [stdout] For more information about an error, try `rustc --explain E0432`.
[INFO] [stdout] 
[INFO] [stderr] error: could not compile `tenferro-runtime` (test "integration") due to 11 previous errors
[INFO] [stdout] warning: use of deprecated method `std::sync::atomic::Atomic::<u64>::fetch_update`: renamed to `try_update` for consistency
[INFO] [stdout]     --> src/runtime/snapshot.rs:2584:10
[INFO] [stdout]      |
[INFO] [stdout] 2584 |         .fetch_update(Ordering::SeqCst, Ordering::SeqCst, |next| {
[INFO] [stdout]      |          ^^^^^^^^^^^^
[INFO] [stdout]      |
[INFO] [stdout]      = note: `#[warn(deprecated)]` on by default
[INFO] [stdout] help: replace the use of the deprecated method
[INFO] [stdout]      |
[INFO] [stdout] 2584 -         .fetch_update(Ordering::SeqCst, Ordering::SeqCst, |next| {
[INFO] [stdout] 2584 +         .try_update(Ordering::SeqCst, Ordering::SeqCst, |next| {
[INFO] [stdout]      |
[INFO] [stdout] 
[INFO] [stdout] 
[INFO] [stdout] error[E0433]: cannot find module or crate `tenferro_cpu` in this scope
[INFO] [stdout]   --> src/runtime/tests/architectural_remediation.rs:32:58
[INFO] [stdout]    |
[INFO] [stdout] 32 |         context_identity: ExecutionContextIdentity::of::<tenferro_cpu::CpuBackend>(),
[INFO] [stdout]    |                                                          ^^^^^^^^^^^^ use of unresolved module or unlinked crate `tenferro_cpu`
[INFO] [stdout]    |
[INFO] [stdout] help: there is a crate or module with a similar name
[INFO] [stdout]    |
[INFO] [stdout] 32 -         context_identity: ExecutionContextIdentity::of::<tenferro_cpu::CpuBackend>(),
[INFO] [stdout] 32 +         context_identity: ExecutionContextIdentity::of::<tenferro_ops::CpuBackend>(),
[INFO] [stdout]    |
[INFO] [stdout] 
[INFO] [stdout] 
[INFO] [stdout] Some errors have detailed explanations: E0432, E0433.
[INFO] [stdout] 
[INFO] [stdout] For more information about an error, try `rustc --explain E0432`.
[INFO] [stdout] 
[INFO] [stderr] error: could not compile `tenferro-runtime` (lib test) due to 13 previous errors; 1 warning emitted
[INFO] running `Command { std: "docker" "inspect" "e73703d2f3a31573a3c5085fd18830a0025fa11c5a7bc6be4683019e4ae0b5a1", kill_on_drop: false }`
[INFO] running `Command { std: "docker" "rm" "-f" "e73703d2f3a31573a3c5085fd18830a0025fa11c5a7bc6be4683019e4ae0b5a1", kill_on_drop: false }`
[INFO] [stdout] e73703d2f3a31573a3c5085fd18830a0025fa11c5a7bc6be4683019e4ae0b5a1
