[INFO] fetching crate telos_agent 0.1.2...
[INFO] testing telos_agent-0.1.2 against 1.99.0-beta.8 for beta-1.100-2
[INFO] extracting crate telos_agent 0.1.2 into /workspace/builds/worker-0-tc1/source
[INFO] started tweaking crates.io crate telos_agent 0.1.2
[INFO] removed 0 missing tests
[INFO] finished tweaking crates.io crate telos_agent 0.1.2
[INFO] tweaked toml for crates.io crate telos_agent 0.1.2 written to /workspace/builds/worker-0-tc1/source/Cargo.toml
[INFO] validating manifest of crates.io crate telos_agent 0.1.2 on toolchain 1.99.0-beta.8
[INFO] running `Command { std: CARGO_HOME="/workspace/cargo-home" RUSTUP_HOME="/workspace/rustup-home" "/workspace/cargo-home/bin/cargo" "+1.99.0-beta.8" "metadata" "--manifest-path" "Cargo.toml" "--no-deps", kill_on_drop: false }`
[INFO] crate crates.io crate telos_agent 0.1.2 already has a lockfile, it will not be regenerated
[INFO] running `Command { std: CARGO_HOME="/workspace/cargo-home" RUSTUP_HOME="/workspace/rustup-home" "/workspace/cargo-home/bin/cargo" "+1.99.0-beta.8" "fetch" "--manifest-path" "Cargo.toml", kill_on_drop: false }`
[INFO] [stderr]     Updating crates.io index
[INFO] [stderr]  Downloading crates ...
[INFO] [stderr]   Downloaded quote v1.0.46
[INFO] [stderr]   Downloaded deadpool-runtime v0.1.4
[INFO] [stderr]   Downloaded wiremock v0.6.5
[INFO] [stderr]   Downloaded outref v0.5.2
[INFO] [stderr]   Downloaded sha1 v0.10.6
[INFO] [stderr]   Downloaded num v0.4.3
[INFO] [stderr]   Downloaded tree-sitter-language v0.1.7
[INFO] [stderr]   Downloaded uuid-simd v0.8.0
[INFO] [stderr]   Downloaded num_cpus v1.17.0
[INFO] [stderr]   Downloaded tokio-tungstenite v0.28.0
[INFO] [stderr]   Downloaded rtoolbox v0.0.5
[INFO] [stderr]   Downloaded num-cmp v0.1.0
[INFO] [stderr]   Downloaded num-iter v0.1.45
[INFO] [stderr]   Downloaded assert-json-diff v2.0.2
[INFO] [stderr]   Downloaded borrow-or-share v0.2.4
[INFO] [stderr]   Downloaded streaming-iterator v0.1.9
[INFO] [stderr]   Downloaded libredox v0.1.17
[INFO] [stderr]   Downloaded time-macros v0.2.30
[INFO] [stderr]   Downloaded rpassword v7.5.4
[INFO] [stderr]   Downloaded fluent-uri v0.3.2
[INFO] [stderr]   Downloaded email_address v0.2.9
[INFO] [stderr]   Downloaded dotenvy v0.15.7
[INFO] [stderr]   Downloaded data-encoding v2.11.0
[INFO] [stderr]   Downloaded bytecount v0.6.9
[INFO] [stderr]   Downloaded bitflags v2.13.0
[INFO] [stderr]   Downloaded unsafe-libyaml v0.2.11
[INFO] [stderr]   Downloaded futures v0.3.32
[INFO] [stderr]   Downloaded anyhow v1.0.103
[INFO] [stderr]   Downloaded vsimd v0.8.0
[INFO] [stderr]   Downloaded referencing v0.29.1
[INFO] [stderr]   Downloaded ahash v0.8.12
[INFO] [stderr]   Downloaded num-complex v0.4.6
[INFO] [stderr]   Downloaded socket2 v0.6.4
[INFO] [stderr]   Downloaded bytes v1.12.0
[INFO] [stderr]   Downloaded tungstenite v0.28.0
[INFO] [stderr]   Downloaded serde_yaml v0.9.34+deprecated
[INFO] [stderr]   Downloaded uuid v1.23.4
[INFO] [stderr]   Downloaded deadpool v0.12.3
[INFO] [stderr]   Downloaded cc v1.2.65
[INFO] [stderr]   Downloaded quinn v0.11.11
[INFO] [stderr]   Downloaded jsonschema v0.29.1
[INFO] [stderr]   Downloaded fraction v0.15.4
[INFO] [stderr]   Downloaded fancy-regex v0.14.0
[INFO] [stderr]   Downloaded mio v1.2.1
[INFO] [stderr]   Downloaded memchr v2.8.2
[INFO] [stderr]   Downloaded zerocopy-derive v0.8.52
[INFO] [stderr]   Downloaded fancy-regex v0.17.0
[INFO] [stderr]   Downloaded hyper v1.10.1
[INFO] [stderr]   Downloaded serde_json v1.0.150
[INFO] [stderr]   Downloaded h2 v0.4.15
[INFO] [stderr]   Downloaded syn v2.0.118
[INFO] [stderr]   Downloaded regex v1.12.4
[INFO] [stderr]   Downloaded tree-sitter v0.25.10
[INFO] [stderr]   Downloaded webpki-roots v1.0.8
[INFO] [stderr]   Downloaded quinn-proto v0.11.15
[INFO] [stderr]   Downloaded time v0.3.51
[INFO] [stderr]   Downloaded zerocopy v0.8.52
[INFO] [stderr]   Downloaded bstr v1.12.3
[INFO] [stderr]   Downloaded rustls v0.23.41
[INFO] [stderr]   Downloaded tree-sitter-pwsh v0.38.1
[INFO] [stderr]   Downloaded tree-sitter-bash v0.25.1
[INFO] [stderr]   Downloaded tokio v1.52.3
[INFO] [stderr]   Downloaded tiktoken-rs v0.12.0
[INFO] running `Command { std: "docker" "create" "-v" "/var/lib/crater-agent-workspace/builds/worker-0-tc1/source:/opt/rustwide/workdir:ro,Z" "-v" "/var/lib/crater-agent-workspace/builds/worker-0-tc1/target:/opt/rustwide/target:rw,Z" "-v" "/var/lib/crater-agent-workspace/cargo-home:/opt/rustwide/cargo-home:ro,Z" "-v" "/var/lib/crater-agent-workspace/rustup-home:/opt/rustwide/rustup-home:ro,Z" "-m" "1610612736" "--network" "none" "ghcr.io/rust-lang/crates-build-env/linux@sha256:3111399a4047eeb3a02b7a90e478d715f38a8c6669b5c4b49d30a17385265909" "sleep" "infinity", kill_on_drop: false }`
[INFO] [stdout] 9dd893542d182d81a358a260f682aab2ac852cb116c497550f53ec4c99fd1043
[INFO] running `Command { std: "docker" "start" "9dd893542d182d81a358a260f682aab2ac852cb116c497550f53ec4c99fd1043", kill_on_drop: false }`
[INFO] running `Command { std: "docker" "inspect" "9dd893542d182d81a358a260f682aab2ac852cb116c497550f53ec4c99fd1043", kill_on_drop: false }`
[INFO] running `Command { std: "docker" "exec" "-e" "SOURCE_DIR=/opt/rustwide/workdir" "-e" "CARGO_HOME=/opt/rustwide/cargo-home" "-e" "RUSTUP_HOME=/opt/rustwide/rustup-home" "-e" "CARGO_TARGET_DIR=/opt/rustwide/target" "-w" "/opt/rustwide/workdir" "--user" "0:0" "9dd893542d182d81a358a260f682aab2ac852cb116c497550f53ec4c99fd1043" "/opt/rustwide/cargo-home/bin/cargo" "+1.99.0-beta.8" "metadata" "--no-deps" "--format-version=1", kill_on_drop: false }`
[INFO] running `Command { std: "docker" "inspect" "9dd893542d182d81a358a260f682aab2ac852cb116c497550f53ec4c99fd1043", kill_on_drop: false }`
[INFO] running `Command { std: "docker" "exec" "-e" "SOURCE_DIR=/opt/rustwide/workdir" "-e" "CARGO_HOME=/opt/rustwide/cargo-home" "-e" "RUSTUP_HOME=/opt/rustwide/rustup-home" "-e" "CARGO_TARGET_DIR=/opt/rustwide/target" "-e" "CARGO_INCREMENTAL=0" "-e" "RUST_BACKTRACE=full" "-e" "RUSTFLAGS=--cap-lints=warn" "-e" "RUSTDOCFLAGS=--cap-lints=warn" "-w" "/opt/rustwide/workdir" "--user" "0:0" "9dd893542d182d81a358a260f682aab2ac852cb116c497550f53ec4c99fd1043" "/opt/rustwide/cargo-home/bin/cargo" "+1.99.0-beta.8" "build" "--frozen" "--message-format=json", kill_on_drop: false }`
[INFO] [stderr]    Compiling proc-macro2 v1.0.106
[INFO] [stderr]    Compiling quote v1.0.46
[INFO] [stderr]    Compiling unicode-ident v1.0.24
[INFO] [stderr]    Compiling shlex v2.0.1
[INFO] [stderr]    Compiling memchr v2.8.2
[INFO] [stderr]    Compiling bytes v1.12.0
[INFO] [stderr]    Compiling version_check v0.9.5
[INFO] [stderr]    Compiling serde_core v1.0.228
[INFO] [stderr]    Compiling smallvec v1.15.2
[INFO] [stderr]    Compiling autocfg v1.5.1
[INFO] [stderr]    Compiling futures-sink v0.3.32
[INFO] [stderr]    Compiling zerocopy v0.8.52
[INFO] [stderr]    Compiling getrandom v0.3.4
[INFO] [stderr]    Compiling socket2 v0.6.4
[INFO] [stderr]    Compiling mio v1.2.1
[INFO] [stderr]    Compiling tree-sitter-language v0.1.7
[INFO] [stderr]    Compiling cc v1.2.65
[INFO] [stderr]    Compiling hashbrown v0.17.1
[INFO] [stderr]    Compiling zeroize v1.9.0
[INFO] [stderr]    Compiling futures-io v0.3.32
[INFO] [stderr]    Compiling futures-task v0.3.32
[INFO] [stderr]    Compiling slab v0.4.12
[INFO] [stderr]    Compiling regex-syntax v0.8.11
[INFO] [stderr]    Compiling rustls-pki-types v1.14.1
[INFO] [stderr]    Compiling generic-array v0.14.7
[INFO] [stderr]    Compiling getrandom v0.2.17
[INFO] [stderr]    Compiling typenum v1.20.1
[INFO] [stderr]    Compiling num-traits v0.2.19
[INFO] [stderr]    Compiling rustls v0.23.41
[INFO] [stderr]    Compiling http v1.4.2
[INFO] [stderr]    Compiling futures-channel v0.3.32
[INFO] [stderr]    Compiling aho-corasick v1.1.4
[INFO] [stderr]    Compiling syn v2.0.118
[INFO] [stderr]    Compiling tracing-core v0.1.36
[INFO] [stderr]    Compiling ref-cast v1.0.25
[INFO] [stderr]    Compiling serde_json v1.0.150
[INFO] [stderr]    Compiling indexmap v2.14.0
[INFO] [stderr]    Compiling bit-vec v0.8.0
[INFO] [stderr]    Compiling rand_core v0.9.5
[INFO] [stderr]    Compiling ahash v0.8.12
[INFO] [stderr]    Compiling scopeguard v1.2.0
[INFO] [stderr]    Compiling bit-set v0.8.0
[INFO] [stderr]    Compiling log v0.4.33
[INFO] [stderr]    Compiling lock_api v0.4.14
[INFO] [stderr]    Compiling parking_lot_core v0.9.12
[INFO] [stderr]    Compiling webpki-roots v1.0.8
[INFO] [stderr]    Compiling cpufeatures v0.2.17
[INFO] [stderr]    Compiling borrow-or-share v0.2.4
[INFO] [stderr]    Compiling anyhow v1.0.103
[INFO] [stderr]    Compiling bitflags v2.13.0
[INFO] [stderr]    Compiling parking_lot v0.12.5
[INFO] [stderr]    Compiling num-integer v0.1.46
[INFO] [stderr]    Compiling num-complex v0.4.6
[INFO] [stderr]    Compiling uuid v1.23.4
[INFO] [stderr]    Compiling http-body v1.0.1
[INFO] [stderr]    Compiling winnow v0.5.40
[INFO] [stderr]    Compiling http-body-util v0.1.3
[INFO] [stderr]    Compiling data-encoding v2.11.0
[INFO] [stderr]    Compiling ring v0.17.14
[INFO] [stderr]    Compiling tree-sitter-pwsh v0.38.1
[INFO] [stderr]    Compiling tree-sitter-bash v0.25.1
[INFO] [stderr]    Compiling outref v0.5.2
[INFO] [stderr]    Compiling num-bigint v0.4.6
[INFO] [stderr]    Compiling num-iter v0.1.45
[INFO] [stderr]    Compiling utf-8 v0.7.6
[INFO] [stderr]    Compiling time-core v0.1.9
[INFO] [stderr]    Compiling vsimd v0.8.0
[INFO] [stderr]    Compiling num-conv v0.2.2
[INFO] [stderr]    Compiling block-buffer v0.10.4
[INFO] [stderr]    Compiling crypto-common v0.1.7
[INFO] [stderr]    Compiling digest v0.10.7
[INFO] [stderr]    Compiling dirs-sys v0.4.1
[INFO] [stderr]    Compiling uuid-simd v0.8.0
[INFO] [stderr]    Compiling sha1 v0.10.6
[INFO] [stderr]    Compiling time-macros v0.2.30
[INFO] [stderr]    Compiling rtoolbox v0.0.5
[INFO] [stderr]    Compiling num-cmp v0.1.0
[INFO] [stderr]    Compiling regex-automata v0.4.14
[INFO] [stderr]    Compiling deranged v0.5.8
[INFO] [stderr]    Compiling rustc-hash v2.1.2
[INFO] [stderr]    Compiling unsafe-libyaml v0.2.11
[INFO] [stderr]    Compiling bytecount v0.6.9
[INFO] [stderr]    Compiling streaming-iterator v0.1.9
[INFO] [stderr]    Compiling rpassword v7.5.4
[INFO] [stderr]    Compiling num-rational v0.4.2
[INFO] [stderr]    Compiling dirs v5.0.1
[INFO] [stderr]    Compiling glob v0.3.3
[INFO] [stderr]    Compiling time v0.3.51
[INFO] [stderr]    Compiling num v0.4.3
[INFO] [stderr]    Compiling fraction v0.15.4
[INFO] [stderr]    Compiling tree-sitter v0.25.10
[INFO] [stderr]    Compiling ppv-lite86 v0.2.21
[INFO] [stderr]    Compiling rand_chacha v0.9.0
[INFO] [stderr]    Compiling synstructure v0.13.2
[INFO] [stderr]    Compiling rand v0.9.4
[INFO] [stderr]    Compiling zerovec-derive v0.11.3
[INFO] [stderr]    Compiling serde_derive v1.0.228
[INFO] [stderr]    Compiling displaydoc v0.2.6
[INFO] [stderr]    Compiling tokio-macros v2.7.0
[INFO] [stderr]    Compiling futures-macro v0.3.32
[INFO] [stderr]    Compiling tracing-attributes v0.1.31
[INFO] [stderr]    Compiling ref-cast-impl v1.0.25
[INFO] [stderr]    Compiling thiserror-impl v2.0.18
[INFO] [stderr]    Compiling async-stream-impl v0.3.6
[INFO] [stderr]    Compiling async-trait v0.1.89
[INFO] [stderr]    Compiling zerofrom-derive v0.1.7
[INFO] [stderr]    Compiling yoke-derive v0.8.2
[INFO] [stderr]    Compiling futures-util v0.3.32
[INFO] [stderr]    Compiling tokio v1.52.3
[INFO] [stderr]    Compiling regex v1.12.4
[INFO] [stderr]    Compiling fancy-regex v0.17.0
[INFO] [stderr]    Compiling fancy-regex v0.14.0
[INFO] [stderr]    Compiling bstr v1.12.3
[INFO] [stderr]    Compiling async-stream v0.3.6
[INFO] [stderr]    Compiling thiserror v2.0.18
[INFO] [stderr]    Compiling tungstenite v0.28.0
[INFO] [stderr]    Compiling zerofrom v0.1.8
[INFO] [stderr]    Compiling rustls-webpki v0.103.13
[INFO] [stderr]    Compiling yoke v0.8.3
[INFO] [stderr]    Compiling zerovec v0.11.6
[INFO] [stderr]    Compiling zerotrie v0.2.4
[INFO] [stderr]    Compiling tracing v0.1.44
[INFO] [stderr]    Compiling tiktoken-rs v0.12.0
[INFO] [stderr]    Compiling tinystr v0.8.3
[INFO] [stderr]    Compiling potential_utf v0.1.5
[INFO] [stderr]    Compiling icu_locale_core v2.2.0
[INFO] [stderr]    Compiling icu_collections v2.2.0
[INFO] [stderr]    Compiling serde v1.0.228
[INFO] [stderr]    Compiling icu_provider v2.2.0
[INFO] [stderr]    Compiling icu_normalizer v2.2.0
[INFO] [stderr]    Compiling icu_properties v2.2.0
[INFO] [stderr]    Compiling serde_urlencoded v0.7.1
[INFO] [stderr]    Compiling toml_datetime v0.6.3
[INFO] [stderr]    Compiling serde_spanned v0.6.9
[INFO] [stderr]    Compiling fluent-uri v0.3.2
[INFO] [stderr]    Compiling email_address v0.2.9
[INFO] [stderr]    Compiling serde_yaml v0.9.34+deprecated
[INFO] [stderr]    Compiling toml_edit v0.20.2
[INFO] [stderr]    Compiling referencing v0.29.1
[INFO] [stderr]    Compiling idna_adapter v1.2.2
[INFO] [stderr]    Compiling idna v1.1.0
[INFO] [stderr]    Compiling url v2.5.8
[INFO] [stderr]    Compiling toml v0.8.2
[INFO] [stderr]    Compiling hyper v1.10.1
[INFO] [stderr]    Compiling tokio-rustls v0.26.4
[INFO] [stderr]    Compiling tower v0.5.3
[INFO] [stderr]    Compiling tokio-util v0.7.18
[INFO] [stderr]    Compiling tokio-tungstenite v0.28.0
[INFO] [stderr]    Compiling tower-http v0.6.11
[INFO] [stderr]    Compiling hyper-util v0.1.20
[INFO] [stderr]    Compiling hyper-rustls v0.27.9
[INFO] [stderr]    Compiling reqwest v0.12.28
[INFO] [stderr]    Compiling jsonschema v0.29.1
[INFO] [stderr]    Compiling telos_agent v0.1.2 (/opt/rustwide/workdir)
[INFO] [stderr]     Finished `dev` profile [unoptimized + debuginfo] target(s) in 1m 15s
[INFO] running `Command { std: "docker" "inspect" "9dd893542d182d81a358a260f682aab2ac852cb116c497550f53ec4c99fd1043", kill_on_drop: false }`
[INFO] running `Command { std: "docker" "exec" "-e" "SOURCE_DIR=/opt/rustwide/workdir" "-e" "CARGO_HOME=/opt/rustwide/cargo-home" "-e" "RUSTUP_HOME=/opt/rustwide/rustup-home" "-e" "CARGO_TARGET_DIR=/opt/rustwide/target" "-e" "CARGO_INCREMENTAL=0" "-e" "RUST_BACKTRACE=full" "-e" "RUSTFLAGS=--cap-lints=warn" "-e" "RUSTDOCFLAGS=--cap-lints=warn" "-w" "/opt/rustwide/workdir" "--user" "0:0" "9dd893542d182d81a358a260f682aab2ac852cb116c497550f53ec4c99fd1043" "/opt/rustwide/cargo-home/bin/cargo" "+1.99.0-beta.8" "test" "--frozen" "--no-run" "--message-format=json", kill_on_drop: false }`
[INFO] [stderr]    Compiling futures-util v0.3.32
[INFO] [stderr]    Compiling fnv v1.0.7
[INFO] [stderr]    Compiling tokio-util v0.7.18
[INFO] [stderr]    Compiling httpdate v1.0.3
[INFO] [stderr]    Compiling bitflags v2.13.0
[INFO] [stderr]    Compiling getrandom v0.4.3
[INFO] [stderr]    Compiling rustix v1.1.4
[INFO] [stderr]    Compiling num_cpus v1.17.0
[INFO] [stderr]    Compiling deadpool-runtime v0.1.4
[INFO] [stderr]    Compiling linux-raw-sys v0.12.1
[INFO] [stderr]    Compiling assert-json-diff v2.0.2
[INFO] [stderr]    Compiling dotenvy v0.15.7
[INFO] [stderr]    Compiling deadpool v0.12.3
[INFO] [stderr]    Compiling h2 v0.4.15
[INFO] [stderr]    Compiling tempfile v3.27.0
[INFO] [stderr]    Compiling tower v0.5.3
[INFO] [stderr]    Compiling futures-executor v0.3.32
[INFO] [stderr]    Compiling tokio-tungstenite v0.28.0
[INFO] [stderr]    Compiling futures v0.3.32
[INFO] [stderr]    Compiling hyper v1.10.1
[INFO] [stderr]    Compiling tower-http v0.6.11
[INFO] [stderr]    Compiling hyper-util v0.1.20
[INFO] [stderr]    Compiling hyper-rustls v0.27.9
[INFO] [stderr]    Compiling wiremock v0.6.5
[INFO] [stderr]    Compiling reqwest v0.12.28
[INFO] [stderr]    Compiling jsonschema v0.29.1
[INFO] [stderr]    Compiling telos_agent v0.1.2 (/opt/rustwide/workdir)
[INFO] [stderr] error: could not compile `telos_agent` (lib test)
[INFO] [stderr] 
[INFO] [stderr] Caused by:
[INFO] [stderr]   process didn't exit successfully: `/opt/rustwide/rustup-home/toolchains/1.99.0-beta.8-x86_64-unknown-linux-gnu/bin/rustc --crate-name telos_agent --edition=2024 src/lib.rs --error-format=json --json=diagnostic-rendered-ansi,artifacts,future-incompat --emit=dep-info,link -C embed-bitcode=no -C debuginfo=2 --test --check-cfg 'cfg(docsrs,test)' --check-cfg 'cfg(feature, values())' -C metadata=67f170da3514f3a6 -C extra-filename=-f54bb8702485b14f --out-dir /opt/rustwide/target/debug/deps -L dependency=/opt/rustwide/target/debug/deps --extern anyhow=/opt/rustwide/target/debug/deps/libanyhow-c9b06d8caf422803.rlib --extern async_stream=/opt/rustwide/target/debug/deps/libasync_stream-574d64fd5641a118.rlib --extern async_trait=/opt/rustwide/target/debug/deps/libasync_trait-d0fdf3f5e7d055ea.so --extern base64=/opt/rustwide/target/debug/deps/libbase64-32787b0325ea6df8.rlib --extern dirs=/opt/rustwide/target/debug/deps/libdirs-ced9ecdfe96c4de3.rlib --extern dotenvy=/opt/rustwide/target/debug/deps/libdotenvy-6d8015f91495fe74.rlib --extern futures_core=/opt/rustwide/target/debug/deps/libfutures_core-1121ff913ed87f93.rlib --extern futures_util=/opt/rustwide/target/debug/deps/libfutures_util-095f2eeedd0eb8f1.rlib --extern glob=/opt/rustwide/target/debug/deps/libglob-7748687a416caec7.rlib --extern jsonschema=/opt/rustwide/target/debug/deps/libjsonschema-86c43e641199bdf2.rlib --extern libc=/opt/rustwide/target/debug/deps/liblibc-612664c2206eec43.rlib --extern reqwest=/opt/rustwide/target/debug/deps/libreqwest-9611fc0ef390fade.rlib --extern rpassword=/opt/rustwide/target/debug/deps/librpassword-0a65eff25b24e9e4.rlib --extern serde=/opt/rustwide/target/debug/deps/libserde-1c30e4335e400609.rlib --extern serde_json=/opt/rustwide/target/debug/deps/libserde_json-1ca7a92062142003.rlib --extern serde_yaml=/opt/rustwide/target/debug/deps/libserde_yaml-6c8de616ed184e71.rlib --extern tempfile=/opt/rustwide/target/debug/deps/libtempfile-7097dee7cd462fc8.rlib --extern thiserror=/opt/rustwide/target/debug/deps/libthiserror-c87dffb594157b3e.rlib --extern tiktoken_rs=/opt/rustwide/target/debug/deps/libtiktoken_rs-e80d24ebdc7dd7f3.rlib --extern time=/opt/rustwide/target/debug/deps/libtime-cc540c3cc38f41af.rlib --extern tokio=/opt/rustwide/target/debug/deps/libtokio-4b6d3878b02b2075.rlib --extern tokio_tungstenite=/opt/rustwide/target/debug/deps/libtokio_tungstenite-89b5788cd7369c24.rlib --extern toml=/opt/rustwide/target/debug/deps/libtoml-2c9470116b075f8b.rlib --extern tracing=/opt/rustwide/target/debug/deps/libtracing-bc8a57dc3e836de5.rlib --extern tree_sitter=/opt/rustwide/target/debug/deps/libtree_sitter-7e5174587ff10966.rlib --extern tree_sitter_bash=/opt/rustwide/target/debug/deps/libtree_sitter_bash-7fd0e17a4fe3450c.rlib --extern tree_sitter_pwsh=/opt/rustwide/target/debug/deps/libtree_sitter_pwsh-a98d0923430ca9bd.rlib --extern url=/opt/rustwide/target/debug/deps/liburl-5b1758002b1e393d.rlib --extern wiremock=/opt/rustwide/target/debug/deps/libwiremock-ac966c04e2e7f41f.rlib --cap-lints=warn -L native=/opt/rustwide/target/debug/build/ring-9b96a5dabc1fea26/out -L native=/opt/rustwide/target/debug/build/tree-sitter-f4c4a85b930814b5/out -L native=/opt/rustwide/target/debug/build/tree-sitter-bash-5fd530c4fd471183/out -L native=/opt/rustwide/target/debug/build/tree-sitter-pwsh-1454fcd89f4647d4/out` (signal: 9, SIGKILL: kill)
[INFO] [stderr] warning: build failed, waiting for other jobs to finish...
[INFO] [stderr] error: could not compile `telos_agent` (test "tool_web_tests")
[INFO] [stderr] 
[INFO] [stderr] Caused by:
[INFO] [stderr]   process didn't exit successfully: `/opt/rustwide/rustup-home/toolchains/1.99.0-beta.8-x86_64-unknown-linux-gnu/bin/rustc --crate-name tool_web_tests --edition=2024 tests/tool_web_tests.rs --error-format=json --json=diagnostic-rendered-ansi,artifacts,future-incompat --emit=dep-info,link -C embed-bitcode=no -C debuginfo=2 --test --check-cfg 'cfg(docsrs,test)' --check-cfg 'cfg(feature, values())' -C metadata=36b130df187b1263 -C extra-filename=-cfe9583f23aabd34 --out-dir /opt/rustwide/target/debug/deps -L dependency=/opt/rustwide/target/debug/deps --extern anyhow=/opt/rustwide/target/debug/deps/libanyhow-c9b06d8caf422803.rlib --extern async_stream=/opt/rustwide/target/debug/deps/libasync_stream-574d64fd5641a118.rlib --extern async_trait=/opt/rustwide/target/debug/deps/libasync_trait-d0fdf3f5e7d055ea.so --extern base64=/opt/rustwide/target/debug/deps/libbase64-32787b0325ea6df8.rlib --extern dirs=/opt/rustwide/target/debug/deps/libdirs-ced9ecdfe96c4de3.rlib --extern dotenvy=/opt/rustwide/target/debug/deps/libdotenvy-6d8015f91495fe74.rlib --extern futures_core=/opt/rustwide/target/debug/deps/libfutures_core-1121ff913ed87f93.rlib --extern futures_util=/opt/rustwide/target/debug/deps/libfutures_util-095f2eeedd0eb8f1.rlib --extern glob=/opt/rustwide/target/debug/deps/libglob-7748687a416caec7.rlib --extern jsonschema=/opt/rustwide/target/debug/deps/libjsonschema-86c43e641199bdf2.rlib --extern libc=/opt/rustwide/target/debug/deps/liblibc-612664c2206eec43.rlib --extern reqwest=/opt/rustwide/target/debug/deps/libreqwest-9611fc0ef390fade.rlib --extern rpassword=/opt/rustwide/target/debug/deps/librpassword-0a65eff25b24e9e4.rlib --extern serde=/opt/rustwide/target/debug/deps/libserde-1c30e4335e400609.rlib --extern serde_json=/opt/rustwide/target/debug/deps/libserde_json-1ca7a92062142003.rlib --extern serde_yaml=/opt/rustwide/target/debug/deps/libserde_yaml-6c8de616ed184e71.rlib --extern telos_agent=/opt/rustwide/target/debug/deps/libtelos_agent-2fa6f87030bc3e8a.rlib --extern tempfile=/opt/rustwide/target/debug/deps/libtempfile-7097dee7cd462fc8.rlib --extern thiserror=/opt/rustwide/target/debug/deps/libthiserror-c87dffb594157b3e.rlib --extern tiktoken_rs=/opt/rustwide/target/debug/deps/libtiktoken_rs-e80d24ebdc7dd7f3.rlib --extern time=/opt/rustwide/target/debug/deps/libtime-cc540c3cc38f41af.rlib --extern tokio=/opt/rustwide/target/debug/deps/libtokio-4b6d3878b02b2075.rlib --extern tokio_tungstenite=/opt/rustwide/target/debug/deps/libtokio_tungstenite-89b5788cd7369c24.rlib --extern toml=/opt/rustwide/target/debug/deps/libtoml-2c9470116b075f8b.rlib --extern tracing=/opt/rustwide/target/debug/deps/libtracing-bc8a57dc3e836de5.rlib --extern tree_sitter=/opt/rustwide/target/debug/deps/libtree_sitter-7e5174587ff10966.rlib --extern tree_sitter_bash=/opt/rustwide/target/debug/deps/libtree_sitter_bash-7fd0e17a4fe3450c.rlib --extern tree_sitter_pwsh=/opt/rustwide/target/debug/deps/libtree_sitter_pwsh-a98d0923430ca9bd.rlib --extern url=/opt/rustwide/target/debug/deps/liburl-5b1758002b1e393d.rlib --extern wiremock=/opt/rustwide/target/debug/deps/libwiremock-ac966c04e2e7f41f.rlib --cap-lints=warn -L native=/opt/rustwide/target/debug/build/ring-9b96a5dabc1fea26/out -L native=/opt/rustwide/target/debug/build/tree-sitter-f4c4a85b930814b5/out -L native=/opt/rustwide/target/debug/build/tree-sitter-bash-5fd530c4fd471183/out -L native=/opt/rustwide/target/debug/build/tree-sitter-pwsh-1454fcd89f4647d4/out` (signal: 9, SIGKILL: kill)
[INFO] [stderr] error: could not compile `telos_agent` (test "runtime_tests")
[INFO] [stderr] 
[INFO] [stderr] Caused by:
[INFO] [stderr]   process didn't exit successfully: `/opt/rustwide/rustup-home/toolchains/1.99.0-beta.8-x86_64-unknown-linux-gnu/bin/rustc --crate-name runtime_tests --edition=2024 tests/runtime_tests.rs --error-format=json --json=diagnostic-rendered-ansi,artifacts,future-incompat --emit=dep-info,link -C embed-bitcode=no -C debuginfo=2 --test --check-cfg 'cfg(docsrs,test)' --check-cfg 'cfg(feature, values())' -C metadata=92a79da326a37c69 -C extra-filename=-54e01296ea70b6fc --out-dir /opt/rustwide/target/debug/deps -L dependency=/opt/rustwide/target/debug/deps --extern anyhow=/opt/rustwide/target/debug/deps/libanyhow-c9b06d8caf422803.rlib --extern async_stream=/opt/rustwide/target/debug/deps/libasync_stream-574d64fd5641a118.rlib --extern async_trait=/opt/rustwide/target/debug/deps/libasync_trait-d0fdf3f5e7d055ea.so --extern base64=/opt/rustwide/target/debug/deps/libbase64-32787b0325ea6df8.rlib --extern dirs=/opt/rustwide/target/debug/deps/libdirs-ced9ecdfe96c4de3.rlib --extern dotenvy=/opt/rustwide/target/debug/deps/libdotenvy-6d8015f91495fe74.rlib --extern futures_core=/opt/rustwide/target/debug/deps/libfutures_core-1121ff913ed87f93.rlib --extern futures_util=/opt/rustwide/target/debug/deps/libfutures_util-095f2eeedd0eb8f1.rlib --extern glob=/opt/rustwide/target/debug/deps/libglob-7748687a416caec7.rlib --extern jsonschema=/opt/rustwide/target/debug/deps/libjsonschema-86c43e641199bdf2.rlib --extern libc=/opt/rustwide/target/debug/deps/liblibc-612664c2206eec43.rlib --extern reqwest=/opt/rustwide/target/debug/deps/libreqwest-9611fc0ef390fade.rlib --extern rpassword=/opt/rustwide/target/debug/deps/librpassword-0a65eff25b24e9e4.rlib --extern serde=/opt/rustwide/target/debug/deps/libserde-1c30e4335e400609.rlib --extern serde_json=/opt/rustwide/target/debug/deps/libserde_json-1ca7a92062142003.rlib --extern serde_yaml=/opt/rustwide/target/debug/deps/libserde_yaml-6c8de616ed184e71.rlib --extern telos_agent=/opt/rustwide/target/debug/deps/libtelos_agent-2fa6f87030bc3e8a.rlib --extern tempfile=/opt/rustwide/target/debug/deps/libtempfile-7097dee7cd462fc8.rlib --extern thiserror=/opt/rustwide/target/debug/deps/libthiserror-c87dffb594157b3e.rlib --extern tiktoken_rs=/opt/rustwide/target/debug/deps/libtiktoken_rs-e80d24ebdc7dd7f3.rlib --extern time=/opt/rustwide/target/debug/deps/libtime-cc540c3cc38f41af.rlib --extern tokio=/opt/rustwide/target/debug/deps/libtokio-4b6d3878b02b2075.rlib --extern tokio_tungstenite=/opt/rustwide/target/debug/deps/libtokio_tungstenite-89b5788cd7369c24.rlib --extern toml=/opt/rustwide/target/debug/deps/libtoml-2c9470116b075f8b.rlib --extern tracing=/opt/rustwide/target/debug/deps/libtracing-bc8a57dc3e836de5.rlib --extern tree_sitter=/opt/rustwide/target/debug/deps/libtree_sitter-7e5174587ff10966.rlib --extern tree_sitter_bash=/opt/rustwide/target/debug/deps/libtree_sitter_bash-7fd0e17a4fe3450c.rlib --extern tree_sitter_pwsh=/opt/rustwide/target/debug/deps/libtree_sitter_pwsh-a98d0923430ca9bd.rlib --extern url=/opt/rustwide/target/debug/deps/liburl-5b1758002b1e393d.rlib --extern wiremock=/opt/rustwide/target/debug/deps/libwiremock-ac966c04e2e7f41f.rlib --cap-lints=warn -L native=/opt/rustwide/target/debug/build/ring-9b96a5dabc1fea26/out -L native=/opt/rustwide/target/debug/build/tree-sitter-f4c4a85b930814b5/out -L native=/opt/rustwide/target/debug/build/tree-sitter-bash-5fd530c4fd471183/out -L native=/opt/rustwide/target/debug/build/tree-sitter-pwsh-1454fcd89f4647d4/out` (signal: 9, SIGKILL: kill)
[INFO] [stdout] error: linking with `cc` failed: exit status: 1
[INFO] [stdout]   |
[INFO] [stdout]   = note:  "cc" "-m64" "/opt/rustwide/target/debug/deps/rustcQFlEEG/symbols.o" "<3 object files omitted>" "-Wl,--as-needed" "-Wl,-Bstatic" "/opt/rustwide/target/debug/deps/{libtempfile-7097dee7cd462fc8,libgetrandom-c13452f45e7d3932,libfastrand-8c711c36072d5b5b,librustix-02d97837cd9bd231,liblinux_raw_sys-0b6cde911e9a3109,libtelos_agent-2fa6f87030bc3e8a,librpassword-0a65eff25b24e9e4,librtoolbox-a88ff18bcd746ac5,libdirs-ced9ecdfe96c4de3,libdirs_sys-35571c8e0e8ec812,liboption_ext-61303ef911796993,libtoml-2c9470116b075f8b,libtoml_edit-1ae5522e4766e48e,libserde_spanned-4b3ce414dbccbb53,libwinnow-0e488022daf69231,libtoml_datetime-de377a4572076481,libtree_sitter_pwsh-a98d0923430ca9bd,libserde_yaml-6c8de616ed184e71,libunsafe_libyaml-d3127b66fe569cc5,libtime-cc540c3cc38f41af,libpowerfmt-f6019a2766e431f7,libnum_conv-8bd7073c84ef42cd,libderanged-131d43187e2329b6,libtime_core-87cddcae4f761596,libtree_sitter_bash-7fd0e17a4fe3450c,libtree_sitter-7e5174587ff10966,libregex-7e1652fda5c30ee7,libtree_sitter_language-5155b8cba21ce879,libstreaming_iterator-73bcbfca32316069,libglob-7748687a416caec7,libtokio_tungstenite-89b5788cd7369c24,libtungstenite-343223fcf6d91c64,libdata_encoding-b17abe9da7ed756a,librand-e809961d4161f1f4,librand_chacha-948689361d2e6d50,libppv_lite86-777369bdcdfa9d1d,librand_core-b115fb9b5d781658,libutf8-f4341c3c7568480d,libsha1-a837d2ebb66287e1,libcpufeatures-e04321643d03190d,libdigest-1142e5998e571c5d,libblock_buffer-43b51fc1d06b3057,libcrypto_common-43b177a3b314e9dd,libgeneric_array-745cace30f1ed372,libtypenum-ed2b1c93b2a4333a,libjsonschema-86c43e641199bdf2,libreqwest-9611fc0ef390fade,libhyper_rustls-a4f2f0454155239e,libwebpki_roots-d445d68e64d32cf2,libtokio_rustls-c1c09b4844e657a7,librustls-23eec19b1736721f,libsubtle-2ae6a7038b9a0630,libwebpki-1ee28c5c1faf779f,libring-5aa891824b5ee9a2,libgetrandom-da9c6145cd4f38a1,libuntrusted-b2f816886faf2178,librustls_pki_types-006bcc122d18cfc1,libzeroize-37b2a6e0a2742c6a,libserde_urlencoded-522c129c119ef7b2,libryu-1f4f40e4352371e5,libtower_http-d97bc513efee5363,libbitflags-4d66d68843710487,libtower-995d363a7fd254b6,libtower_layer-d908dd771b239ecd,libhyper_util-a2ecbb38648eb2e0,libipnet-61ca7a5e1c2863d4,libtower_service-3fb88d28c2218805,libhyper-7116e5029e2b995c,libwant-7a6260b9c50f1479,libtry_lock-8fa2f6971035be84,libhttparse-8c9b827b8f345444,libh2-a0ee244b70db22bf,libindexmap-b92bb9c25241b995,libequivalent-6a754676e6af62ae,libhashbrown-d7214d631586fd51,libfnv-79e2cbfbe03dcd16,libatomic_waker-06950c8c08d2b8fa,libhttpdate-331798cefc82cc7e,libtokio_util-bcf9b9661c13db4b,libhttp_body_util-e36a9964dc5d0ba7,libhttp_body-eafc967753803508,liblog-64a74e931fbdff63,liburl-5b1758002b1e393d,libform_urlencoded-58b0f0edb59b40d2,libhttp-faa531d1f5c77dc0,libsync_wrapper-6bdfbc29c4269203,libbytecount-4690dc5a500fb13e,libfraction-19716ff6d7bdde2c,libnum-c21be37416190b6b,libnum_iter-4f6fc29491e52b07,libnum_rational-eaae1b031bfbfef0,libnum_complex-3dd44bcf73d6d5c7,libnum_bigint-f98aa4945c06cbaf,libnum_integer-8ed8b7e010100fe0,libnum_traits-c2765a255388353b,libidna-df3e5f5000671267,libidna_adapter-70350b72b4ad044b,libicu_properties-4ddc08a49a8e9d11,libicu_properties_data-e6cf238fc98dd59d,libicu_normalizer-6ea4c2d8b3ad9012,libicu_normalizer_data-8fea05bee0bb4e49,libicu_collections-d97ef5a36c81bc7c,libutf8_iter-51566bbad89f3a68,libpotential_utf-579c7637db1b1b1f,libicu_provider-337d0cfde5f21791,libicu_locale_core-b8bf0404759a40e5,libtinystr-2ffcd29900d38280,liblitemap-dc288f07f8f61193,libwriteable-48b3e52227924bb5,libzerovec-506e8a8f02a6d7c1,libzerotrie-3019fd812f81190c,libyoke-82d80b75b1bece8d,libstable_deref_trait-63cbf3f3d3f94e56,libzerofrom-45b0d4c4e399d17c,libuuid_simd-54a589d1df8fe7c0,libuuid-178e397591916a6b,liboutref-a8d151a70d892957,libvsimd-df18ed82e402df6e,libfancy_regex-0f8f2f5382374012,libemail_address-bf8c0dc091209c15,libnum_cmp-ef5cddd5e953f8cc,libreferencing-988da5fb1b84f4df,libpercent_encoding-fa055ecaa1e57cfa,libparking_lot-055e48606f9dbc88,libparking_lot_core-4b8ca3fd72428851,libsmallvec-3e75e18e66140be0,liblock_api-16d46fed645f7bff,libscopeguard-7ec2214574194454,libfluent_uri-d3a87ad655999c84,libborrow_or_share-5b15a87d511e4cc2,libref_cast-457c01252c51a166,libahash-09917de2122bf9ec,libgetrandom-a73f2f085e83d825,libcfg_if-83060ec5685761ae,libzerocopy-75aa8ee85b4f20a8,libtiktoken_rs-e80d24ebdc7dd7f3,libbstr-357f392b75bad92b,libbase64-32787b0325ea6df8,liblazy_static-3674be3f4245d19b,librustc_hash-68cbcd0e35cfafe6,libfancy_regex-6fe807d8044da6df,libbit_set-0311c4fb3031ff2a,libbit_vec-b1d1b68c2b4b1dac,libregex_automata-85c01f10b6d054a9,libaho_corasick-879963fcf148ece0,libregex_syntax-801391c65a42f645,libanyhow-c9b06d8caf422803,libasync_stream-574d64fd5641a118,libtracing-bc8a57dc3e836de5,libtracing_core-89b602bc4a7d7f8a,libonce_cell-b5bdc597ed9676b3,libfutures_util-095f2eeedd0eb8f1,libfutures_io-a8805bd12b2ab705,libslab-0582d648e59ab406,libfutures_channel-04b287164a72dbf0,libfutures_sink-3971bde37bb30e19,libfutures_task-36f327cfab86eddc,libfutures_core-1121ff913ed87f93,libthiserror-c87dffb594157b3e,libserde-1c30e4335e400609,libserde_json-1ca7a92062142003,libmemchr-2857f5b45a031ab1,libitoa-5de11b3b23bfe572,libzmij-ef63f1da73704b4c,libserde_core-2c928ee17a7447a4}.rlib" "<sysroot>/lib/rustlib/x86_64-unknown-linux-gnu/lib/{libtest-*,libgetopts-*,librustc_std_workspace_std-*}.rlib" "/opt/rustwide/target/debug/deps/{libtokio-4b6d3878b02b2075,libsignal_hook_registry-97fb91977beb15cc,liberrno-40a43d7c8a9b8122,libsocket2-73b9b85db3553b3d,libbytes-8d3fe75014eb498b,libmio-43415d66e2ceb9f1,liblibc-612664c2206eec43,libpin_project_lite-0a15d51c77964692}.rlib" "<sysroot>/lib/rustlib/x86_64-unknown-linux-gnu/lib/{libstd-*,libpanic_unwind-*,libobject-*,libmemchr-*,libaddr2line-*,libgimli-*,libcfg_if-*,librustc_demangle-*,libstd_detect-*,libhashbrown-*,librustc_std_workspace_alloc-*,libminiz_oxide-*,libadler2-*,libunwind-*,liblibc-*,librustc_std_workspace_core-*,liballoc-*,libcore-*,libcompiler_builtins-*}.rlib" "-Wl,-Bdynamic" "-lgcc_s" "-lutil" "-lrt" "-lpthread" "-lm" "-ldl" "-lc" "-L" "/opt/rustwide/target/debug/deps/rustcQFlEEG/raw-dylibs" "-B<sysroot>/lib/rustlib/x86_64-unknown-linux-gnu/bin/gcc-ld" "-fuse-ld=lld" "-Wl,--eh-frame-hdr" "-Wl,-z,noexecstack" "-L" "/opt/rustwide/target/debug/build/ring-9b96a5dabc1fea26/out" "-L" "/opt/rustwide/target/debug/build/tree-sitter-f4c4a85b930814b5/out" "-L" "/opt/rustwide/target/debug/build/tree-sitter-bash-5fd530c4fd471183/out" "-L" "/opt/rustwide/target/debug/build/tree-sitter-pwsh-1454fcd89f4647d4/out" "-L" "<sysroot>/lib/rustlib/x86_64-unknown-linux-gnu/lib" "-o" "/opt/rustwide/target/debug/deps/memory_tests-86761be034a25a7a" "-Wl,--gc-sections" "-pie" "-Wl,-z,relro,-z,now" "-nodefaultlibs"
[INFO] [stdout]   = note: some arguments are omitted. use `--verbose` to show all linker arguments
[INFO] [stdout]   = note: collect2: fatal error: ld terminated with signal 9 [Killed]
[INFO] [stdout]           compilation terminated.
[INFO] [stdout]           
[INFO] [stdout] 
[INFO] [stdout] 
[INFO] [stderr] error: could not compile `telos_agent` (test "memory_tests") due to 1 previous error
[INFO] [stdout] error: linking with `cc` failed: exit status: 1
[INFO] [stdout]   |
[INFO] [stdout]   = note:  "cc" "-m64" "/opt/rustwide/target/debug/deps/rustcVEViLF/symbols.o" "<7 object files omitted>" "-Wl,--as-needed" "-Wl,-Bstatic" "/opt/rustwide/target/debug/deps/{libtempfile-7097dee7cd462fc8,libgetrandom-c13452f45e7d3932,libfastrand-8c711c36072d5b5b,librustix-02d97837cd9bd231,liblinux_raw_sys-0b6cde911e9a3109}.rlib" "<sysroot>/lib/rustlib/x86_64-unknown-linux-gnu/lib/{libtest-*,libgetopts-*,librustc_std_workspace_std-*}.rlib" "/opt/rustwide/target/debug/deps/{libtelos_agent-2fa6f87030bc3e8a,librpassword-0a65eff25b24e9e4,librtoolbox-a88ff18bcd746ac5,libdirs-ced9ecdfe96c4de3,libdirs_sys-35571c8e0e8ec812,liboption_ext-61303ef911796993,libtoml-2c9470116b075f8b,libtoml_edit-1ae5522e4766e48e,libserde_spanned-4b3ce414dbccbb53,libwinnow-0e488022daf69231,libtoml_datetime-de377a4572076481,libtree_sitter_pwsh-a98d0923430ca9bd,libserde_yaml-6c8de616ed184e71,libunsafe_libyaml-d3127b66fe569cc5,libtime-cc540c3cc38f41af,libpowerfmt-f6019a2766e431f7,libnum_conv-8bd7073c84ef42cd,libderanged-131d43187e2329b6,libtime_core-87cddcae4f761596,libtree_sitter_bash-7fd0e17a4fe3450c,libtree_sitter-7e5174587ff10966,libregex-7e1652fda5c30ee7,libtree_sitter_language-5155b8cba21ce879,libstreaming_iterator-73bcbfca32316069,libglob-7748687a416caec7,libtokio_tungstenite-89b5788cd7369c24,libtungstenite-343223fcf6d91c64,libdata_encoding-b17abe9da7ed756a,librand-e809961d4161f1f4,librand_chacha-948689361d2e6d50,libppv_lite86-777369bdcdfa9d1d,librand_core-b115fb9b5d781658,libutf8-f4341c3c7568480d,libsha1-a837d2ebb66287e1,libcpufeatures-e04321643d03190d,libdigest-1142e5998e571c5d,libblock_buffer-43b51fc1d06b3057,libcrypto_common-43b177a3b314e9dd,libgeneric_array-745cace30f1ed372,libtypenum-ed2b1c93b2a4333a,libjsonschema-86c43e641199bdf2,libreqwest-9611fc0ef390fade,libhyper_rustls-a4f2f0454155239e,libwebpki_roots-d445d68e64d32cf2,libtokio_rustls-c1c09b4844e657a7,librustls-23eec19b1736721f,libsubtle-2ae6a7038b9a0630,libwebpki-1ee28c5c1faf779f,libring-5aa891824b5ee9a2,libgetrandom-da9c6145cd4f38a1,libuntrusted-b2f816886faf2178,librustls_pki_types-006bcc122d18cfc1,libzeroize-37b2a6e0a2742c6a,libserde_urlencoded-522c129c119ef7b2,libryu-1f4f40e4352371e5,libtower_http-d97bc513efee5363,libbitflags-4d66d68843710487,libtower-995d363a7fd254b6,libtower_layer-d908dd771b239ecd,libhyper_util-a2ecbb38648eb2e0,libipnet-61ca7a5e1c2863d4,libtower_service-3fb88d28c2218805,libhyper-7116e5029e2b995c,libwant-7a6260b9c50f1479,libtry_lock-8fa2f6971035be84,libhttparse-8c9b827b8f345444,libh2-a0ee244b70db22bf,libindexmap-b92bb9c25241b995,libequivalent-6a754676e6af62ae,libhashbrown-d7214d631586fd51,libfnv-79e2cbfbe03dcd16,libatomic_waker-06950c8c08d2b8fa,libhttpdate-331798cefc82cc7e,libtokio_util-bcf9b9661c13db4b,libhttp_body_util-e36a9964dc5d0ba7,libhttp_body-eafc967753803508,liblog-64a74e931fbdff63,liburl-5b1758002b1e393d,libform_urlencoded-58b0f0edb59b40d2,libhttp-faa531d1f5c77dc0,libsync_wrapper-6bdfbc29c4269203,libbytecount-4690dc5a500fb13e,libfraction-19716ff6d7bdde2c,libnum-c21be37416190b6b,libnum_iter-4f6fc29491e52b07,libnum_rational-eaae1b031bfbfef0,libnum_complex-3dd44bcf73d6d5c7,libnum_bigint-f98aa4945c06cbaf,libnum_integer-8ed8b7e010100fe0,libnum_traits-c2765a255388353b,libidna-df3e5f5000671267,libidna_adapter-70350b72b4ad044b,libicu_properties-4ddc08a49a8e9d11,libicu_properties_data-e6cf238fc98dd59d,libicu_normalizer-6ea4c2d8b3ad9012,libicu_normalizer_data-8fea05bee0bb4e49,libicu_collections-d97ef5a36c81bc7c,libutf8_iter-51566bbad89f3a68,libpotential_utf-579c7637db1b1b1f,libicu_provider-337d0cfde5f21791,libicu_locale_core-b8bf0404759a40e5,libtinystr-2ffcd29900d38280,liblitemap-dc288f07f8f61193,libwriteable-48b3e52227924bb5,libzerovec-506e8a8f02a6d7c1,libzerotrie-3019fd812f81190c,libyoke-82d80b75b1bece8d,libstable_deref_trait-63cbf3f3d3f94e56,libzerofrom-45b0d4c4e399d17c,libuuid_simd-54a589d1df8fe7c0,libuuid-178e397591916a6b,liboutref-a8d151a70d892957,libvsimd-df18ed82e402df6e,libfancy_regex-0f8f2f5382374012,libemail_address-bf8c0dc091209c15,libnum_cmp-ef5cddd5e953f8cc,libreferencing-988da5fb1b84f4df,libpercent_encoding-fa055ecaa1e57cfa,libparking_lot-055e48606f9dbc88,libparking_lot_core-4b8ca3fd72428851,libsmallvec-3e75e18e66140be0,liblock_api-16d46fed645f7bff,libscopeguard-7ec2214574194454,libfluent_uri-d3a87ad655999c84,libborrow_or_share-5b15a87d511e4cc2,libref_cast-457c01252c51a166,libahash-09917de2122bf9ec,libgetrandom-a73f2f085e83d825,libcfg_if-83060ec5685761ae,libzerocopy-75aa8ee85b4f20a8,libtiktoken_rs-e80d24ebdc7dd7f3,libbstr-357f392b75bad92b,libbase64-32787b0325ea6df8,liblazy_static-3674be3f4245d19b,librustc_hash-68cbcd0e35cfafe6,libfancy_regex-6fe807d8044da6df,libbit_set-0311c4fb3031ff2a,libbit_vec-b1d1b68c2b4b1dac,libregex_automata-85c01f10b6d054a9,libaho_corasick-879963fcf148ece0,libregex_syntax-801391c65a42f645,libanyhow-c9b06d8caf422803,libasync_stream-574d64fd5641a118,libtracing-bc8a57dc3e836de5,libtracing_core-89b602bc4a7d7f8a,libonce_cell-b5bdc597ed9676b3,libfutures_util-095f2eeedd0eb8f1,libfutures_io-a8805bd12b2ab705,libslab-0582d648e59ab406,libfutures_channel-04b287164a72dbf0,libfutures_sink-3971bde37bb30e19,libfutures_task-36f327cfab86eddc,libfutures_core-1121ff913ed87f93,libthiserror-c87dffb594157b3e,libtokio-4b6d3878b02b2075,libsignal_hook_registry-97fb91977beb15cc,liberrno-40a43d7c8a9b8122,libsocket2-73b9b85db3553b3d,libbytes-8d3fe75014eb498b,libmio-43415d66e2ceb9f1,liblibc-612664c2206eec43,libpin_project_lite-0a15d51c77964692,libserde-1c30e4335e400609,libserde_json-1ca7a92062142003,libmemchr-2857f5b45a031ab1,libitoa-5de11b3b23bfe572,libzmij-ef63f1da73704b4c,libserde_core-2c928ee17a7447a4}.rlib" "<sysroot>/lib/rustlib/x86_64-unknown-linux-gnu/lib/{libstd-*,libpanic_unwind-*,libobject-*,libmemchr-*,libaddr2line-*,libgimli-*,libcfg_if-*,librustc_demangle-*,libstd_detect-*,libhashbrown-*,librustc_std_workspace_alloc-*,libminiz_oxide-*,libadler2-*,libunwind-*,liblibc-*,librustc_std_workspace_core-*,liballoc-*,libcore-*,libcompiler_builtins-*}.rlib" "-Wl,-Bdynamic" "-lgcc_s" "-lutil" "-lrt" "-lpthread" "-lm" "-ldl" "-lc" "-L" "/opt/rustwide/target/debug/deps/rustcVEViLF/raw-dylibs" "-B<sysroot>/lib/rustlib/x86_64-unknown-linux-gnu/bin/gcc-ld" "-fuse-ld=lld" "-Wl,--eh-frame-hdr" "-Wl,-z,noexecstack" "-L" "/opt/rustwide/target/debug/build/ring-9b96a5dabc1fea26/out" "-L" "/opt/rustwide/target/debug/build/tree-sitter-f4c4a85b930814b5/out" "-L" "/opt/rustwide/target/debug/build/tree-sitter-bash-5fd530c4fd471183/out" "-L" "/opt/rustwide/target/debug/build/tree-sitter-pwsh-1454fcd89f4647d4/out" "-L" "<sysroot>/lib/rustlib/x86_64-unknown-linux-gnu/lib" "-o" "/opt/rustwide/target/debug/deps/skill_prompt_tests-003198934155ee2f" "-Wl,--gc-sections" "-pie" "-Wl,-z,relro,-z,now" "-nodefaultlibs"
[INFO] [stdout]   = note: some arguments are omitted. use `--verbose` to show all linker arguments
[INFO] [stdout]   = note: collect2: fatal error: ld terminated with signal 9 [Killed]
[INFO] [stdout]           compilation terminated.
[INFO] [stdout]           
[INFO] [stdout] 
[INFO] [stdout] 
[INFO] [stderr] error: could not compile `telos_agent` (test "skill_prompt_tests") due to 1 previous error
[INFO] [stdout] error: linking with `cc` failed: exit status: 1
[INFO] [stdout]   |
[INFO] [stdout]   = note:  "cc" "-m64" "/opt/rustwide/target/debug/deps/rustcGMhAlB/symbols.o" "<7 object files omitted>" "-Wl,--as-needed" "-Wl,-Bstatic" "<sysroot>/lib/rustlib/x86_64-unknown-linux-gnu/lib/{libtest-*,libgetopts-*,librustc_std_workspace_std-*}.rlib" "/opt/rustwide/target/debug/deps/{libtelos_agent-2fa6f87030bc3e8a,librpassword-0a65eff25b24e9e4,librtoolbox-a88ff18bcd746ac5,libdirs-ced9ecdfe96c4de3,libdirs_sys-35571c8e0e8ec812,liboption_ext-61303ef911796993,libtoml-2c9470116b075f8b,libtoml_edit-1ae5522e4766e48e,libserde_spanned-4b3ce414dbccbb53,libwinnow-0e488022daf69231,libtoml_datetime-de377a4572076481,libtree_sitter_pwsh-a98d0923430ca9bd,libserde_yaml-6c8de616ed184e71,libunsafe_libyaml-d3127b66fe569cc5,libtime-cc540c3cc38f41af,libpowerfmt-f6019a2766e431f7,libnum_conv-8bd7073c84ef42cd,libderanged-131d43187e2329b6,libtime_core-87cddcae4f761596,libtree_sitter_bash-7fd0e17a4fe3450c,libtree_sitter-7e5174587ff10966,libregex-7e1652fda5c30ee7,libtree_sitter_language-5155b8cba21ce879,libstreaming_iterator-73bcbfca32316069,libglob-7748687a416caec7,libtokio_tungstenite-89b5788cd7369c24,libtungstenite-343223fcf6d91c64,libdata_encoding-b17abe9da7ed756a,librand-e809961d4161f1f4,librand_chacha-948689361d2e6d50,libppv_lite86-777369bdcdfa9d1d,librand_core-b115fb9b5d781658,libutf8-f4341c3c7568480d,libsha1-a837d2ebb66287e1,libcpufeatures-e04321643d03190d,libdigest-1142e5998e571c5d,libblock_buffer-43b51fc1d06b3057,libcrypto_common-43b177a3b314e9dd,libgeneric_array-745cace30f1ed372,libtypenum-ed2b1c93b2a4333a,libjsonschema-86c43e641199bdf2,libreqwest-9611fc0ef390fade,libhyper_rustls-a4f2f0454155239e,libwebpki_roots-d445d68e64d32cf2,libtokio_rustls-c1c09b4844e657a7,librustls-23eec19b1736721f,libsubtle-2ae6a7038b9a0630,libwebpki-1ee28c5c1faf779f,libring-5aa891824b5ee9a2,libgetrandom-da9c6145cd4f38a1,libuntrusted-b2f816886faf2178,librustls_pki_types-006bcc122d18cfc1,libzeroize-37b2a6e0a2742c6a,libserde_urlencoded-522c129c119ef7b2,libryu-1f4f40e4352371e5,libtower_http-d97bc513efee5363,libbitflags-4d66d68843710487,libtower-995d363a7fd254b6,libtower_layer-d908dd771b239ecd,libhyper_util-a2ecbb38648eb2e0,libipnet-61ca7a5e1c2863d4,libtower_service-3fb88d28c2218805,libhyper-7116e5029e2b995c,libwant-7a6260b9c50f1479,libtry_lock-8fa2f6971035be84,libhttparse-8c9b827b8f345444,libh2-a0ee244b70db22bf,libindexmap-b92bb9c25241b995,libequivalent-6a754676e6af62ae,libhashbrown-d7214d631586fd51,libfnv-79e2cbfbe03dcd16,libatomic_waker-06950c8c08d2b8fa,libhttpdate-331798cefc82cc7e,libtokio_util-bcf9b9661c13db4b,libhttp_body_util-e36a9964dc5d0ba7,libhttp_body-eafc967753803508,liblog-64a74e931fbdff63,liburl-5b1758002b1e393d,libform_urlencoded-58b0f0edb59b40d2,libhttp-faa531d1f5c77dc0,libsync_wrapper-6bdfbc29c4269203,libbytecount-4690dc5a500fb13e,libfraction-19716ff6d7bdde2c,libnum-c21be37416190b6b,libnum_iter-4f6fc29491e52b07,libnum_rational-eaae1b031bfbfef0,libnum_complex-3dd44bcf73d6d5c7,libnum_bigint-f98aa4945c06cbaf,libnum_integer-8ed8b7e010100fe0,libnum_traits-c2765a255388353b,libidna-df3e5f5000671267,libidna_adapter-70350b72b4ad044b,libicu_properties-4ddc08a49a8e9d11,libicu_properties_data-e6cf238fc98dd59d,libicu_normalizer-6ea4c2d8b3ad9012,libicu_normalizer_data-8fea05bee0bb4e49,libicu_collections-d97ef5a36c81bc7c,libutf8_iter-51566bbad89f3a68,libpotential_utf-579c7637db1b1b1f,libicu_provider-337d0cfde5f21791,libicu_locale_core-b8bf0404759a40e5,libtinystr-2ffcd29900d38280,liblitemap-dc288f07f8f61193,libwriteable-48b3e52227924bb5,libzerovec-506e8a8f02a6d7c1,libzerotrie-3019fd812f81190c,libyoke-82d80b75b1bece8d,libstable_deref_trait-63cbf3f3d3f94e56,libzerofrom-45b0d4c4e399d17c,libuuid_simd-54a589d1df8fe7c0,libuuid-178e397591916a6b,liboutref-a8d151a70d892957,libvsimd-df18ed82e402df6e,libfancy_regex-0f8f2f5382374012,libemail_address-bf8c0dc091209c15,libnum_cmp-ef5cddd5e953f8cc,libreferencing-988da5fb1b84f4df,libpercent_encoding-fa055ecaa1e57cfa,libparking_lot-055e48606f9dbc88,libparking_lot_core-4b8ca3fd72428851,libsmallvec-3e75e18e66140be0,liblock_api-16d46fed645f7bff,libscopeguard-7ec2214574194454,libfluent_uri-d3a87ad655999c84,libborrow_or_share-5b15a87d511e4cc2,libref_cast-457c01252c51a166,libahash-09917de2122bf9ec,libgetrandom-a73f2f085e83d825,libcfg_if-83060ec5685761ae,libzerocopy-75aa8ee85b4f20a8,libtiktoken_rs-e80d24ebdc7dd7f3,libbstr-357f392b75bad92b,libbase64-32787b0325ea6df8,liblazy_static-3674be3f4245d19b,librustc_hash-68cbcd0e35cfafe6,libfancy_regex-6fe807d8044da6df,libbit_set-0311c4fb3031ff2a,libbit_vec-b1d1b68c2b4b1dac,libregex_automata-85c01f10b6d054a9,libaho_corasick-879963fcf148ece0,libregex_syntax-801391c65a42f645,libanyhow-c9b06d8caf422803,libasync_stream-574d64fd5641a118,libtracing-bc8a57dc3e836de5,libtracing_core-89b602bc4a7d7f8a,libonce_cell-b5bdc597ed9676b3,libfutures_util-095f2eeedd0eb8f1,libfutures_io-a8805bd12b2ab705,libslab-0582d648e59ab406,libfutures_channel-04b287164a72dbf0,libfutures_sink-3971bde37bb30e19,libfutures_task-36f327cfab86eddc,libfutures_core-1121ff913ed87f93,libthiserror-c87dffb594157b3e,libtokio-4b6d3878b02b2075,libsignal_hook_registry-97fb91977beb15cc,liberrno-40a43d7c8a9b8122,libsocket2-73b9b85db3553b3d,libbytes-8d3fe75014eb498b,libmio-43415d66e2ceb9f1,liblibc-612664c2206eec43,libpin_project_lite-0a15d51c77964692,libserde-1c30e4335e400609,libserde_json-1ca7a92062142003,libmemchr-2857f5b45a031ab1,libitoa-5de11b3b23bfe572,libzmij-ef63f1da73704b4c,libserde_core-2c928ee17a7447a4}.rlib" "<sysroot>/lib/rustlib/x86_64-unknown-linux-gnu/lib/{libstd-*,libpanic_unwind-*,libobject-*,libmemchr-*,libaddr2line-*,libgimli-*,libcfg_if-*,librustc_demangle-*,libstd_detect-*,libhashbrown-*,librustc_std_workspace_alloc-*,libminiz_oxide-*,libadler2-*,libunwind-*,liblibc-*,librustc_std_workspace_core-*,liballoc-*,libcore-*,libcompiler_builtins-*}.rlib" "-Wl,-Bdynamic" "-lgcc_s" "-lutil" "-lrt" "-lpthread" "-lm" "-ldl" "-lc" "-L" "/opt/rustwide/target/debug/deps/rustcGMhAlB/raw-dylibs" "-B<sysroot>/lib/rustlib/x86_64-unknown-linux-gnu/bin/gcc-ld" "-fuse-ld=lld" "-Wl,--eh-frame-hdr" "-Wl,-z,noexecstack" "-L" "/opt/rustwide/target/debug/build/ring-9b96a5dabc1fea26/out" "-L" "/opt/rustwide/target/debug/build/tree-sitter-f4c4a85b930814b5/out" "-L" "/opt/rustwide/target/debug/build/tree-sitter-bash-5fd530c4fd471183/out" "-L" "/opt/rustwide/target/debug/build/tree-sitter-pwsh-1454fcd89f4647d4/out" "-L" "<sysroot>/lib/rustlib/x86_64-unknown-linux-gnu/lib" "-o" "/opt/rustwide/target/debug/deps/storage_tests-9ca0c6f3458ac685" "-Wl,--gc-sections" "-pie" "-Wl,-z,relro,-z,now" "-nodefaultlibs"
[INFO] [stdout]   = note: some arguments are omitted. use `--verbose` to show all linker arguments
[INFO] [stdout]   = note: collect2: fatal error: ld terminated with signal 9 [Killed]
[INFO] [stdout]           compilation terminated.
[INFO] [stdout]           
[INFO] [stdout] 
[INFO] [stdout] 
[INFO] [stderr] error: could not compile `telos_agent` (test "storage_tests") due to 1 previous error
[INFO] [stdout] error: linking with `cc` failed: exit status: 1
[INFO] [stdout]   |
[INFO] [stdout]   = note:  "cc" "-m64" "/opt/rustwide/target/debug/deps/rustcIHcxHX/symbols.o" "<5 object files omitted>" "-Wl,--as-needed" "-Wl,-Bstatic" "<sysroot>/lib/rustlib/x86_64-unknown-linux-gnu/lib/{libtest-*,libgetopts-*,librustc_std_workspace_std-*}.rlib" "/opt/rustwide/target/debug/deps/{libtelos_agent-2fa6f87030bc3e8a,librpassword-0a65eff25b24e9e4,librtoolbox-a88ff18bcd746ac5,libdirs-ced9ecdfe96c4de3,libdirs_sys-35571c8e0e8ec812,liboption_ext-61303ef911796993,libtoml-2c9470116b075f8b,libtoml_edit-1ae5522e4766e48e,libserde_spanned-4b3ce414dbccbb53,libwinnow-0e488022daf69231,libtoml_datetime-de377a4572076481,libtree_sitter_pwsh-a98d0923430ca9bd,libserde_yaml-6c8de616ed184e71,libunsafe_libyaml-d3127b66fe569cc5,libtime-cc540c3cc38f41af,libpowerfmt-f6019a2766e431f7,libnum_conv-8bd7073c84ef42cd,libderanged-131d43187e2329b6,libtime_core-87cddcae4f761596,libtree_sitter_bash-7fd0e17a4fe3450c,libtree_sitter-7e5174587ff10966,libregex-7e1652fda5c30ee7,libtree_sitter_language-5155b8cba21ce879,libstreaming_iterator-73bcbfca32316069,libglob-7748687a416caec7,libtokio_tungstenite-89b5788cd7369c24,libtungstenite-343223fcf6d91c64,libdata_encoding-b17abe9da7ed756a,librand-e809961d4161f1f4,librand_chacha-948689361d2e6d50,libppv_lite86-777369bdcdfa9d1d,librand_core-b115fb9b5d781658,libutf8-f4341c3c7568480d,libsha1-a837d2ebb66287e1,libcpufeatures-e04321643d03190d,libdigest-1142e5998e571c5d,libblock_buffer-43b51fc1d06b3057,libcrypto_common-43b177a3b314e9dd,libgeneric_array-745cace30f1ed372,libtypenum-ed2b1c93b2a4333a,libjsonschema-86c43e641199bdf2,libreqwest-9611fc0ef390fade,libhyper_rustls-a4f2f0454155239e,libwebpki_roots-d445d68e64d32cf2,libtokio_rustls-c1c09b4844e657a7,librustls-23eec19b1736721f,libsubtle-2ae6a7038b9a0630,libwebpki-1ee28c5c1faf779f,libring-5aa891824b5ee9a2,libgetrandom-da9c6145cd4f38a1,libuntrusted-b2f816886faf2178,librustls_pki_types-006bcc122d18cfc1,libzeroize-37b2a6e0a2742c6a,libserde_urlencoded-522c129c119ef7b2,libryu-1f4f40e4352371e5,libtower_http-d97bc513efee5363,libbitflags-4d66d68843710487,libtower-995d363a7fd254b6,libtower_layer-d908dd771b239ecd,libhyper_util-a2ecbb38648eb2e0,libipnet-61ca7a5e1c2863d4,libtower_service-3fb88d28c2218805,libhyper-7116e5029e2b995c,libwant-7a6260b9c50f1479,libtry_lock-8fa2f6971035be84,libhttparse-8c9b827b8f345444,libh2-a0ee244b70db22bf,libindexmap-b92bb9c25241b995,libequivalent-6a754676e6af62ae,libhashbrown-d7214d631586fd51,libfnv-79e2cbfbe03dcd16,libatomic_waker-06950c8c08d2b8fa,libhttpdate-331798cefc82cc7e,libtokio_util-bcf9b9661c13db4b,libhttp_body_util-e36a9964dc5d0ba7,libhttp_body-eafc967753803508,liblog-64a74e931fbdff63,liburl-5b1758002b1e393d,libform_urlencoded-58b0f0edb59b40d2,libhttp-faa531d1f5c77dc0,libsync_wrapper-6bdfbc29c4269203,libbytecount-4690dc5a500fb13e,libfraction-19716ff6d7bdde2c,libnum-c21be37416190b6b,libnum_iter-4f6fc29491e52b07,libnum_rational-eaae1b031bfbfef0,libnum_complex-3dd44bcf73d6d5c7,libnum_bigint-f98aa4945c06cbaf,libnum_integer-8ed8b7e010100fe0,libnum_traits-c2765a255388353b,libidna-df3e5f5000671267,libidna_adapter-70350b72b4ad044b,libicu_properties-4ddc08a49a8e9d11,libicu_properties_data-e6cf238fc98dd59d,libicu_normalizer-6ea4c2d8b3ad9012,libicu_normalizer_data-8fea05bee0bb4e49,libicu_collections-d97ef5a36c81bc7c,libutf8_iter-51566bbad89f3a68,libpotential_utf-579c7637db1b1b1f,libicu_provider-337d0cfde5f21791,libicu_locale_core-b8bf0404759a40e5,libtinystr-2ffcd29900d38280,liblitemap-dc288f07f8f61193,libwriteable-48b3e52227924bb5,libzerovec-506e8a8f02a6d7c1,libzerotrie-3019fd812f81190c,libyoke-82d80b75b1bece8d,libstable_deref_trait-63cbf3f3d3f94e56,libzerofrom-45b0d4c4e399d17c,libuuid_simd-54a589d1df8fe7c0,libuuid-178e397591916a6b,liboutref-a8d151a70d892957,libvsimd-df18ed82e402df6e,libfancy_regex-0f8f2f5382374012,libemail_address-bf8c0dc091209c15,libnum_cmp-ef5cddd5e953f8cc,libreferencing-988da5fb1b84f4df,libpercent_encoding-fa055ecaa1e57cfa,libparking_lot-055e48606f9dbc88,libparking_lot_core-4b8ca3fd72428851,libsmallvec-3e75e18e66140be0,liblock_api-16d46fed645f7bff,libscopeguard-7ec2214574194454,libfluent_uri-d3a87ad655999c84,libborrow_or_share-5b15a87d511e4cc2,libref_cast-457c01252c51a166,libahash-09917de2122bf9ec,libgetrandom-a73f2f085e83d825,libcfg_if-83060ec5685761ae,libzerocopy-75aa8ee85b4f20a8,libtiktoken_rs-e80d24ebdc7dd7f3,libbstr-357f392b75bad92b,libbase64-32787b0325ea6df8,liblazy_static-3674be3f4245d19b,librustc_hash-68cbcd0e35cfafe6,libfancy_regex-6fe807d8044da6df,libbit_set-0311c4fb3031ff2a,libbit_vec-b1d1b68c2b4b1dac,libregex_automata-85c01f10b6d054a9,libaho_corasick-879963fcf148ece0,libregex_syntax-801391c65a42f645,libanyhow-c9b06d8caf422803,libasync_stream-574d64fd5641a118,libtracing-bc8a57dc3e836de5,libtracing_core-89b602bc4a7d7f8a,libonce_cell-b5bdc597ed9676b3,libfutures_util-095f2eeedd0eb8f1,libfutures_io-a8805bd12b2ab705,libslab-0582d648e59ab406,libfutures_channel-04b287164a72dbf0,libfutures_sink-3971bde37bb30e19,libfutures_task-36f327cfab86eddc,libfutures_core-1121ff913ed87f93,libthiserror-c87dffb594157b3e,libtokio-4b6d3878b02b2075,libsignal_hook_registry-97fb91977beb15cc,liberrno-40a43d7c8a9b8122,libsocket2-73b9b85db3553b3d,libbytes-8d3fe75014eb498b,libmio-43415d66e2ceb9f1,liblibc-612664c2206eec43,libpin_project_lite-0a15d51c77964692,libserde-1c30e4335e400609,libserde_json-1ca7a92062142003,libmemchr-2857f5b45a031ab1,libitoa-5de11b3b23bfe572,libzmij-ef63f1da73704b4c,libserde_core-2c928ee17a7447a4}.rlib" "<sysroot>/lib/rustlib/x86_64-unknown-linux-gnu/lib/{libstd-*,libpanic_unwind-*,libobject-*,libmemchr-*,libaddr2line-*,libgimli-*,libcfg_if-*,librustc_demangle-*,libstd_detect-*,libhashbrown-*,librustc_std_workspace_alloc-*,libminiz_oxide-*,libadler2-*,libunwind-*,liblibc-*,librustc_std_workspace_core-*,liballoc-*,libcore-*,libcompiler_builtins-*}.rlib" "-Wl,-Bdynamic" "-lgcc_s" "-lutil" "-lrt" "-lpthread" "-lm" "-ldl" "-lc" "-L" "/opt/rustwide/target/debug/deps/rustcIHcxHX/raw-dylibs" "-B<sysroot>/lib/rustlib/x86_64-unknown-linux-gnu/bin/gcc-ld" "-fuse-ld=lld" "-Wl,--eh-frame-hdr" "-Wl,-z,noexecstack" "-L" "/opt/rustwide/target/debug/build/ring-9b96a5dabc1fea26/out" "-L" "/opt/rustwide/target/debug/build/tree-sitter-f4c4a85b930814b5/out" "-L" "/opt/rustwide/target/debug/build/tree-sitter-bash-5fd530c4fd471183/out" "-L" "/opt/rustwide/target/debug/build/tree-sitter-pwsh-1454fcd89f4647d4/out" "-L" "<sysroot>/lib/rustlib/x86_64-unknown-linux-gnu/lib" "-o" "/opt/rustwide/target/debug/deps/tool_registry_prompt_tests-4f80e702eea16c09" "-Wl,--gc-sections" "-pie" "-Wl,-z,relro,-z,now" "-nodefaultlibs"
[INFO] [stdout]   = note: some arguments are omitted. use `--verbose` to show all linker arguments
[INFO] [stdout]   = note: collect2: fatal error: ld terminated with signal 9 [Killed]
[INFO] [stdout]           compilation terminated.
[INFO] [stdout]           
[INFO] [stdout] 
[INFO] [stdout] 
[INFO] [stderr] error: could not compile `telos_agent` (test "tool_registry_prompt_tests") due to 1 previous error
[INFO] running `Command { std: "docker" "inspect" "9dd893542d182d81a358a260f682aab2ac852cb116c497550f53ec4c99fd1043", kill_on_drop: false }`
[INFO] running `Command { std: "docker" "rm" "-f" "9dd893542d182d81a358a260f682aab2ac852cb116c497550f53ec4c99fd1043", kill_on_drop: false }`
[INFO] [stdout] 9dd893542d182d81a358a260f682aab2ac852cb116c497550f53ec4c99fd1043
