[INFO] fetching crate telltale-bridge 17.0.0...
[INFO] testing telltale-bridge-17.0.0 against 1.99.0-beta.8 for beta-1.100-2
[INFO] extracting crate telltale-bridge 17.0.0 into /workspace/builds/worker-5-tc1/source
[INFO] started tweaking crates.io crate telltale-bridge 17.0.0
[INFO] removed 0 missing examples
[INFO] removed 0 missing tests
[INFO] finished tweaking crates.io crate telltale-bridge 17.0.0
[INFO] tweaked toml for crates.io crate telltale-bridge 17.0.0 written to /workspace/builds/worker-5-tc1/source/Cargo.toml
[INFO] validating manifest of crates.io crate telltale-bridge 17.0.0 on toolchain 1.99.0-beta.8
[INFO] running `Command { std: CARGO_HOME="/workspace/cargo-home" RUSTUP_HOME="/workspace/rustup-home" "/workspace/cargo-home/bin/cargo" "+1.99.0-beta.8" "metadata" "--manifest-path" "Cargo.toml" "--no-deps", kill_on_drop: false }`
[INFO] crate crates.io crate telltale-bridge 17.0.0 already has a lockfile, it will not be regenerated
[INFO] running `Command { std: CARGO_HOME="/workspace/cargo-home" RUSTUP_HOME="/workspace/rustup-home" "/workspace/cargo-home/bin/cargo" "+1.99.0-beta.8" "fetch" "--manifest-path" "Cargo.toml", kill_on_drop: false }`
[INFO] [stderr]     Updating crates.io index
[INFO] [stderr]  Downloading crates ...
[INFO] [stderr]   Downloaded serde_json v1.0.149
[INFO] [stderr]   Downloaded instant v0.1.13
[INFO] [stderr]   Downloaded constant_time_eq v0.4.2
[INFO] [stderr]   Downloaded parking_lot_core v0.8.6
[INFO] [stderr]   Downloaded redox_syscall v0.2.16
[INFO] [stderr]   Downloaded telltale-macros v17.0.0
[INFO] [stderr]   Downloaded crossbeam-deque v0.8.6
[INFO] [stderr]   Downloaded bincode v1.3.3
[INFO] [stderr]   Downloaded bpaf_derive v0.5.23
[INFO] [stderr]   Downloaded crossbeam-epoch v0.9.18
[INFO] [stderr]   Downloaded telltale-types v17.0.0
[INFO] [stderr]   Downloaded az v1.3.0
[INFO] [stderr]   Downloaded wasm-timer v0.2.5
[INFO] [stderr]   Downloaded pest_derive v2.8.6
[INFO] [stderr]   Downloaded pest_generator v2.8.6
[INFO] [stderr]   Downloaded log v0.4.29
[INFO] [stderr]   Downloaded uuid v1.23.1
[INFO] [stderr]   Downloaded rayon-core v1.13.0
[INFO] [stderr]   Downloaded rand v0.8.6
[INFO] [stderr]   Downloaded telltale-theory v17.0.0
[INFO] [stderr]   Downloaded pest_meta v2.8.6
[INFO] [stderr]   Downloaded typenum v1.20.0
[INFO] [stderr]   Downloaded telltale-language v17.0.0
[INFO] [stderr]   Downloaded rayon v1.12.0
[INFO] [stderr]   Downloaded bpaf v0.9.25
[INFO] [stderr]   Downloaded blake3 v1.8.4
[INFO] [stderr]   Downloaded fixed v1.30.0
[INFO] [stderr]   Downloaded telltale-runtime v17.0.0
[INFO] [stderr]   Downloaded telltale-machine v17.0.0
[INFO] [stderr]   Downloaded tokio v1.52.1
[INFO] [stderr]   Downloaded telltale v17.0.0
[INFO] running `Command { std: "docker" "create" "-v" "/var/lib/crater-agent-workspace/builds/worker-5-tc1/source:/opt/rustwide/workdir:ro,Z" "-v" "/var/lib/crater-agent-workspace/builds/worker-5-tc1/target:/opt/rustwide/target:rw,Z" "-v" "/var/lib/crater-agent-workspace/cargo-home:/opt/rustwide/cargo-home:ro,Z" "-v" "/var/lib/crater-agent-workspace/rustup-home:/opt/rustwide/rustup-home:ro,Z" "-m" "1610612736" "--network" "none" "ghcr.io/rust-lang/crates-build-env/linux@sha256:3111399a4047eeb3a02b7a90e478d715f38a8c6669b5c4b49d30a17385265909" "sleep" "infinity", kill_on_drop: false }`
[INFO] [stdout] 81dd2b3f3eb056c26af5b34acc62b842b2fd614ab154ec325b17232feca403e7
[INFO] running `Command { std: "docker" "start" "81dd2b3f3eb056c26af5b34acc62b842b2fd614ab154ec325b17232feca403e7", kill_on_drop: false }`
[INFO] running `Command { std: "docker" "inspect" "81dd2b3f3eb056c26af5b34acc62b842b2fd614ab154ec325b17232feca403e7", kill_on_drop: false }`
[INFO] running `Command { std: "docker" "exec" "-e" "SOURCE_DIR=/opt/rustwide/workdir" "-e" "CARGO_HOME=/opt/rustwide/cargo-home" "-e" "RUSTUP_HOME=/opt/rustwide/rustup-home" "-e" "CARGO_TARGET_DIR=/opt/rustwide/target" "-w" "/opt/rustwide/workdir" "--user" "0:0" "81dd2b3f3eb056c26af5b34acc62b842b2fd614ab154ec325b17232feca403e7" "/opt/rustwide/cargo-home/bin/cargo" "+1.99.0-beta.8" "metadata" "--no-deps" "--format-version=1", kill_on_drop: false }`
[INFO] running `Command { std: "docker" "inspect" "81dd2b3f3eb056c26af5b34acc62b842b2fd614ab154ec325b17232feca403e7", kill_on_drop: false }`
[INFO] running `Command { std: "docker" "exec" "-e" "SOURCE_DIR=/opt/rustwide/workdir" "-e" "CARGO_HOME=/opt/rustwide/cargo-home" "-e" "RUSTUP_HOME=/opt/rustwide/rustup-home" "-e" "CARGO_TARGET_DIR=/opt/rustwide/target" "-e" "CARGO_INCREMENTAL=0" "-e" "RUST_BACKTRACE=full" "-e" "RUSTFLAGS=--cap-lints=warn" "-e" "RUSTDOCFLAGS=--cap-lints=warn" "-w" "/opt/rustwide/workdir" "--user" "0:0" "81dd2b3f3eb056c26af5b34acc62b842b2fd614ab154ec325b17232feca403e7" "/opt/rustwide/cargo-home/bin/cargo" "+1.99.0-beta.8" "build" "--frozen" "--message-format=json", kill_on_drop: false }`
[INFO] [stderr]    Compiling proc-macro2 v1.0.106
[INFO] [stderr]    Compiling quote v1.0.45
[INFO] [stderr]    Compiling unicode-ident v1.0.24
[INFO] [stderr]    Compiling cfg-if v1.0.4
[INFO] [stderr]    Compiling libc v0.2.185
[INFO] [stderr]    Compiling zerocopy v0.8.48
[INFO] [stderr]    Compiling serde_core v1.0.228
[INFO] [stderr]    Compiling serde v1.0.228
[INFO] [stderr]    Compiling shlex v1.3.0
[INFO] [stderr]    Compiling find-msvc-tools v0.1.9
[INFO] [stderr]    Compiling zmij v1.0.21
[INFO] [stderr]    Compiling serde_json v1.0.149
[INFO] [stderr]    Compiling thiserror v1.0.69
[INFO] [stderr]    Compiling fixed v1.30.0
[INFO] [stderr]    Compiling arrayvec v0.7.6
[INFO] [stderr]    Compiling bytemuck v1.25.0
[INFO] [stderr]    Compiling arrayref v0.3.9
[INFO] [stderr]    Compiling az v1.3.0
[INFO] [stderr]    Compiling memchr v2.8.0
[INFO] [stderr]    Compiling itoa v1.0.18
[INFO] [stderr]    Compiling typenum v1.20.0
[INFO] [stderr]    Compiling parking_lot_core v0.9.12
[INFO] [stderr]    Compiling cc v1.2.60
[INFO] [stderr]    Compiling cpufeatures v0.3.0
[INFO] [stderr]    Compiling constant_time_eq v0.4.2
[INFO] [stderr]    Compiling getrandom v0.4.2
[INFO] [stderr]    Compiling scopeguard v1.2.0
[INFO] [stderr]    Compiling smallvec v1.15.1
[INFO] [stderr]    Compiling rustix v1.1.4
[INFO] [stderr]    Compiling ciborium-io v0.2.2
[INFO] [stderr]    Compiling lock_api v0.4.14
[INFO] [stderr]    Compiling linux-raw-sys v0.12.1
[INFO] [stderr]    Compiling bitflags v2.11.1
[INFO] [stderr]    Compiling fastrand v2.4.1
[INFO] [stderr]    Compiling once_cell v1.21.4
[INFO] [stderr]    Compiling syn v2.0.117
[INFO] [stderr]    Compiling getrandom v0.2.17
[INFO] [stderr]    Compiling rand_core v0.6.4
[INFO] [stderr]    Compiling blake3 v1.8.4
[INFO] [stderr]    Compiling parking_lot v0.12.5
[INFO] [stderr]    Compiling tempfile v3.27.0
[INFO] [stderr]    Compiling zerocopy-derive v0.8.48
[INFO] [stderr]    Compiling serde_derive v1.0.228
[INFO] [stderr]    Compiling thiserror-impl v1.0.69
[INFO] [stderr]    Compiling bincode v1.3.3
[INFO] [stderr]    Compiling half v2.7.1
[INFO] [stderr]    Compiling ppv-lite86 v0.2.21
[INFO] [stderr]    Compiling ciborium-ll v0.2.2
[INFO] [stderr]    Compiling rand_chacha v0.3.1
[INFO] [stderr]    Compiling ciborium v0.2.2
[INFO] [stderr]    Compiling rand v0.8.6
[INFO] [stderr]    Compiling telltale-types v17.0.0
[INFO] [stderr]    Compiling telltale-theory v17.0.0
[INFO] [stderr]    Compiling telltale-machine v17.0.0
[INFO] [stderr]    Compiling telltale-bridge v17.0.0 (/opt/rustwide/workdir)
[INFO] [stderr]     Finished `dev` profile [unoptimized + debuginfo] target(s) in 1m 06s
[INFO] running `Command { std: "docker" "inspect" "81dd2b3f3eb056c26af5b34acc62b842b2fd614ab154ec325b17232feca403e7", kill_on_drop: false }`
[INFO] running `Command { std: "docker" "exec" "-e" "SOURCE_DIR=/opt/rustwide/workdir" "-e" "CARGO_HOME=/opt/rustwide/cargo-home" "-e" "RUSTUP_HOME=/opt/rustwide/rustup-home" "-e" "CARGO_TARGET_DIR=/opt/rustwide/target" "-e" "CARGO_INCREMENTAL=0" "-e" "RUST_BACKTRACE=full" "-e" "RUSTFLAGS=--cap-lints=warn" "-e" "RUSTDOCFLAGS=--cap-lints=warn" "-w" "/opt/rustwide/workdir" "--user" "0:0" "81dd2b3f3eb056c26af5b34acc62b842b2fd614ab154ec325b17232feca403e7" "/opt/rustwide/cargo-home/bin/cargo" "+1.99.0-beta.8" "test" "--frozen" "--no-run" "--message-format=json", kill_on_drop: false }`
[INFO] [stderr]    Compiling proc-macro2 v1.0.106
[INFO] [stderr]    Compiling unicode-ident v1.0.24
[INFO] [stderr]    Compiling quote v1.0.45
[INFO] [stderr]    Compiling memchr v2.8.0
[INFO] [stderr]    Compiling serde_core v1.0.228
[INFO] [stderr]    Compiling serde v1.0.228
[INFO] [stderr]    Compiling libc v0.2.185
[INFO] [stderr]    Compiling crossbeam-utils v0.8.21
[INFO] [stderr]    Compiling hashbrown v0.17.0
[INFO] [stderr]    Compiling equivalent v1.0.2
[INFO] [stderr]    Compiling winnow v0.7.15
[INFO] [stderr]    Compiling toml_write v0.1.2
[INFO] [stderr]    Compiling ucd-trie v0.1.7
[INFO] [stderr]    Compiling regex-syntax v0.8.10
[INFO] [stderr]    Compiling once_cell v1.21.4
[INFO] [stderr]    Compiling rayon-core v1.13.0
[INFO] [stderr]    Compiling pin-project-lite v0.2.17
[INFO] [stderr]    Compiling getrandom v0.3.4
[INFO] [stderr]    Compiling futures-core v0.3.32
[INFO] [stderr]    Compiling futures-sink v0.3.32
[INFO] [stderr]    Compiling futures-io v0.3.32
[INFO] [stderr]    Compiling futures-channel v0.3.32
[INFO] [stderr]    Compiling slab v0.4.12
[INFO] [stderr]    Compiling futures-task v0.3.32
[INFO] [stderr]    Compiling either v1.15.0
[INFO] [stderr]    Compiling autocfg v1.5.0
[INFO] [stderr]    Compiling anyhow v1.0.102
[INFO] [stderr]    Compiling powerfmt v0.2.0
[INFO] [stderr]    Compiling tempfile v3.27.0
[INFO] [stderr]    Compiling socket2 v0.6.3
[INFO] [stderr]    Compiling deranged v0.5.8
[INFO] [stderr]    Compiling mio v1.2.0
[INFO] [stderr]    Compiling rand_core v0.9.5
[INFO] [stderr]    Compiling time-core v0.1.8
[INFO] [stderr]    Compiling bytes v1.11.1
[INFO] [stderr]    Compiling pest v2.8.6
[INFO] [stderr]    Compiling aho-corasick v1.1.4
[INFO] [stderr]    Compiling syn v2.0.117
[INFO] [stderr]    Compiling crossbeam-epoch v0.9.18
[INFO] [stderr]    Compiling indexmap v2.14.0
[INFO] [stderr]    Compiling serde_json v1.0.149
[INFO] [stderr]    Compiling num-traits v0.2.19
[INFO] [stderr]    Compiling num-conv v0.2.1
[INFO] [stderr]    Compiling crossbeam-deque v0.8.6
[INFO] [stderr]    Compiling tracing-core v0.1.36
[INFO] [stderr]    Compiling wait-timeout v0.2.1
[INFO] [stderr]    Compiling bit-vec v0.8.0
[INFO] [stderr]    Compiling base64 v0.21.7
[INFO] [stderr]    Compiling hex v0.4.3
[INFO] [stderr]    Compiling bit-set v0.8.0
[INFO] [stderr]    Compiling rusty-fork v0.3.1
[INFO] [stderr]    Compiling rand_xorshift v0.4.0
[INFO] [stderr]    Compiling rand v0.9.4
[INFO] [stderr]    Compiling getrandom v0.2.17
[INFO] [stderr]    Compiling rayon v1.12.0
[INFO] [stderr]    Compiling uuid v1.23.1
[INFO] [stderr]    Compiling pest_meta v2.8.6
[INFO] [stderr]    Compiling time v0.3.47
[INFO] [stderr]    Compiling rand_core v0.6.4
[INFO] [stderr]    Compiling unarray v0.1.4
[INFO] [stderr]    Compiling regex-automata v0.4.14
[INFO] [stderr]    Compiling regex v1.12.3
[INFO] [stderr]    Compiling pest_generator v2.8.6
[INFO] [stderr]    Compiling serde_derive v1.0.228
[INFO] [stderr]    Compiling zerocopy-derive v0.8.48
[INFO] [stderr]    Compiling thiserror-impl v1.0.69
[INFO] [stderr]    Compiling futures-macro v0.3.32
[INFO] [stderr]    Compiling tokio-macros v2.7.0
[INFO] [stderr]    Compiling async-trait v0.1.89
[INFO] [stderr]    Compiling tracing-attributes v0.1.31
[INFO] [stderr]    Compiling async-recursion v1.1.1
[INFO] [stderr]    Compiling pest_derive v2.8.6
[INFO] [stderr]    Compiling tokio v1.52.1
[INFO] [stderr]    Compiling futures-util v0.3.32
[INFO] [stderr]    Compiling thiserror v1.0.69
[INFO] [stderr]    Compiling tracing v0.1.44
[INFO] [stderr]    Compiling zerocopy v0.8.48
[INFO] [stderr]    Compiling toml_datetime v0.6.11
[INFO] [stderr]    Compiling serde_spanned v0.6.9
[INFO] [stderr]    Compiling bincode v1.3.3
[INFO] [stderr]    Compiling toml_edit v0.22.27
[INFO] [stderr]    Compiling futures-executor v0.3.32
[INFO] [stderr]    Compiling futures v0.3.32
[INFO] [stderr]    Compiling toml v0.8.23
[INFO] [stderr]    Compiling ppv-lite86 v0.2.21
[INFO] [stderr]    Compiling half v2.7.1
[INFO] [stderr]    Compiling fixed v1.30.0
[INFO] [stderr]    Compiling ciborium-ll v0.2.2
[INFO] [stderr]    Compiling rand_chacha v0.3.1
[INFO] [stderr]    Compiling rand_chacha v0.9.0
[INFO] [stderr]    Compiling proptest v1.11.0
[INFO] [stderr]    Compiling ciborium v0.2.2
[INFO] [stderr]    Compiling rand v0.8.6
[INFO] [stderr]    Compiling telltale-types v17.0.0
[INFO] [stderr]    Compiling telltale-theory v17.0.0
[INFO] [stderr]    Compiling telltale-language v17.0.0
[INFO] [stderr]    Compiling telltale-machine v17.0.0
[INFO] [stderr]    Compiling telltale-macros v17.0.0
[INFO] [stderr]    Compiling telltale v17.0.0
[INFO] [stderr]    Compiling telltale-bridge v17.0.0 (/opt/rustwide/workdir)
[INFO] [stderr]    Compiling telltale-runtime v17.0.0
[INFO] [stdout] error: linking with `cc` failed: exit status: 1
[INFO] [stdout]   |
[INFO] [stdout]   = note:  "cc" "-m64" "/opt/rustwide/target/debug/deps/rustcPOZkBf/symbols.o" "<2 object files omitted>" "-Wl,--as-needed" "-Wl,-Bstatic" "<sysroot>/lib/rustlib/x86_64-unknown-linux-gnu/lib/{libtest-*,libgetopts-*,librustc_std_workspace_std-*}.rlib" "/opt/rustwide/target/debug/deps/{libtelltale_theory-cede7d741203ac19,libtelltale_runtime-e6f145ecd4fa63b9,libtime-033fff5d0e7a8303,libtime_core-031b6ab885a7634b,libnum_conv-4e1233169d5eeba7,libderanged-cdae7a3649226cfc,libpowerfmt-f6019a2766e431f7,libtokio-f6f417ac71a03c59,libsocket2-3ec2f566834838ed,libbytes-2ed9460101f17bbf,libmio-d3f846d8a755a139,libtracing-a759b451b6282c7b,libtracing_core-89b602bc4a7d7f8a,libonce_cell-b5bdc597ed9676b3,libtelltale-d0412f9f8729b040,libtelltale_machine-9263f4f4d22c2641,libbincode-535ef262a1088551,libciborium-a218245ab96c9fb7,libciborium_ll-15c2b1d489142fdd,libciborium_io-830fc40686b7b55e,librayon-2f12772fee37c590,librayon_core-e986c1d1845fe6c3,libcrossbeam_deque-e71c6317821167fb,libcrossbeam_epoch-5fdcd5978a9f0010,libcrossbeam_utils-f696a08ab1e94e7a,libeither-40b894c145b6eae5,libparking_lot-192a4a4009a5edcd,libparking_lot_core-87db66ee9f75e672,libsmallvec-c4b0763233bab5f9,liblock_api-16d46fed645f7bff,libscopeguard-7ec2214574194454,libfutures-c8601a5505d7beb2,libfutures_executor-4bdbdfe620b19945,libfutures_util-cfc01104df09685f,libfutures_io-a8805bd12b2ab705,libslab-ed301aba3460fb05,libfutures_channel-709aca3cddebd0a0,libpin_project_lite-0a15d51c77964692,libfutures_sink-2422b5cc970bfebd,libfutures_task-36f327cfab86eddc,libfutures_core-0e1ee7e484a09e5a,libtelltale_language-5635ca59346e2c70,libtoml-24d87e6d913661d4,libtoml_edit-5bf02353088a8ac4,libserde_spanned-f2a57d0076fa8d94,libindexmap-0d7f2c48190e6f4d,libequivalent-6a754676e6af62ae,libhashbrown-6b92ca17a46d4c7a,libwinnow-88e6acd6e2987984,libtoml_write-2c704ffd35684d73,libtoml_datetime-5faaf825eeff1e21,libregex-ec2dc9d409c38a88,libregex_automata-bf751438404198b1,libaho_corasick-fa94425a423a79cf,libregex_syntax-6d6ee545e2ffad72,libpest-afd3cb3b02364b8b,libucd_trie-64e35acb102f3b4d,libsyn-71c4adae87d05d3d,libquote-a3aa864f5df87ffb,libtelltale_types-fd37c3381ffd06a0,libserde_json-fb82e8c4c7fba6a4,libmemchr-5cfa70d22cb32987,libitoa-5de11b3b23bfe572,libzmij-ef63f1da73704b4c,libblake3-e4b9581e1c95e8f5,libconstant_time_eq-1a60f1c89abc6683,libcpufeatures-6c1f78f4142e3013,libarrayvec-c7dde542da3995d2,libarrayref-81fde35c69841043,libthiserror-744c98a58e0b08c2,libfixed-496ad44869c2533c,libtypenum-ec75592541d0a339,libbytemuck-6bf6ebae036d989e,libhalf-b69d43eb330b681b,libaz-86a0f863a5263ec8,librand-418f5709e0db189c,librand_chacha-77d1852c44b10ea6,libppv_lite86-38555adc9c2b31f4,libzerocopy-5a29d0ff66ae1917,librand_core-d52700b24f631234,libgetrandom-bd39eec393cb685b,liblibc-65b95da77291a559,libcfg_if-83060ec5685761ae,libproc_macro2-6dc3862d9a56f2c6,libunicode_ident-1996c11fff15f062}.rlib" "<sysroot>/lib/rustlib/x86_64-unknown-linux-gnu/lib/{libproc_macro-*,librustc_literal_escaper-*}.rlib" "/opt/rustwide/target/debug/deps/{libserde-9bc2e7edbff73b2a,libserde_core-21f22ac7b803fb0e}.rlib" "<sysroot>/lib/rustlib/x86_64-unknown-linux-gnu/lib/{libstd-*,libpanic_unwind-*,libobject-*,libmemchr-*,libaddr2line-*,libgimli-*,libcfg_if-*,librustc_demangle-*,libstd_detect-*,libhashbrown-*,librustc_std_workspace_alloc-*,libminiz_oxide-*,libadler2-*,libunwind-*,liblibc-*,librustc_std_workspace_core-*,liballoc-*,libcore-*,libcompiler_builtins-*}.rlib" "-Wl,-Bdynamic" "-lgcc_s" "-lutil" "-lrt" "-lpthread" "-lm" "-ldl" "-lc" "-L" "/opt/rustwide/target/debug/deps/rustcPOZkBf/raw-dylibs" "-B<sysroot>/lib/rustlib/x86_64-unknown-linux-gnu/bin/gcc-ld" "-fuse-ld=lld" "-Wl,--eh-frame-hdr" "-Wl,-z,noexecstack" "-L" "/opt/rustwide/target/debug/build/blake3-a2d6ff14634ac96d/out" "-L" "<sysroot>/lib/rustlib/x86_64-unknown-linux-gnu/lib" "-o" "/opt/rustwide/target/debug/deps/projection_equivalence-30fbd8c3c2021fe1" "-Wl,--gc-sections" "-pie" "-Wl,-z,relro,-z,now" "-nodefaultlibs"
[INFO] [stdout]   = note: some arguments are omitted. use `--verbose` to show all linker arguments
[INFO] [stdout]   = note: collect2: fatal error: ld terminated with signal 9 [Killed]
[INFO] [stdout]           compilation terminated.
[INFO] [stdout]           
[INFO] [stdout] 
[INFO] [stdout] 
[INFO] [stderr] error: could not compile `telltale-bridge` (test "projection_equivalence") due to 1 previous error
[INFO] [stderr] warning: build failed, waiting for other jobs to finish...
[INFO] [stderr] error: could not compile `telltale-bridge` (test "protocol_bundle_admission_contracts")
[INFO] [stderr] 
[INFO] [stderr] Caused by:
[INFO] [stderr]   process didn't exit successfully: `/opt/rustwide/rustup-home/toolchains/1.99.0-beta.8-x86_64-unknown-linux-gnu/bin/rustc --crate-name protocol_bundle_admission_contracts --edition=2021 tests/protocol_bundle_admission_contracts.rs --error-format=json --json=diagnostic-rendered-ansi,artifacts,future-incompat --emit=dep-info,link -C embed-bitcode=no -C debuginfo=2 --test --cfg 'feature="default"' --cfg 'feature="runner"' --cfg 'feature="telltale-theory"' --check-cfg 'cfg(docsrs,test)' --check-cfg 'cfg(feature, values("anyhow", "bpaf", "clap", "cli", "default", "exporter", "golden", "runner", "telltale-runtime", "telltale-theory"))' -C metadata=3a21b6ccfc3524cc -C extra-filename=-6212d477124a3801 --out-dir /opt/rustwide/target/debug/deps -L dependency=/opt/rustwide/target/debug/deps --extern cfg_if=/opt/rustwide/target/debug/deps/libcfg_if-83060ec5685761ae.rlib --extern proptest=/opt/rustwide/target/debug/deps/libproptest-92e25160b85b2635.rlib --extern serde=/opt/rustwide/target/debug/deps/libserde-9bc2e7edbff73b2a.rlib --extern serde_json=/opt/rustwide/target/debug/deps/libserde_json-fb82e8c4c7fba6a4.rlib --extern telltale_bridge=/opt/rustwide/target/debug/deps/libtelltale_bridge-7914e540877f7d01.rlib --extern telltale_language=/opt/rustwide/target/debug/deps/libtelltale_language-5635ca59346e2c70.rlib --extern telltale_machine=/opt/rustwide/target/debug/deps/libtelltale_machine-9263f4f4d22c2641.rlib --extern telltale_runtime=/opt/rustwide/target/debug/deps/libtelltale_runtime-e6f145ecd4fa63b9.rlib --extern telltale_theory=/opt/rustwide/target/debug/deps/libtelltale_theory-cede7d741203ac19.rlib --extern telltale_types=/opt/rustwide/target/debug/deps/libtelltale_types-fd37c3381ffd06a0.rlib --extern tempfile=/opt/rustwide/target/debug/deps/libtempfile-283a31c0dc274f73.rlib --extern thiserror=/opt/rustwide/target/debug/deps/libthiserror-744c98a58e0b08c2.rlib --extern tracing=/opt/rustwide/target/debug/deps/libtracing-a759b451b6282c7b.rlib --cap-lints=warn -L native=/opt/rustwide/target/debug/build/blake3-a2d6ff14634ac96d/out -L native=/opt/rustwide/target/debug/build/blake3-a2d6ff14634ac96d/out` (signal: 9, SIGKILL: kill)
[INFO] [stdout] error: linking with `cc` failed: exit status: 1
[INFO] [stdout]   |
[INFO] [stdout]   = note:  "cc" "-m64" "/opt/rustwide/target/debug/deps/rustc63ZlRq/symbols.o" "<2 object files omitted>" "-Wl,--as-needed" "-Wl,-Bstatic" "<sysroot>/lib/rustlib/x86_64-unknown-linux-gnu/lib/{libtest-*,libgetopts-*,librustc_std_workspace_std-*}.rlib" "/opt/rustwide/target/debug/deps/{libtelltale_language-5635ca59346e2c70,libtoml-24d87e6d913661d4,libtoml_edit-5bf02353088a8ac4,libserde_spanned-f2a57d0076fa8d94,libindexmap-0d7f2c48190e6f4d,libequivalent-6a754676e6af62ae,libhashbrown-6b92ca17a46d4c7a,libwinnow-88e6acd6e2987984,libtoml_write-2c704ffd35684d73,libtoml_datetime-5faaf825eeff1e21,libregex-ec2dc9d409c38a88,libregex_automata-bf751438404198b1,libaho_corasick-fa94425a423a79cf,libregex_syntax-6d6ee545e2ffad72,libpest-afd3cb3b02364b8b,libucd_trie-64e35acb102f3b4d,libsyn-71c4adae87d05d3d,libquote-a3aa864f5df87ffb,libproc_macro2-6dc3862d9a56f2c6,libunicode_ident-1996c11fff15f062}.rlib" "<sysroot>/lib/rustlib/x86_64-unknown-linux-gnu/lib/{libproc_macro-*,librustc_literal_escaper-*}.rlib" "/opt/rustwide/target/debug/deps/{libtelltale_bridge-7914e540877f7d01,libtempfile-283a31c0dc274f73,libgetrandom-85c76dd1509a08c1,libfastrand-8c711c36072d5b5b,libonce_cell-b5bdc597ed9676b3,librustix-66eac2e94111ec6f,libbitflags-db7b9c0337a7ee76,liblinux_raw_sys-0b6cde911e9a3109,libtelltale_theory-cede7d741203ac19,libtelltale_machine-9263f4f4d22c2641,libbincode-535ef262a1088551,libciborium-a218245ab96c9fb7,libciborium_ll-15c2b1d489142fdd,libciborium_io-830fc40686b7b55e,librayon-2f12772fee37c590,librayon_core-e986c1d1845fe6c3,libcrossbeam_deque-e71c6317821167fb,libcrossbeam_epoch-5fdcd5978a9f0010,libcrossbeam_utils-f696a08ab1e94e7a,libeither-40b894c145b6eae5,libparking_lot-192a4a4009a5edcd,libparking_lot_core-87db66ee9f75e672,libsmallvec-c4b0763233bab5f9,liblock_api-16d46fed645f7bff,libscopeguard-7ec2214574194454,libtelltale_types-fd37c3381ffd06a0,libblake3-e4b9581e1c95e8f5,libconstant_time_eq-1a60f1c89abc6683,libcpufeatures-6c1f78f4142e3013,libarrayvec-c7dde542da3995d2,libarrayref-81fde35c69841043,libthiserror-744c98a58e0b08c2,libfixed-496ad44869c2533c,libtypenum-ec75592541d0a339,libbytemuck-6bf6ebae036d989e,libhalf-b69d43eb330b681b,libaz-86a0f863a5263ec8,librand-418f5709e0db189c,librand_chacha-77d1852c44b10ea6,libppv_lite86-38555adc9c2b31f4,libzerocopy-5a29d0ff66ae1917,librand_core-d52700b24f631234,libgetrandom-bd39eec393cb685b,liblibc-65b95da77291a559,libserde-9bc2e7edbff73b2a,libserde_json-fb82e8c4c7fba6a4,libmemchr-5cfa70d22cb32987,libitoa-5de11b3b23bfe572,libzmij-ef63f1da73704b4c,libserde_core-21f22ac7b803fb0e,libcfg_if-83060ec5685761ae}.rlib" "<sysroot>/lib/rustlib/x86_64-unknown-linux-gnu/lib/{libstd-*,libpanic_unwind-*,libobject-*,libmemchr-*,libaddr2line-*,libgimli-*,libcfg_if-*,librustc_demangle-*,libstd_detect-*,libhashbrown-*,librustc_std_workspace_alloc-*,libminiz_oxide-*,libadler2-*,libunwind-*,liblibc-*,librustc_std_workspace_core-*,liballoc-*,libcore-*,libcompiler_builtins-*}.rlib" "-Wl,-Bdynamic" "-lgcc_s" "-lutil" "-lrt" "-lpthread" "-lm" "-ldl" "-lc" "-L" "/opt/rustwide/target/debug/deps/rustc63ZlRq/raw-dylibs" "-B<sysroot>/lib/rustlib/x86_64-unknown-linux-gnu/bin/gcc-ld" "-fuse-ld=lld" "-Wl,--eh-frame-hdr" "-Wl,-z,noexecstack" "-L" "/opt/rustwide/target/debug/build/blake3-a2d6ff14634ac96d/out" "-L" "<sysroot>/lib/rustlib/x86_64-unknown-linux-gnu/lib" "-o" "/opt/rustwide/target/debug/deps/lean_trace_validation-f80e2c6bdee9b73d" "-Wl,--gc-sections" "-pie" "-Wl,-z,relro,-z,now" "-nodefaultlibs"
[INFO] [stdout]   = note: some arguments are omitted. use `--verbose` to show all linker arguments
[INFO] [stdout]   = note: collect2: fatal error: ld terminated with signal 9 [Killed]
[INFO] [stdout]           compilation terminated.
[INFO] [stdout]           
[INFO] [stdout] 
[INFO] [stdout] 
[INFO] [stderr] error: could not compile `telltale-bridge` (test "lean_trace_validation") due to 1 previous error
[INFO] [stdout] error: linking with `cc` failed: exit status: 1
[INFO] [stdout]   |
[INFO] [stdout]   = note:  "cc" "-m64" "/opt/rustwide/target/debug/deps/rustcIqcKG6/symbols.o" "<12 object files omitted>" "-Wl,--as-needed" "-Wl,-Bstatic" "<sysroot>/lib/rustlib/x86_64-unknown-linux-gnu/lib/{libtest-*,libgetopts-*,librustc_std_workspace_std-*}.rlib" "/opt/rustwide/target/debug/deps/{libtelltale_runtime-e6f145ecd4fa63b9,libtime-033fff5d0e7a8303,libtime_core-031b6ab885a7634b,libnum_conv-4e1233169d5eeba7,libderanged-cdae7a3649226cfc,libpowerfmt-f6019a2766e431f7,libtokio-f6f417ac71a03c59,libsocket2-3ec2f566834838ed,libbytes-2ed9460101f17bbf,libmio-d3f846d8a755a139,libtracing-a759b451b6282c7b,libtracing_core-89b602bc4a7d7f8a,libtelltale-d0412f9f8729b040,libfutures-c8601a5505d7beb2,libfutures_executor-4bdbdfe620b19945,libfutures_util-cfc01104df09685f,libfutures_io-a8805bd12b2ab705,libslab-ed301aba3460fb05,libfutures_channel-709aca3cddebd0a0,libpin_project_lite-0a15d51c77964692,libfutures_sink-2422b5cc970bfebd,libfutures_task-36f327cfab86eddc,libfutures_core-0e1ee7e484a09e5a,libtelltale_language-5635ca59346e2c70,libtoml-24d87e6d913661d4,libtoml_edit-5bf02353088a8ac4,libserde_spanned-f2a57d0076fa8d94,libindexmap-0d7f2c48190e6f4d,libequivalent-6a754676e6af62ae,libhashbrown-6b92ca17a46d4c7a,libwinnow-88e6acd6e2987984,libtoml_write-2c704ffd35684d73,libtoml_datetime-5faaf825eeff1e21,libregex-ec2dc9d409c38a88,libregex_automata-bf751438404198b1,libaho_corasick-fa94425a423a79cf,libregex_syntax-6d6ee545e2ffad72,libpest-afd3cb3b02364b8b,libucd_trie-64e35acb102f3b4d,libsyn-71c4adae87d05d3d,libquote-a3aa864f5df87ffb,libproc_macro2-6dc3862d9a56f2c6,libunicode_ident-1996c11fff15f062}.rlib" "<sysroot>/lib/rustlib/x86_64-unknown-linux-gnu/lib/{libproc_macro-*,librustc_literal_escaper-*}.rlib" "/opt/rustwide/target/debug/deps/{libtelltale_bridge-7914e540877f7d01,libtempfile-283a31c0dc274f73,libgetrandom-85c76dd1509a08c1,libfastrand-8c711c36072d5b5b,libonce_cell-b5bdc597ed9676b3,librustix-66eac2e94111ec6f,libbitflags-db7b9c0337a7ee76,liblinux_raw_sys-0b6cde911e9a3109,libtelltale_theory-cede7d741203ac19,libtelltale_machine-9263f4f4d22c2641,libbincode-535ef262a1088551,libciborium-a218245ab96c9fb7,libciborium_ll-15c2b1d489142fdd,libciborium_io-830fc40686b7b55e,librayon-2f12772fee37c590,librayon_core-e986c1d1845fe6c3,libcrossbeam_deque-e71c6317821167fb,libcrossbeam_epoch-5fdcd5978a9f0010,libcrossbeam_utils-f696a08ab1e94e7a,libeither-40b894c145b6eae5,libparking_lot-192a4a4009a5edcd,libparking_lot_core-87db66ee9f75e672,libsmallvec-c4b0763233bab5f9,liblock_api-16d46fed645f7bff,libscopeguard-7ec2214574194454,libtelltale_types-fd37c3381ffd06a0,libblake3-e4b9581e1c95e8f5,libconstant_time_eq-1a60f1c89abc6683,libcpufeatures-6c1f78f4142e3013,libarrayvec-c7dde542da3995d2,libarrayref-81fde35c69841043,libthiserror-744c98a58e0b08c2,libfixed-496ad44869c2533c,libtypenum-ec75592541d0a339,libbytemuck-6bf6ebae036d989e,libhalf-b69d43eb330b681b,libaz-86a0f863a5263ec8,librand-418f5709e0db189c,librand_chacha-77d1852c44b10ea6,libppv_lite86-38555adc9c2b31f4,libzerocopy-5a29d0ff66ae1917,librand_core-d52700b24f631234,libgetrandom-bd39eec393cb685b,liblibc-65b95da77291a559,libserde-9bc2e7edbff73b2a,libserde_json-fb82e8c4c7fba6a4,libmemchr-5cfa70d22cb32987,libitoa-5de11b3b23bfe572,libzmij-ef63f1da73704b4c,libserde_core-21f22ac7b803fb0e,libcfg_if-83060ec5685761ae}.rlib" "<sysroot>/lib/rustlib/x86_64-unknown-linux-gnu/lib/{libstd-*,libpanic_unwind-*,libobject-*,libmemchr-*,libaddr2line-*,libgimli-*,libcfg_if-*,librustc_demangle-*,libstd_detect-*,libhashbrown-*,librustc_std_workspace_alloc-*,libminiz_oxide-*,libadler2-*,libunwind-*,liblibc-*,librustc_std_workspace_core-*,liballoc-*,libcore-*,libcompiler_builtins-*}.rlib" "-Wl,-Bdynamic" "-lgcc_s" "-lutil" "-lrt" "-lpthread" "-lm" "-ldl" "-lc" "-L" "/opt/rustwide/target/debug/deps/rustcIqcKG6/raw-dylibs" "-B<sysroot>/lib/rustlib/x86_64-unknown-linux-gnu/bin/gcc-ld" "-fuse-ld=lld" "-Wl,--eh-frame-hdr" "-Wl,-z,noexecstack" "-L" "/opt/rustwide/target/debug/build/blake3-a2d6ff14634ac96d/out" "-L" "<sysroot>/lib/rustlib/x86_64-unknown-linux-gnu/lib" "-o" "/opt/rustwide/target/debug/deps/reconfiguration_recovery_harness-46fff80ba70b8081" "-Wl,--gc-sections" "-pie" "-Wl,-z,relro,-z,now" "-nodefaultlibs"
[INFO] [stdout]   = note: some arguments are omitted. use `--verbose` to show all linker arguments
[INFO] [stdout]   = note: collect2: fatal error: ld terminated with signal 9 [Killed]
[INFO] [stdout]           compilation terminated.
[INFO] [stdout]           
[INFO] [stdout] 
[INFO] [stdout] 
[INFO] [stderr] error: could not compile `telltale-bridge` (test "reconfiguration_recovery_harness") due to 1 previous error
[INFO] running `Command { std: "docker" "inspect" "81dd2b3f3eb056c26af5b34acc62b842b2fd614ab154ec325b17232feca403e7", kill_on_drop: false }`
[INFO] running `Command { std: "docker" "rm" "-f" "81dd2b3f3eb056c26af5b34acc62b842b2fd614ab154ec325b17232feca403e7", kill_on_drop: false }`
[INFO] [stdout] 81dd2b3f3eb056c26af5b34acc62b842b2fd614ab154ec325b17232feca403e7
